[INFO] fetching crate cast_wd 0.0.5...
[INFO] testing cast_wd-0.0.5 against 1.75.0 for beta-1.76-1
[INFO] extracting crate cast_wd 0.0.5 into /workspace/builds/worker-6-tc1/source
[INFO] validating manifest of crates.io crate cast_wd 0.0.5 on toolchain 1.75.0
[INFO] running `Command { std: CARGO_HOME="/workspace/cargo-home" RUSTUP_HOME="/workspace/rustup-home" "/workspace/cargo-home/bin/cargo" "+1.75.0" "metadata" "--manifest-path" "Cargo.toml" "--no-deps", kill_on_drop: false }`
[INFO] started tweaking crates.io crate cast_wd 0.0.5
[INFO] finished tweaking crates.io crate cast_wd 0.0.5
[INFO] tweaked toml for crates.io crate cast_wd 0.0.5 written to /workspace/builds/worker-6-tc1/source/Cargo.toml
[INFO] running `Command { std: CARGO_HOME="/workspace/cargo-home" RUSTUP_HOME="/workspace/rustup-home" "/workspace/cargo-home/bin/cargo" "+1.75.0" "generate-lockfile" "--manifest-path" "Cargo.toml", kill_on_drop: false }`
[INFO] running `Command { std: CARGO_HOME="/workspace/cargo-home" RUSTUP_HOME="/workspace/rustup-home" "/workspace/cargo-home/bin/cargo" "+1.75.0" "fetch" "--manifest-path" "Cargo.toml", kill_on_drop: false }`
[INFO] running `Command { std: "docker" "create" "-v" "/var/lib/crater-agent-workspace/builds/worker-6-tc1/target:/opt/rustwide/target:rw,Z" "-v" "/var/lib/crater-agent-workspace/builds/worker-6-tc1/source:/opt/rustwide/workdir:ro,Z" "-v" "/var/lib/crater-agent-workspace/cargo-home:/opt/rustwide/cargo-home:ro,Z" "-v" "/var/lib/crater-agent-workspace/rustup-home:/opt/rustwide/rustup-home:ro,Z" "-e" "SOURCE_DIR=/opt/rustwide/workdir" "-e" "CARGO_TARGET_DIR=/opt/rustwide/target" "-e" "CARGO_HOME=/opt/rustwide/cargo-home" "-e" "RUSTUP_HOME=/opt/rustwide/rustup-home" "-w" "/opt/rustwide/workdir" "-m" "1610612736" "--user" "0:0" "--network" "none" "ghcr.io/rust-lang/crates-build-env/linux@sha256:2788e3201cd34a07e3172128adcd8b3090168a8e3bcc40d7c032b9dda1df7d1c" "/opt/rustwide/cargo-home/bin/cargo" "+1.75.0" "metadata" "--no-deps" "--format-version=1", kill_on_drop: false }`
[INFO] [stdout] 896f9aca2c57bc565895a9a36d3db334fa82143b69be080bce98917655328473
[INFO] running `Command { std: "docker" "start" "-a" "896f9aca2c57bc565895a9a36d3db334fa82143b69be080bce98917655328473", kill_on_drop: false }`
[INFO] running `Command { std: "docker" "inspect" "896f9aca2c57bc565895a9a36d3db334fa82143b69be080bce98917655328473", kill_on_drop: false }`
[INFO] running `Command { std: "docker" "rm" "-f" "896f9aca2c57bc565895a9a36d3db334fa82143b69be080bce98917655328473", kill_on_drop: false }`
[INFO] [stdout] 896f9aca2c57bc565895a9a36d3db334fa82143b69be080bce98917655328473
[INFO] running `Command { std: "docker" "create" "-v" "/var/lib/crater-agent-workspace/builds/worker-6-tc1/target:/opt/rustwide/target:rw,Z" "-v" "/var/lib/crater-agent-workspace/builds/worker-6-tc1/source:/opt/rustwide/workdir:ro,Z" "-v" "/var/lib/crater-agent-workspace/cargo-home:/opt/rustwide/cargo-home:ro,Z" "-v" "/var/lib/crater-agent-workspace/rustup-home:/opt/rustwide/rustup-home:ro,Z" "-e" "SOURCE_DIR=/opt/rustwide/workdir" "-e" "CARGO_TARGET_DIR=/opt/rustwide/target" "-e" "CARGO_INCREMENTAL=0" "-e" "RUST_BACKTRACE=full" "-e" "RUSTFLAGS=--cap-lints=warn" "-e" "RUSTDOCFLAGS=--cap-lints=warn" "-e" "CARGO_HOME=/opt/rustwide/cargo-home" "-e" "RUSTUP_HOME=/opt/rustwide/rustup-home" "-w" "/opt/rustwide/workdir" "-m" "1610612736" "--user" "0:0" "--network" "none" "ghcr.io/rust-lang/crates-build-env/linux@sha256:2788e3201cd34a07e3172128adcd8b3090168a8e3bcc40d7c032b9dda1df7d1c" "/opt/rustwide/cargo-home/bin/cargo" "+1.75.0" "build" "--frozen" "--message-format=json", kill_on_drop: false }`
[INFO] [stdout] d5a99a7de72c92cafee9e9556bb663e97095a9adb7a7e73b7b3a9fe1b8337f64
[INFO] running `Command { std: "docker" "start" "-a" "d5a99a7de72c92cafee9e9556bb663e97095a9adb7a7e73b7b3a9fe1b8337f64", kill_on_drop: false }`
[INFO] [stderr]    Compiling cast_wd v0.0.5 (/opt/rustwide/workdir)
[INFO] [stderr]     Finished dev [unoptimized + debuginfo] target(s) in 0.17s
[INFO] running `Command { std: "docker" "inspect" "d5a99a7de72c92cafee9e9556bb663e97095a9adb7a7e73b7b3a9fe1b8337f64", kill_on_drop: false }`
[INFO] running `Command { std: "docker" "rm" "-f" "d5a99a7de72c92cafee9e9556bb663e97095a9adb7a7e73b7b3a9fe1b8337f64", kill_on_drop: false }`
[INFO] [stdout] d5a99a7de72c92cafee9e9556bb663e97095a9adb7a7e73b7b3a9fe1b8337f64
[INFO] running `Command { std: "docker" "create" "-v" "/var/lib/crater-agent-workspace/builds/worker-6-tc1/target:/opt/rustwide/target:rw,Z" "-v" "/var/lib/crater-agent-workspace/builds/worker-6-tc1/source:/opt/rustwide/workdir:ro,Z" "-v" "/var/lib/crater-agent-workspace/cargo-home:/opt/rustwide/cargo-home:ro,Z" "-v" "/var/lib/crater-agent-workspace/rustup-home:/opt/rustwide/rustup-home:ro,Z" "-e" "SOURCE_DIR=/opt/rustwide/workdir" "-e" "CARGO_TARGET_DIR=/opt/rustwide/target" "-e" "CARGO_INCREMENTAL=0" "-e" "RUST_BACKTRACE=full" "-e" "RUSTFLAGS=--cap-lints=warn" "-e" "RUSTDOCFLAGS=--cap-lints=warn" "-e" "CARGO_HOME=/opt/rustwide/cargo-home" "-e" "RUSTUP_HOME=/opt/rustwide/rustup-home" "-w" "/opt/rustwide/workdir" "-m" "1610612736" "--user" "0:0" "--network" "none" "ghcr.io/rust-lang/crates-build-env/linux@sha256:2788e3201cd34a07e3172128adcd8b3090168a8e3bcc40d7c032b9dda1df7d1c" "/opt/rustwide/cargo-home/bin/cargo" "+1.75.0" "test" "--frozen" "--no-run" "--message-format=json", kill_on_drop: false }`
[INFO] [stdout] b25eb455d510db0c37b551d3dc05bfc18c5d5fc0be26674a8604a203d1470097
[INFO] running `Command { std: "docker" "start" "-a" "b25eb455d510db0c37b551d3dc05bfc18c5d5fc0be26674a8604a203d1470097", kill_on_drop: false }`
[INFO] [stderr]    Compiling cast_wd v0.0.5 (/opt/rustwide/workdir)
[INFO] [stderr]     Finished test [unoptimized + debuginfo] target(s) in 0.31s
[INFO] running `Command { std: "docker" "inspect" "b25eb455d510db0c37b551d3dc05bfc18c5d5fc0be26674a8604a203d1470097", kill_on_drop: false }`
[INFO] running `Command { std: "docker" "rm" "-f" "b25eb455d510db0c37b551d3dc05bfc18c5d5fc0be26674a8604a203d1470097", kill_on_drop: false }`
[INFO] [stdout] b25eb455d510db0c37b551d3dc05bfc18c5d5fc0be26674a8604a203d1470097
[INFO] running `Command { std: "docker" "create" "-v" "/var/lib/crater-agent-workspace/builds/worker-6-tc1/target:/opt/rustwide/target:rw,Z" "-v" "/var/lib/crater-agent-workspace/builds/worker-6-tc1/source:/opt/rustwide/workdir:ro,Z" "-v" "/var/lib/crater-agent-workspace/cargo-home:/opt/rustwide/cargo-home:ro,Z" "-v" "/var/lib/crater-agent-workspace/rustup-home:/opt/rustwide/rustup-home:ro,Z" "-e" "SOURCE_DIR=/opt/rustwide/workdir" "-e" "CARGO_TARGET_DIR=/opt/rustwide/target" "-e" "CARGO_INCREMENTAL=0" "-e" "RUST_BACKTRACE=full" "-e" "RUSTFLAGS=--cap-lints=warn" "-e" "RUSTDOCFLAGS=--cap-lints=warn" "-e" "CARGO_HOME=/opt/rustwide/cargo-home" "-e" "RUSTUP_HOME=/opt/rustwide/rustup-home" "-w" "/opt/rustwide/workdir" "-m" "1610612736" "--user" "0:0" "--network" "none" "ghcr.io/rust-lang/crates-build-env/linux@sha256:2788e3201cd34a07e3172128adcd8b3090168a8e3bcc40d7c032b9dda1df7d1c" "/opt/rustwide/cargo-home/bin/cargo" "+1.75.0" "test" "--frozen", kill_on_drop: false }`
[INFO] [stdout] 18892f77639b9a66340c6fdc14066afc1973f82571ca9fb3056b14fcae63d401
[INFO] running `Command { std: "docker" "start" "-a" "18892f77639b9a66340c6fdc14066afc1973f82571ca9fb3056b14fcae63d401", kill_on_drop: false }`
[INFO] [stderr]     Finished test [unoptimized + debuginfo] target(s) in 0.00s
[INFO] [stderr]      Running unittests src/lib.rs (/opt/rustwide/target/debug/deps/cast_wd-2f15518653234718)
[INFO] [stderr]    Doc-tests cast_wd
[INFO] [stdout] 
[INFO] [stdout] running 1 test
[INFO] [stdout] test tests::it_works ... ok
[INFO] [stdout] 
[INFO] [stdout] test result: ok. 1 passed; 0 failed; 0 ignored; 0 measured; 0 filtered out; finished in 0.00s
[INFO] [stdout] 
[INFO] [stdout] 
[INFO] [stdout] running 4 tests
[INFO] [stdout] test src/bytes.rs - bytes::bytes (line 29) ... FAILED
[INFO] [stdout] test src/string.rs - string::to_string (line 32) ... FAILED
[INFO] [stdout] test src/bytes.rs - bytes::bytes (line 13) ... FAILED
[INFO] [stderr] error: doctest failed, to rerun pass `--doc`
[INFO] [stdout] test src/string.rs - string::string (line 17) ... FAILED
[INFO] [stdout] 
[INFO] [stdout] failures:
[INFO] [stdout] 
[INFO] [stdout] ---- src/bytes.rs - bytes::bytes (line 29) stdout ----
[INFO] [stdout] error[E0425]: cannot find function `bytes` in this scope
[INFO] [stdout]  --> src/bytes.rs:31:9
[INFO] [stdout]   |
[INFO] [stdout] 4 | let a = bytes(s);
[INFO] [stdout]   |         ^^^^^ not found in this scope
[INFO] [stdout]   |
[INFO] [stdout] help: consider importing this function
[INFO] [stdout]   |
[INFO] [stdout] 2 + use cast_wd::bytes::bytes;
[INFO] [stdout]   |
[INFO] [stdout] 
[INFO] [stdout] error: aborting due to previous error
[INFO] [stdout] 
[INFO] [stdout] For more information about this error, try `rustc --explain E0425`.
[INFO] [stdout] Couldn't compile the test.
[INFO] [stdout] ---- src/string.rs - string::to_string (line 32) stdout ----
[INFO] [stdout] error[E0425]: cannot find function `to_string` in this scope
[INFO] [stdout]  --> src/string.rs:33:9
[INFO] [stdout]   |
[INFO] [stdout] 3 | let a = to_string(32);
[INFO] [stdout]   |         ^^^^^^^^^ not found in this scope
[INFO] [stdout]   |
[INFO] [stdout] help: consider importing this function
[INFO] [stdout]   |
[INFO] [stdout] 2 + use cast_wd::string::to_string;
[INFO] [stdout]   |
[INFO] [stdout] 
[INFO] [stdout] error: aborting due to previous error
[INFO] [stdout] 
[INFO] [stdout] For more information about this error, try `rustc --explain E0425`.
[INFO] [stdout] Couldn't compile the test.
[INFO] [stdout] ---- src/bytes.rs - bytes::bytes (line 13) stdout ----
[INFO] [stdout] error: cannot find macro `bytes` in this scope
[INFO] [stdout]  --> src/bytes.rs:15:9
[INFO] [stdout]   |
[INFO] [stdout] 4 | let a = bytes!(s);
[INFO] [stdout]   |         ^^^^^
[INFO] [stdout]   |
[INFO] [stdout] help: consider importing this macro
[INFO] [stdout]   |
[INFO] [stdout] 2 + use cast_wd::bytes;
[INFO] [stdout]   |
[INFO] [stdout] 
[INFO] [stdout] error: aborting due to previous error
[INFO] [stdout] 
[INFO] [stdout] Couldn't compile the test.
[INFO] [stdout] ---- src/string.rs - string::string (line 17) stdout ----
[INFO] [stdout] error: cannot find macro `to_string` in this scope
[INFO] [stdout]  --> src/string.rs:18:9
[INFO] [stdout]   |
[INFO] [stdout] 3 | let a = to_string!(32);
[INFO] [stdout]   |         ^^^^^^^^^
[INFO] [stdout] 
[INFO] [stdout] error: aborting due to previous error
[INFO] [stdout] 
[INFO] [stdout] Couldn't compile the test.
[INFO] [stdout] 
[INFO] [stdout] failures:
[INFO] [stdout]     src/bytes.rs - bytes::bytes (line 13)
[INFO] [stdout]     src/bytes.rs - bytes::bytes (line 29)
[INFO] [stdout]     src/string.rs - string::string (line 17)
[INFO] [stdout]     src/string.rs - string::to_string (line 32)
[INFO] [stdout] 
[INFO] [stdout] test result: FAILED. 0 passed; 4 failed; 0 ignored; 0 measured; 0 filtered out; finished in 0.13s
[INFO] [stdout] 
[INFO] running `Command { std: "docker" "inspect" "18892f77639b9a66340c6fdc14066afc1973f82571ca9fb3056b14fcae63d401", kill_on_drop: false }`
[INFO] running `Command { std: "docker" "rm" "-f" "18892f77639b9a66340c6fdc14066afc1973f82571ca9fb3056b14fcae63d401", kill_on_drop: false }`
[INFO] [stdout] 18892f77639b9a66340c6fdc14066afc1973f82571ca9fb3056b14fcae63d401
