[INFO] fetching crate cassandra_macro 0.1.3...
[INFO] testing cassandra_macro-0.1.3 against 1.75.0 for beta-1.76-1
[INFO] extracting crate cassandra_macro 0.1.3 into /workspace/builds/worker-5-tc1/source
[INFO] validating manifest of crates.io crate cassandra_macro 0.1.3 on toolchain 1.75.0
[INFO] running `Command { std: CARGO_HOME="/workspace/cargo-home" RUSTUP_HOME="/workspace/rustup-home" "/workspace/cargo-home/bin/cargo" "+1.75.0" "metadata" "--manifest-path" "Cargo.toml" "--no-deps", kill_on_drop: false }`
[INFO] started tweaking crates.io crate cassandra_macro 0.1.3
[INFO] finished tweaking crates.io crate cassandra_macro 0.1.3
[INFO] tweaked toml for crates.io crate cassandra_macro 0.1.3 written to /workspace/builds/worker-5-tc1/source/Cargo.toml
[INFO] running `Command { std: CARGO_HOME="/workspace/cargo-home" RUSTUP_HOME="/workspace/rustup-home" "/workspace/cargo-home/bin/cargo" "+1.75.0" "generate-lockfile" "--manifest-path" "Cargo.toml", kill_on_drop: false }`
[INFO] [stderr]     Updating crates.io index
[INFO] running `Command { std: CARGO_HOME="/workspace/cargo-home" RUSTUP_HOME="/workspace/rustup-home" "/workspace/cargo-home/bin/cargo" "+1.75.0" "fetch" "--manifest-path" "Cargo.toml", kill_on_drop: false }`
[INFO] [stderr]  Downloading crates ...
[INFO] [stderr]   Downloaded r2d2 v0.8.10
[INFO] [stderr]   Downloaded scheduled-thread-pool v0.2.7
[INFO] [stderr]   Downloaded byteorder v0.5.3
[INFO] [stderr]   Downloaded cdrs v2.3.3
[INFO] [stderr]   Downloaded snap v0.2.5
[INFO] [stderr]   Downloaded lz4-compress v0.1.0
[INFO] running `Command { std: "docker" "create" "-v" "/var/lib/crater-agent-workspace/builds/worker-5-tc1/target:/opt/rustwide/target:rw,Z" "-v" "/var/lib/crater-agent-workspace/builds/worker-5-tc1/source:/opt/rustwide/workdir:ro,Z" "-v" "/var/lib/crater-agent-workspace/cargo-home:/opt/rustwide/cargo-home:ro,Z" "-v" "/var/lib/crater-agent-workspace/rustup-home:/opt/rustwide/rustup-home:ro,Z" "-e" "SOURCE_DIR=/opt/rustwide/workdir" "-e" "CARGO_TARGET_DIR=/opt/rustwide/target" "-e" "CARGO_HOME=/opt/rustwide/cargo-home" "-e" "RUSTUP_HOME=/opt/rustwide/rustup-home" "-w" "/opt/rustwide/workdir" "-m" "1610612736" "--user" "0:0" "--network" "none" "ghcr.io/rust-lang/crates-build-env/linux@sha256:2788e3201cd34a07e3172128adcd8b3090168a8e3bcc40d7c032b9dda1df7d1c" "/opt/rustwide/cargo-home/bin/cargo" "+1.75.0" "metadata" "--no-deps" "--format-version=1", kill_on_drop: false }`
[INFO] [stdout] 4f3b1ce39cc39344c757578a5b0ddd9d073365efa73db44da643db7fcec0e399
[INFO] running `Command { std: "docker" "start" "-a" "4f3b1ce39cc39344c757578a5b0ddd9d073365efa73db44da643db7fcec0e399", kill_on_drop: false }`
[INFO] running `Command { std: "docker" "inspect" "4f3b1ce39cc39344c757578a5b0ddd9d073365efa73db44da643db7fcec0e399", kill_on_drop: false }`
[INFO] running `Command { std: "docker" "rm" "-f" "4f3b1ce39cc39344c757578a5b0ddd9d073365efa73db44da643db7fcec0e399", kill_on_drop: false }`
[INFO] [stdout] 4f3b1ce39cc39344c757578a5b0ddd9d073365efa73db44da643db7fcec0e399
[INFO] running `Command { std: "docker" "create" "-v" "/var/lib/crater-agent-workspace/builds/worker-5-tc1/target:/opt/rustwide/target:rw,Z" "-v" "/var/lib/crater-agent-workspace/builds/worker-5-tc1/source:/opt/rustwide/workdir:ro,Z" "-v" "/var/lib/crater-agent-workspace/cargo-home:/opt/rustwide/cargo-home:ro,Z" "-v" "/var/lib/crater-agent-workspace/rustup-home:/opt/rustwide/rustup-home:ro,Z" "-e" "SOURCE_DIR=/opt/rustwide/workdir" "-e" "CARGO_TARGET_DIR=/opt/rustwide/target" "-e" "CARGO_INCREMENTAL=0" "-e" "RUST_BACKTRACE=full" "-e" "RUSTFLAGS=--cap-lints=warn" "-e" "RUSTDOCFLAGS=--cap-lints=warn" "-e" "CARGO_HOME=/opt/rustwide/cargo-home" "-e" "RUSTUP_HOME=/opt/rustwide/rustup-home" "-w" "/opt/rustwide/workdir" "-m" "1610612736" "--user" "0:0" "--network" "none" "ghcr.io/rust-lang/crates-build-env/linux@sha256:2788e3201cd34a07e3172128adcd8b3090168a8e3bcc40d7c032b9dda1df7d1c" "/opt/rustwide/cargo-home/bin/cargo" "+1.75.0" "build" "--frozen" "--message-format=json", kill_on_drop: false }`
[INFO] [stdout] 0787c368bb99cad7c89fa07ced0cb23c0b8921763c618c874f0ce827b71400e1
[INFO] running `Command { std: "docker" "start" "-a" "0787c368bb99cad7c89fa07ced0cb23c0b8921763c618c874f0ce827b71400e1", kill_on_drop: false }`
[INFO] [stderr]    Compiling autocfg v1.1.0
[INFO] [stderr]    Compiling parking_lot_core v0.9.9
[INFO] [stderr]    Compiling smallvec v1.11.2
[INFO] [stderr]    Compiling scopeguard v1.2.0
[INFO] [stderr]    Compiling byteorder v1.5.0
[INFO] [stderr]    Compiling log v0.4.20
[INFO] [stderr]    Compiling byteorder v0.5.3
[INFO] [stderr]    Compiling time v0.1.45
[INFO] [stderr]    Compiling uuid v0.8.2
[INFO] [stderr]    Compiling lz4-compress v0.1.0
[INFO] [stderr]    Compiling snap v0.2.5
[INFO] [stderr]    Compiling lock_api v0.4.11
[INFO] [stderr]    Compiling parking_lot v0.12.1
[INFO] [stderr]    Compiling scheduled-thread-pool v0.2.7
[INFO] [stderr]    Compiling r2d2 v0.8.10
[INFO] [stderr]    Compiling cdrs v2.3.3
[INFO] [stderr]    Compiling cassandra_macro v0.1.3 (/opt/rustwide/workdir)
[INFO] [stderr]     Finished dev [unoptimized + debuginfo] target(s) in 6.04s
[INFO] [stderr] warning: the following packages contain code that will be rejected by a future version of Rust: snap v0.2.5
[INFO] [stderr] note: to see what the problems were, use the option `--future-incompat-report`, or run `cargo report future-incompatibilities --id 1`
[INFO] running `Command { std: "docker" "inspect" "0787c368bb99cad7c89fa07ced0cb23c0b8921763c618c874f0ce827b71400e1", kill_on_drop: false }`
[INFO] running `Command { std: "docker" "rm" "-f" "0787c368bb99cad7c89fa07ced0cb23c0b8921763c618c874f0ce827b71400e1", kill_on_drop: false }`
[INFO] [stdout] 0787c368bb99cad7c89fa07ced0cb23c0b8921763c618c874f0ce827b71400e1
[INFO] running `Command { std: "docker" "create" "-v" "/var/lib/crater-agent-workspace/builds/worker-5-tc1/target:/opt/rustwide/target:rw,Z" "-v" "/var/lib/crater-agent-workspace/builds/worker-5-tc1/source:/opt/rustwide/workdir:ro,Z" "-v" "/var/lib/crater-agent-workspace/cargo-home:/opt/rustwide/cargo-home:ro,Z" "-v" "/var/lib/crater-agent-workspace/rustup-home:/opt/rustwide/rustup-home:ro,Z" "-e" "SOURCE_DIR=/opt/rustwide/workdir" "-e" "CARGO_TARGET_DIR=/opt/rustwide/target" "-e" "CARGO_INCREMENTAL=0" "-e" "RUST_BACKTRACE=full" "-e" "RUSTFLAGS=--cap-lints=warn" "-e" "RUSTDOCFLAGS=--cap-lints=warn" "-e" "CARGO_HOME=/opt/rustwide/cargo-home" "-e" "RUSTUP_HOME=/opt/rustwide/rustup-home" "-w" "/opt/rustwide/workdir" "-m" "1610612736" "--user" "0:0" "--network" "none" "ghcr.io/rust-lang/crates-build-env/linux@sha256:2788e3201cd34a07e3172128adcd8b3090168a8e3bcc40d7c032b9dda1df7d1c" "/opt/rustwide/cargo-home/bin/cargo" "+1.75.0" "test" "--frozen" "--no-run" "--message-format=json", kill_on_drop: false }`
[INFO] [stdout] 5b83abb46bc9577a96d00fafd41a6bd4d128ac6d7247759d1eb77ba5c0a2c940
[INFO] running `Command { std: "docker" "start" "-a" "5b83abb46bc9577a96d00fafd41a6bd4d128ac6d7247759d1eb77ba5c0a2c940", kill_on_drop: false }`
[INFO] [stderr]    Compiling cassandra_macro v0.1.3 (/opt/rustwide/workdir)
[INFO] [stderr]     Finished test [unoptimized + debuginfo] target(s) in 0.32s
[INFO] [stderr] warning: the following packages contain code that will be rejected by a future version of Rust: snap v0.2.5
[INFO] [stderr] note: to see what the problems were, use the option `--future-incompat-report`, or run `cargo report future-incompatibilities --id 1`
[INFO] running `Command { std: "docker" "inspect" "5b83abb46bc9577a96d00fafd41a6bd4d128ac6d7247759d1eb77ba5c0a2c940", kill_on_drop: false }`
[INFO] running `Command { std: "docker" "rm" "-f" "5b83abb46bc9577a96d00fafd41a6bd4d128ac6d7247759d1eb77ba5c0a2c940", kill_on_drop: false }`
[INFO] [stdout] 5b83abb46bc9577a96d00fafd41a6bd4d128ac6d7247759d1eb77ba5c0a2c940
[INFO] running `Command { std: "docker" "create" "-v" "/var/lib/crater-agent-workspace/builds/worker-5-tc1/target:/opt/rustwide/target:rw,Z" "-v" "/var/lib/crater-agent-workspace/builds/worker-5-tc1/source:/opt/rustwide/workdir:ro,Z" "-v" "/var/lib/crater-agent-workspace/cargo-home:/opt/rustwide/cargo-home:ro,Z" "-v" "/var/lib/crater-agent-workspace/rustup-home:/opt/rustwide/rustup-home:ro,Z" "-e" "SOURCE_DIR=/opt/rustwide/workdir" "-e" "CARGO_TARGET_DIR=/opt/rustwide/target" "-e" "CARGO_INCREMENTAL=0" "-e" "RUST_BACKTRACE=full" "-e" "RUSTFLAGS=--cap-lints=warn" "-e" "RUSTDOCFLAGS=--cap-lints=warn" "-e" "CARGO_HOME=/opt/rustwide/cargo-home" "-e" "RUSTUP_HOME=/opt/rustwide/rustup-home" "-w" "/opt/rustwide/workdir" "-m" "1610612736" "--user" "0:0" "--network" "none" "ghcr.io/rust-lang/crates-build-env/linux@sha256:2788e3201cd34a07e3172128adcd8b3090168a8e3bcc40d7c032b9dda1df7d1c" "/opt/rustwide/cargo-home/bin/cargo" "+1.75.0" "test" "--frozen", kill_on_drop: false }`
[INFO] [stdout] 67d03c6438dccf34245aeb04ce90bcc20bd52ea438d6a9fc330aed221962a4d3
[INFO] running `Command { std: "docker" "start" "-a" "67d03c6438dccf34245aeb04ce90bcc20bd52ea438d6a9fc330aed221962a4d3", kill_on_drop: false }`
[INFO] [stderr]     Finished test [unoptimized + debuginfo] target(s) in 0.02s
[INFO] [stdout] 
[INFO] [stderr] warning: the following packages contain code that will be rejected by a future version of Rust: snap v0.2.5
[INFO] [stdout] running 0 tests
[INFO] [stderr] note: to see what the problems were, use the option `--future-incompat-report`, or run `cargo report future-incompatibilities --id 1`
[INFO] [stdout] 
[INFO] [stderr]      Running unittests src/lib.rs (/opt/rustwide/target/debug/deps/cassandra_macro-7b0177fe121fb352)
[INFO] [stdout] test result: ok. 0 passed; 0 failed; 0 ignored; 0 measured; 0 filtered out; finished in 0.00s
[INFO] [stderr]    Doc-tests cassandra_macro
[INFO] [stdout] 
[INFO] [stdout] 
[INFO] [stdout] running 2 tests
[INFO] [stdout] test src/lib.rs - (line 33) ... FAILED
[INFO] [stderr] error: doctest failed, to rerun pass `--doc`
[INFO] [stdout] test src/lib.rs - (line 39) ... FAILED
[INFO] [stdout] 
[INFO] [stdout] failures:
[INFO] [stdout] 
[INFO] [stdout] ---- src/lib.rs - (line 33) stdout ----
[INFO] [stdout] error[E0468]: an `extern crate` loading macros must be at the crate root
[INFO] [stdout]  --> src/lib.rs:35:1
[INFO] [stdout]   |
[INFO] [stdout] 4 | extern crate cdrs;
[INFO] [stdout]   | ^^^^^^^^^^^^^^^^^^
[INFO] [stdout] 
[INFO] [stdout] error: aborting due to previous error
[INFO] [stdout] 
[INFO] [stdout] For more information about this error, try `rustc --explain E0468`.
[INFO] [stdout] Couldn't compile the test.
[INFO] [stdout] ---- src/lib.rs - (line 39) stdout ----
[INFO] [stdout] error[E0432]: unresolved import `cassandra_macro_derive`
[INFO] [stdout]   --> src/lib.rs:48:5
[INFO] [stdout]    |
[INFO] [stdout] 11 | use cassandra_macro_derive::CassandraTable;
[INFO] [stdout]    |     ^^^^^^^^^^^^^^^^^^^^^^ use of undeclared crate or module `cassandra_macro_derive`
[INFO] [stdout]    |
[INFO] [stdout] help: there is a crate or module with a similar name
[INFO] [stdout]    |
[INFO] [stdout] 11 | use cassandra_macro::CassandraTable;
[INFO] [stdout]    |     ~~~~~~~~~~~~~~~
[INFO] [stdout] 
[INFO] [stdout] error[E0432]: unresolved import `chrono`
[INFO] [stdout]   --> src/lib.rs:59:5
[INFO] [stdout]    |
[INFO] [stdout] 22 | use chrono::Utc;
[INFO] [stdout]    |     ^^^^^^ use of undeclared crate or module `chrono`
[INFO] [stdout] 
[INFO] [stdout] error[E0432]: unresolved import `uuid`
[INFO] [stdout]   --> src/lib.rs:60:5
[INFO] [stdout]    |
[INFO] [stdout] 23 | use uuid::Uuid;
[INFO] [stdout]    |     ^^^^ use of undeclared crate or module `uuid`
[INFO] [stdout] 
[INFO] [stdout] error: cannot determine resolution for the derive macro `CassandraTable`
[INFO] [stdout]   --> src/lib.rs:63:17
[INFO] [stdout]    |
[INFO] [stdout] 26 | #[derive(Debug, CassandraTable)]
[INFO] [stdout]    |                 ^^^^^^^^^^^^^^
[INFO] [stdout]    |
[INFO] [stdout]    = note: import resolution is stuck, try simplifying macro imports
[INFO] [stdout] 
[INFO] [stdout] error: cannot find attribute `table` in this scope
[INFO] [stdout]   --> src/lib.rs:62:3
[INFO] [stdout]    |
[INFO] [stdout] 25 | #[table(keyspace = "test", options = "comment='Only for RUST users' | COMPACTION = {'class':'SizeTieredCompactionStrategy'}")]
[INFO] [stdout]    |   ^^^^^ help: a built-in attribute with a similar name exists: `stable`
[INFO] [stdout] 
[INFO] [stdout] error: cannot find attribute `column` in this scope
[INFO] [stdout]   --> src/lib.rs:65:6
[INFO] [stdout]    |
[INFO] [stdout] 28 |    #[column(type = "TEXT", primary_key)]
[INFO] [stdout]    |      ^^^^^^
[INFO] [stdout]    |
[INFO] [stdout]    = note: `column` is in scope, but it is a function-like macro
[INFO] [stdout] 
[INFO] [stdout] error: cannot find attribute `column` in this scope
[INFO] [stdout]   --> src/lib.rs:68:6
[INFO] [stdout]    |
[INFO] [stdout] 31 |    #[column(type = "UUID")]
[INFO] [stdout]    |      ^^^^^^
[INFO] [stdout]    |
[INFO] [stdout]    = note: `column` is in scope, but it is a function-like macro
[INFO] [stdout] 
[INFO] [stdout] error: cannot find attribute `column` in this scope
[INFO] [stdout]   --> src/lib.rs:71:6
[INFO] [stdout]    |
[INFO] [stdout] 34 |    #[column(type = "TEXT")]
[INFO] [stdout]    |      ^^^^^^
[INFO] [stdout]    |
[INFO] [stdout]    = note: `column` is in scope, but it is a function-like macro
[INFO] [stdout] 
[INFO] [stdout] error: cannot find attribute `column` in this scope
[INFO] [stdout]   --> src/lib.rs:74:6
[INFO] [stdout]    |
[INFO] [stdout] 37 |    #[column(type = "TIMESTAMP", cluster_key(order = "ASC", position = 1))]
[INFO] [stdout]    |      ^^^^^^
[INFO] [stdout]    |
[INFO] [stdout]    = note: `column` is in scope, but it is a function-like macro
[INFO] [stdout] 
[INFO] [stdout] error: cannot find attribute `column` in this scope
[INFO] [stdout]   --> src/lib.rs:77:6
[INFO] [stdout]    |
[INFO] [stdout] 40 |    #[column(type = "TIMESTAMP")]
[INFO] [stdout]    |      ^^^^^^
[INFO] [stdout]    |
[INFO] [stdout]    = note: `column` is in scope, but it is a function-like macro
[INFO] [stdout] 
[INFO] [stdout] error[E0599]: no function or associated item named `key_space` found for struct `User` in the current scope
[INFO] [stdout]    --> src/lib.rs:200:36
[INFO] [stdout]     |
[INFO] [stdout] 27  | pub struct User {
[INFO] [stdout]     | --------------- function or associated item `key_space` not found for this struct
[INFO] [stdout] ...
[INFO] [stdout] 163 |    println!("Keyspace:.{}.", User::key_space());
[INFO] [stdout]     |                                    ^^^^^^^^^ function or associated item not found in `User`
[INFO] [stdout]     |
[INFO] [stdout]     = help: items from traits can only be used if the trait is implemented and in scope
[INFO] [stdout]     = note: the following trait defines an item `key_space`, perhaps you need to implement it:
[INFO] [stdout]             candidate #1: `CassandraTable`
[INFO] [stdout] 
[INFO] [stdout] error[E0599]: no function or associated item named `table_name` found for struct `User` in the current scope
[INFO] [stdout]    --> src/lib.rs:201:38
[INFO] [stdout]     |
[INFO] [stdout] 27  | pub struct User {
[INFO] [stdout]     | --------------- function or associated item `table_name` not found for this struct
[INFO] [stdout] ...
[INFO] [stdout] 164 |    println!("Table name:.{}.", User::table_name());
[INFO] [stdout]     |                                      ^^^^^^^^^^ function or associated item not found in `User`
[INFO] [stdout]     |
[INFO] [stdout]     = help: items from traits can only be used if the trait is implemented and in scope
[INFO] [stdout]     = note: the following trait defines an item `table_name`, perhaps you need to implement it:
[INFO] [stdout]             candidate #1: `CassandraTable`
[INFO] [stdout] 
[INFO] [stdout] error[E0599]: no function or associated item named `create_table_cql` found for struct `User` in the current scope
[INFO] [stdout]    --> src/lib.rs:202:40
[INFO] [stdout]     |
[INFO] [stdout] 27  | pub struct User {
[INFO] [stdout]     | --------------- function or associated item `create_table_cql` not found for this struct
[INFO] [stdout] ...
[INFO] [stdout] 165 |    println!("Creating table:{}", User::create_table_cql());
[INFO] [stdout]     |                                        ^^^^^^^^^^^^^^^^ function or associated item not found in `User`
[INFO] [stdout]     |
[INFO] [stdout]     = help: items from traits can only be used if the trait is implemented and in scope
[INFO] [stdout]     = note: the following trait defines an item `create_table_cql`, perhaps you need to implement it:
[INFO] [stdout]             candidate #1: `CassandraTable`
[INFO] [stdout] 
[INFO] [stdout] error[E0599]: no function or associated item named `create_table_cql` found for struct `User` in the current scope
[INFO] [stdout]    --> src/lib.rs:203:46
[INFO] [stdout]     |
[INFO] [stdout] 27  | pub struct User {
[INFO] [stdout]     | --------------- function or associated item `create_table_cql` not found for this struct
[INFO] [stdout] ...
[INFO] [stdout] 166 |    connection.execute_simple_statement(User::create_table_cql()).expect("Must create table");
[INFO] [stdout]     |                                              ^^^^^^^^^^^^^^^^ function or associated item not found in `User`
[INFO] [stdout]     |
[INFO] [stdout]     = help: items from traits can only be used if the trait is implemented and in scope
[INFO] [stdout]     = note: the following trait defines an item `create_table_cql`, perhaps you need to implement it:
[INFO] [stdout]             candidate #1: `CassandraTable`
[INFO] [stdout] 
[INFO] [stdout] error[E0599]: no function or associated item named `select_by_primary_keys` found for struct `User` in the current scope
[INFO] [stdout]    --> src/lib.rs:206:25
[INFO] [stdout]     |
[INFO] [stdout] 27  | pub struct User {
[INFO] [stdout]     | --------------- function or associated item `select_by_primary_keys` not found for this struct
[INFO] [stdout] ...
[INFO] [stdout] 169 |    println!("{}", User::select_by_primary_keys(Projection::Columns(vec!["created".to_string()])));
[INFO] [stdout]     |                         ^^^^^^^^^^^^^^^^^^^^^^ function or associated item not found in `User`
[INFO] [stdout]     |
[INFO] [stdout]     = help: items from traits can only be used if the trait is implemented and in scope
[INFO] [stdout]     = note: the following trait defines an item `select_by_primary_keys`, perhaps you need to implement it:
[INFO] [stdout]             candidate #1: `CassandraTable`
[INFO] [stdout] 
[INFO] [stdout] error[E0599]: no function or associated item named `select_by_primary_and_cluster_keys` found for struct `User` in the current scope
[INFO] [stdout]    --> src/lib.rs:207:25
[INFO] [stdout]     |
[INFO] [stdout] 27  | pub struct User {
[INFO] [stdout]     | --------------- function or associated item `select_by_primary_and_cluster_keys` not found for this struct
[INFO] [stdout] ...
[INFO] [stdout] 170 |    println!("{}", User::select_by_primary_and_cluster_keys(Projection::All));
[INFO] [stdout]     |                         ^^^^^^^^^^^^^^^^^^^^^^^^^^^^^^^^^^ function or associated item not found in `User`
[INFO] [stdout]     |
[INFO] [stdout]     = help: items from traits can only be used if the trait is implemented and in scope
[INFO] [stdout]     = note: the following trait defines an item `select_by_primary_and_cluster_keys`, perhaps you need to implement it:
[INFO] [stdout]             candidate #1: `CassandraTable`
[INFO] [stdout] 
[INFO] [stdout] error[E0599]: no function or associated item named `update_by_primary_keys` found for struct `User` in the current scope
[INFO] [stdout]    --> src/lib.rs:208:25
[INFO] [stdout]     |
[INFO] [stdout] 27  | pub struct User {
[INFO] [stdout]     | --------------- function or associated item `update_by_primary_keys` not found for this struct
[INFO] [stdout] ...
[INFO] [stdout] 171 |    println!("{}", User::update_by_primary_keys(vec!["updated".to_string()]));
[INFO] [stdout]     |                         ^^^^^^^^^^^^^^^^^^^^^^ function or associated item not found in `User`
[INFO] [stdout]     |
[INFO] [stdout]     = help: items from traits can only be used if the trait is implemented and in scope
[INFO] [stdout]     = note: the following trait defines an item `update_by_primary_keys`, perhaps you need to implement it:
[INFO] [stdout]             candidate #1: `CassandraTable`
[INFO] [stdout] 
[INFO] [stdout] error[E0599]: no function or associated item named `update_by_primary_and_cluster_keys` found for struct `User` in the current scope
[INFO] [stdout]    --> src/lib.rs:209:25
[INFO] [stdout]     |
[INFO] [stdout] 27  | pub struct User {
[INFO] [stdout]     | --------------- function or associated item `update_by_primary_and_cluster_keys` not found for this struct
[INFO] [stdout] ...
[INFO] [stdout] 172 |    println!("{}", User::update_by_primary_and_cluster_keys(vec!["updated".to_string()]));
[INFO] [stdout]     |                         ^^^^^^^^^^^^^^^^^^^^^^^^^^^^^^^^^^ function or associated item not found in `User`
[INFO] [stdout]     |
[INFO] [stdout]     = help: items from traits can only be used if the trait is implemented and in scope
[INFO] [stdout]     = note: the following trait defines an item `update_by_primary_and_cluster_keys`, perhaps you need to implement it:
[INFO] [stdout]             candidate #1: `CassandraTable`
[INFO] [stdout] 
[INFO] [stdout] error[E0599]: no function or associated item named `delete_by_primary_keys` found for struct `User` in the current scope
[INFO] [stdout]    --> src/lib.rs:210:25
[INFO] [stdout]     |
[INFO] [stdout] 27  | pub struct User {
[INFO] [stdout]     | --------------- function or associated item `delete_by_primary_keys` not found for this struct
[INFO] [stdout] ...
[INFO] [stdout] 173 |    println!("{}", User::delete_by_primary_keys());
[INFO] [stdout]     |                         ^^^^^^^^^^^^^^^^^^^^^^ function or associated item not found in `User`
[INFO] [stdout]     |
[INFO] [stdout]     = help: items from traits can only be used if the trait is implemented and in scope
[INFO] [stdout]     = note: the following trait defines an item `delete_by_primary_keys`, perhaps you need to implement it:
[INFO] [stdout]             candidate #1: `CassandraTable`
[INFO] [stdout] 
[INFO] [stdout] error[E0599]: no function or associated item named `delete_by_primary_and_cluster_keys` found for struct `User` in the current scope
[INFO] [stdout]    --> src/lib.rs:211:25
[INFO] [stdout]     |
[INFO] [stdout] 27  | pub struct User {
[INFO] [stdout]     | --------------- function or associated item `delete_by_primary_and_cluster_keys` not found for this struct
[INFO] [stdout] ...
[INFO] [stdout] 174 |    println!("{}", User::delete_by_primary_and_cluster_keys());
[INFO] [stdout]     |                         ^^^^^^^^^^^^^^^^^^^^^^^^^^^^^^^^^^ function or associated item not found in `User`
[INFO] [stdout]     |
[INFO] [stdout]     = help: items from traits can only be used if the trait is implemented and in scope
[INFO] [stdout]     = note: the following trait defines an item `delete_by_primary_and_cluster_keys`, perhaps you need to implement it:
[INFO] [stdout]             candidate #1: `CassandraTable`
[INFO] [stdout] 
[INFO] [stdout] error[E0599]: no method named `store_query` found for struct `User` in the current scope
[INFO] [stdout]    --> src/lib.rs:215:43
[INFO] [stdout]     |
[INFO] [stdout] 27  | pub struct User {
[INFO] [stdout]     | --------------- method `store_query` not found for this struct
[INFO] [stdout] ...
[INFO] [stdout] 178 |    println!("Storing rust: {}", rust_user.store_query().query());
[INFO] [stdout]     |                                           ^^^^^^^^^^^ method not found in `User`
[INFO] [stdout]     |
[INFO] [stdout]     = help: items from traits can only be used if the trait is implemented and in scope
[INFO] [stdout]     = note: the following trait defines an item `store_query`, perhaps you need to implement it:
[INFO] [stdout]             candidate #1: `CassandraTable`
[INFO] [stdout] 
[INFO] [stdout] error[E0599]: no method named `store_query` found for struct `User` in the current scope
[INFO] [stdout]    --> src/lib.rs:216:46
[INFO] [stdout]     |
[INFO] [stdout] 27  | pub struct User {
[INFO] [stdout]     | --------------- method `store_query` not found for this struct
[INFO] [stdout] ...
[INFO] [stdout] 179 |    connection.execute_store_query(&rust_user.store_query()).expect("User must be stored");
[INFO] [stdout]     |                                              ^^^^^^^^^^^ method not found in `User`
[INFO] [stdout]     |
[INFO] [stdout]     = help: items from traits can only be used if the trait is implemented and in scope
[INFO] [stdout]     = note: the following trait defines an item `store_query`, perhaps you need to implement it:
[INFO] [stdout]             candidate #1: `CassandraTable`
[INFO] [stdout] 
[INFO] [stdout] error[E0277]: the trait bound `User: CassandraTable` is not satisfied
[INFO] [stdout]    --> src/lib.rs:218:60
[INFO] [stdout]     |
[INFO] [stdout] 181 |    let rust_user_from_db: Option<User> = connection.find::<User>(vec!["Rust".to_string()]).unwrap();
[INFO] [stdout]     |                                                     ----   ^^^^ the trait `CassandraTable` is not implemented for `User`
[INFO] [stdout]     |                                                     |
[INFO] [stdout]     |                                                     required by a bound introduced by this call
[INFO] [stdout]     |
[INFO] [stdout] note: required by a bound in `CassandraDriver::find`
[INFO] [stdout]    --> src/lib.rs:157:32
[INFO] [stdout]     |
[INFO] [stdout] 120 |    pub fn find<T: TryFromRow + CassandraTable>(&self, keys: Vec<String>) -> Result<Option<T>, CassandraDriverError> {
[INFO] [stdout]     |                                ^^^^^^^^^^^^^^ required by this bound in `CassandraDriver::find`
[INFO] [stdout] 
[INFO] [stdout] error[E0599]: no method named `update_query` found for struct `User` in the current scope
[INFO] [stdout]    --> src/lib.rs:221:41
[INFO] [stdout]     |
[INFO] [stdout] 27  | pub struct User {
[INFO] [stdout]     | --------------- method `update_query` not found for this struct
[INFO] [stdout] ...
[INFO] [stdout] 184 |    println!("Update rust:{}", rust_user.update_query().unwrap().query());
[INFO] [stdout]     |                                         ^^^^^^^^^^^^ method not found in `User`
[INFO] [stdout]     |
[INFO] [stdout]     = help: items from traits can only be used if the trait is implemented and in scope
[INFO] [stdout]     = note: the following trait defines an item `update_query`, perhaps you need to implement it:
[INFO] [stdout]             candidate #1: `CassandraTable`
[INFO] [stdout] 
[INFO] [stdout] error[E0599]: no method named `update_query` found for struct `User` in the current scope
[INFO] [stdout]    --> src/lib.rs:224:47
[INFO] [stdout]     |
[INFO] [stdout] 27  | pub struct User {
[INFO] [stdout]     | --------------- method `update_query` not found for this struct
[INFO] [stdout] ...
[INFO] [stdout] 187 |    connection.execute_update_query(&rust_user.update_query().unwrap()).unwrap();
[INFO] [stdout]     |                                               ^^^^^^^^^^^^ method not found in `User`
[INFO] [stdout]     |
[INFO] [stdout]     = help: items from traits can only be used if the trait is implemented and in scope
[INFO] [stdout]     = note: the following trait defines an item `update_query`, perhaps you need to implement it:
[INFO] [stdout]             candidate #1: `CassandraTable`
[INFO] [stdout] 
[INFO] [stdout] error[E0277]: the trait bound `User: CassandraTable` is not satisfied
[INFO] [stdout]    --> src/lib.rs:226:48
[INFO] [stdout]     |
[INFO] [stdout] 189 |    let rust_user_from_db_1 = connection.find::<User>(vec!["Rust".to_string()]).unwrap();
[INFO] [stdout]     |                                         ----   ^^^^ the trait `CassandraTable` is not implemented for `User`
[INFO] [stdout]     |                                         |
[INFO] [stdout]     |                                         required by a bound introduced by this call
[INFO] [stdout]     |
[INFO] [stdout] note: required by a bound in `CassandraDriver::find`
[INFO] [stdout]    --> src/lib.rs:157:32
[INFO] [stdout]     |
[INFO] [stdout] 120 |    pub fn find<T: TryFromRow + CassandraTable>(&self, keys: Vec<String>) -> Result<Option<T>, CassandraDriverError> {
[INFO] [stdout]     |                                ^^^^^^^^^^^^^^ required by this bound in `CassandraDriver::find`
[INFO] [stdout] 
[INFO] [stdout] error[E0599]: no method named `delete_query` found for struct `User` in the current scope
[INFO] [stdout]    --> src/lib.rs:230:36
[INFO] [stdout]     |
[INFO] [stdout] 27  | pub struct User {
[INFO] [stdout]     | --------------- method `delete_query` not found for this struct
[INFO] [stdout] ...
[INFO] [stdout] 193 |    println!("Delete:{}", rust_user.delete_query().query());
[INFO] [stdout]     |                                    ^^^^^^^^^^^^ method not found in `User`
[INFO] [stdout]     |
[INFO] [stdout]     = help: items from traits can only be used if the trait is implemented and in scope
[INFO] [stdout]     = note: the following trait defines an item `delete_query`, perhaps you need to implement it:
[INFO] [stdout]             candidate #1: `CassandraTable`
[INFO] [stdout] 
[INFO] [stdout] error[E0599]: no method named `delete_query` found for struct `User` in the current scope
[INFO] [stdout]    --> src/lib.rs:231:47
[INFO] [stdout]     |
[INFO] [stdout] 27  | pub struct User {
[INFO] [stdout]     | --------------- method `delete_query` not found for this struct
[INFO] [stdout] ...
[INFO] [stdout] 194 |    connection.execute_delete_query(&rust_user.delete_query()).expect("Must be deleted");
[INFO] [stdout]     |                                               ^^^^^^^^^^^^ method not found in `User`
[INFO] [stdout]     |
[INFO] [stdout]     = help: items from traits can only be used if the trait is implemented and in scope
[INFO] [stdout]     = note: the following trait defines an item `delete_query`, perhaps you need to implement it:
[INFO] [stdout]             candidate #1: `CassandraTable`
[INFO] [stdout] 
[INFO] [stdout] error[E0599]: no function or associated item named `drop_table_cql` found for struct `User` in the current scope
[INFO] [stdout]    --> src/lib.rs:233:41
[INFO] [stdout]     |
[INFO] [stdout] 27  | pub struct User {
[INFO] [stdout]     | --------------- function or associated item `drop_table_cql` not found for this struct
[INFO] [stdout] ...
[INFO] [stdout] 196 |    println!("Dropping table: {}", User::drop_table_cql());
[INFO] [stdout]     |                                         ^^^^^^^^^^^^^^ function or associated item not found in `User`
[INFO] [stdout]     |
[INFO] [stdout]     = help: items from traits can only be used if the trait is implemented and in scope
[INFO] [stdout]     = note: the following trait defines an item `drop_table_cql`, perhaps you need to implement it:
[INFO] [stdout]             candidate #1: `CassandraTable`
[INFO] [stdout] 
[INFO] [stdout] error[E0599]: no function or associated item named `drop_table_cql` found for struct `User` in the current scope
[INFO] [stdout]    --> src/lib.rs:234:46
[INFO] [stdout]     |
[INFO] [stdout] 27  | pub struct User {
[INFO] [stdout]     | --------------- function or associated item `drop_table_cql` not found for this struct
[INFO] [stdout] ...
[INFO] [stdout] 197 |    connection.execute_simple_statement(User::drop_table_cql()).expect("Table must be removed");
[INFO] [stdout]     |                                              ^^^^^^^^^^^^^^ function or associated item not found in `User`
[INFO] [stdout]     |
[INFO] [stdout]     = help: items from traits can only be used if the trait is implemented and in scope
[INFO] [stdout]     = note: the following trait defines an item `drop_table_cql`, perhaps you need to implement it:
[INFO] [stdout]             candidate #1: `CassandraTable`
[INFO] [stdout] 
[INFO] [stdout] error: aborting due to 30 previous errors
[INFO] [stdout] 
[INFO] [stdout] Some errors have detailed explanations: E0277, E0432, E0599.
[INFO] [stdout] For more information about an error, try `rustc --explain E0277`.
[INFO] [stdout] Couldn't compile the test.
[INFO] [stdout] 
[INFO] [stdout] failures:
[INFO] [stdout]     src/lib.rs - (line 33)
[INFO] [stdout]     src/lib.rs - (line 39)
[INFO] [stdout] 
[INFO] [stdout] test result: FAILED. 0 passed; 2 failed; 0 ignored; 0 measured; 0 filtered out; finished in 0.19s
[INFO] [stdout] 
[INFO] running `Command { std: "docker" "inspect" "67d03c6438dccf34245aeb04ce90bcc20bd52ea438d6a9fc330aed221962a4d3", kill_on_drop: false }`
[INFO] running `Command { std: "docker" "rm" "-f" "67d03c6438dccf34245aeb04ce90bcc20bd52ea438d6a9fc330aed221962a4d3", kill_on_drop: false }`
[INFO] [stdout] 67d03c6438dccf34245aeb04ce90bcc20bd52ea438d6a9fc330aed221962a4d3
[INFO] testing cassandra_macro-0.1.3 against beta-2023-12-22 for beta-1.76-1
[INFO] extracting crate cassandra_macro 0.1.3 into /workspace/builds/worker-5-tc2/source
[INFO] validating manifest of crates.io crate cassandra_macro 0.1.3 on toolchain beta-2023-12-22
[INFO] running `Command { std: CARGO_HOME="/workspace/cargo-home" RUSTUP_HOME="/workspace/rustup-home" "/workspace/cargo-home/bin/cargo" "+beta-2023-12-22" "metadata" "--manifest-path" "Cargo.toml" "--no-deps", kill_on_drop: false }`
[INFO] started tweaking crates.io crate cassandra_macro 0.1.3
[INFO] finished tweaking crates.io crate cassandra_macro 0.1.3
[INFO] tweaked toml for crates.io crate cassandra_macro 0.1.3 written to /workspace/builds/worker-5-tc2/source/Cargo.toml
[INFO] running `Command { std: CARGO_HOME="/workspace/cargo-home" RUSTUP_HOME="/workspace/rustup-home" "/workspace/cargo-home/bin/cargo" "+beta-2023-12-22" "generate-lockfile" "--manifest-path" "Cargo.toml", kill_on_drop: false }`
[INFO] [stderr]     Updating crates.io index
[INFO] running `Command { std: CARGO_HOME="/workspace/cargo-home" RUSTUP_HOME="/workspace/rustup-home" "/workspace/cargo-home/bin/cargo" "+beta-2023-12-22" "fetch" "--manifest-path" "Cargo.toml", kill_on_drop: false }`
[INFO] running `Command { std: "docker" "create" "-v" "/var/lib/crater-agent-workspace/builds/worker-5-tc2/target:/opt/rustwide/target:rw,Z" "-v" "/var/lib/crater-agent-workspace/builds/worker-5-tc2/source:/opt/rustwide/workdir:ro,Z" "-v" "/var/lib/crater-agent-workspace/cargo-home:/opt/rustwide/cargo-home:ro,Z" "-v" "/var/lib/crater-agent-workspace/rustup-home:/opt/rustwide/rustup-home:ro,Z" "-e" "SOURCE_DIR=/opt/rustwide/workdir" "-e" "CARGO_TARGET_DIR=/opt/rustwide/target" "-e" "CARGO_HOME=/opt/rustwide/cargo-home" "-e" "RUSTUP_HOME=/opt/rustwide/rustup-home" "-w" "/opt/rustwide/workdir" "-m" "1610612736" "--user" "0:0" "--network" "none" "ghcr.io/rust-lang/crates-build-env/linux@sha256:2788e3201cd34a07e3172128adcd8b3090168a8e3bcc40d7c032b9dda1df7d1c" "/opt/rustwide/cargo-home/bin/cargo" "+beta-2023-12-22" "metadata" "--no-deps" "--format-version=1", kill_on_drop: false }`
[INFO] [stdout] 238032a4c505ddcb30e50cb75b940b1ea9fdbdd8aedf5de97c3df26689efec4d
[INFO] running `Command { std: "docker" "start" "-a" "238032a4c505ddcb30e50cb75b940b1ea9fdbdd8aedf5de97c3df26689efec4d", kill_on_drop: false }`
[INFO] running `Command { std: "docker" "inspect" "238032a4c505ddcb30e50cb75b940b1ea9fdbdd8aedf5de97c3df26689efec4d", kill_on_drop: false }`
[INFO] running `Command { std: "docker" "rm" "-f" "238032a4c505ddcb30e50cb75b940b1ea9fdbdd8aedf5de97c3df26689efec4d", kill_on_drop: false }`
[INFO] [stdout] 238032a4c505ddcb30e50cb75b940b1ea9fdbdd8aedf5de97c3df26689efec4d
[INFO] running `Command { std: "docker" "create" "-v" "/var/lib/crater-agent-workspace/builds/worker-5-tc2/target:/opt/rustwide/target:rw,Z" "-v" "/var/lib/crater-agent-workspace/builds/worker-5-tc2/source:/opt/rustwide/workdir:ro,Z" "-v" "/var/lib/crater-agent-workspace/cargo-home:/opt/rustwide/cargo-home:ro,Z" "-v" "/var/lib/crater-agent-workspace/rustup-home:/opt/rustwide/rustup-home:ro,Z" "-e" "SOURCE_DIR=/opt/rustwide/workdir" "-e" "CARGO_TARGET_DIR=/opt/rustwide/target" "-e" "CARGO_INCREMENTAL=0" "-e" "RUST_BACKTRACE=full" "-e" "RUSTFLAGS=--cap-lints=warn" "-e" "RUSTDOCFLAGS=--cap-lints=warn" "-e" "CARGO_HOME=/opt/rustwide/cargo-home" "-e" "RUSTUP_HOME=/opt/rustwide/rustup-home" "-w" "/opt/rustwide/workdir" "-m" "1610612736" "--user" "0:0" "--network" "none" "ghcr.io/rust-lang/crates-build-env/linux@sha256:2788e3201cd34a07e3172128adcd8b3090168a8e3bcc40d7c032b9dda1df7d1c" "/opt/rustwide/cargo-home/bin/cargo" "+beta-2023-12-22" "build" "--frozen" "--message-format=json", kill_on_drop: false }`
[INFO] [stdout] bd30c016aa7ce08241d361bfad198fb43a69dc5d2f8f5fbe032e9a38ea1c76b2
[INFO] running `Command { std: "docker" "start" "-a" "bd30c016aa7ce08241d361bfad198fb43a69dc5d2f8f5fbe032e9a38ea1c76b2", kill_on_drop: false }`
[INFO] [stderr]    Compiling autocfg v1.1.0
[INFO] [stderr]    Compiling parking_lot_core v0.9.9
[INFO] [stderr]    Compiling smallvec v1.11.2
[INFO] [stderr]    Compiling scopeguard v1.2.0
[INFO] [stderr]    Compiling byteorder v0.5.3
[INFO] [stderr]    Compiling byteorder v1.5.0
[INFO] [stderr]    Compiling log v0.4.20
[INFO] [stderr]    Compiling time v0.1.45
[INFO] [stderr]    Compiling uuid v0.8.2
[INFO] [stderr]    Compiling lz4-compress v0.1.0
[INFO] [stderr]    Compiling snap v0.2.5
[INFO] [stderr]    Compiling lock_api v0.4.11
[INFO] [stderr]    Compiling parking_lot v0.12.1
[INFO] [stderr]    Compiling scheduled-thread-pool v0.2.7
[INFO] [stderr]    Compiling r2d2 v0.8.10
[INFO] [stderr]    Compiling cdrs v2.3.3
[INFO] [stderr]    Compiling cassandra_macro v0.1.3 (/opt/rustwide/workdir)
[INFO] [stderr]     Finished dev [unoptimized + debuginfo] target(s) in 7.19s
[INFO] [stderr] warning: the following packages contain code that will be rejected by a future version of Rust: snap v0.2.5
[INFO] [stderr] note: to see what the problems were, use the option `--future-incompat-report`, or run `cargo report future-incompatibilities --id 1`
[INFO] running `Command { std: "docker" "inspect" "bd30c016aa7ce08241d361bfad198fb43a69dc5d2f8f5fbe032e9a38ea1c76b2", kill_on_drop: false }`
[INFO] running `Command { std: "docker" "rm" "-f" "bd30c016aa7ce08241d361bfad198fb43a69dc5d2f8f5fbe032e9a38ea1c76b2", kill_on_drop: false }`
[INFO] [stdout] bd30c016aa7ce08241d361bfad198fb43a69dc5d2f8f5fbe032e9a38ea1c76b2
[INFO] running `Command { std: "docker" "create" "-v" "/var/lib/crater-agent-workspace/builds/worker-5-tc2/target:/opt/rustwide/target:rw,Z" "-v" "/var/lib/crater-agent-workspace/builds/worker-5-tc2/source:/opt/rustwide/workdir:ro,Z" "-v" "/var/lib/crater-agent-workspace/cargo-home:/opt/rustwide/cargo-home:ro,Z" "-v" "/var/lib/crater-agent-workspace/rustup-home:/opt/rustwide/rustup-home:ro,Z" "-e" "SOURCE_DIR=/opt/rustwide/workdir" "-e" "CARGO_TARGET_DIR=/opt/rustwide/target" "-e" "CARGO_INCREMENTAL=0" "-e" "RUST_BACKTRACE=full" "-e" "RUSTFLAGS=--cap-lints=warn" "-e" "RUSTDOCFLAGS=--cap-lints=warn" "-e" "CARGO_HOME=/opt/rustwide/cargo-home" "-e" "RUSTUP_HOME=/opt/rustwide/rustup-home" "-w" "/opt/rustwide/workdir" "-m" "1610612736" "--user" "0:0" "--network" "none" "ghcr.io/rust-lang/crates-build-env/linux@sha256:2788e3201cd34a07e3172128adcd8b3090168a8e3bcc40d7c032b9dda1df7d1c" "/opt/rustwide/cargo-home/bin/cargo" "+beta-2023-12-22" "test" "--frozen" "--no-run" "--message-format=json", kill_on_drop: false }`
[INFO] [stdout] 7eb48eafdb6d7dc53870f21a4d5068c83bc04179d2d3f7543dbcf4cfe523183b
[INFO] running `Command { std: "docker" "start" "-a" "7eb48eafdb6d7dc53870f21a4d5068c83bc04179d2d3f7543dbcf4cfe523183b", kill_on_drop: false }`
[INFO] [stderr]    Compiling cassandra_macro v0.1.3 (/opt/rustwide/workdir)
[INFO] [stderr]     Finished test [unoptimized + debuginfo] target(s) in 0.24s
[INFO] [stderr] warning: the following packages contain code that will be rejected by a future version of Rust: snap v0.2.5
[INFO] [stderr] note: to see what the problems were, use the option `--future-incompat-report`, or run `cargo report future-incompatibilities --id 1`
[INFO] running `Command { std: "docker" "inspect" "7eb48eafdb6d7dc53870f21a4d5068c83bc04179d2d3f7543dbcf4cfe523183b", kill_on_drop: false }`
[INFO] running `Command { std: "docker" "rm" "-f" "7eb48eafdb6d7dc53870f21a4d5068c83bc04179d2d3f7543dbcf4cfe523183b", kill_on_drop: false }`
[INFO] [stdout] 7eb48eafdb6d7dc53870f21a4d5068c83bc04179d2d3f7543dbcf4cfe523183b
[INFO] running `Command { std: "docker" "create" "-v" "/var/lib/crater-agent-workspace/builds/worker-5-tc2/target:/opt/rustwide/target:rw,Z" "-v" "/var/lib/crater-agent-workspace/builds/worker-5-tc2/source:/opt/rustwide/workdir:ro,Z" "-v" "/var/lib/crater-agent-workspace/cargo-home:/opt/rustwide/cargo-home:ro,Z" "-v" "/var/lib/crater-agent-workspace/rustup-home:/opt/rustwide/rustup-home:ro,Z" "-e" "SOURCE_DIR=/opt/rustwide/workdir" "-e" "CARGO_TARGET_DIR=/opt/rustwide/target" "-e" "CARGO_INCREMENTAL=0" "-e" "RUST_BACKTRACE=full" "-e" "RUSTFLAGS=--cap-lints=warn" "-e" "RUSTDOCFLAGS=--cap-lints=warn" "-e" "CARGO_HOME=/opt/rustwide/cargo-home" "-e" "RUSTUP_HOME=/opt/rustwide/rustup-home" "-w" "/opt/rustwide/workdir" "-m" "1610612736" "--user" "0:0" "--network" "none" "ghcr.io/rust-lang/crates-build-env/linux@sha256:2788e3201cd34a07e3172128adcd8b3090168a8e3bcc40d7c032b9dda1df7d1c" "/opt/rustwide/cargo-home/bin/cargo" "+beta-2023-12-22" "test" "--frozen", kill_on_drop: false }`
[INFO] [stdout] 8a2aebd90198443334be18bd074149c4a6fd164468464a026993d78084c931fd
[INFO] running `Command { std: "docker" "start" "-a" "8a2aebd90198443334be18bd074149c4a6fd164468464a026993d78084c931fd", kill_on_drop: false }`
[INFO] [stderr]     Finished test [unoptimized + debuginfo] target(s) in 0.02s
[INFO] [stderr] warning: the following packages contain code that will be rejected by a future version of Rust: snap v0.2.5
[INFO] [stderr] note: to see what the problems were, use the option `--future-incompat-report`, or run `cargo report future-incompatibilities --id 1`
[INFO] [stderr]      Running unittests src/lib.rs (/opt/rustwide/target/debug/deps/cassandra_macro-4ffb65a350633d40)
[INFO] [stdout] 
[INFO] [stdout] running 0 tests
[INFO] [stdout] 
[INFO] [stdout] test result: ok. 0 passed; 0 failed; 0 ignored; 0 measured; 0 filtered out; finished in 0.00s
[INFO] [stdout] 
[INFO] [stderr]    Doc-tests cassandra_macro
[INFO] [stdout] 
[INFO] [stdout] running 2 tests
[INFO] [stdout] test src/lib.rs - (line 33) ... FAILED
[INFO] [stdout] test src/lib.rs - (line 39) ... FAILED
[INFO] [stdout] 
[INFO] [stdout] failures:
[INFO] [stdout] 
[INFO] [stdout] ---- src/lib.rs - (line 33) stdout ----
[INFO] [stdout] error[E0468]: an `extern crate` loading macros must be at the crate root
[INFO] [stdout]  --> src/lib.rs:35:1
[INFO] [stdout]   |
[INFO] [stdout] 4 | extern crate cdrs;
[INFO] [stdout]   | ^^^^^^^^^^^^^^^^^^
[INFO] [stdout] 
[INFO] [stdout] error: aborting due to 1 previous error
[INFO] [stdout] 
[INFO] [stdout] For more information about this error, try `rustc --explain E0468`.
[INFO] [stdout] Couldn't compile the test.
[INFO] [stdout] ---- src/lib.rs - (line 39) stdout ----
[INFO] [stdout] error[E0432]: unresolved import `cassandra_macro_derive`
[INFO] [stdout]   --> src/lib.rs:48:5
[INFO] [stdout]    |
[INFO] [stdout] 11 | use cassandra_macro_derive::CassandraTable;
[INFO] [stdout]    |     ^^^^^^^^^^^^^^^^^^^^^^ use of undeclared crate or module `cassandra_macro_derive`
[INFO] [stdout]    |
[INFO] [stdout] help: there is a crate or module with a similar name
[INFO] [stdout]    |
[INFO] [stdout] 11 | use cassandra_macro::CassandraTable;
[INFO] [stdout]    |     ~~~~~~~~~~~~~~~
[INFO] [stdout] 
[INFO] [stdout] error[E0432]: unresolved import `chrono`
[INFO] [stdout]   --> src/lib.rs:59:5
[INFO] [stdout]    |
[INFO] [stdout] 22 | use chrono::Utc;
[INFO] [stdout]    |     ^^^^^^ use of undeclared crate or module `chrono`
[INFO] [stdout] 
[INFO] [stdout] error[E0432]: unresolved import `uuid`
[INFO] [stdout]   --> src/lib.rs:60:5
[INFO] [stdout]    |
[INFO] [stdout] 23 | use uuid::Uuid;
[INFO] [stdout]    |     ^^^^ use of undeclared crate or module `uuid`
[INFO] [stdout] 
[INFO] [stdout] error: cannot determine resolution for the derive macro `CassandraTable`
[INFO] [stdout]   --> src/lib.rs:63:17
[INFO] [stdout]    |
[INFO] [stdout] 26 | #[derive(Debug, CassandraTable)]
[INFO] [stdout]    |                 ^^^^^^^^^^^^^^
[INFO] [stdout]    |
[INFO] [stdout]    = note: import resolution is stuck, try simplifying macro imports
[INFO] [stdout] 
[INFO] [stdout] error: cannot find attribute `table` in this scope
[INFO] [stdout]   --> src/lib.rs:62:3
[INFO] [stdout]    |
[INFO] [stdout] 25 | #[table(keyspace = "test", options = "comment='Only for RUST users' | COMPACTION = {'class':'SizeTieredCompactionStrategy'}")]
[INFO] [stdout]    |   ^^^^^ help: a built-in attribute with a similar name exists: `stable`
[INFO] [stdout] 
[INFO] [stdout] error: cannot find attribute `column` in this scope
[INFO] [stdout]   --> src/lib.rs:65:6
[INFO] [stdout]    |
[INFO] [stdout] 28 |    #[column(type = "TEXT", primary_key)]
[INFO] [stdout]    |      ^^^^^^
[INFO] [stdout]    |
[INFO] [stdout]    = note: `column` is in scope, but it is a function-like macro
[INFO] [stdout] 
[INFO] [stdout] error: cannot find attribute `column` in this scope
[INFO] [stdout]   --> src/lib.rs:68:6
[INFO] [stdout]    |
[INFO] [stdout] 31 |    #[column(type = "UUID")]
[INFO] [stdout]    |      ^^^^^^
[INFO] [stdout]    |
[INFO] [stdout]    = note: `column` is in scope, but it is a function-like macro
[INFO] [stdout] 
[INFO] [stdout] error: cannot find attribute `column` in this scope
[INFO] [stdout]   --> src/lib.rs:71:6
[INFO] [stdout]    |
[INFO] [stdout] 34 |    #[column(type = "TEXT")]
[INFO] [stdout]    |      ^^^^^^
[INFO] [stdout]    |
[INFO] [stdout]    = note: `column` is in scope, but it is a function-like macro
[INFO] [stdout] 
[INFO] [stdout] error: cannot find attribute `column` in this scope
[INFO] [stdout]   --> src/lib.rs:74:6
[INFO] [stdout]    |
[INFO] [stdout] 37 |    #[column(type = "TIMESTAMP", cluster_key(order = "ASC", position = 1))]
[INFO] [stdout]    |      ^^^^^^
[INFO] [stdout]    |
[INFO] [stdout]    = note: `column` is in scope, but it is a function-like macro
[INFO] [stdout] 
[INFO] [stdout] error: cannot find attribute `column` in this scope
[INFO] [stdout]   --> src/lib.rs:77:6
[INFO] [stdout]    |
[INFO] [stdout] 40 |    #[column(type = "TIMESTAMP")]
[INFO] [stdout]    |      ^^^^^^
[INFO] [stdout]    |
[INFO] [stdout]    = note: `column` is in scope, but it is a function-like macro
[INFO] [stdout] 
[INFO] [stdout] error[E0599]: no function or associated item named `key_space` found for struct `User` in the current scope
[INFO] [stdout]    --> src/lib.rs:200:36
[INFO] [stdout]     |
[INFO] [stdout] 27  | pub struct User {
[INFO] [stdout]     | --------------- function or associated item `key_space` not found for this struct
[INFO] [stdout] ...
[INFO] [stdout] 163 |    println!("Keyspace:.{}.", User::key_space());
[INFO] [stdout]     |                                    ^^^^^^^^^ function or associated item not found in `User`
[INFO] [stdout]     |
[INFO] [stdout]     = help: items from traits can only be used if the trait is implemented and in scope
[INFO] [stdout]     = note: the following trait defines an item `key_space`, perhaps you need to implement it:
[INFO] [stdout]             candidate #1: `CassandraTable`
[INFO] [stdout] 
[INFO] [stdout] error[E0599]: no function or associated item named `table_name` found for struct `User` in the current scope
[INFO] [stdout]    --> src/lib.rs:201:38
[INFO] [stdout]     |
[INFO] [stdout] 27  | pub struct User {
[INFO] [stdout]     | --------------- function or associated item `table_name` not found for this struct
[INFO] [stdout] ...
[INFO] [stdout] 164 |    println!("Table name:.{}.", User::table_name());
[INFO] [stdout]     |                                      ^^^^^^^^^^ function or associated item not found in `User`
[INFO] [stdout]     |
[INFO] [stdout]     = help: items from traits can only be used if the trait is implemented and in scope
[INFO] [stdout]     = note: the following trait defines an item `table_name`, perhaps you need to implement it:
[INFO] [stdout]             candidate #1: `CassandraTable`
[INFO] [stdout] 
[INFO] [stdout] error[E0599]: no function or associated item named `create_table_cql` found for struct `User` in the current scope
[INFO] [stdout]    --> src/lib.rs:202:40
[INFO] [stdout]     |
[INFO] [stdout] 27  | pub struct User {
[INFO] [stdout]     | --------------- function or associated item `create_table_cql` not found for this struct
[INFO] [stdout] ...
[INFO] [stdout] 165 |    println!("Creating table:{}", User::create_table_cql());
[INFO] [stdout]     |                                        ^^^^^^^^^^^^^^^^ function or associated item not found in `User`
[INFO] [stdout]     |
[INFO] [stdout]     = help: items from traits can only be used if the trait is implemented and in scope
[INFO] [stdout]     = note: the following trait defines an item `create_table_cql`, perhaps you need to implement it:
[INFO] [stdout]             candidate #1: `CassandraTable`
[INFO] [stdout] 
[INFO] [stdout] error[E0599]: no function or associated item named `create_table_cql` found for struct `User` in the current scope
[INFO] [stdout]    --> src/lib.rs:203:46
[INFO] [stdout]     |
[INFO] [stdout] 27  | pub struct User {
[INFO] [stdout]     | --------------- function or associated item `create_table_cql` not found for this struct
[INFO] [stdout] ...
[INFO] [stdout] 166 |    connection.execute_simple_statement(User::create_table_cql()).expect("Must create table");
[INFO] [stdout]     |                                              ^^^^^^^^^^^^^^^^ function or associated item not found in `User`
[INFO] [stdout]     |
[INFO] [stdout]     = help: items from traits can only be used if the trait is implemented and in scope
[INFO] [stdout]     = note: the following trait defines an item `create_table_cql`, perhaps you need to implement it:
[INFO] [stdout]             candidate #1: `CassandraTable`
[INFO] [stdout] 
[INFO] [stdout] error[E0599]: no function or associated item named `select_by_primary_keys` found for struct `User` in the current scope
[INFO] [stdout]    --> src/lib.rs:206:25
[INFO] [stdout]     |
[INFO] [stdout] 27  | pub struct User {
[INFO] [stdout]     | --------------- function or associated item `select_by_primary_keys` not found for this struct
[INFO] [stdout] ...
[INFO] [stdout] 169 |    println!("{}", User::select_by_primary_keys(Projection::Columns(vec!["created".to_string()])));
[INFO] [stdout]     |                         ^^^^^^^^^^^^^^^^^^^^^^ function or associated item not found in `User`
[INFO] [stdout]     |
[INFO] [stdout]     = help: items from traits can only be used if the trait is implemented and in scope
[INFO] [stdout]     = note: the following trait defines an item `select_by_primary_keys`, perhaps you need to implement it:
[INFO] [stdout]             candidate #1: `CassandraTable`
[INFO] [stdout] 
[INFO] [stdout] error[E0599]: no function or associated item named `select_by_primary_and_cluster_keys` found for struct `User` in the current scope
[INFO] [stdout]    --> src/lib.rs:207:25
[INFO] [stdout]     |
[INFO] [stdout] 27  | pub struct User {
[INFO] [stdout]     | --------------- function or associated item `select_by_primary_and_cluster_keys` not found for this struct
[INFO] [stdout] ...
[INFO] [stdout] 170 |    println!("{}", User::select_by_primary_and_cluster_keys(Projection::All));
[INFO] [stdout]     |                         ^^^^^^^^^^^^^^^^^^^^^^^^^^^^^^^^^^ function or associated item not found in `User`
[INFO] [stdout]     |
[INFO] [stdout]     = help: items from traits can only be used if the trait is implemented and in scope
[INFO] [stdout]     = note: the following trait defines an item `select_by_primary_and_cluster_keys`, perhaps you need to implement it:
[INFO] [stdout]             candidate #1: `CassandraTable`
[INFO] [stdout] 
[INFO] [stdout] error[E0599]: no function or associated item named `update_by_primary_keys` found for struct `User` in the current scope
[INFO] [stdout]    --> src/lib.rs:208:25
[INFO] [stdout]     |
[INFO] [stdout] 27  | pub struct User {
[INFO] [stdout]     | --------------- function or associated item `update_by_primary_keys` not found for this struct
[INFO] [stdout] ...
[INFO] [stdout] 171 |    println!("{}", User::update_by_primary_keys(vec!["updated".to_string()]));
[INFO] [stdout]     |                         ^^^^^^^^^^^^^^^^^^^^^^ function or associated item not found in `User`
[INFO] [stdout]     |
[INFO] [stdout]     = help: items from traits can only be used if the trait is implemented and in scope
[INFO] [stdout]     = note: the following trait defines an item `update_by_primary_keys`, perhaps you need to implement it:
[INFO] [stdout]             candidate #1: `CassandraTable`
[INFO] [stdout] 
[INFO] [stdout] error[E0599]: no function or associated item named `update_by_primary_and_cluster_keys` found for struct `User` in the current scope
[INFO] [stdout]    --> src/lib.rs:209:25
[INFO] [stdout]     |
[INFO] [stdout] 27  | pub struct User {
[INFO] [stdout]     | --------------- function or associated item `update_by_primary_and_cluster_keys` not found for this struct
[INFO] [stdout] ...
[INFO] [stdout] 172 |    println!("{}", User::update_by_primary_and_cluster_keys(vec!["updated".to_string()]));
[INFO] [stdout]     |                         ^^^^^^^^^^^^^^^^^^^^^^^^^^^^^^^^^^ function or associated item not found in `User`
[INFO] [stdout]     |
[INFO] [stdout]     = help: items from traits can only be used if the trait is implemented and in scope
[INFO] [stdout]     = note: the following trait defines an item `update_by_primary_and_cluster_keys`, perhaps you need to implement it:
[INFO] [stdout]             candidate #1: `CassandraTable`
[INFO] [stdout] 
[INFO] [stdout] error[E0599]: no function or associated item named `delete_by_primary_keys` found for struct `User` in the current scope
[INFO] [stdout]    --> src/lib.rs:210:25
[INFO] [stdout]     |
[INFO] [stdout] 27  | pub struct User {
[INFO] [stdout]     | --------------- function or associated item `delete_by_primary_keys` not found for this struct
[INFO] [stdout] ...
[INFO] [stdout] 173 |    println!("{}", User::delete_by_primary_keys());
[INFO] [stdout]     |                         ^^^^^^^^^^^^^^^^^^^^^^ function or associated item not found in `User`
[INFO] [stdout]     |
[INFO] [stdout]     = help: items from traits can only be used if the trait is implemented and in scope
[INFO] [stdout]     = note: the following trait defines an item `delete_by_primary_keys`, perhaps you need to implement it:
[INFO] [stdout]             candidate #1: `CassandraTable`
[INFO] [stdout] 
[INFO] [stdout] error[E0599]: no function or associated item named `delete_by_primary_and_cluster_keys` found for struct `User` in the current scope
[INFO] [stdout]    --> src/lib.rs:211:25
[INFO] [stdout]     |
[INFO] [stdout] 27  | pub struct User {
[INFO] [stdout]     | --------------- function or associated item `delete_by_primary_and_cluster_keys` not found for this struct
[INFO] [stdout] ...
[INFO] [stdout] 174 |    println!("{}", User::delete_by_primary_and_cluster_keys());
[INFO] [stdout]     |                         ^^^^^^^^^^^^^^^^^^^^^^^^^^^^^^^^^^ function or associated item not found in `User`
[INFO] [stdout]     |
[INFO] [stdout]     = help: items from traits can only be used if the trait is implemented and in scope
[INFO] [stdout]     = note: the following trait defines an item `delete_by_primary_and_cluster_keys`, perhaps you need to implement it:
[INFO] [stdout]             candidate #1: `CassandraTable`
[INFO] [stdout] 
[INFO] [stdout] error[E0599]: no method named `store_query` found for struct `User` in the current scope
[INFO] [stdout]    --> src/lib.rs:215:43
[INFO] [stdout]     |
[INFO] [stdout] 27  | pub struct User {
[INFO] [stdout]     | --------------- method `store_query` not found for this struct
[INFO] [stdout] ...
[INFO] [stdout] 178 |    println!("Storing rust: {}", rust_user.store_query().query());
[INFO] [stdout]     |                                           ^^^^^^^^^^^ method not found in `User`
[INFO] [stdout]     |
[INFO] [stdout]     = help: items from traits can only be used if the trait is implemented and in scope
[INFO] [stdout]     = note: the following trait defines an item `store_query`, perhaps you need to implement it:
[INFO] [stdout]             candidate #1: `CassandraTable`
[INFO] [stdout] 
[INFO] [stdout] error[E0599]: no method named `store_query` found for struct `User` in the current scope
[INFO] [stdout]    --> src/lib.rs:216:46
[INFO] [stdout]     |
[INFO] [stdout] 27  | pub struct User {
[INFO] [stdout]     | --------------- method `store_query` not found for this struct
[INFO] [stdout] ...
[INFO] [stdout] 179 |    connection.execute_store_query(&rust_user.store_query()).expect("User must be stored");
[INFO] [stdout]     |                                              ^^^^^^^^^^^ method not found in `User`
[INFO] [stdout]     |
[INFO] [stdout]     = help: items from traits can only be used if the trait is implemented and in scope
[INFO] [stdout]     = note: the following trait defines an item `store_query`, perhaps you need to implement it:
[INFO] [stdout]             candidate #1: `CassandraTable`
[INFO] [stdout] 
[INFO] [stdout] error[E0277]: the trait bound `User: CassandraTable` is not satisfied
[INFO] [stdout]    --> src/lib.rs:218:60
[INFO] [stdout]     |
[INFO] [stdout] 181 |    let rust_user_from_db: Option<User> = connection.find::<User>(vec!["Rust".to_string()]).unwrap();
[INFO] [stdout]     |                                                     ----   ^^^^ the trait `CassandraTable` is not implemented for `User`
[INFO] [stdout]     |                                                     |
[INFO] [stdout]     |                                                     required by a bound introduced by this call
[INFO] [stdout]     |
[INFO] [stdout] note: required by a bound in `CassandraDriver::find`
[INFO] [stdout]    --> src/lib.rs:157:32
[INFO] [stdout]     |
[INFO] [stdout] 120 |    pub fn find<T: TryFromRow + CassandraTable>(&self, keys: Vec<String>) -> Result<Option<T>, CassandraDriverError> {
[INFO] [stdout]     |                                ^^^^^^^^^^^^^^ required by this bound in `CassandraDriver::find`
[INFO] [stdout] 
[INFO] [stdout] error[E0599]: no method named `update_query` found for struct `User` in the current scope
[INFO] [stdout]    --> src/lib.rs:221:41
[INFO] [stdout]     |
[INFO] [stdout] 27  | pub struct User {
[INFO] [stdout]     | --------------- method `update_query` not found for this struct
[INFO] [stdout] ...
[INFO] [stdout] 184 |    println!("Update rust:{}", rust_user.update_query().unwrap().query());
[INFO] [stdout]     |                                         ^^^^^^^^^^^^ method not found in `User`
[INFO] [stdout]     |
[INFO] [stdout]     = help: items from traits can only be used if the trait is implemented and in scope
[INFO] [stdout]     = note: the following trait defines an item `update_query`, perhaps you need to implement it:
[INFO] [stdout]             candidate #1: `CassandraTable`
[INFO] [stdout] 
[INFO] [stdout] error[E0599]: no method named `update_query` found for struct `User` in the current scope
[INFO] [stdout]    --> src/lib.rs:224:47
[INFO] [stdout]     |
[INFO] [stdout] 27  | pub struct User {
[INFO] [stdout]     | --------------- method `update_query` not found for this struct
[INFO] [stdout] ...
[INFO] [stdout] 187 |    connection.execute_update_query(&rust_user.update_query().unwrap()).unwrap();
[INFO] [stdout]     |                                               ^^^^^^^^^^^^ method not found in `User`
[INFO] [stdout]     |
[INFO] [stdout]     = help: items from traits can only be used if the trait is implemented and in scope
[INFO] [stdout]     = note: the following trait defines an item `update_query`, perhaps you need to implement it:
[INFO] [stdout]             candidate #1: `CassandraTable`
[INFO] [stdout] 
[INFO] [stdout] error[E0277]: the trait bound `User: CassandraTable` is not satisfied
[INFO] [stdout]    --> src/lib.rs:226:48
[INFO] [stdout]     |
[INFO] [stdout] 189 |    let rust_user_from_db_1 = connection.find::<User>(vec!["Rust".to_string()]).unwrap();
[INFO] [stdout]     |                                         ----   ^^^^ the trait `CassandraTable` is not implemented for `User`
[INFO] [stdout]     |                                         |
[INFO] [stdout]     |                                         required by a bound introduced by this call
[INFO] [stdout]     |
[INFO] [stdout] note: required by a bound in `CassandraDriver::find`
[INFO] [stdout]    --> src/lib.rs:157:32
[INFO] [stdout]     |
[INFO] [stdout] 120 |    pub fn find<T: TryFromRow + CassandraTable>(&self, keys: Vec<String>) -> Result<Option<T>, CassandraDriverError> {
[INFO] [stdout]     |                                ^^^^^^^^^^^^^^ required by this bound in `CassandraDriver::find`
[INFO] [stdout] 
[INFO] [stdout] error[E0599]: no method named `delete_query` found for struct `User` in the current scope
[INFO] [stdout]    --> src/lib.rs:230:36
[INFO] [stdout]     |
[INFO] [stdout] 27  | pub struct User {
[INFO] [stdout]     | --------------- method `delete_query` not found for this struct
[INFO] [stdout] ...
[INFO] [stdout] 193 |    println!("Delete:{}", rust_user.delete_query().query());
[INFO] [stdout]     |                                    ^^^^^^^^^^^^ method not found in `User`
[INFO] [stdout]     |
[INFO] [stdout]     = help: items from traits can only be used if the trait is implemented and in scope
[INFO] [stdout]     = note: the following trait defines an item `delete_query`, perhaps you need to implement it:
[INFO] [stdout]             candidate #1: `CassandraTable`
[INFO] [stdout] 
[INFO] [stdout] error[E0599]: no method named `delete_query` found for struct `User` in the current scope
[INFO] [stdout]    --> src/lib.rs:231:47
[INFO] [stdout]     |
[INFO] [stdout] 27  | pub struct User {
[INFO] [stdout]     | --------------- method `delete_query` not found for this struct
[INFO] [stdout] ...
[INFO] [stdout] 194 |    connection.execute_delete_query(&rust_user.delete_query()).expect("Must be deleted");
[INFO] [stdout]     |                                               ^^^^^^^^^^^^ method not found in `User`
[INFO] [stdout]     |
[INFO] [stdout]     = help: items from traits can only be used if the trait is implemented and in scope
[INFO] [stdout]     = note: the following trait defines an item `delete_query`, perhaps you need to implement it:
[INFO] [stdout]             candidate #1: `CassandraTable`
[INFO] [stdout] 
[INFO] [stdout] error[E0599]: no function or associated item named `drop_table_cql` found for struct `User` in the current scope
[INFO] [stdout]    --> src/lib.rs:233:41
[INFO] [stdout]     |
[INFO] [stdout] 27  | pub struct User {
[INFO] [stdout]     | --------------- function or associated item `drop_table_cql` not found for this struct
[INFO] [stdout] ...
[INFO] [stdout] 196 |    println!("Dropping table: {}", User::drop_table_cql());
[INFO] [stdout]     |                                         ^^^^^^^^^^^^^^ function or associated item not found in `User`
[INFO] [stdout]     |
[INFO] [stdout]     = help: items from traits can only be used if the trait is implemented and in scope
[INFO] [stdout]     = note: the following trait defines an item `drop_table_cql`, perhaps you need to implement it:
[INFO] [stdout]             candidate #1: `CassandraTable`
[INFO] [stdout] 
[INFO] [stdout] error[E0599]: no function or associated item named `drop_table_cql` found for struct `User` in the current scope
[INFO] [stdout]    --> src/lib.rs:234:46
[INFO] [stdout]     |
[INFO] [stdout] 27  | pub struct User {
[INFO] [stdout]     | --------------- function or associated item `drop_table_cql` not found for this struct
[INFO] [stdout] ...
[INFO] [stdout] 197 |    connection.execute_simple_statement(User::drop_table_cql()).expect("Table must be removed");
[INFO] [stdout]     |                                              ^^^^^^^^^^^^^^ function or associated item not found in `User`
[INFO] [stdout]     |
[INFO] [stdout]     = help: items from traits can only be used if the trait is implemented and in scope
[INFO] [stdout]     = note: the following trait defines an item `drop_table_cql`, perhaps you need to implement it:
[INFO] [stdout]             candidate #1: `CassandraTable`
[INFO] [stdout] 
[INFO] [stdout] error: aborting due to 30 previous errors
[INFO] [stdout] 
[INFO] [stdout] Some errors have detailed explanations: E0277, E0432, E0599.
[INFO] [stdout] For more information about an error, try `rustc --explain E0277`.
[INFO] [stdout] Couldn't compile the test.
[INFO] [stdout] 
[INFO] [stdout] failures:
[INFO] [stdout]     src/lib.rs - (line 33)
[INFO] [stdout]     src/lib.rs - (line 39)
[INFO] [stdout] 
[INFO] [stdout] test result: FAILED. 0 passed; 2 failed; 0 ignored; 0 measured; 0 filtered out; finished in 0.16s
[INFO] [stdout] 
[INFO] [stderr] error: doctest failed, to rerun pass `--doc`
[INFO] running `Command { std: "docker" "inspect" "8a2aebd90198443334be18bd074149c4a6fd164468464a026993d78084c931fd", kill_on_drop: false }`
[INFO] running `Command { std: "docker" "rm" "-f" "8a2aebd90198443334be18bd074149c4a6fd164468464a026993d78084c931fd", kill_on_drop: false }`
[INFO] [stdout] 8a2aebd90198443334be18bd074149c4a6fd164468464a026993d78084c931fd
