[INFO] fetching crate cart-tmp-wgc 0.1.0...
[INFO] testing cart-tmp-wgc-0.1.0 against 1.75.0 for beta-1.76-1
[INFO] extracting crate cart-tmp-wgc 0.1.0 into /workspace/builds/worker-0-tc1/source
[INFO] validating manifest of crates.io crate cart-tmp-wgc 0.1.0 on toolchain 1.75.0
[INFO] running `Command { std: CARGO_HOME="/workspace/cargo-home" RUSTUP_HOME="/workspace/rustup-home" "/workspace/cargo-home/bin/cargo" "+1.75.0" "metadata" "--manifest-path" "Cargo.toml" "--no-deps", kill_on_drop: false }`
[INFO] started tweaking crates.io crate cart-tmp-wgc 0.1.0
[INFO] finished tweaking crates.io crate cart-tmp-wgc 0.1.0
[INFO] tweaked toml for crates.io crate cart-tmp-wgc 0.1.0 written to /workspace/builds/worker-0-tc1/source/Cargo.toml
[INFO] running `Command { std: CARGO_HOME="/workspace/cargo-home" RUSTUP_HOME="/workspace/rustup-home" "/workspace/cargo-home/bin/cargo" "+1.75.0" "generate-lockfile" "--manifest-path" "Cargo.toml", kill_on_drop: false }`
[INFO] [stderr]     Updating crates.io index
[INFO] running `Command { std: CARGO_HOME="/workspace/cargo-home" RUSTUP_HOME="/workspace/rustup-home" "/workspace/cargo-home/bin/cargo" "+1.75.0" "fetch" "--manifest-path" "Cargo.toml", kill_on_drop: false }`
[INFO] [stderr]  Downloading crates ...
[INFO] [stderr]   Downloaded thread-id v3.3.0
[INFO] [stderr]   Downloaded spirv_headers v1.5.0
[INFO] [stderr]   Downloaded gfx-backend-dx11 v0.5.3
[INFO] [stderr]   Downloaded cart-tmp-wgt v0.1.0
[INFO] [stderr]   Downloaded storage-map v0.3.0
[INFO] [stderr]   Downloaded cart-tmp-gdesc v0.1.0
[INFO] [stderr]   Downloaded gfx-auxil v0.4.0
[INFO] [stderr]   Downloaded d3d12 v0.3.2
[INFO] [stderr]   Downloaded cocoa-foundation v0.1.2
[INFO] [stderr]   Downloaded cart-tmp-gmem v0.1.0
[INFO] [stderr]   Downloaded battery v0.7.8
[INFO] [stderr]   Downloaded loom v0.3.6
[INFO] [stderr]   Downloaded metal v0.20.0
[INFO] [stderr]   Downloaded ash v0.31.0
[INFO] [stderr]   Downloaded spirv_cross v0.20.0
[INFO] [stderr]   Downloaded uom v0.30.0
[INFO] [stderr]   Downloaded gfx-backend-dx12 v0.5.10
[INFO] [stderr]   Downloaded cart-tmp-nga v0.1.0
[INFO] [stderr]   Downloaded gfx-backend-vulkan v0.5.11
[INFO] [stderr]   Downloaded gfx-backend-metal v0.5.7
[INFO] [stderr]   Downloaded generator v0.6.25
[INFO] [stderr]   Downloaded gfx-backend-empty v0.5.2
[INFO] running `Command { std: "docker" "create" "-v" "/var/lib/crater-agent-workspace/builds/worker-0-tc1/target:/opt/rustwide/target:rw,Z" "-v" "/var/lib/crater-agent-workspace/builds/worker-0-tc1/source:/opt/rustwide/workdir:ro,Z" "-v" "/var/lib/crater-agent-workspace/cargo-home:/opt/rustwide/cargo-home:ro,Z" "-v" "/var/lib/crater-agent-workspace/rustup-home:/opt/rustwide/rustup-home:ro,Z" "-e" "SOURCE_DIR=/opt/rustwide/workdir" "-e" "CARGO_TARGET_DIR=/opt/rustwide/target" "-e" "CARGO_HOME=/opt/rustwide/cargo-home" "-e" "RUSTUP_HOME=/opt/rustwide/rustup-home" "-w" "/opt/rustwide/workdir" "-m" "1610612736" "--user" "0:0" "--network" "none" "ghcr.io/rust-lang/crates-build-env/linux@sha256:2788e3201cd34a07e3172128adcd8b3090168a8e3bcc40d7c032b9dda1df7d1c" "/opt/rustwide/cargo-home/bin/cargo" "+1.75.0" "metadata" "--no-deps" "--format-version=1", kill_on_drop: false }`
[INFO] [stdout] 0bcbdf3044550522c59f873178b27bc9ace31104fe65fe4a224c914b9fd1f595
[INFO] running `Command { std: "docker" "start" "-a" "0bcbdf3044550522c59f873178b27bc9ace31104fe65fe4a224c914b9fd1f595", kill_on_drop: false }`
[INFO] running `Command { std: "docker" "inspect" "0bcbdf3044550522c59f873178b27bc9ace31104fe65fe4a224c914b9fd1f595", kill_on_drop: false }`
[INFO] running `Command { std: "docker" "rm" "-f" "0bcbdf3044550522c59f873178b27bc9ace31104fe65fe4a224c914b9fd1f595", kill_on_drop: false }`
[INFO] [stdout] 0bcbdf3044550522c59f873178b27bc9ace31104fe65fe4a224c914b9fd1f595
[INFO] running `Command { std: "docker" "create" "-v" "/var/lib/crater-agent-workspace/builds/worker-0-tc1/target:/opt/rustwide/target:rw,Z" "-v" "/var/lib/crater-agent-workspace/builds/worker-0-tc1/source:/opt/rustwide/workdir:ro,Z" "-v" "/var/lib/crater-agent-workspace/cargo-home:/opt/rustwide/cargo-home:ro,Z" "-v" "/var/lib/crater-agent-workspace/rustup-home:/opt/rustwide/rustup-home:ro,Z" "-e" "SOURCE_DIR=/opt/rustwide/workdir" "-e" "CARGO_TARGET_DIR=/opt/rustwide/target" "-e" "CARGO_INCREMENTAL=0" "-e" "RUST_BACKTRACE=full" "-e" "RUSTFLAGS=--cap-lints=warn" "-e" "RUSTDOCFLAGS=--cap-lints=warn" "-e" "CARGO_HOME=/opt/rustwide/cargo-home" "-e" "RUSTUP_HOME=/opt/rustwide/rustup-home" "-w" "/opt/rustwide/workdir" "-m" "1610612736" "--user" "0:0" "--network" "none" "ghcr.io/rust-lang/crates-build-env/linux@sha256:2788e3201cd34a07e3172128adcd8b3090168a8e3bcc40d7c032b9dda1df7d1c" "/opt/rustwide/cargo-home/bin/cargo" "+1.75.0" "build" "--frozen" "--message-format=json", kill_on_drop: false }`
[INFO] [stdout] 4f3ae33710683949f0178057899ff324400bcb68be3a8d00df69d7a64b4829d2
[INFO] running `Command { std: "docker" "start" "-a" "4f3ae33710683949f0178057899ff324400bcb68be3a8d00df69d7a64b4829d2", kill_on_drop: false }`
[INFO] [stderr]    Compiling libc v0.2.151
[INFO] [stderr]    Compiling cty v0.2.2
[INFO] [stderr]    Compiling byteorder v1.5.0
[INFO] [stderr]    Compiling smallvec v1.11.2
[INFO] [stderr]    Compiling num-traits v0.2.17
[INFO] [stderr]    Compiling slab v0.4.9
[INFO] [stderr]    Compiling libloading v0.6.7
[INFO] [stderr]    Compiling once_cell v1.19.0
[INFO] [stderr]    Compiling raw-window-handle v0.4.3
[INFO] [stderr]    Compiling scopeguard v1.2.0
[INFO] [stderr]    Compiling cfg-if v0.1.10
[INFO] [stderr]    Compiling fxhash v0.2.1
[INFO] [stderr]    Compiling tracing-core v0.1.32
[INFO] [stderr]    Compiling lock_api v0.3.4
[INFO] [stderr]    Compiling ash v0.31.0
[INFO] [stderr]    Compiling pin-project-lite v0.2.13
[INFO] [stderr]    Compiling hibitset v0.6.4
[INFO] [stderr]    Compiling arrayvec v0.5.2
[INFO] [stderr]    Compiling cart-tmp-wgt v0.1.0
[INFO] [stderr]    Compiling copyless v0.1.5
[INFO] [stderr]    Compiling vec_map v0.8.2
[INFO] [stderr]    Compiling tracing v0.1.40
[INFO] [stderr]    Compiling raw-window-handle v0.3.4
[INFO] [stderr]    Compiling parking_lot_core v0.7.3
[INFO] [stderr]    Compiling gfx-hal v0.5.3
[INFO] [stderr]    Compiling parking_lot v0.10.2
[INFO] [stderr]    Compiling spirv_headers v1.5.0
[INFO] [stderr]    Compiling cart-tmp-nga v0.1.0
[INFO] [stderr]    Compiling cart-tmp-gmem v0.1.0
[INFO] [stderr]    Compiling cart-tmp-gdesc v0.1.0
[INFO] [stderr]    Compiling gfx-backend-empty v0.5.2
[INFO] [stderr]    Compiling gfx-backend-vulkan v0.5.11
[INFO] [stderr]    Compiling cart-tmp-wgc v0.1.0 (/opt/rustwide/workdir)
[INFO] [stdout] warning: field `dynamic_count` is never read
[INFO] [stdout]   --> src/binding_model.rs:60:16
[INFO] [stdout]    |
[INFO] [stdout] 54 | pub struct BindGroupLayout<B: hal::Backend> {
[INFO] [stdout]    |            --------------- field in this struct
[INFO] [stdout] ...
[INFO] [stdout] 60 |     pub(crate) dynamic_count: usize,
[INFO] [stdout]    |                ^^^^^^^^^^^^^
[INFO] [stdout]    |
[INFO] [stdout]    = note: `BindGroupLayout` has a derived impl for the trait `Debug`, but this is intentionally ignored during dead code analysis
[INFO] [stdout]    = note: `#[warn(dead_code)]` on by default
[INFO] [stdout] 
[INFO] [stdout] 
[INFO] [stdout] warning: field `parent_ref_count` is never read
[INFO] [stdout]    --> src/resource.rs:125:9
[INFO] [stdout]     |
[INFO] [stdout] 121 | pub(crate) struct BufferPendingMapping {
[INFO] [stdout]     |                   -------------------- field in this struct
[INFO] [stdout] ...
[INFO] [stdout] 125 |     pub parent_ref_count: RefCount,
[INFO] [stdout]     |         ^^^^^^^^^^^^^^^^
[INFO] [stdout]     |
[INFO] [stdout]     = note: `BufferPendingMapping` has a derived impl for the trait `Debug`, but this is intentionally ignored during dead code analysis
[INFO] [stdout] 
[INFO] [stdout] 
[INFO] [stdout] warning: field `full_range` is never read
[INFO] [stdout]    --> src/resource.rs:135:16
[INFO] [stdout]     |
[INFO] [stdout] 129 | pub struct Buffer<B: hal::Backend> {
[INFO] [stdout]     |            ------ field in this struct
[INFO] [stdout] ...
[INFO] [stdout] 135 |     pub(crate) full_range: (),
[INFO] [stdout]     |                ^^^^^^^^^^
[INFO] [stdout]     |
[INFO] [stdout]     = note: `Buffer` has a derived impl for the trait `Debug`, but this is intentionally ignored during dead code analysis
[INFO] [stdout] 
[INFO] [stdout] 
[INFO] [stdout] warning: field `num_frames` is never read
[INFO] [stdout]   --> src/swap_chain.rs:55:16
[INFO] [stdout]    |
[INFO] [stdout] 51 | pub struct SwapChain<B: hal::Backend> {
[INFO] [stdout]    |            --------- field in this struct
[INFO] [stdout] ...
[INFO] [stdout] 55 |     pub(crate) num_frames: hal::window::SwapImageIndex,
[INFO] [stdout]    |                ^^^^^^^^^^
[INFO] [stdout]    |
[INFO] [stdout]    = note: `SwapChain` has a derived impl for the trait `Debug`, but this is intentionally ignored during dead code analysis
[INFO] [stdout] 
[INFO] [stdout] 
[INFO] [stdout] warning: 4 warnings emitted
[INFO] [stdout] 
[INFO] [stdout] 
[INFO] [stderr]     Finished dev [unoptimized + debuginfo] target(s) in 9.88s
[INFO] running `Command { std: "docker" "inspect" "4f3ae33710683949f0178057899ff324400bcb68be3a8d00df69d7a64b4829d2", kill_on_drop: false }`
[INFO] running `Command { std: "docker" "rm" "-f" "4f3ae33710683949f0178057899ff324400bcb68be3a8d00df69d7a64b4829d2", kill_on_drop: false }`
[INFO] [stdout] 4f3ae33710683949f0178057899ff324400bcb68be3a8d00df69d7a64b4829d2
[INFO] running `Command { std: "docker" "create" "-v" "/var/lib/crater-agent-workspace/builds/worker-0-tc1/target:/opt/rustwide/target:rw,Z" "-v" "/var/lib/crater-agent-workspace/builds/worker-0-tc1/source:/opt/rustwide/workdir:ro,Z" "-v" "/var/lib/crater-agent-workspace/cargo-home:/opt/rustwide/cargo-home:ro,Z" "-v" "/var/lib/crater-agent-workspace/rustup-home:/opt/rustwide/rustup-home:ro,Z" "-e" "SOURCE_DIR=/opt/rustwide/workdir" "-e" "CARGO_TARGET_DIR=/opt/rustwide/target" "-e" "CARGO_INCREMENTAL=0" "-e" "RUST_BACKTRACE=full" "-e" "RUSTFLAGS=--cap-lints=warn" "-e" "RUSTDOCFLAGS=--cap-lints=warn" "-e" "CARGO_HOME=/opt/rustwide/cargo-home" "-e" "RUSTUP_HOME=/opt/rustwide/rustup-home" "-w" "/opt/rustwide/workdir" "-m" "1610612736" "--user" "0:0" "--network" "none" "ghcr.io/rust-lang/crates-build-env/linux@sha256:2788e3201cd34a07e3172128adcd8b3090168a8e3bcc40d7c032b9dda1df7d1c" "/opt/rustwide/cargo-home/bin/cargo" "+1.75.0" "test" "--frozen" "--no-run" "--message-format=json", kill_on_drop: false }`
[INFO] [stdout] 26f5cc610c51459f416288ecfb6b92c10cefdbfe69bcd58140e3cf7fb73ca79a
[INFO] running `Command { std: "docker" "start" "-a" "26f5cc610c51459f416288ecfb6b92c10cefdbfe69bcd58140e3cf7fb73ca79a", kill_on_drop: false }`
[INFO] [stderr]    Compiling rustversion v1.0.14
[INFO] [stderr]    Compiling cc v1.0.83
[INFO] [stderr]    Compiling scoped-tls v1.0.1
[INFO] [stdout] warning: field `dynamic_count` is never read
[INFO] [stdout]   --> src/binding_model.rs:60:16
[INFO] [stdout]    |
[INFO] [stdout] 54 | pub struct BindGroupLayout<B: hal::Backend> {
[INFO] [stdout]    |            --------------- field in this struct
[INFO] [stdout] ...
[INFO] [stdout] 60 |     pub(crate) dynamic_count: usize,
[INFO] [stdout]    |                ^^^^^^^^^^^^^
[INFO] [stdout]    |
[INFO] [stdout]    = note: `BindGroupLayout` has a derived impl for the trait `Debug`, but this is intentionally ignored during dead code analysis
[INFO] [stdout]    = note: `#[warn(dead_code)]` on by default
[INFO] [stdout] 
[INFO] [stdout] 
[INFO] [stdout] warning: field `parent_ref_count` is never read
[INFO] [stdout]    --> src/resource.rs:125:9
[INFO] [stdout]     |
[INFO] [stdout] 121 | pub(crate) struct BufferPendingMapping {
[INFO] [stdout]     |                   -------------------- field in this struct
[INFO] [stdout] ...
[INFO] [stdout] 125 |     pub parent_ref_count: RefCount,
[INFO] [stdout]     |         ^^^^^^^^^^^^^^^^
[INFO] [stdout]     |
[INFO] [stdout]     = note: `BufferPendingMapping` has a derived impl for the trait `Debug`, but this is intentionally ignored during dead code analysis
[INFO] [stdout] 
[INFO] [stdout] 
[INFO] [stdout] warning: field `full_range` is never read
[INFO] [stdout]    --> src/resource.rs:135:16
[INFO] [stdout]     |
[INFO] [stdout] 129 | pub struct Buffer<B: hal::Backend> {
[INFO] [stdout]     |            ------ field in this struct
[INFO] [stdout] ...
[INFO] [stdout] 135 |     pub(crate) full_range: (),
[INFO] [stdout]     |                ^^^^^^^^^^
[INFO] [stdout]     |
[INFO] [stdout]     = note: `Buffer` has a derived impl for the trait `Debug`, but this is intentionally ignored during dead code analysis
[INFO] [stdout] 
[INFO] [stdout] 
[INFO] [stdout] warning: field `num_frames` is never read
[INFO] [stdout]   --> src/swap_chain.rs:55:16
[INFO] [stdout]    |
[INFO] [stdout] 51 | pub struct SwapChain<B: hal::Backend> {
[INFO] [stdout]    |            --------- field in this struct
[INFO] [stdout] ...
[INFO] [stdout] 55 |     pub(crate) num_frames: hal::window::SwapImageIndex,
[INFO] [stdout]    |                ^^^^^^^^^^
[INFO] [stdout]    |
[INFO] [stdout]    = note: `SwapChain` has a derived impl for the trait `Debug`, but this is intentionally ignored during dead code analysis
[INFO] [stdout] 
[INFO] [stdout] 
[INFO] [stdout] warning: 4 warnings emitted
[INFO] [stdout] 
[INFO] [stdout] 
[INFO] [stderr]    Compiling generator v0.6.25
[INFO] [stderr]    Compiling loom v0.3.6
[INFO] [stderr]    Compiling cart-tmp-wgc v0.1.0 (/opt/rustwide/workdir)
[INFO] [stdout] warning: field `dynamic_count` is never read
[INFO] [stdout]   --> src/binding_model.rs:60:16
[INFO] [stdout]    |
[INFO] [stdout] 54 | pub struct BindGroupLayout<B: hal::Backend> {
[INFO] [stdout]    |            --------------- field in this struct
[INFO] [stdout] ...
[INFO] [stdout] 60 |     pub(crate) dynamic_count: usize,
[INFO] [stdout]    |                ^^^^^^^^^^^^^
[INFO] [stdout]    |
[INFO] [stdout]    = note: `BindGroupLayout` has a derived impl for the trait `Debug`, but this is intentionally ignored during dead code analysis
[INFO] [stdout]    = note: `#[warn(dead_code)]` on by default
[INFO] [stdout] 
[INFO] [stdout] 
[INFO] [stdout] warning: field `parent_ref_count` is never read
[INFO] [stdout]    --> src/resource.rs:125:9
[INFO] [stdout]     |
[INFO] [stdout] 121 | pub(crate) struct BufferPendingMapping {
[INFO] [stdout]     |                   -------------------- field in this struct
[INFO] [stdout] ...
[INFO] [stdout] 125 |     pub parent_ref_count: RefCount,
[INFO] [stdout]     |         ^^^^^^^^^^^^^^^^
[INFO] [stdout]     |
[INFO] [stdout]     = note: `BufferPendingMapping` has a derived impl for the trait `Debug`, but this is intentionally ignored during dead code analysis
[INFO] [stdout] 
[INFO] [stdout] 
[INFO] [stdout] warning: field `full_range` is never read
[INFO] [stdout]    --> src/resource.rs:135:16
[INFO] [stdout]     |
[INFO] [stdout] 129 | pub struct Buffer<B: hal::Backend> {
[INFO] [stdout]     |            ------ field in this struct
[INFO] [stdout] ...
[INFO] [stdout] 135 |     pub(crate) full_range: (),
[INFO] [stdout]     |                ^^^^^^^^^^
[INFO] [stdout]     |
[INFO] [stdout]     = note: `Buffer` has a derived impl for the trait `Debug`, but this is intentionally ignored during dead code analysis
[INFO] [stdout] 
[INFO] [stdout] 
[INFO] [stdout] warning: field `num_frames` is never read
[INFO] [stdout]   --> src/swap_chain.rs:55:16
[INFO] [stdout]    |
[INFO] [stdout] 51 | pub struct SwapChain<B: hal::Backend> {
[INFO] [stdout]    |            --------- field in this struct
[INFO] [stdout] ...
[INFO] [stdout] 55 |     pub(crate) num_frames: hal::window::SwapImageIndex,
[INFO] [stdout]    |                ^^^^^^^^^^
[INFO] [stdout]    |
[INFO] [stdout]    = note: `SwapChain` has a derived impl for the trait `Debug`, but this is intentionally ignored during dead code analysis
[INFO] [stdout] 
[INFO] [stdout] 
[INFO] [stdout] warning: 4 warnings emitted
[INFO] [stdout] 
[INFO] [stdout] 
[INFO] [stderr]     Finished test [unoptimized + debuginfo] target(s) in 6.97s
[INFO] running `Command { std: "docker" "inspect" "26f5cc610c51459f416288ecfb6b92c10cefdbfe69bcd58140e3cf7fb73ca79a", kill_on_drop: false }`
[INFO] running `Command { std: "docker" "rm" "-f" "26f5cc610c51459f416288ecfb6b92c10cefdbfe69bcd58140e3cf7fb73ca79a", kill_on_drop: false }`
[INFO] [stdout] 26f5cc610c51459f416288ecfb6b92c10cefdbfe69bcd58140e3cf7fb73ca79a
[INFO] running `Command { std: "docker" "create" "-v" "/var/lib/crater-agent-workspace/builds/worker-0-tc1/target:/opt/rustwide/target:rw,Z" "-v" "/var/lib/crater-agent-workspace/builds/worker-0-tc1/source:/opt/rustwide/workdir:ro,Z" "-v" "/var/lib/crater-agent-workspace/cargo-home:/opt/rustwide/cargo-home:ro,Z" "-v" "/var/lib/crater-agent-workspace/rustup-home:/opt/rustwide/rustup-home:ro,Z" "-e" "SOURCE_DIR=/opt/rustwide/workdir" "-e" "CARGO_TARGET_DIR=/opt/rustwide/target" "-e" "CARGO_INCREMENTAL=0" "-e" "RUST_BACKTRACE=full" "-e" "RUSTFLAGS=--cap-lints=warn" "-e" "RUSTDOCFLAGS=--cap-lints=warn" "-e" "CARGO_HOME=/opt/rustwide/cargo-home" "-e" "RUSTUP_HOME=/opt/rustwide/rustup-home" "-w" "/opt/rustwide/workdir" "-m" "1610612736" "--user" "0:0" "--network" "none" "ghcr.io/rust-lang/crates-build-env/linux@sha256:2788e3201cd34a07e3172128adcd8b3090168a8e3bcc40d7c032b9dda1df7d1c" "/opt/rustwide/cargo-home/bin/cargo" "+1.75.0" "test" "--frozen", kill_on_drop: false }`
[INFO] [stdout] 152b0e0c2d3f33cd07e44e79b9311ca4ddc62dabbd5fecf1a789acbbf51d12e9
[INFO] running `Command { std: "docker" "start" "-a" "152b0e0c2d3f33cd07e44e79b9311ca4ddc62dabbd5fecf1a789acbbf51d12e9", kill_on_drop: false }`
[INFO] [stderr] warning: field `dynamic_count` is never read
[INFO] [stderr]   --> src/binding_model.rs:60:16
[INFO] [stderr]    |
[INFO] [stderr] 54 | pub struct BindGroupLayout<B: hal::Backend> {
[INFO] [stderr]    |            --------------- field in this struct
[INFO] [stderr] ...
[INFO] [stderr] 60 |     pub(crate) dynamic_count: usize,
[INFO] [stderr]    |                ^^^^^^^^^^^^^
[INFO] [stderr]    |
[INFO] [stderr]    = note: `BindGroupLayout` has a derived impl for the trait `Debug`, but this is intentionally ignored during dead code analysis
[INFO] [stderr]    = note: `#[warn(dead_code)]` on by default
[INFO] [stderr] 
[INFO] [stderr] warning: field `parent_ref_count` is never read
[INFO] [stderr]    --> src/resource.rs:125:9
[INFO] [stderr]     |
[INFO] [stderr] 121 | pub(crate) struct BufferPendingMapping {
[INFO] [stderr]     |                   -------------------- field in this struct
[INFO] [stderr] ...
[INFO] [stderr] 125 |     pub parent_ref_count: RefCount,
[INFO] [stderr]     |         ^^^^^^^^^^^^^^^^
[INFO] [stderr]     |
[INFO] [stderr]     = note: `BufferPendingMapping` has a derived impl for the trait `Debug`, but this is intentionally ignored during dead code analysis
[INFO] [stderr] 
[INFO] [stderr] warning: field `full_range` is never read
[INFO] [stderr]    --> src/resource.rs:135:16
[INFO] [stderr]     |
[INFO] [stderr] 129 | pub struct Buffer<B: hal::Backend> {
[INFO] [stderr]     |            ------ field in this struct
[INFO] [stderr] ...
[INFO] [stderr] 135 |     pub(crate) full_range: (),
[INFO] [stderr]     |                ^^^^^^^^^^
[INFO] [stderr]     |
[INFO] [stderr]     = note: `Buffer` has a derived impl for the trait `Debug`, but this is intentionally ignored during dead code analysis
[INFO] [stderr] 
[INFO] [stderr] warning: field `num_frames` is never read
[INFO] [stderr]   --> src/swap_chain.rs:55:16
[INFO] [stderr]    |
[INFO] [stderr] 51 | pub struct SwapChain<B: hal::Backend> {
[INFO] [stderr]    |            --------- field in this struct
[INFO] [stderr] ...
[INFO] [stderr] 55 |     pub(crate) num_frames: hal::window::SwapImageIndex,
[INFO] [stderr]    |                ^^^^^^^^^^
[INFO] [stderr]    |
[INFO] [stderr]    = note: `SwapChain` has a derived impl for the trait `Debug`, but this is intentionally ignored during dead code analysis
[INFO] [stderr] 
[INFO] [stderr] warning: `cart-tmp-wgc` (lib) generated 4 warnings
[INFO] [stderr] warning: `cart-tmp-wgc` (lib test) generated 4 warnings (4 duplicates)
[INFO] [stderr]     Finished test [unoptimized + debuginfo] target(s) in 0.08s
[INFO] [stderr]      Running unittests src/lib.rs (/opt/rustwide/target/debug/deps/cart_tmp_wgc-b9390f0f57fdda19)
[INFO] [stdout] 
[INFO] [stdout] running 22 tests
[INFO] [stdout] test device::queue::test_lcd ... ok
[INFO] [stdout] test macros::test_backend_macro ... ok
[INFO] [stdout] test loom ... ok
[INFO] [stdout] test track::buffer::test::change_extend ... ok
[INFO] [stdout] test track::buffer::test::prepend ... ok
[INFO] [stdout] test track::buffer::test::change_replace ... ok
[INFO] [stdout] test test_default_limits ... ok
[INFO] [stdout] test track::range::test::coalesce ... ok
[INFO] [stdout] test track::range::test::merge_same ... ok
[INFO] [stdout] test track::range::test::merge_all ... ok
[INFO] [stdout] test track::range::test::merge_empty ... ok
[INFO] [stdout] test device::queue::test_gcd ... ok
[INFO] [stdout] test id::test_id_backend ... ok
[INFO] [stdout] test track::range::test::merge_separate ... ok
[INFO] [stdout] test track::texture::test::merge ... ok
[INFO] [stdout] test track::range::test::merge_subset ... ok
[INFO] [stdout] test track::texture::test::query ... ok
[INFO] [stdout] test track::range::test::query ... ok
[INFO] [stdout] test track::range::test::sane_good ... ok
[INFO] [stdout] test track::range::test::isolate ... ok
[INFO] [stdout] test track::range::test::sane_empty - should panic ... ok
[INFO] [stdout] test track::range::test::sane_intersect - should panic ... ok
[INFO] [stdout] 
[INFO] [stdout] test result: ok. 22 passed; 0 failed; 0 ignored; 0 measured; 0 filtered out; finished in 0.05s
[INFO] [stdout] 
[INFO] [stderr]    Doc-tests cart-tmp-wgc
[INFO] [stdout] 
[INFO] [stdout] running 2 tests
[INFO] [stdout] test src/command/bundle.rs - command::bundle (line 7) ... FAILED
[INFO] [stdout] test src/swap_chain.rs - swap_chain (line 7) ... FAILED
[INFO] [stdout] 
[INFO] [stdout] failures:
[INFO] [stdout] 
[INFO] [stdout] ---- src/command/bundle.rs - command::bundle (line 7) stdout ----
[INFO] [stdout] error: unknown start of token: `
[INFO] [stdout]  --> src/command/bundle.rs:14:16
[INFO] [stdout]   |
[INFO] [stdout] 9 | User creates a `RenderBundleEncoder` and populates it by issuing commands
[INFO] [stdout]   |                ^
[INFO] [stdout]   |
[INFO] [stdout] help: Unicode character '`' (Grave Accent) looks like ''' (Single Quote), but it is not
[INFO] [stdout]   |
[INFO] [stdout] 9 | User creates a 'RenderBundleEncoder` and populates it by issuing commands
[INFO] [stdout]   |                ~
[INFO] [stdout] 
[INFO] [stdout] error: unknown start of token: `
[INFO] [stdout]  --> src/command/bundle.rs:14:36
[INFO] [stdout]   |
[INFO] [stdout] 9 | User creates a `RenderBundleEncoder` and populates it by issuing commands
[INFO] [stdout]   |                                    ^
[INFO] [stdout]   |
[INFO] [stdout] help: Unicode character '`' (Grave Accent) looks like ''' (Single Quote), but it is not
[INFO] [stdout]   |
[INFO] [stdout] 9 | User creates a `RenderBundleEncoder' and populates it by issuing commands
[INFO] [stdout]   |                                    ~
[INFO] [stdout] 
[INFO] [stdout] error: unknown start of token: `
[INFO] [stdout]   --> src/command/bundle.rs:15:6
[INFO] [stdout]    |
[INFO] [stdout] 10 | from `bundle_ffi` module, just like with `RenderPass`, except that the
[INFO] [stdout]    |      ^
[INFO] [stdout]    |
[INFO] [stdout] help: Unicode character '`' (Grave Accent) looks like ''' (Single Quote), but it is not
[INFO] [stdout]    |
[INFO] [stdout] 10 | from 'bundle_ffi` module, just like with `RenderPass`, except that the
[INFO] [stdout]    |      ~
[INFO] [stdout] 
[INFO] [stdout] error: unknown start of token: `
[INFO] [stdout]   --> src/command/bundle.rs:15:17
[INFO] [stdout]    |
[INFO] [stdout] 10 | from `bundle_ffi` module, just like with `RenderPass`, except that the
[INFO] [stdout]    |                 ^
[INFO] [stdout]    |
[INFO] [stdout] help: Unicode character '`' (Grave Accent) looks like ''' (Single Quote), but it is not
[INFO] [stdout]    |
[INFO] [stdout] 10 | from `bundle_ffi' module, just like with `RenderPass`, except that the
[INFO] [stdout]    |                 ~
[INFO] [stdout] 
[INFO] [stdout] error: unknown start of token: `
[INFO] [stdout]   --> src/command/bundle.rs:15:42
[INFO] [stdout]    |
[INFO] [stdout] 10 | from `bundle_ffi` module, just like with `RenderPass`, except that the
[INFO] [stdout]    |                                          ^
[INFO] [stdout]    |
[INFO] [stdout] help: Unicode character '`' (Grave Accent) looks like ''' (Single Quote), but it is not
[INFO] [stdout]    |
[INFO] [stdout] 10 | from `bundle_ffi` module, just like with 'RenderPass`, except that the
[INFO] [stdout]    |                                          ~
[INFO] [stdout] 
[INFO] [stdout] error: unknown start of token: `
[INFO] [stdout]   --> src/command/bundle.rs:15:53
[INFO] [stdout]    |
[INFO] [stdout] 10 | from `bundle_ffi` module, just like with `RenderPass`, except that the
[INFO] [stdout]    |                                                     ^
[INFO] [stdout]    |
[INFO] [stdout] help: Unicode character '`' (Grave Accent) looks like ''' (Single Quote), but it is not
[INFO] [stdout]    |
[INFO] [stdout] 10 | from `bundle_ffi` module, just like with `RenderPass', except that the
[INFO] [stdout]    |                                                     ~
[INFO] [stdout] 
[INFO] [stdout] error: unknown start of token: `
[INFO] [stdout]   --> src/command/bundle.rs:16:68
[INFO] [stdout]    |
[INFO] [stdout] 11 | set of available commands is reduced. Everything is written into a `RawPass`.
[INFO] [stdout]    |                                                                    ^
[INFO] [stdout]    |
[INFO] [stdout] help: Unicode character '`' (Grave Accent) looks like ''' (Single Quote), but it is not
[INFO] [stdout]    |
[INFO] [stdout] 11 | set of available commands is reduced. Everything is written into a 'RawPass`.
[INFO] [stdout]    |                                                                    ~
[INFO] [stdout] 
[INFO] [stdout] error: unknown start of token: `
[INFO] [stdout]   --> src/command/bundle.rs:16:76
[INFO] [stdout]    |
[INFO] [stdout] 11 | set of available commands is reduced. Everything is written into a `RawPass`.
[INFO] [stdout]    |                                                                            ^
[INFO] [stdout]    |
[INFO] [stdout] help: Unicode character '`' (Grave Accent) looks like ''' (Single Quote), but it is not
[INFO] [stdout]    |
[INFO] [stdout] 11 | set of available commands is reduced. Everything is written into a `RawPass'.
[INFO] [stdout]    |                                                                            ~
[INFO] [stdout] 
[INFO] [stdout] error: unknown start of token: `
[INFO] [stdout]   --> src/command/bundle.rs:20:43
[INFO] [stdout]    |
[INFO] [stdout] 15 | Once the commands are encoded, user calls `render_bundle_encoder_finish`.
[INFO] [stdout]    |                                           ^
[INFO] [stdout]    |
[INFO] [stdout] help: Unicode character '`' (Grave Accent) looks like ''' (Single Quote), but it is not
[INFO] [stdout]    |
[INFO] [stdout] 15 | Once the commands are encoded, user calls 'render_bundle_encoder_finish`.
[INFO] [stdout]    |                                           ~
[INFO] [stdout] 
[INFO] [stdout] error: unknown start of token: `
[INFO] [stdout]   --> src/command/bundle.rs:20:72
[INFO] [stdout]    |
[INFO] [stdout] 15 | Once the commands are encoded, user calls `render_bundle_encoder_finish`.
[INFO] [stdout]    |                                                                        ^
[INFO] [stdout]    |
[INFO] [stdout] help: Unicode character '`' (Grave Accent) looks like ''' (Single Quote), but it is not
[INFO] [stdout]    |
[INFO] [stdout] 15 | Once the commands are encoded, user calls `render_bundle_encoder_finish'.
[INFO] [stdout]    |                                                                        ~
[INFO] [stdout] 
[INFO] [stdout] error: unknown start of token: `
[INFO] [stdout]   --> src/command/bundle.rs:22:20
[INFO] [stdout]    |
[INFO] [stdout] 17 | commands stored in `RawPass`, while validating everything, tracking the state,
[INFO] [stdout]    |                    ^
[INFO] [stdout]    |
[INFO] [stdout] help: Unicode character '`' (Grave Accent) looks like ''' (Single Quote), but it is not
[INFO] [stdout]    |
[INFO] [stdout] 17 | commands stored in 'RawPass`, while validating everything, tracking the state,
[INFO] [stdout]    |                    ~
[INFO] [stdout] 
[INFO] [stdout] error: unknown start of token: `
[INFO] [stdout]   --> src/command/bundle.rs:22:28
[INFO] [stdout]    |
[INFO] [stdout] 17 | commands stored in `RawPass`, while validating everything, tracking the state,
[INFO] [stdout]    |                            ^
[INFO] [stdout]    |
[INFO] [stdout] help: Unicode character '`' (Grave Accent) looks like ''' (Single Quote), but it is not
[INFO] [stdout]    |
[INFO] [stdout] 17 | commands stored in `RawPass', while validating everything, tracking the state,
[INFO] [stdout]    |                            ~
[INFO] [stdout] 
[INFO] [stdout] error: unknown start of token: `
[INFO] [stdout]   --> src/command/bundle.rs:23:47
[INFO] [stdout]    |
[INFO] [stdout] 18 | and re-recording the commands into a separate `Vec<RenderCommand>`. It
[INFO] [stdout]    |                                               ^
[INFO] [stdout]    |
[INFO] [stdout] help: Unicode character '`' (Grave Accent) looks like ''' (Single Quote), but it is not
[INFO] [stdout]    |
[INFO] [stdout] 18 | and re-recording the commands into a separate 'Vec<RenderCommand>`. It
[INFO] [stdout]    |                                               ~
[INFO] [stdout] 
[INFO] [stdout] error: unknown start of token: `
[INFO] [stdout]   --> src/command/bundle.rs:23:66
[INFO] [stdout]    |
[INFO] [stdout] 18 | and re-recording the commands into a separate `Vec<RenderCommand>`. It
[INFO] [stdout]    |                                                                  ^
[INFO] [stdout]    |
[INFO] [stdout] help: Unicode character '`' (Grave Accent) looks like ''' (Single Quote), but it is not
[INFO] [stdout]    |
[INFO] [stdout] 18 | and re-recording the commands into a separate `Vec<RenderCommand>'. It
[INFO] [stdout]    |                                                                  ~
[INFO] [stdout] 
[INFO] [stdout] error: unknown start of token: `
[INFO] [stdout]   --> src/command/bundle.rs:34:51
[INFO] [stdout]    |
[INFO] [stdout] 29 | When the bundle is used in an actual render pass, `RenderBundle::execute` is
[INFO] [stdout]    |                                                   ^
[INFO] [stdout]    |
[INFO] [stdout] help: Unicode character '`' (Grave Accent) looks like ''' (Single Quote), but it is not
[INFO] [stdout]    |
[INFO] [stdout] 29 | When the bundle is used in an actual render pass, 'RenderBundle::execute` is
[INFO] [stdout]    |                                                   ~
[INFO] [stdout] 
[INFO] [stdout] error: unknown start of token: `
[INFO] [stdout]   --> src/command/bundle.rs:34:73
[INFO] [stdout]    |
[INFO] [stdout] 29 | When the bundle is used in an actual render pass, `RenderBundle::execute` is
[INFO] [stdout]    |                                                                         ^
[INFO] [stdout]    |
[INFO] [stdout] help: Unicode character '`' (Grave Accent) looks like ''' (Single Quote), but it is not
[INFO] [stdout]    |
[INFO] [stdout] 29 | When the bundle is used in an actual render pass, `RenderBundle::execute' is
[INFO] [stdout]    |                                                                         ~
[INFO] [stdout] 
[INFO] [stdout] error: expected one of `!` or `[`, found `Software`
[INFO] [stdout]  --> src/command/bundle.rs:8:3
[INFO] [stdout]   |
[INFO] [stdout] 3 | # Software implementation
[INFO] [stdout]   |   ^^^^^^^^ expected one of `!` or `[`
[INFO] [stdout] 
[INFO] [stdout] error: aborting due to 17 previous errors
[INFO] [stdout] 
[INFO] [stdout] Couldn't compile the test.
[INFO] [stdout] ---- src/swap_chain.rs - swap_chain (line 7) stdout ----
[INFO] [stdout] error: unknown start of token: `
[INFO] [stdout]   --> src/swap_chain.rs:16:1
[INFO] [stdout]    |
[INFO] [stdout] 11 | `get_next_image()` requests a new image from the surface. It becomes a part of
[INFO] [stdout]    | ^
[INFO] [stdout]    |
[INFO] [stdout] help: Unicode character '`' (Grave Accent) looks like ''' (Single Quote), but it is not
[INFO] [stdout]    |
[INFO] [stdout] 11 | 'get_next_image()` requests a new image from the surface. It becomes a part of
[INFO] [stdout]    | ~
[INFO] [stdout] 
[INFO] [stdout] error: unknown start of token: `
[INFO] [stdout]   --> src/swap_chain.rs:16:18
[INFO] [stdout]    |
[INFO] [stdout] 11 | `get_next_image()` requests a new image from the surface. It becomes a part of
[INFO] [stdout]    |                  ^
[INFO] [stdout]    |
[INFO] [stdout] help: Unicode character '`' (Grave Accent) looks like ''' (Single Quote), but it is not
[INFO] [stdout]    |
[INFO] [stdout] 11 | `get_next_image()' requests a new image from the surface. It becomes a part of
[INFO] [stdout]    |                  ~
[INFO] [stdout] 
[INFO] [stdout] error: unknown start of token: `
[INFO] [stdout]   --> src/swap_chain.rs:17:1
[INFO] [stdout]    |
[INFO] [stdout] 12 | `TextureViewInner::SwapChain` of the resulted view. The view is registered in the HUB
[INFO] [stdout]    | ^
[INFO] [stdout]    |
[INFO] [stdout] help: Unicode character '`' (Grave Accent) looks like ''' (Single Quote), but it is not
[INFO] [stdout]    |
[INFO] [stdout] 12 | 'TextureViewInner::SwapChain` of the resulted view. The view is registered in the HUB
[INFO] [stdout]    | ~
[INFO] [stdout] 
[INFO] [stdout] error: unknown start of token: `
[INFO] [stdout]   --> src/swap_chain.rs:17:29
[INFO] [stdout]    |
[INFO] [stdout] 12 | `TextureViewInner::SwapChain` of the resulted view. The view is registered in the HUB
[INFO] [stdout]    |                             ^
[INFO] [stdout]    |
[INFO] [stdout] help: Unicode character '`' (Grave Accent) looks like ''' (Single Quote), but it is not
[INFO] [stdout]    |
[INFO] [stdout] 12 | `TextureViewInner::SwapChain' of the resulted view. The view is registered in the HUB
[INFO] [stdout]    |                             ~
[INFO] [stdout] 
[INFO] [stdout] error: unknown start of token: `
[INFO] [stdout]   --> src/swap_chain.rs:25:34
[INFO] [stdout]    |
[INFO] [stdout] 20 | When a swapchain view is used in `begin_render_pass()`, we assume the start and end image
[INFO] [stdout]    |                                  ^
[INFO] [stdout]    |
[INFO] [stdout] help: Unicode character '`' (Grave Accent) looks like ''' (Single Quote), but it is not
[INFO] [stdout]    |
[INFO] [stdout] 20 | When a swapchain view is used in 'begin_render_pass()`, we assume the start and end image
[INFO] [stdout]    |                                  ~
[INFO] [stdout] 
[INFO] [stdout] error: unknown start of token: `
[INFO] [stdout]   --> src/swap_chain.rs:25:54
[INFO] [stdout]    |
[INFO] [stdout] 20 | When a swapchain view is used in `begin_render_pass()`, we assume the start and end image
[INFO] [stdout]    |                                                      ^
[INFO] [stdout]    |
[INFO] [stdout] help: Unicode character '`' (Grave Accent) looks like ''' (Single Quote), but it is not
[INFO] [stdout]    |
[INFO] [stdout] 20 | When a swapchain view is used in `begin_render_pass()', we assume the start and end image
[INFO] [stdout]    |                                                      ~
[INFO] [stdout] 
[INFO] [stdout] error: unknown start of token: `
[INFO] [stdout]   --> src/swap_chain.rs:27:23
[INFO] [stdout]    |
[INFO] [stdout] 22 | It always starts with `Uninitialized` and ends with `Present`, so that no barriers are
[INFO] [stdout]    |                       ^
[INFO] [stdout]    |
[INFO] [stdout] help: Unicode character '`' (Grave Accent) looks like ''' (Single Quote), but it is not
[INFO] [stdout]    |
[INFO] [stdout] 22 | It always starts with 'Uninitialized` and ends with `Present`, so that no barriers are
[INFO] [stdout]    |                       ~
[INFO] [stdout] 
[INFO] [stdout] error: unknown start of token: `
[INFO] [stdout]   --> src/swap_chain.rs:27:37
[INFO] [stdout]    |
[INFO] [stdout] 22 | It always starts with `Uninitialized` and ends with `Present`, so that no barriers are
[INFO] [stdout]    |                                     ^
[INFO] [stdout]    |
[INFO] [stdout] help: Unicode character '`' (Grave Accent) looks like ''' (Single Quote), but it is not
[INFO] [stdout]    |
[INFO] [stdout] 22 | It always starts with `Uninitialized' and ends with `Present`, so that no barriers are
[INFO] [stdout]    |                                     ~
[INFO] [stdout] 
[INFO] [stdout] error: unknown start of token: `
[INFO] [stdout]   --> src/swap_chain.rs:27:53
[INFO] [stdout]    |
[INFO] [stdout] 22 | It always starts with `Uninitialized` and ends with `Present`, so that no barriers are
[INFO] [stdout]    |                                                     ^
[INFO] [stdout]    |
[INFO] [stdout] help: Unicode character '`' (Grave Accent) looks like ''' (Single Quote), but it is not
[INFO] [stdout]    |
[INFO] [stdout] 22 | It always starts with `Uninitialized` and ends with 'Present`, so that no barriers are
[INFO] [stdout]    |                                                     ~
[INFO] [stdout] 
[INFO] [stdout] error: unknown start of token: `
[INFO] [stdout]   --> src/swap_chain.rs:27:61
[INFO] [stdout]    |
[INFO] [stdout] 22 | It always starts with `Uninitialized` and ends with `Present`, so that no barriers are
[INFO] [stdout]    |                                                             ^
[INFO] [stdout]    |
[INFO] [stdout] help: Unicode character '`' (Grave Accent) looks like ''' (Single Quote), but it is not
[INFO] [stdout]    |
[INFO] [stdout] 22 | It always starts with `Uninitialized` and ends with `Present', so that no barriers are
[INFO] [stdout]    |                                                             ~
[INFO] [stdout] 
[INFO] [stdout] error: unknown start of token: `
[INFO] [stdout]   --> src/swap_chain.rs:30:4
[INFO] [stdout]    |
[INFO] [stdout] 25 | In `queue_submit()` we make sure to signal the semaphore whenever we render to a swap
[INFO] [stdout]    |    ^
[INFO] [stdout]    |
[INFO] [stdout] help: Unicode character '`' (Grave Accent) looks like ''' (Single Quote), but it is not
[INFO] [stdout]    |
[INFO] [stdout] 25 | In 'queue_submit()` we make sure to signal the semaphore whenever we render to a swap
[INFO] [stdout]    |    ~
[INFO] [stdout] 
[INFO] [stdout] error: unknown start of token: `
[INFO] [stdout]   --> src/swap_chain.rs:30:19
[INFO] [stdout]    |
[INFO] [stdout] 25 | In `queue_submit()` we make sure to signal the semaphore whenever we render to a swap
[INFO] [stdout]    |                   ^
[INFO] [stdout]    |
[INFO] [stdout] help: Unicode character '`' (Grave Accent) looks like ''' (Single Quote), but it is not
[INFO] [stdout]    |
[INFO] [stdout] 25 | In `queue_submit()' we make sure to signal the semaphore whenever we render to a swap
[INFO] [stdout]    |                   ~
[INFO] [stdout] 
[INFO] [stdout] error: unknown start of token: `
[INFO] [stdout]   --> src/swap_chain.rs:33:4
[INFO] [stdout]    |
[INFO] [stdout] 28 | In `present()` we return the swap chain image back and wait on the semaphore.
[INFO] [stdout]    |    ^
[INFO] [stdout]    |
[INFO] [stdout] help: Unicode character '`' (Grave Accent) looks like ''' (Single Quote), but it is not
[INFO] [stdout]    |
[INFO] [stdout] 28 | In 'present()` we return the swap chain image back and wait on the semaphore.
[INFO] [stdout]    |    ~
[INFO] [stdout] 
[INFO] [stdout] error: unknown start of token: `
[INFO] [stdout]   --> src/swap_chain.rs:33:14
[INFO] [stdout]    |
[INFO] [stdout] 28 | In `present()` we return the swap chain image back and wait on the semaphore.
[INFO] [stdout]    |              ^
[INFO] [stdout]    |
[INFO] [stdout] help: Unicode character '`' (Grave Accent) looks like ''' (Single Quote), but it is not
[INFO] [stdout]    |
[INFO] [stdout] 28 | In `present()' we return the swap chain image back and wait on the semaphore.
[INFO] [stdout]    |              ~
[INFO] [stdout] 
[INFO] [stdout] error: expected one of `!` or `[`, found `Lifecycle`
[INFO] [stdout]  --> src/swap_chain.rs:8:3
[INFO] [stdout]   |
[INFO] [stdout] 3 | # Lifecycle
[INFO] [stdout]   |   ^^^^^^^^^ expected one of `!` or `[`
[INFO] [stdout] 
[INFO] [stdout] error: aborting due to 15 previous errors
[INFO] [stdout] 
[INFO] [stdout] Couldn't compile the test.
[INFO] [stdout] 
[INFO] [stdout] failures:
[INFO] [stdout]     src/command/bundle.rs - command::bundle (line 7)
[INFO] [stdout]     src/swap_chain.rs - swap_chain (line 7)
[INFO] [stdout] 
[INFO] [stdout] test result: FAILED. 0 passed; 2 failed; 0 ignored; 0 measured; 0 filtered out; finished in 0.08s
[INFO] [stdout] 
[INFO] [stderr] error: doctest failed, to rerun pass `--doc`
[INFO] running `Command { std: "docker" "inspect" "152b0e0c2d3f33cd07e44e79b9311ca4ddc62dabbd5fecf1a789acbbf51d12e9", kill_on_drop: false }`
[INFO] running `Command { std: "docker" "rm" "-f" "152b0e0c2d3f33cd07e44e79b9311ca4ddc62dabbd5fecf1a789acbbf51d12e9", kill_on_drop: false }`
[INFO] [stdout] 152b0e0c2d3f33cd07e44e79b9311ca4ddc62dabbd5fecf1a789acbbf51d12e9
[INFO] testing cart-tmp-wgc-0.1.0 against beta-2023-12-22 for beta-1.76-1
[INFO] extracting crate cart-tmp-wgc 0.1.0 into /workspace/builds/worker-0-tc2/source
[INFO] validating manifest of crates.io crate cart-tmp-wgc 0.1.0 on toolchain beta-2023-12-22
[INFO] running `Command { std: CARGO_HOME="/workspace/cargo-home" RUSTUP_HOME="/workspace/rustup-home" "/workspace/cargo-home/bin/cargo" "+beta-2023-12-22" "metadata" "--manifest-path" "Cargo.toml" "--no-deps", kill_on_drop: false }`
[INFO] started tweaking crates.io crate cart-tmp-wgc 0.1.0
[INFO] finished tweaking crates.io crate cart-tmp-wgc 0.1.0
[INFO] tweaked toml for crates.io crate cart-tmp-wgc 0.1.0 written to /workspace/builds/worker-0-tc2/source/Cargo.toml
[INFO] running `Command { std: CARGO_HOME="/workspace/cargo-home" RUSTUP_HOME="/workspace/rustup-home" "/workspace/cargo-home/bin/cargo" "+beta-2023-12-22" "generate-lockfile" "--manifest-path" "Cargo.toml", kill_on_drop: false }`
[INFO] [stderr]     Updating crates.io index
[INFO] running `Command { std: CARGO_HOME="/workspace/cargo-home" RUSTUP_HOME="/workspace/rustup-home" "/workspace/cargo-home/bin/cargo" "+beta-2023-12-22" "fetch" "--manifest-path" "Cargo.toml", kill_on_drop: false }`
[INFO] running `Command { std: "docker" "create" "-v" "/var/lib/crater-agent-workspace/builds/worker-0-tc2/target:/opt/rustwide/target:rw,Z" "-v" "/var/lib/crater-agent-workspace/builds/worker-0-tc2/source:/opt/rustwide/workdir:ro,Z" "-v" "/var/lib/crater-agent-workspace/cargo-home:/opt/rustwide/cargo-home:ro,Z" "-v" "/var/lib/crater-agent-workspace/rustup-home:/opt/rustwide/rustup-home:ro,Z" "-e" "SOURCE_DIR=/opt/rustwide/workdir" "-e" "CARGO_TARGET_DIR=/opt/rustwide/target" "-e" "CARGO_HOME=/opt/rustwide/cargo-home" "-e" "RUSTUP_HOME=/opt/rustwide/rustup-home" "-w" "/opt/rustwide/workdir" "-m" "1610612736" "--user" "0:0" "--network" "none" "ghcr.io/rust-lang/crates-build-env/linux@sha256:2788e3201cd34a07e3172128adcd8b3090168a8e3bcc40d7c032b9dda1df7d1c" "/opt/rustwide/cargo-home/bin/cargo" "+beta-2023-12-22" "metadata" "--no-deps" "--format-version=1", kill_on_drop: false }`
[INFO] [stdout] 70d51fae06be8b0e328ddc4008c54dfd9e4e9e1a2d282aa95a99f3dfa9f198e0
[INFO] running `Command { std: "docker" "start" "-a" "70d51fae06be8b0e328ddc4008c54dfd9e4e9e1a2d282aa95a99f3dfa9f198e0", kill_on_drop: false }`
[INFO] running `Command { std: "docker" "inspect" "70d51fae06be8b0e328ddc4008c54dfd9e4e9e1a2d282aa95a99f3dfa9f198e0", kill_on_drop: false }`
[INFO] running `Command { std: "docker" "rm" "-f" "70d51fae06be8b0e328ddc4008c54dfd9e4e9e1a2d282aa95a99f3dfa9f198e0", kill_on_drop: false }`
[INFO] [stdout] 70d51fae06be8b0e328ddc4008c54dfd9e4e9e1a2d282aa95a99f3dfa9f198e0
[INFO] running `Command { std: "docker" "create" "-v" "/var/lib/crater-agent-workspace/builds/worker-0-tc2/target:/opt/rustwide/target:rw,Z" "-v" "/var/lib/crater-agent-workspace/builds/worker-0-tc2/source:/opt/rustwide/workdir:ro,Z" "-v" "/var/lib/crater-agent-workspace/cargo-home:/opt/rustwide/cargo-home:ro,Z" "-v" "/var/lib/crater-agent-workspace/rustup-home:/opt/rustwide/rustup-home:ro,Z" "-e" "SOURCE_DIR=/opt/rustwide/workdir" "-e" "CARGO_TARGET_DIR=/opt/rustwide/target" "-e" "CARGO_INCREMENTAL=0" "-e" "RUST_BACKTRACE=full" "-e" "RUSTFLAGS=--cap-lints=warn" "-e" "RUSTDOCFLAGS=--cap-lints=warn" "-e" "CARGO_HOME=/opt/rustwide/cargo-home" "-e" "RUSTUP_HOME=/opt/rustwide/rustup-home" "-w" "/opt/rustwide/workdir" "-m" "1610612736" "--user" "0:0" "--network" "none" "ghcr.io/rust-lang/crates-build-env/linux@sha256:2788e3201cd34a07e3172128adcd8b3090168a8e3bcc40d7c032b9dda1df7d1c" "/opt/rustwide/cargo-home/bin/cargo" "+beta-2023-12-22" "build" "--frozen" "--message-format=json", kill_on_drop: false }`
[INFO] [stdout] 9949ac562ddd27333fc7f31968fbf60bf4cbde0e5072e070b2443c9cb2714460
[INFO] running `Command { std: "docker" "start" "-a" "9949ac562ddd27333fc7f31968fbf60bf4cbde0e5072e070b2443c9cb2714460", kill_on_drop: false }`
[INFO] [stderr]    Compiling libc v0.2.151
[INFO] [stderr]    Compiling cty v0.2.2
[INFO] [stderr]    Compiling byteorder v1.5.0
[INFO] [stderr]    Compiling num-traits v0.2.17
[INFO] [stderr]    Compiling slab v0.4.9
[INFO] [stderr]    Compiling smallvec v1.11.2
[INFO] [stderr]    Compiling scopeguard v1.2.0
[INFO] [stderr]    Compiling libloading v0.6.7
[INFO] [stderr]    Compiling raw-window-handle v0.4.3
[INFO] [stderr]    Compiling cfg-if v0.1.10
[INFO] [stderr]    Compiling once_cell v1.19.0
[INFO] [stderr]    Compiling ash v0.31.0
[INFO] [stderr]    Compiling lock_api v0.3.4
[INFO] [stderr]    Compiling pin-project-lite v0.2.13
[INFO] [stderr]    Compiling fxhash v0.2.1
[INFO] [stderr]    Compiling arrayvec v0.5.2
[INFO] [stderr]    Compiling tracing-core v0.1.32
[INFO] [stderr]    Compiling hibitset v0.6.4
[INFO] [stderr]    Compiling cart-tmp-wgt v0.1.0
[INFO] [stderr]    Compiling vec_map v0.8.2
[INFO] [stderr]    Compiling copyless v0.1.5
[INFO] [stderr]    Compiling tracing v0.1.40
[INFO] [stderr]    Compiling raw-window-handle v0.3.4
[INFO] [stderr]    Compiling parking_lot_core v0.7.3
[INFO] [stderr]    Compiling gfx-hal v0.5.3
[INFO] [stderr]    Compiling parking_lot v0.10.2
[INFO] [stderr]    Compiling spirv_headers v1.5.0
[INFO] [stderr]    Compiling cart-tmp-nga v0.1.0
[INFO] [stderr]    Compiling gfx-backend-empty v0.5.2
[INFO] [stderr]    Compiling cart-tmp-gdesc v0.1.0
[INFO] [stderr]    Compiling cart-tmp-gmem v0.1.0
[INFO] [stderr]    Compiling gfx-backend-vulkan v0.5.11
[INFO] [stderr]    Compiling cart-tmp-wgc v0.1.0 (/opt/rustwide/workdir)
[INFO] [stdout] warning: field `dynamic_count` is never read
[INFO] [stdout]   --> src/binding_model.rs:60:16
[INFO] [stdout]    |
[INFO] [stdout] 54 | pub struct BindGroupLayout<B: hal::Backend> {
[INFO] [stdout]    |            --------------- field in this struct
[INFO] [stdout] ...
[INFO] [stdout] 60 |     pub(crate) dynamic_count: usize,
[INFO] [stdout]    |                ^^^^^^^^^^^^^
[INFO] [stdout]    |
[INFO] [stdout]    = note: `BindGroupLayout` has a derived impl for the trait `Debug`, but this is intentionally ignored during dead code analysis
[INFO] [stdout]    = note: `#[warn(dead_code)]` on by default
[INFO] [stdout] 
[INFO] [stdout] 
[INFO] [stdout] warning: field `parent_ref_count` is never read
[INFO] [stdout]    --> src/resource.rs:125:9
[INFO] [stdout]     |
[INFO] [stdout] 121 | pub(crate) struct BufferPendingMapping {
[INFO] [stdout]     |                   -------------------- field in this struct
[INFO] [stdout] ...
[INFO] [stdout] 125 |     pub parent_ref_count: RefCount,
[INFO] [stdout]     |         ^^^^^^^^^^^^^^^^
[INFO] [stdout]     |
[INFO] [stdout]     = note: `BufferPendingMapping` has a derived impl for the trait `Debug`, but this is intentionally ignored during dead code analysis
[INFO] [stdout] 
[INFO] [stdout] 
[INFO] [stdout] warning: field `full_range` is never read
[INFO] [stdout]    --> src/resource.rs:135:16
[INFO] [stdout]     |
[INFO] [stdout] 129 | pub struct Buffer<B: hal::Backend> {
[INFO] [stdout]     |            ------ field in this struct
[INFO] [stdout] ...
[INFO] [stdout] 135 |     pub(crate) full_range: (),
[INFO] [stdout]     |                ^^^^^^^^^^
[INFO] [stdout]     |
[INFO] [stdout]     = note: `Buffer` has a derived impl for the trait `Debug`, but this is intentionally ignored during dead code analysis
[INFO] [stdout] 
[INFO] [stdout] 
[INFO] [stdout] warning: field `num_frames` is never read
[INFO] [stdout]   --> src/swap_chain.rs:55:16
[INFO] [stdout]    |
[INFO] [stdout] 51 | pub struct SwapChain<B: hal::Backend> {
[INFO] [stdout]    |            --------- field in this struct
[INFO] [stdout] ...
[INFO] [stdout] 55 |     pub(crate) num_frames: hal::window::SwapImageIndex,
[INFO] [stdout]    |                ^^^^^^^^^^
[INFO] [stdout]    |
[INFO] [stdout]    = note: `SwapChain` has a derived impl for the trait `Debug`, but this is intentionally ignored during dead code analysis
[INFO] [stdout] 
[INFO] [stdout] 
[INFO] [stdout] warning: 4 warnings emitted
[INFO] [stdout] 
[INFO] [stdout] 
[INFO] [stderr]     Finished dev [unoptimized + debuginfo] target(s) in 9.08s
[INFO] running `Command { std: "docker" "inspect" "9949ac562ddd27333fc7f31968fbf60bf4cbde0e5072e070b2443c9cb2714460", kill_on_drop: false }`
[INFO] running `Command { std: "docker" "rm" "-f" "9949ac562ddd27333fc7f31968fbf60bf4cbde0e5072e070b2443c9cb2714460", kill_on_drop: false }`
[INFO] [stdout] 9949ac562ddd27333fc7f31968fbf60bf4cbde0e5072e070b2443c9cb2714460
[INFO] running `Command { std: "docker" "create" "-v" "/var/lib/crater-agent-workspace/builds/worker-0-tc2/target:/opt/rustwide/target:rw,Z" "-v" "/var/lib/crater-agent-workspace/builds/worker-0-tc2/source:/opt/rustwide/workdir:ro,Z" "-v" "/var/lib/crater-agent-workspace/cargo-home:/opt/rustwide/cargo-home:ro,Z" "-v" "/var/lib/crater-agent-workspace/rustup-home:/opt/rustwide/rustup-home:ro,Z" "-e" "SOURCE_DIR=/opt/rustwide/workdir" "-e" "CARGO_TARGET_DIR=/opt/rustwide/target" "-e" "CARGO_INCREMENTAL=0" "-e" "RUST_BACKTRACE=full" "-e" "RUSTFLAGS=--cap-lints=warn" "-e" "RUSTDOCFLAGS=--cap-lints=warn" "-e" "CARGO_HOME=/opt/rustwide/cargo-home" "-e" "RUSTUP_HOME=/opt/rustwide/rustup-home" "-w" "/opt/rustwide/workdir" "-m" "1610612736" "--user" "0:0" "--network" "none" "ghcr.io/rust-lang/crates-build-env/linux@sha256:2788e3201cd34a07e3172128adcd8b3090168a8e3bcc40d7c032b9dda1df7d1c" "/opt/rustwide/cargo-home/bin/cargo" "+beta-2023-12-22" "test" "--frozen" "--no-run" "--message-format=json", kill_on_drop: false }`
[INFO] [stdout] ad9cb146beb3cb8f37a73cbb62fa30f3bb0b7f8dda0d9ef050beadc0d76542be
[INFO] running `Command { std: "docker" "start" "-a" "ad9cb146beb3cb8f37a73cbb62fa30f3bb0b7f8dda0d9ef050beadc0d76542be", kill_on_drop: false }`
[INFO] [stderr]    Compiling rustversion v1.0.14
[INFO] [stderr]    Compiling cc v1.0.83
[INFO] [stderr]    Compiling scoped-tls v1.0.1
[INFO] [stdout] warning: field `dynamic_count` is never read
[INFO] [stdout]   --> src/binding_model.rs:60:16
[INFO] [stdout]    |
[INFO] [stdout] 54 | pub struct BindGroupLayout<B: hal::Backend> {
[INFO] [stdout]    |            --------------- field in this struct
[INFO] [stdout] ...
[INFO] [stdout] 60 |     pub(crate) dynamic_count: usize,
[INFO] [stdout]    |                ^^^^^^^^^^^^^
[INFO] [stdout]    |
[INFO] [stdout]    = note: `BindGroupLayout` has a derived impl for the trait `Debug`, but this is intentionally ignored during dead code analysis
[INFO] [stdout]    = note: `#[warn(dead_code)]` on by default
[INFO] [stdout] 
[INFO] [stdout] 
[INFO] [stdout] warning: field `parent_ref_count` is never read
[INFO] [stdout]    --> src/resource.rs:125:9
[INFO] [stdout]     |
[INFO] [stdout] 121 | pub(crate) struct BufferPendingMapping {
[INFO] [stdout]     |                   -------------------- field in this struct
[INFO] [stdout] ...
[INFO] [stdout] 125 |     pub parent_ref_count: RefCount,
[INFO] [stdout]     |         ^^^^^^^^^^^^^^^^
[INFO] [stdout]     |
[INFO] [stdout]     = note: `BufferPendingMapping` has a derived impl for the trait `Debug`, but this is intentionally ignored during dead code analysis
[INFO] [stdout] 
[INFO] [stdout] 
[INFO] [stdout] warning: field `full_range` is never read
[INFO] [stdout]    --> src/resource.rs:135:16
[INFO] [stdout]     |
[INFO] [stdout] 129 | pub struct Buffer<B: hal::Backend> {
[INFO] [stdout]     |            ------ field in this struct
[INFO] [stdout] ...
[INFO] [stdout] 135 |     pub(crate) full_range: (),
[INFO] [stdout]     |                ^^^^^^^^^^
[INFO] [stdout]     |
[INFO] [stdout]     = note: `Buffer` has a derived impl for the trait `Debug`, but this is intentionally ignored during dead code analysis
[INFO] [stdout] 
[INFO] [stdout] 
[INFO] [stdout] warning: field `num_frames` is never read
[INFO] [stdout]   --> src/swap_chain.rs:55:16
[INFO] [stdout]    |
[INFO] [stdout] 51 | pub struct SwapChain<B: hal::Backend> {
[INFO] [stdout]    |            --------- field in this struct
[INFO] [stdout] ...
[INFO] [stdout] 55 |     pub(crate) num_frames: hal::window::SwapImageIndex,
[INFO] [stdout]    |                ^^^^^^^^^^
[INFO] [stdout]    |
[INFO] [stdout]    = note: `SwapChain` has a derived impl for the trait `Debug`, but this is intentionally ignored during dead code analysis
[INFO] [stdout] 
[INFO] [stdout] 
[INFO] [stdout] warning: 4 warnings emitted
[INFO] [stdout] 
[INFO] [stdout] 
[INFO] [stderr]    Compiling generator v0.6.25
[INFO] [stderr]    Compiling loom v0.3.6
[INFO] [stderr]    Compiling cart-tmp-wgc v0.1.0 (/opt/rustwide/workdir)
[INFO] [stdout] warning: field `dynamic_count` is never read
[INFO] [stdout]   --> src/binding_model.rs:60:16
[INFO] [stdout]    |
[INFO] [stdout] 54 | pub struct BindGroupLayout<B: hal::Backend> {
[INFO] [stdout]    |            --------------- field in this struct
[INFO] [stdout] ...
[INFO] [stdout] 60 |     pub(crate) dynamic_count: usize,
[INFO] [stdout]    |                ^^^^^^^^^^^^^
[INFO] [stdout]    |
[INFO] [stdout]    = note: `BindGroupLayout` has a derived impl for the trait `Debug`, but this is intentionally ignored during dead code analysis
[INFO] [stdout]    = note: `#[warn(dead_code)]` on by default
[INFO] [stdout] 
[INFO] [stdout] 
[INFO] [stdout] warning: field `parent_ref_count` is never read
[INFO] [stdout]    --> src/resource.rs:125:9
[INFO] [stdout]     |
[INFO] [stdout] 121 | pub(crate) struct BufferPendingMapping {
[INFO] [stdout]     |                   -------------------- field in this struct
[INFO] [stdout] ...
[INFO] [stdout] 125 |     pub parent_ref_count: RefCount,
[INFO] [stdout]     |         ^^^^^^^^^^^^^^^^
[INFO] [stdout]     |
[INFO] [stdout]     = note: `BufferPendingMapping` has a derived impl for the trait `Debug`, but this is intentionally ignored during dead code analysis
[INFO] [stdout] 
[INFO] [stdout] 
[INFO] [stdout] warning: field `full_range` is never read
[INFO] [stdout]    --> src/resource.rs:135:16
[INFO] [stdout]     |
[INFO] [stdout] 129 | pub struct Buffer<B: hal::Backend> {
[INFO] [stdout]     |            ------ field in this struct
[INFO] [stdout] ...
[INFO] [stdout] 135 |     pub(crate) full_range: (),
[INFO] [stdout]     |                ^^^^^^^^^^
[INFO] [stdout]     |
[INFO] [stdout]     = note: `Buffer` has a derived impl for the trait `Debug`, but this is intentionally ignored during dead code analysis
[INFO] [stdout] 
[INFO] [stdout] 
[INFO] [stdout] warning: field `num_frames` is never read
[INFO] [stdout]   --> src/swap_chain.rs:55:16
[INFO] [stdout]    |
[INFO] [stdout] 51 | pub struct SwapChain<B: hal::Backend> {
[INFO] [stdout]    |            --------- field in this struct
[INFO] [stdout] ...
[INFO] [stdout] 55 |     pub(crate) num_frames: hal::window::SwapImageIndex,
[INFO] [stdout]    |                ^^^^^^^^^^
[INFO] [stdout]    |
[INFO] [stdout]    = note: `SwapChain` has a derived impl for the trait `Debug`, but this is intentionally ignored during dead code analysis
[INFO] [stdout] 
[INFO] [stdout] 
[INFO] [stdout] warning: 4 warnings emitted
[INFO] [stdout] 
[INFO] [stdout] 
[INFO] [stderr]     Finished test [unoptimized + debuginfo] target(s) in 6.12s
[INFO] running `Command { std: "docker" "inspect" "ad9cb146beb3cb8f37a73cbb62fa30f3bb0b7f8dda0d9ef050beadc0d76542be", kill_on_drop: false }`
[INFO] running `Command { std: "docker" "rm" "-f" "ad9cb146beb3cb8f37a73cbb62fa30f3bb0b7f8dda0d9ef050beadc0d76542be", kill_on_drop: false }`
[INFO] [stdout] ad9cb146beb3cb8f37a73cbb62fa30f3bb0b7f8dda0d9ef050beadc0d76542be
[INFO] running `Command { std: "docker" "create" "-v" "/var/lib/crater-agent-workspace/builds/worker-0-tc2/target:/opt/rustwide/target:rw,Z" "-v" "/var/lib/crater-agent-workspace/builds/worker-0-tc2/source:/opt/rustwide/workdir:ro,Z" "-v" "/var/lib/crater-agent-workspace/cargo-home:/opt/rustwide/cargo-home:ro,Z" "-v" "/var/lib/crater-agent-workspace/rustup-home:/opt/rustwide/rustup-home:ro,Z" "-e" "SOURCE_DIR=/opt/rustwide/workdir" "-e" "CARGO_TARGET_DIR=/opt/rustwide/target" "-e" "CARGO_INCREMENTAL=0" "-e" "RUST_BACKTRACE=full" "-e" "RUSTFLAGS=--cap-lints=warn" "-e" "RUSTDOCFLAGS=--cap-lints=warn" "-e" "CARGO_HOME=/opt/rustwide/cargo-home" "-e" "RUSTUP_HOME=/opt/rustwide/rustup-home" "-w" "/opt/rustwide/workdir" "-m" "1610612736" "--user" "0:0" "--network" "none" "ghcr.io/rust-lang/crates-build-env/linux@sha256:2788e3201cd34a07e3172128adcd8b3090168a8e3bcc40d7c032b9dda1df7d1c" "/opt/rustwide/cargo-home/bin/cargo" "+beta-2023-12-22" "test" "--frozen", kill_on_drop: false }`
[INFO] [stdout] d361585d42404abd843c8a80434ce9476b521030842ffc9727140914bdf11d80
[INFO] running `Command { std: "docker" "start" "-a" "d361585d42404abd843c8a80434ce9476b521030842ffc9727140914bdf11d80", kill_on_drop: false }`
[INFO] [stderr] warning: field `dynamic_count` is never read
[INFO] [stderr]   --> src/binding_model.rs:60:16
[INFO] [stderr]    |
[INFO] [stderr] 54 | pub struct BindGroupLayout<B: hal::Backend> {
[INFO] [stderr]    |            --------------- field in this struct
[INFO] [stderr] ...
[INFO] [stderr] 60 |     pub(crate) dynamic_count: usize,
[INFO] [stderr]    |                ^^^^^^^^^^^^^
[INFO] [stderr]    |
[INFO] [stderr]    = note: `BindGroupLayout` has a derived impl for the trait `Debug`, but this is intentionally ignored during dead code analysis
[INFO] [stderr]    = note: `#[warn(dead_code)]` on by default
[INFO] [stderr] 
[INFO] [stderr] warning: field `parent_ref_count` is never read
[INFO] [stderr]    --> src/resource.rs:125:9
[INFO] [stderr]     |
[INFO] [stderr] 121 | pub(crate) struct BufferPendingMapping {
[INFO] [stderr]     |                   -------------------- field in this struct
[INFO] [stderr] ...
[INFO] [stderr] 125 |     pub parent_ref_count: RefCount,
[INFO] [stderr]     |         ^^^^^^^^^^^^^^^^
[INFO] [stderr]     |
[INFO] [stderr]     = note: `BufferPendingMapping` has a derived impl for the trait `Debug`, but this is intentionally ignored during dead code analysis
[INFO] [stderr] 
[INFO] [stderr] warning: field `full_range` is never read
[INFO] [stderr]    --> src/resource.rs:135:16
[INFO] [stderr]     |
[INFO] [stderr] 129 | pub struct Buffer<B: hal::Backend> {
[INFO] [stderr]     |            ------ field in this struct
[INFO] [stderr] ...
[INFO] [stderr] 135 |     pub(crate) full_range: (),
[INFO] [stderr]     |                ^^^^^^^^^^
[INFO] [stderr]     |
[INFO] [stderr]     = note: `Buffer` has a derived impl for the trait `Debug`, but this is intentionally ignored during dead code analysis
[INFO] [stderr] 
[INFO] [stderr] warning: field `num_frames` is never read
[INFO] [stderr]   --> src/swap_chain.rs:55:16
[INFO] [stderr]    |
[INFO] [stderr] 51 | pub struct SwapChain<B: hal::Backend> {
[INFO] [stderr]    |            --------- field in this struct
[INFO] [stderr] ...
[INFO] [stderr] 55 |     pub(crate) num_frames: hal::window::SwapImageIndex,
[INFO] [stderr]    |                ^^^^^^^^^^
[INFO] [stderr]    |
[INFO] [stderr]    = note: `SwapChain` has a derived impl for the trait `Debug`, but this is intentionally ignored during dead code analysis
[INFO] [stderr] 
[INFO] [stderr] warning: `cart-tmp-wgc` (lib) generated 4 warnings
[INFO] [stderr] warning: `cart-tmp-wgc` (lib test) generated 4 warnings (4 duplicates)
[INFO] [stderr]     Finished test [unoptimized + debuginfo] target(s) in 0.06s
[INFO] [stderr]      Running unittests src/lib.rs (/opt/rustwide/target/debug/deps/cart_tmp_wgc-c72d1ee10135c8ab)
[INFO] [stdout] 
[INFO] [stdout] running 22 tests
[INFO] [stdout] test loom ... ok
[INFO] [stdout] test device::queue::test_gcd ... ok
[INFO] [stdout] test macros::test_backend_macro ... ok
[INFO] [stdout] test device::queue::test_lcd ... ok
[INFO] [stdout] test id::test_id_backend ... ok
[INFO] [stdout] test track::range::test::coalesce ... ok
[INFO] [stdout] test track::buffer::test::change_extend ... ok
[INFO] [stdout] test track::range::test::isolate ... ok
[INFO] [stdout] test track::range::test::merge_all ... ok
[INFO] [stdout] test track::buffer::test::prepend ... ok
[INFO] [stdout] test test_default_limits ... ok
[INFO] [stdout] test track::buffer::test::change_replace ... ok
[INFO] [stdout] test track::range::test::merge_same ... ok
[INFO] [stdout] test track::range::test::merge_separate ... ok
[INFO] [stdout] test track::range::test::merge_subset ... ok
[INFO] [stdout] test track::range::test::query ... ok
[INFO] [stdout] test track::range::test::sane_good ... ok
[INFO] [stdout] test track::texture::test::merge ... ok
[INFO] [stdout] test track::texture::test::query ... ok
[INFO] [stdout] test track::range::test::merge_empty ... ok
[INFO] [stdout] test track::range::test::sane_intersect - should panic ... ok
[INFO] [stdout] test track::range::test::sane_empty - should panic ... ok
[INFO] [stdout] 
[INFO] [stdout] test result: ok. 22 passed; 0 failed; 0 ignored; 0 measured; 0 filtered out; finished in 0.12s
[INFO] [stdout] 
[INFO] [stderr]    Doc-tests cart-tmp-wgc
[INFO] [stdout] 
[INFO] [stdout] running 2 tests
[INFO] [stdout] test src/command/bundle.rs - command::bundle (line 7) ... FAILED
[INFO] [stdout] test src/swap_chain.rs - swap_chain (line 7) ... FAILED
[INFO] [stdout] 
[INFO] [stdout] failures:
[INFO] [stdout] 
[INFO] [stdout] ---- src/command/bundle.rs - command::bundle (line 7) stdout ----
[INFO] [stdout] error: unknown start of token: `
[INFO] [stdout]  --> src/command/bundle.rs:14:16
[INFO] [stdout]   |
[INFO] [stdout] 9 | User creates a `RenderBundleEncoder` and populates it by issuing commands
[INFO] [stdout]   |                ^
[INFO] [stdout]   |
[INFO] [stdout] help: Unicode character '`' (Grave Accent) looks like ''' (Single Quote), but it is not
[INFO] [stdout]   |
[INFO] [stdout] 9 | User creates a 'RenderBundleEncoder` and populates it by issuing commands
[INFO] [stdout]   |                ~
[INFO] [stdout] 
[INFO] [stdout] error: unknown start of token: `
[INFO] [stdout]  --> src/command/bundle.rs:14:36
[INFO] [stdout]   |
[INFO] [stdout] 9 | User creates a `RenderBundleEncoder` and populates it by issuing commands
[INFO] [stdout]   |                                    ^
[INFO] [stdout]   |
[INFO] [stdout] help: Unicode character '`' (Grave Accent) looks like ''' (Single Quote), but it is not
[INFO] [stdout]   |
[INFO] [stdout] 9 | User creates a `RenderBundleEncoder' and populates it by issuing commands
[INFO] [stdout]   |                                    ~
[INFO] [stdout] 
[INFO] [stdout] error: unknown start of token: `
[INFO] [stdout]   --> src/command/bundle.rs:15:6
[INFO] [stdout]    |
[INFO] [stdout] 10 | from `bundle_ffi` module, just like with `RenderPass`, except that the
[INFO] [stdout]    |      ^
[INFO] [stdout]    |
[INFO] [stdout] help: Unicode character '`' (Grave Accent) looks like ''' (Single Quote), but it is not
[INFO] [stdout]    |
[INFO] [stdout] 10 | from 'bundle_ffi` module, just like with `RenderPass`, except that the
[INFO] [stdout]    |      ~
[INFO] [stdout] 
[INFO] [stdout] error: unknown start of token: `
[INFO] [stdout]   --> src/command/bundle.rs:15:17
[INFO] [stdout]    |
[INFO] [stdout] 10 | from `bundle_ffi` module, just like with `RenderPass`, except that the
[INFO] [stdout]    |                 ^
[INFO] [stdout]    |
[INFO] [stdout] help: Unicode character '`' (Grave Accent) looks like ''' (Single Quote), but it is not
[INFO] [stdout]    |
[INFO] [stdout] 10 | from `bundle_ffi' module, just like with `RenderPass`, except that the
[INFO] [stdout]    |                 ~
[INFO] [stdout] 
[INFO] [stdout] error: unknown start of token: `
[INFO] [stdout]   --> src/command/bundle.rs:15:42
[INFO] [stdout]    |
[INFO] [stdout] 10 | from `bundle_ffi` module, just like with `RenderPass`, except that the
[INFO] [stdout]    |                                          ^
[INFO] [stdout]    |
[INFO] [stdout] help: Unicode character '`' (Grave Accent) looks like ''' (Single Quote), but it is not
[INFO] [stdout]    |
[INFO] [stdout] 10 | from `bundle_ffi` module, just like with 'RenderPass`, except that the
[INFO] [stdout]    |                                          ~
[INFO] [stdout] 
[INFO] [stdout] error: unknown start of token: `
[INFO] [stdout]   --> src/command/bundle.rs:15:53
[INFO] [stdout]    |
[INFO] [stdout] 10 | from `bundle_ffi` module, just like with `RenderPass`, except that the
[INFO] [stdout]    |                                                     ^
[INFO] [stdout]    |
[INFO] [stdout] help: Unicode character '`' (Grave Accent) looks like ''' (Single Quote), but it is not
[INFO] [stdout]    |
[INFO] [stdout] 10 | from `bundle_ffi` module, just like with `RenderPass', except that the
[INFO] [stdout]    |                                                     ~
[INFO] [stdout] 
[INFO] [stdout] error: unknown start of token: `
[INFO] [stdout]   --> src/command/bundle.rs:16:68
[INFO] [stdout]    |
[INFO] [stdout] 11 | set of available commands is reduced. Everything is written into a `RawPass`.
[INFO] [stdout]    |                                                                    ^
[INFO] [stdout]    |
[INFO] [stdout] help: Unicode character '`' (Grave Accent) looks like ''' (Single Quote), but it is not
[INFO] [stdout]    |
[INFO] [stdout] 11 | set of available commands is reduced. Everything is written into a 'RawPass`.
[INFO] [stdout]    |                                                                    ~
[INFO] [stdout] 
[INFO] [stdout] error: unknown start of token: `
[INFO] [stdout]   --> src/command/bundle.rs:16:76
[INFO] [stdout]    |
[INFO] [stdout] 11 | set of available commands is reduced. Everything is written into a `RawPass`.
[INFO] [stdout]    |                                                                            ^
[INFO] [stdout]    |
[INFO] [stdout] help: Unicode character '`' (Grave Accent) looks like ''' (Single Quote), but it is not
[INFO] [stdout]    |
[INFO] [stdout] 11 | set of available commands is reduced. Everything is written into a `RawPass'.
[INFO] [stdout]    |                                                                            ~
[INFO] [stdout] 
[INFO] [stdout] error: unknown start of token: `
[INFO] [stdout]   --> src/command/bundle.rs:20:43
[INFO] [stdout]    |
[INFO] [stdout] 15 | Once the commands are encoded, user calls `render_bundle_encoder_finish`.
[INFO] [stdout]    |                                           ^
[INFO] [stdout]    |
[INFO] [stdout] help: Unicode character '`' (Grave Accent) looks like ''' (Single Quote), but it is not
[INFO] [stdout]    |
[INFO] [stdout] 15 | Once the commands are encoded, user calls 'render_bundle_encoder_finish`.
[INFO] [stdout]    |                                           ~
[INFO] [stdout] 
[INFO] [stdout] error: unknown start of token: `
[INFO] [stdout]   --> src/command/bundle.rs:20:72
[INFO] [stdout]    |
[INFO] [stdout] 15 | Once the commands are encoded, user calls `render_bundle_encoder_finish`.
[INFO] [stdout]    |                                                                        ^
[INFO] [stdout]    |
[INFO] [stdout] help: Unicode character '`' (Grave Accent) looks like ''' (Single Quote), but it is not
[INFO] [stdout]    |
[INFO] [stdout] 15 | Once the commands are encoded, user calls `render_bundle_encoder_finish'.
[INFO] [stdout]    |                                                                        ~
[INFO] [stdout] 
[INFO] [stdout] error: unknown start of token: `
[INFO] [stdout]   --> src/command/bundle.rs:22:20
[INFO] [stdout]    |
[INFO] [stdout] 17 | commands stored in `RawPass`, while validating everything, tracking the state,
[INFO] [stdout]    |                    ^
[INFO] [stdout]    |
[INFO] [stdout] help: Unicode character '`' (Grave Accent) looks like ''' (Single Quote), but it is not
[INFO] [stdout]    |
[INFO] [stdout] 17 | commands stored in 'RawPass`, while validating everything, tracking the state,
[INFO] [stdout]    |                    ~
[INFO] [stdout] 
[INFO] [stdout] error: unknown start of token: `
[INFO] [stdout]   --> src/command/bundle.rs:22:28
[INFO] [stdout]    |
[INFO] [stdout] 17 | commands stored in `RawPass`, while validating everything, tracking the state,
[INFO] [stdout]    |                            ^
[INFO] [stdout]    |
[INFO] [stdout] help: Unicode character '`' (Grave Accent) looks like ''' (Single Quote), but it is not
[INFO] [stdout]    |
[INFO] [stdout] 17 | commands stored in `RawPass', while validating everything, tracking the state,
[INFO] [stdout]    |                            ~
[INFO] [stdout] 
[INFO] [stdout] error: unknown start of token: `
[INFO] [stdout]   --> src/command/bundle.rs:23:47
[INFO] [stdout]    |
[INFO] [stdout] 18 | and re-recording the commands into a separate `Vec<RenderCommand>`. It
[INFO] [stdout]    |                                               ^
[INFO] [stdout]    |
[INFO] [stdout] help: Unicode character '`' (Grave Accent) looks like ''' (Single Quote), but it is not
[INFO] [stdout]    |
[INFO] [stdout] 18 | and re-recording the commands into a separate 'Vec<RenderCommand>`. It
[INFO] [stdout]    |                                               ~
[INFO] [stdout] 
[INFO] [stdout] error: unknown start of token: `
[INFO] [stdout]   --> src/command/bundle.rs:23:66
[INFO] [stdout]    |
[INFO] [stdout] 18 | and re-recording the commands into a separate `Vec<RenderCommand>`. It
[INFO] [stdout]    |                                                                  ^
[INFO] [stdout]    |
[INFO] [stdout] help: Unicode character '`' (Grave Accent) looks like ''' (Single Quote), but it is not
[INFO] [stdout]    |
[INFO] [stdout] 18 | and re-recording the commands into a separate `Vec<RenderCommand>'. It
[INFO] [stdout]    |                                                                  ~
[INFO] [stdout] 
[INFO] [stdout] error: unknown start of token: `
[INFO] [stdout]   --> src/command/bundle.rs:34:51
[INFO] [stdout]    |
[INFO] [stdout] 29 | When the bundle is used in an actual render pass, `RenderBundle::execute` is
[INFO] [stdout]    |                                                   ^
[INFO] [stdout]    |
[INFO] [stdout] help: Unicode character '`' (Grave Accent) looks like ''' (Single Quote), but it is not
[INFO] [stdout]    |
[INFO] [stdout] 29 | When the bundle is used in an actual render pass, 'RenderBundle::execute` is
[INFO] [stdout]    |                                                   ~
[INFO] [stdout] 
[INFO] [stdout] error: unknown start of token: `
[INFO] [stdout]   --> src/command/bundle.rs:34:73
[INFO] [stdout]    |
[INFO] [stdout] 29 | When the bundle is used in an actual render pass, `RenderBundle::execute` is
[INFO] [stdout]    |                                                                         ^
[INFO] [stdout]    |
[INFO] [stdout] help: Unicode character '`' (Grave Accent) looks like ''' (Single Quote), but it is not
[INFO] [stdout]    |
[INFO] [stdout] 29 | When the bundle is used in an actual render pass, `RenderBundle::execute' is
[INFO] [stdout]    |                                                                         ~
[INFO] [stdout] 
[INFO] [stdout] error: expected one of `!` or `[`, found `Software`
[INFO] [stdout]  --> src/command/bundle.rs:8:3
[INFO] [stdout]   |
[INFO] [stdout] 3 | # Software implementation
[INFO] [stdout]   |   ^^^^^^^^ expected one of `!` or `[`
[INFO] [stdout] 
[INFO] [stdout] error: aborting due to 17 previous errors
[INFO] [stdout] 
[INFO] [stdout] Couldn't compile the test.
[INFO] [stdout] ---- src/swap_chain.rs - swap_chain (line 7) stdout ----
[INFO] [stdout] error: unknown start of token: `
[INFO] [stdout]   --> src/swap_chain.rs:16:1
[INFO] [stdout]    |
[INFO] [stdout] 11 | `get_next_image()` requests a new image from the surface. It becomes a part of
[INFO] [stdout]    | ^
[INFO] [stdout]    |
[INFO] [stdout] help: Unicode character '`' (Grave Accent) looks like ''' (Single Quote), but it is not
[INFO] [stdout]    |
[INFO] [stdout] 11 | 'get_next_image()` requests a new image from the surface. It becomes a part of
[INFO] [stdout]    | ~
[INFO] [stdout] 
[INFO] [stdout] error: unknown start of token: `
[INFO] [stdout]   --> src/swap_chain.rs:16:18
[INFO] [stdout]    |
[INFO] [stdout] 11 | `get_next_image()` requests a new image from the surface. It becomes a part of
[INFO] [stdout]    |                  ^
[INFO] [stdout]    |
[INFO] [stdout] help: Unicode character '`' (Grave Accent) looks like ''' (Single Quote), but it is not
[INFO] [stdout]    |
[INFO] [stdout] 11 | `get_next_image()' requests a new image from the surface. It becomes a part of
[INFO] [stdout]    |                  ~
[INFO] [stdout] 
[INFO] [stdout] error: unknown start of token: `
[INFO] [stdout]   --> src/swap_chain.rs:17:1
[INFO] [stdout]    |
[INFO] [stdout] 12 | `TextureViewInner::SwapChain` of the resulted view. The view is registered in the HUB
[INFO] [stdout]    | ^
[INFO] [stdout]    |
[INFO] [stdout] help: Unicode character '`' (Grave Accent) looks like ''' (Single Quote), but it is not
[INFO] [stdout]    |
[INFO] [stdout] 12 | 'TextureViewInner::SwapChain` of the resulted view. The view is registered in the HUB
[INFO] [stdout]    | ~
[INFO] [stdout] 
[INFO] [stdout] error: unknown start of token: `
[INFO] [stdout]   --> src/swap_chain.rs:17:29
[INFO] [stdout]    |
[INFO] [stdout] 12 | `TextureViewInner::SwapChain` of the resulted view. The view is registered in the HUB
[INFO] [stdout]    |                             ^
[INFO] [stdout]    |
[INFO] [stdout] help: Unicode character '`' (Grave Accent) looks like ''' (Single Quote), but it is not
[INFO] [stdout]    |
[INFO] [stdout] 12 | `TextureViewInner::SwapChain' of the resulted view. The view is registered in the HUB
[INFO] [stdout]    |                             ~
[INFO] [stdout] 
[INFO] [stdout] error: unknown start of token: `
[INFO] [stdout]   --> src/swap_chain.rs:25:34
[INFO] [stdout]    |
[INFO] [stdout] 20 | When a swapchain view is used in `begin_render_pass()`, we assume the start and end image
[INFO] [stdout]    |                                  ^
[INFO] [stdout]    |
[INFO] [stdout] help: Unicode character '`' (Grave Accent) looks like ''' (Single Quote), but it is not
[INFO] [stdout]    |
[INFO] [stdout] 20 | When a swapchain view is used in 'begin_render_pass()`, we assume the start and end image
[INFO] [stdout]    |                                  ~
[INFO] [stdout] 
[INFO] [stdout] error: unknown start of token: `
[INFO] [stdout]   --> src/swap_chain.rs:25:54
[INFO] [stdout]    |
[INFO] [stdout] 20 | When a swapchain view is used in `begin_render_pass()`, we assume the start and end image
[INFO] [stdout]    |                                                      ^
[INFO] [stdout]    |
[INFO] [stdout] help: Unicode character '`' (Grave Accent) looks like ''' (Single Quote), but it is not
[INFO] [stdout]    |
[INFO] [stdout] 20 | When a swapchain view is used in `begin_render_pass()', we assume the start and end image
[INFO] [stdout]    |                                                      ~
[INFO] [stdout] 
[INFO] [stdout] error: unknown start of token: `
[INFO] [stdout]   --> src/swap_chain.rs:27:23
[INFO] [stdout]    |
[INFO] [stdout] 22 | It always starts with `Uninitialized` and ends with `Present`, so that no barriers are
[INFO] [stdout]    |                       ^
[INFO] [stdout]    |
[INFO] [stdout] help: Unicode character '`' (Grave Accent) looks like ''' (Single Quote), but it is not
[INFO] [stdout]    |
[INFO] [stdout] 22 | It always starts with 'Uninitialized` and ends with `Present`, so that no barriers are
[INFO] [stdout]    |                       ~
[INFO] [stdout] 
[INFO] [stdout] error: unknown start of token: `
[INFO] [stdout]   --> src/swap_chain.rs:27:37
[INFO] [stdout]    |
[INFO] [stdout] 22 | It always starts with `Uninitialized` and ends with `Present`, so that no barriers are
[INFO] [stdout]    |                                     ^
[INFO] [stdout]    |
[INFO] [stdout] help: Unicode character '`' (Grave Accent) looks like ''' (Single Quote), but it is not
[INFO] [stdout]    |
[INFO] [stdout] 22 | It always starts with `Uninitialized' and ends with `Present`, so that no barriers are
[INFO] [stdout]    |                                     ~
[INFO] [stdout] 
[INFO] [stdout] error: unknown start of token: `
[INFO] [stdout]   --> src/swap_chain.rs:27:53
[INFO] [stdout]    |
[INFO] [stdout] 22 | It always starts with `Uninitialized` and ends with `Present`, so that no barriers are
[INFO] [stdout]    |                                                     ^
[INFO] [stdout]    |
[INFO] [stdout] help: Unicode character '`' (Grave Accent) looks like ''' (Single Quote), but it is not
[INFO] [stdout]    |
[INFO] [stdout] 22 | It always starts with `Uninitialized` and ends with 'Present`, so that no barriers are
[INFO] [stdout]    |                                                     ~
[INFO] [stdout] 
[INFO] [stdout] error: unknown start of token: `
[INFO] [stdout]   --> src/swap_chain.rs:27:61
[INFO] [stdout]    |
[INFO] [stdout] 22 | It always starts with `Uninitialized` and ends with `Present`, so that no barriers are
[INFO] [stdout]    |                                                             ^
[INFO] [stdout]    |
[INFO] [stdout] help: Unicode character '`' (Grave Accent) looks like ''' (Single Quote), but it is not
[INFO] [stdout]    |
[INFO] [stdout] 22 | It always starts with `Uninitialized` and ends with `Present', so that no barriers are
[INFO] [stdout]    |                                                             ~
[INFO] [stdout] 
[INFO] [stdout] error: unknown start of token: `
[INFO] [stdout]   --> src/swap_chain.rs:30:4
[INFO] [stdout]    |
[INFO] [stdout] 25 | In `queue_submit()` we make sure to signal the semaphore whenever we render to a swap
[INFO] [stdout]    |    ^
[INFO] [stdout]    |
[INFO] [stdout] help: Unicode character '`' (Grave Accent) looks like ''' (Single Quote), but it is not
[INFO] [stdout]    |
[INFO] [stdout] 25 | In 'queue_submit()` we make sure to signal the semaphore whenever we render to a swap
[INFO] [stdout]    |    ~
[INFO] [stdout] 
[INFO] [stdout] error: unknown start of token: `
[INFO] [stdout]   --> src/swap_chain.rs:30:19
[INFO] [stdout]    |
[INFO] [stdout] 25 | In `queue_submit()` we make sure to signal the semaphore whenever we render to a swap
[INFO] [stdout]    |                   ^
[INFO] [stdout]    |
[INFO] [stdout] help: Unicode character '`' (Grave Accent) looks like ''' (Single Quote), but it is not
[INFO] [stdout]    |
[INFO] [stdout] 25 | In `queue_submit()' we make sure to signal the semaphore whenever we render to a swap
[INFO] [stdout]    |                   ~
[INFO] [stdout] 
[INFO] [stdout] error: unknown start of token: `
[INFO] [stdout]   --> src/swap_chain.rs:33:4
[INFO] [stdout]    |
[INFO] [stdout] 28 | In `present()` we return the swap chain image back and wait on the semaphore.
[INFO] [stdout]    |    ^
[INFO] [stdout]    |
[INFO] [stdout] help: Unicode character '`' (Grave Accent) looks like ''' (Single Quote), but it is not
[INFO] [stdout]    |
[INFO] [stdout] 28 | In 'present()` we return the swap chain image back and wait on the semaphore.
[INFO] [stdout]    |    ~
[INFO] [stdout] 
[INFO] [stdout] error: unknown start of token: `
[INFO] [stdout]   --> src/swap_chain.rs:33:14
[INFO] [stdout]    |
[INFO] [stdout] 28 | In `present()` we return the swap chain image back and wait on the semaphore.
[INFO] [stdout]    |              ^
[INFO] [stdout]    |
[INFO] [stdout] help: Unicode character '`' (Grave Accent) looks like ''' (Single Quote), but it is not
[INFO] [stdout]    |
[INFO] [stdout] 28 | In `present()' we return the swap chain image back and wait on the semaphore.
[INFO] [stdout]    |              ~
[INFO] [stdout] 
[INFO] [stdout] error: expected one of `!` or `[`, found `Lifecycle`
[INFO] [stdout]  --> src/swap_chain.rs:8:3
[INFO] [stdout]   |
[INFO] [stdout] 3 | # Lifecycle
[INFO] [stdout]   |   ^^^^^^^^^ expected one of `!` or `[`
[INFO] [stdout] 
[INFO] [stdout] error: aborting due to 15 previous errors
[INFO] [stdout] 
[INFO] [stdout] Couldn't compile the test.
[INFO] [stdout] 
[INFO] [stdout] failures:
[INFO] [stdout]     src/command/bundle.rs - command::bundle (line 7)
[INFO] [stdout]     src/swap_chain.rs - swap_chain (line 7)
[INFO] [stdout] 
[INFO] [stdout] test result: FAILED. 0 passed; 2 failed; 0 ignored; 0 measured; 0 filtered out; finished in 0.09s
[INFO] [stdout] 
[INFO] [stderr] error: doctest failed, to rerun pass `--doc`
[INFO] running `Command { std: "docker" "inspect" "d361585d42404abd843c8a80434ce9476b521030842ffc9727140914bdf11d80", kill_on_drop: false }`
[INFO] running `Command { std: "docker" "rm" "-f" "d361585d42404abd843c8a80434ce9476b521030842ffc9727140914bdf11d80", kill_on_drop: false }`
[INFO] [stdout] d361585d42404abd843c8a80434ce9476b521030842ffc9727140914bdf11d80
