[INFO] fetching crate cargo-sbom 0.8.4...
[INFO] testing cargo-sbom-0.8.4 against 1.75.0 for beta-1.76-1
[INFO] extracting crate cargo-sbom 0.8.4 into /workspace/builds/worker-4-tc1/source
[INFO] validating manifest of crates.io crate cargo-sbom 0.8.4 on toolchain 1.75.0
[INFO] running `Command { std: CARGO_HOME="/workspace/cargo-home" RUSTUP_HOME="/workspace/rustup-home" "/workspace/cargo-home/bin/cargo" "+1.75.0" "metadata" "--manifest-path" "Cargo.toml" "--no-deps", kill_on_drop: false }`
[INFO] started tweaking crates.io crate cargo-sbom 0.8.4
[INFO] finished tweaking crates.io crate cargo-sbom 0.8.4
[INFO] tweaked toml for crates.io crate cargo-sbom 0.8.4 written to /workspace/builds/worker-4-tc1/source/Cargo.toml
[INFO] crate crates.io crate cargo-sbom 0.8.4 already has a lockfile, it will not be regenerated
[INFO] running `Command { std: CARGO_HOME="/workspace/cargo-home" RUSTUP_HOME="/workspace/rustup-home" "/workspace/cargo-home/bin/cargo" "+1.75.0" "fetch" "--manifest-path" "Cargo.toml", kill_on_drop: false }`
[INFO] [stderr]     Updating crates.io index
[INFO] [stderr]  Downloading crates ...
[INFO] [stderr]   Downloaded whoami v1.4.1
[INFO] [stderr]   Downloaded os_pipe v1.1.4
[INFO] [stderr]   Downloaded duct v0.13.6
[INFO] [stderr]   Downloaded clap-cargo v0.10.0
[INFO] [stderr]   Downloaded syn v2.0.23
[INFO] [stderr]   Downloaded cargo-lock v9.0.0
[INFO] [stderr]   Downloaded rustix v0.38.2
[INFO] [stderr]   Downloaded serde v1.0.166
[INFO] [stderr]   Downloaded built v0.6.1
[INFO] [stderr]   Downloaded clap v4.3.10
[INFO] [stderr]   Downloaded serde-cyclonedx v0.8.4
[INFO] [stderr]   Downloaded packageurl v0.3.0
[INFO] [stderr]   Downloaded serde_derive v1.0.166
[INFO] [stderr]   Downloaded is-terminal v0.4.8
[INFO] [stderr]   Downloaded serde_json v1.0.99
[INFO] [stderr]   Downloaded shared_child v1.0.0
[INFO] [stderr]   Downloaded schemafy_lib v0.6.0
[INFO] [stderr]   Downloaded schemafy_core v0.6.0
[INFO] [stderr]   Downloaded camino v1.1.4
[INFO] [stderr]   Downloaded clap_builder v4.3.10
[INFO] [stderr]   Downloaded serde-spdx v0.8.4
[INFO] [stderr]   Downloaded duct_sh v0.13.6
[INFO] [stderr]   Downloaded spdx v0.10.1
[INFO] running `Command { std: "docker" "create" "-v" "/var/lib/crater-agent-workspace/builds/worker-4-tc1/target:/opt/rustwide/target:rw,Z" "-v" "/var/lib/crater-agent-workspace/builds/worker-4-tc1/source:/opt/rustwide/workdir:ro,Z" "-v" "/var/lib/crater-agent-workspace/cargo-home:/opt/rustwide/cargo-home:ro,Z" "-v" "/var/lib/crater-agent-workspace/rustup-home:/opt/rustwide/rustup-home:ro,Z" "-e" "SOURCE_DIR=/opt/rustwide/workdir" "-e" "CARGO_TARGET_DIR=/opt/rustwide/target" "-e" "CARGO_HOME=/opt/rustwide/cargo-home" "-e" "RUSTUP_HOME=/opt/rustwide/rustup-home" "-w" "/opt/rustwide/workdir" "-m" "1610612736" "--user" "0:0" "--network" "none" "ghcr.io/rust-lang/crates-build-env/linux@sha256:2788e3201cd34a07e3172128adcd8b3090168a8e3bcc40d7c032b9dda1df7d1c" "/opt/rustwide/cargo-home/bin/cargo" "+1.75.0" "metadata" "--no-deps" "--format-version=1", kill_on_drop: false }`
[INFO] [stdout] 90e3d5ccf76a80eebc276a34fd63c011377c2978e23c00f7ee70ff3de69b3b5c
[INFO] running `Command { std: "docker" "start" "-a" "90e3d5ccf76a80eebc276a34fd63c011377c2978e23c00f7ee70ff3de69b3b5c", kill_on_drop: false }`
[INFO] running `Command { std: "docker" "inspect" "90e3d5ccf76a80eebc276a34fd63c011377c2978e23c00f7ee70ff3de69b3b5c", kill_on_drop: false }`
[INFO] running `Command { std: "docker" "rm" "-f" "90e3d5ccf76a80eebc276a34fd63c011377c2978e23c00f7ee70ff3de69b3b5c", kill_on_drop: false }`
[INFO] [stdout] 90e3d5ccf76a80eebc276a34fd63c011377c2978e23c00f7ee70ff3de69b3b5c
[INFO] running `Command { std: "docker" "create" "-v" "/var/lib/crater-agent-workspace/builds/worker-4-tc1/target:/opt/rustwide/target:rw,Z" "-v" "/var/lib/crater-agent-workspace/builds/worker-4-tc1/source:/opt/rustwide/workdir:ro,Z" "-v" "/var/lib/crater-agent-workspace/cargo-home:/opt/rustwide/cargo-home:ro,Z" "-v" "/var/lib/crater-agent-workspace/rustup-home:/opt/rustwide/rustup-home:ro,Z" "-e" "SOURCE_DIR=/opt/rustwide/workdir" "-e" "CARGO_TARGET_DIR=/opt/rustwide/target" "-e" "CARGO_INCREMENTAL=0" "-e" "RUST_BACKTRACE=full" "-e" "RUSTFLAGS=--cap-lints=warn" "-e" "RUSTDOCFLAGS=--cap-lints=warn" "-e" "CARGO_HOME=/opt/rustwide/cargo-home" "-e" "RUSTUP_HOME=/opt/rustwide/rustup-home" "-w" "/opt/rustwide/workdir" "-m" "1610612736" "--user" "0:0" "--network" "none" "ghcr.io/rust-lang/crates-build-env/linux@sha256:2788e3201cd34a07e3172128adcd8b3090168a8e3bcc40d7c032b9dda1df7d1c" "/opt/rustwide/cargo-home/bin/cargo" "+1.75.0" "build" "--frozen" "--message-format=json", kill_on_drop: false }`
[INFO] [stdout] 3c49a1e817558c91c5bb03772c8b3ed3a077163ec9efb51f911d98668825d4dc
[INFO] running `Command { std: "docker" "start" "-a" "3c49a1e817558c91c5bb03772c8b3ed3a077163ec9efb51f911d98668825d4dc", kill_on_drop: false }`
[INFO] [stderr]    Compiling proc-macro2 v1.0.63
[INFO] [stderr]    Compiling quote v1.0.29
[INFO] [stderr]    Compiling unicode-ident v1.0.10
[INFO] [stderr]    Compiling serde v1.0.166
[INFO] [stderr]    Compiling syn v1.0.109
[INFO] [stderr]    Compiling fnv v1.0.7
[INFO] [stderr]    Compiling serde_json v1.0.99
[INFO] [stderr]    Compiling ryu v1.0.14
[INFO] [stderr]    Compiling itoa v1.0.8
[INFO] [stderr]    Compiling regex-syntax v0.7.2
[INFO] [stderr]    Compiling lazy_static v1.4.0
[INFO] [stderr]    Compiling tinyvec_macros v0.1.1
[INFO] [stderr]    Compiling prettyplease v0.1.25
[INFO] [stderr]    Compiling memchr v2.5.0
[INFO] [stderr]    Compiling anyhow v1.0.71
[INFO] [stderr]    Compiling rustix v0.38.2
[INFO] [stderr]    Compiling uriparse v0.6.4
[INFO] [stderr]    Compiling tinyvec v1.6.0
[INFO] [stderr]    Compiling hashbrown v0.14.0
[INFO] [stderr]    Compiling equivalent v1.0.0
[INFO] [stderr]    Compiling percent-encoding v2.3.0
[INFO] [stderr]    Compiling thiserror v1.0.40
[INFO] [stderr]    Compiling libc v0.2.147
[INFO] [stderr]    Compiling bitflags v2.3.3
[INFO] [stderr]    Compiling linux-raw-sys v0.4.3
[INFO] [stderr]    Compiling unicode-bidi v0.3.13
[INFO] [stderr]    Compiling winnow v0.4.7
[INFO] [stderr]    Compiling form_urlencoded v1.2.0
[INFO] [stderr]    Compiling anstyle-parse v0.2.1
[INFO] [stderr]    Compiling anstyle-query v1.0.0
[INFO] [stderr]    Compiling colorchoice v1.0.0
[INFO] [stderr]    Compiling aho-corasick v1.0.2
[INFO] [stderr]    Compiling anstyle v1.0.1
[INFO] [stderr]    Compiling indexmap v1.9.3
[INFO] [stderr]    Compiling num-traits v0.2.15
[INFO] [stderr]    Compiling heck v0.4.1
[INFO] [stderr]    Compiling indexmap v2.0.0
[INFO] [stderr]    Compiling clap_lex v0.5.0
[INFO] [stderr]    Compiling camino v1.1.4
[INFO] [stderr]    Compiling doc-comment v0.3.3
[INFO] [stderr]    Compiling once_cell v1.18.0
[INFO] [stderr]    Compiling unicode-normalization v0.1.22
[INFO] [stderr]    Compiling iana-time-zone v0.1.57
[INFO] [stderr]    Compiling fixedbitset v0.4.2
[INFO] [stderr]    Compiling spdx v0.10.1
[INFO] [stderr]    Compiling syn v2.0.23
[INFO] [stderr]    Compiling petgraph v0.6.3
[INFO] [stderr]    Compiling whoami v1.4.1
[INFO] [stderr]    Compiling is-terminal v0.4.8
[INFO] [stderr]    Compiling idna v0.4.0
[INFO] [stderr]    Compiling anstream v0.3.2
[INFO] [stderr]    Compiling clap_builder v4.3.10
[INFO] [stderr]    Compiling url v2.4.0
[INFO] [stderr]    Compiling getrandom v0.2.10
[INFO] [stderr]    Compiling time v0.1.45
[INFO] [stderr]    Compiling uuid v1.4.0
[INFO] [stderr]    Compiling regex v1.8.4
[INFO] [stderr]    Compiling chrono v0.4.26
[INFO] [stderr]    Compiling Inflector v0.11.4
[INFO] [stderr]    Compiling darling_core v0.14.4
[INFO] [stderr]    Compiling serde_derive v1.0.166
[INFO] [stderr]    Compiling thiserror-impl v1.0.40
[INFO] [stderr]    Compiling clap_derive v4.3.2
[INFO] [stderr]    Compiling packageurl v0.3.0
[INFO] [stderr]    Compiling darling_macro v0.14.4
[INFO] [stderr]    Compiling clap v4.3.10
[INFO] [stderr]    Compiling clap-cargo v0.10.0
[INFO] [stderr]    Compiling darling v0.14.4
[INFO] [stderr]    Compiling derive_builder_core v0.12.0
[INFO] [stderr]    Compiling derive_builder_macro v0.12.0
[INFO] [stderr]    Compiling derive_builder v0.12.0
[INFO] [stderr]    Compiling serde_spanned v0.6.3
[INFO] [stderr]    Compiling toml_datetime v0.6.3
[INFO] [stderr]    Compiling semver v1.0.17
[INFO] [stderr]    Compiling cargo-platform v0.1.2
[INFO] [stderr]    Compiling toml_edit v0.19.11
[INFO] [stderr]    Compiling schemafy_core v0.6.0
[INFO] [stderr]    Compiling cargo_metadata v0.15.4
[INFO] [stderr]    Compiling schemafy_lib v0.6.0
[INFO] [stderr]    Compiling serde-cyclonedx v0.8.4
[INFO] [stderr]    Compiling serde-spdx v0.8.4
[INFO] [stderr]    Compiling toml v0.7.5
[INFO] [stderr]    Compiling cargo-lock v9.0.0
[INFO] [stderr]    Compiling built v0.6.1
[INFO] [stderr]    Compiling cargo-sbom v0.8.4 (/opt/rustwide/workdir)
[INFO] [stderr]     Finished dev [unoptimized + debuginfo] target(s) in 17.16s
[INFO] running `Command { std: "docker" "inspect" "3c49a1e817558c91c5bb03772c8b3ed3a077163ec9efb51f911d98668825d4dc", kill_on_drop: false }`
[INFO] running `Command { std: "docker" "rm" "-f" "3c49a1e817558c91c5bb03772c8b3ed3a077163ec9efb51f911d98668825d4dc", kill_on_drop: false }`
[INFO] [stdout] 3c49a1e817558c91c5bb03772c8b3ed3a077163ec9efb51f911d98668825d4dc
[INFO] running `Command { std: "docker" "create" "-v" "/var/lib/crater-agent-workspace/builds/worker-4-tc1/target:/opt/rustwide/target:rw,Z" "-v" "/var/lib/crater-agent-workspace/builds/worker-4-tc1/source:/opt/rustwide/workdir:ro,Z" "-v" "/var/lib/crater-agent-workspace/cargo-home:/opt/rustwide/cargo-home:ro,Z" "-v" "/var/lib/crater-agent-workspace/rustup-home:/opt/rustwide/rustup-home:ro,Z" "-e" "SOURCE_DIR=/opt/rustwide/workdir" "-e" "CARGO_TARGET_DIR=/opt/rustwide/target" "-e" "CARGO_INCREMENTAL=0" "-e" "RUST_BACKTRACE=full" "-e" "RUSTFLAGS=--cap-lints=warn" "-e" "RUSTDOCFLAGS=--cap-lints=warn" "-e" "CARGO_HOME=/opt/rustwide/cargo-home" "-e" "RUSTUP_HOME=/opt/rustwide/rustup-home" "-w" "/opt/rustwide/workdir" "-m" "1610612736" "--user" "0:0" "--network" "none" "ghcr.io/rust-lang/crates-build-env/linux@sha256:2788e3201cd34a07e3172128adcd8b3090168a8e3bcc40d7c032b9dda1df7d1c" "/opt/rustwide/cargo-home/bin/cargo" "+1.75.0" "test" "--frozen" "--no-run" "--message-format=json", kill_on_drop: false }`
[INFO] [stdout] 641774676b7b3e0fe63cb9a50b9841bc6d8bfd8467164256d2750d2eb83cafc7
[INFO] running `Command { std: "docker" "start" "-a" "641774676b7b3e0fe63cb9a50b9841bc6d8bfd8467164256d2750d2eb83cafc7", kill_on_drop: false }`
[INFO] [stderr]    Compiling shared_child v1.0.0
[INFO] [stderr]    Compiling os_pipe v1.1.4
[INFO] [stderr]    Compiling duct v0.13.6
[INFO] [stderr]    Compiling duct_sh v0.13.6
[INFO] [stderr]    Compiling cargo-sbom v0.8.4 (/opt/rustwide/workdir)
[INFO] [stderr]     Finished test [unoptimized + debuginfo] target(s) in 1.33s
[INFO] running `Command { std: "docker" "inspect" "641774676b7b3e0fe63cb9a50b9841bc6d8bfd8467164256d2750d2eb83cafc7", kill_on_drop: false }`
[INFO] running `Command { std: "docker" "rm" "-f" "641774676b7b3e0fe63cb9a50b9841bc6d8bfd8467164256d2750d2eb83cafc7", kill_on_drop: false }`
[INFO] [stdout] 641774676b7b3e0fe63cb9a50b9841bc6d8bfd8467164256d2750d2eb83cafc7
[INFO] running `Command { std: "docker" "create" "-v" "/var/lib/crater-agent-workspace/builds/worker-4-tc1/target:/opt/rustwide/target:rw,Z" "-v" "/var/lib/crater-agent-workspace/builds/worker-4-tc1/source:/opt/rustwide/workdir:ro,Z" "-v" "/var/lib/crater-agent-workspace/cargo-home:/opt/rustwide/cargo-home:ro,Z" "-v" "/var/lib/crater-agent-workspace/rustup-home:/opt/rustwide/rustup-home:ro,Z" "-e" "SOURCE_DIR=/opt/rustwide/workdir" "-e" "CARGO_TARGET_DIR=/opt/rustwide/target" "-e" "CARGO_INCREMENTAL=0" "-e" "RUST_BACKTRACE=full" "-e" "RUSTFLAGS=--cap-lints=warn" "-e" "RUSTDOCFLAGS=--cap-lints=warn" "-e" "CARGO_HOME=/opt/rustwide/cargo-home" "-e" "RUSTUP_HOME=/opt/rustwide/rustup-home" "-w" "/opt/rustwide/workdir" "-m" "1610612736" "--user" "0:0" "--network" "none" "ghcr.io/rust-lang/crates-build-env/linux@sha256:2788e3201cd34a07e3172128adcd8b3090168a8e3bcc40d7c032b9dda1df7d1c" "/opt/rustwide/cargo-home/bin/cargo" "+1.75.0" "test" "--frozen", kill_on_drop: false }`
[INFO] [stdout] 83bb21994f536b84b6145c722a1ad5e2da753dcdea20b78a834005acc331acbd
[INFO] running `Command { std: "docker" "start" "-a" "83bb21994f536b84b6145c722a1ad5e2da753dcdea20b78a834005acc331acbd", kill_on_drop: false }`
[INFO] [stderr]     Finished test [unoptimized + debuginfo] target(s) in 0.07s
[INFO] [stderr]      Running unittests src/main.rs (/opt/rustwide/target/debug/deps/cargo_sbom-6b12581548d8cf79)
[INFO] [stdout] 
[INFO] [stdout] running 3 tests
[INFO] [stdout] test util::spdx::license::tests::test_and ... ok
[INFO] [stdout] test util::spdx::license::tests::test_or ... ok
[INFO] [stdout] test util::spdx::license::tests::test_precedence ... ok
[INFO] [stdout] 
[INFO] [stdout] test result: ok. 3 passed; 0 failed; 0 ignored; 0 measured; 0 filtered out; finished in 0.00s
[INFO] [stdout] 
[INFO] [stderr]      Running tests/spdx-test.rs (/opt/rustwide/target/debug/deps/spdx_test-bf181e4f17d39de0)
[INFO] [stdout] 
[INFO] [stdout] running 1 test
[INFO] [stdout] test test_spdx ... FAILED
[INFO] [stdout] 
[INFO] [stdout] failures:
[INFO] [stdout] 
[INFO] [stdout] ---- test_spdx stdout ----
[INFO] [stdout] Error: No such file or directory (os error 2)
[INFO] [stdout] 
[INFO] [stdout] 
[INFO] [stdout] failures:
[INFO] [stdout]     test_spdx
[INFO] [stdout] 
[INFO] [stdout] test result: FAILED. 0 passed; 1 failed; 0 ignored; 0 measured; 0 filtered out; finished in 0.00s
[INFO] [stdout] 
[INFO] [stderr] error: test failed, to rerun pass `--test spdx-test`
[INFO] running `Command { std: "docker" "inspect" "83bb21994f536b84b6145c722a1ad5e2da753dcdea20b78a834005acc331acbd", kill_on_drop: false }`
[INFO] running `Command { std: "docker" "rm" "-f" "83bb21994f536b84b6145c722a1ad5e2da753dcdea20b78a834005acc331acbd", kill_on_drop: false }`
[INFO] [stdout] 83bb21994f536b84b6145c722a1ad5e2da753dcdea20b78a834005acc331acbd
[INFO] testing cargo-sbom-0.8.4 against beta-2023-12-22 for beta-1.76-1
[INFO] extracting crate cargo-sbom 0.8.4 into /workspace/builds/worker-4-tc2/source
[INFO] validating manifest of crates.io crate cargo-sbom 0.8.4 on toolchain beta-2023-12-22
[INFO] running `Command { std: CARGO_HOME="/workspace/cargo-home" RUSTUP_HOME="/workspace/rustup-home" "/workspace/cargo-home/bin/cargo" "+beta-2023-12-22" "metadata" "--manifest-path" "Cargo.toml" "--no-deps", kill_on_drop: false }`
[INFO] started tweaking crates.io crate cargo-sbom 0.8.4
[INFO] finished tweaking crates.io crate cargo-sbom 0.8.4
[INFO] tweaked toml for crates.io crate cargo-sbom 0.8.4 written to /workspace/builds/worker-4-tc2/source/Cargo.toml
[INFO] crate crates.io crate cargo-sbom 0.8.4 already has a lockfile, it will not be regenerated
[INFO] running `Command { std: CARGO_HOME="/workspace/cargo-home" RUSTUP_HOME="/workspace/rustup-home" "/workspace/cargo-home/bin/cargo" "+beta-2023-12-22" "fetch" "--manifest-path" "Cargo.toml", kill_on_drop: false }`
[INFO] running `Command { std: "docker" "create" "-v" "/var/lib/crater-agent-workspace/builds/worker-4-tc2/target:/opt/rustwide/target:rw,Z" "-v" "/var/lib/crater-agent-workspace/builds/worker-4-tc2/source:/opt/rustwide/workdir:ro,Z" "-v" "/var/lib/crater-agent-workspace/cargo-home:/opt/rustwide/cargo-home:ro,Z" "-v" "/var/lib/crater-agent-workspace/rustup-home:/opt/rustwide/rustup-home:ro,Z" "-e" "SOURCE_DIR=/opt/rustwide/workdir" "-e" "CARGO_TARGET_DIR=/opt/rustwide/target" "-e" "CARGO_HOME=/opt/rustwide/cargo-home" "-e" "RUSTUP_HOME=/opt/rustwide/rustup-home" "-w" "/opt/rustwide/workdir" "-m" "1610612736" "--user" "0:0" "--network" "none" "ghcr.io/rust-lang/crates-build-env/linux@sha256:2788e3201cd34a07e3172128adcd8b3090168a8e3bcc40d7c032b9dda1df7d1c" "/opt/rustwide/cargo-home/bin/cargo" "+beta-2023-12-22" "metadata" "--no-deps" "--format-version=1", kill_on_drop: false }`
[INFO] [stdout] 8ee920c545620aca65111002fdd6e4051868148efd61cfe63312d948184ece28
[INFO] running `Command { std: "docker" "start" "-a" "8ee920c545620aca65111002fdd6e4051868148efd61cfe63312d948184ece28", kill_on_drop: false }`
[INFO] running `Command { std: "docker" "inspect" "8ee920c545620aca65111002fdd6e4051868148efd61cfe63312d948184ece28", kill_on_drop: false }`
[INFO] running `Command { std: "docker" "rm" "-f" "8ee920c545620aca65111002fdd6e4051868148efd61cfe63312d948184ece28", kill_on_drop: false }`
[INFO] [stdout] 8ee920c545620aca65111002fdd6e4051868148efd61cfe63312d948184ece28
[INFO] running `Command { std: "docker" "create" "-v" "/var/lib/crater-agent-workspace/builds/worker-4-tc2/target:/opt/rustwide/target:rw,Z" "-v" "/var/lib/crater-agent-workspace/builds/worker-4-tc2/source:/opt/rustwide/workdir:ro,Z" "-v" "/var/lib/crater-agent-workspace/cargo-home:/opt/rustwide/cargo-home:ro,Z" "-v" "/var/lib/crater-agent-workspace/rustup-home:/opt/rustwide/rustup-home:ro,Z" "-e" "SOURCE_DIR=/opt/rustwide/workdir" "-e" "CARGO_TARGET_DIR=/opt/rustwide/target" "-e" "CARGO_INCREMENTAL=0" "-e" "RUST_BACKTRACE=full" "-e" "RUSTFLAGS=--cap-lints=warn" "-e" "RUSTDOCFLAGS=--cap-lints=warn" "-e" "CARGO_HOME=/opt/rustwide/cargo-home" "-e" "RUSTUP_HOME=/opt/rustwide/rustup-home" "-w" "/opt/rustwide/workdir" "-m" "1610612736" "--user" "0:0" "--network" "none" "ghcr.io/rust-lang/crates-build-env/linux@sha256:2788e3201cd34a07e3172128adcd8b3090168a8e3bcc40d7c032b9dda1df7d1c" "/opt/rustwide/cargo-home/bin/cargo" "+beta-2023-12-22" "build" "--frozen" "--message-format=json", kill_on_drop: false }`
[INFO] [stdout] 6283c2ac67c01e98e6015a289d21f2f56a55793095800a110dea06358a6dd214
[INFO] running `Command { std: "docker" "start" "-a" "6283c2ac67c01e98e6015a289d21f2f56a55793095800a110dea06358a6dd214", kill_on_drop: false }`
[INFO] [stderr]    Compiling proc-macro2 v1.0.63
[INFO] [stderr]    Compiling unicode-ident v1.0.10
[INFO] [stderr]    Compiling quote v1.0.29
[INFO] [stderr]    Compiling serde v1.0.166
[INFO] [stderr]    Compiling syn v1.0.109
[INFO] [stderr]    Compiling fnv v1.0.7
[INFO] [stderr]    Compiling serde_json v1.0.99
[INFO] [stderr]    Compiling ryu v1.0.14
[INFO] [stderr]    Compiling itoa v1.0.8
[INFO] [stderr]    Compiling regex-syntax v0.7.2
[INFO] [stderr]    Compiling lazy_static v1.4.0
[INFO] [stderr]    Compiling prettyplease v0.1.25
[INFO] [stderr]    Compiling tinyvec_macros v0.1.1
[INFO] [stderr]    Compiling memchr v2.5.0
[INFO] [stderr]    Compiling anyhow v1.0.71
[INFO] [stderr]    Compiling rustix v0.38.2
[INFO] [stderr]    Compiling tinyvec v1.6.0
[INFO] [stderr]    Compiling uriparse v0.6.4
[INFO] [stderr]    Compiling equivalent v1.0.0
[INFO] [stderr]    Compiling percent-encoding v2.3.0
[INFO] [stderr]    Compiling hashbrown v0.14.0
[INFO] [stderr]    Compiling winnow v0.4.7
[INFO] [stderr]    Compiling bitflags v2.3.3
[INFO] [stderr]    Compiling thiserror v1.0.40
[INFO] [stderr]    Compiling libc v0.2.147
[INFO] [stderr]    Compiling linux-raw-sys v0.4.3
[INFO] [stderr]    Compiling unicode-bidi v0.3.13
[INFO] [stderr]    Compiling form_urlencoded v1.2.0
[INFO] [stderr]    Compiling anstyle-parse v0.2.1
[INFO] [stderr]    Compiling anstyle v1.0.1
[INFO] [stderr]    Compiling aho-corasick v1.0.2
[INFO] [stderr]    Compiling colorchoice v1.0.0
[INFO] [stderr]    Compiling anstyle-query v1.0.0
[INFO] [stderr]    Compiling num-traits v0.2.15
[INFO] [stderr]    Compiling indexmap v1.9.3
[INFO] [stderr]    Compiling camino v1.1.4
[INFO] [stderr]    Compiling doc-comment v0.3.3
[INFO] [stderr]    Compiling indexmap v2.0.0
[INFO] [stderr]    Compiling clap_lex v0.5.0
[INFO] [stderr]    Compiling heck v0.4.1
[INFO] [stderr]    Compiling unicode-normalization v0.1.22
[INFO] [stderr]    Compiling once_cell v1.18.0
[INFO] [stderr]    Compiling fixedbitset v0.4.2
[INFO] [stderr]    Compiling iana-time-zone v0.1.57
[INFO] [stderr]    Compiling syn v2.0.23
[INFO] [stderr]    Compiling spdx v0.10.1
[INFO] [stderr]    Compiling whoami v1.4.1
[INFO] [stderr]    Compiling idna v0.4.0
[INFO] [stderr]    Compiling petgraph v0.6.3
[INFO] [stderr]    Compiling is-terminal v0.4.8
[INFO] [stderr]    Compiling anstream v0.3.2
[INFO] [stderr]    Compiling clap_builder v4.3.10
[INFO] [stderr]    Compiling url v2.4.0
[INFO] [stderr]    Compiling getrandom v0.2.10
[INFO] [stderr]    Compiling time v0.1.45
[INFO] [stderr]    Compiling regex v1.8.4
[INFO] [stderr]    Compiling uuid v1.4.0
[INFO] [stderr]    Compiling chrono v0.4.26
[INFO] [stderr]    Compiling Inflector v0.11.4
[INFO] [stderr]    Compiling darling_core v0.14.4
[INFO] [stderr]    Compiling serde_derive v1.0.166
[INFO] [stderr]    Compiling thiserror-impl v1.0.40
[INFO] [stderr]    Compiling clap_derive v4.3.2
[INFO] [stderr]    Compiling packageurl v0.3.0
[INFO] [stderr]    Compiling darling_macro v0.14.4
[INFO] [stderr]    Compiling clap v4.3.10
[INFO] [stderr]    Compiling clap-cargo v0.10.0
[INFO] [stderr]    Compiling darling v0.14.4
[INFO] [stderr]    Compiling derive_builder_core v0.12.0
[INFO] [stderr]    Compiling derive_builder_macro v0.12.0
[INFO] [stderr]    Compiling derive_builder v0.12.0
[INFO] [stderr]    Compiling toml_datetime v0.6.3
[INFO] [stderr]    Compiling serde_spanned v0.6.3
[INFO] [stderr]    Compiling semver v1.0.17
[INFO] [stderr]    Compiling cargo-platform v0.1.2
[INFO] [stderr]    Compiling toml_edit v0.19.11
[INFO] [stderr]    Compiling schemafy_core v0.6.0
[INFO] [stderr]    Compiling cargo_metadata v0.15.4
[INFO] [stderr]    Compiling schemafy_lib v0.6.0
[INFO] [stderr]    Compiling serde-cyclonedx v0.8.4
[INFO] [stderr]    Compiling serde-spdx v0.8.4
[INFO] [stderr]    Compiling toml v0.7.5
[INFO] [stderr]    Compiling cargo-lock v9.0.0
[INFO] [stderr]    Compiling built v0.6.1
[INFO] [stderr]    Compiling cargo-sbom v0.8.4 (/opt/rustwide/workdir)
[INFO] [stderr]     Finished dev [unoptimized + debuginfo] target(s) in 17.50s
[INFO] running `Command { std: "docker" "inspect" "6283c2ac67c01e98e6015a289d21f2f56a55793095800a110dea06358a6dd214", kill_on_drop: false }`
[INFO] running `Command { std: "docker" "rm" "-f" "6283c2ac67c01e98e6015a289d21f2f56a55793095800a110dea06358a6dd214", kill_on_drop: false }`
[INFO] [stdout] 6283c2ac67c01e98e6015a289d21f2f56a55793095800a110dea06358a6dd214
[INFO] running `Command { std: "docker" "create" "-v" "/var/lib/crater-agent-workspace/builds/worker-4-tc2/target:/opt/rustwide/target:rw,Z" "-v" "/var/lib/crater-agent-workspace/builds/worker-4-tc2/source:/opt/rustwide/workdir:ro,Z" "-v" "/var/lib/crater-agent-workspace/cargo-home:/opt/rustwide/cargo-home:ro,Z" "-v" "/var/lib/crater-agent-workspace/rustup-home:/opt/rustwide/rustup-home:ro,Z" "-e" "SOURCE_DIR=/opt/rustwide/workdir" "-e" "CARGO_TARGET_DIR=/opt/rustwide/target" "-e" "CARGO_INCREMENTAL=0" "-e" "RUST_BACKTRACE=full" "-e" "RUSTFLAGS=--cap-lints=warn" "-e" "RUSTDOCFLAGS=--cap-lints=warn" "-e" "CARGO_HOME=/opt/rustwide/cargo-home" "-e" "RUSTUP_HOME=/opt/rustwide/rustup-home" "-w" "/opt/rustwide/workdir" "-m" "1610612736" "--user" "0:0" "--network" "none" "ghcr.io/rust-lang/crates-build-env/linux@sha256:2788e3201cd34a07e3172128adcd8b3090168a8e3bcc40d7c032b9dda1df7d1c" "/opt/rustwide/cargo-home/bin/cargo" "+beta-2023-12-22" "test" "--frozen" "--no-run" "--message-format=json", kill_on_drop: false }`
[INFO] [stdout] 83e7363bd32ad169ef3dd9170dc1168905f50d166abc22a338856226f6f79f91
[INFO] running `Command { std: "docker" "start" "-a" "83e7363bd32ad169ef3dd9170dc1168905f50d166abc22a338856226f6f79f91", kill_on_drop: false }`
[INFO] [stderr]    Compiling os_pipe v1.1.4
[INFO] [stderr]    Compiling shared_child v1.0.0
[INFO] [stderr]    Compiling duct v0.13.6
[INFO] [stderr]    Compiling duct_sh v0.13.6
[INFO] [stderr]    Compiling cargo-sbom v0.8.4 (/opt/rustwide/workdir)
[INFO] [stderr]     Finished test [unoptimized + debuginfo] target(s) in 1.16s
[INFO] running `Command { std: "docker" "inspect" "83e7363bd32ad169ef3dd9170dc1168905f50d166abc22a338856226f6f79f91", kill_on_drop: false }`
[INFO] running `Command { std: "docker" "rm" "-f" "83e7363bd32ad169ef3dd9170dc1168905f50d166abc22a338856226f6f79f91", kill_on_drop: false }`
[INFO] [stdout] 83e7363bd32ad169ef3dd9170dc1168905f50d166abc22a338856226f6f79f91
[INFO] running `Command { std: "docker" "create" "-v" "/var/lib/crater-agent-workspace/builds/worker-4-tc2/target:/opt/rustwide/target:rw,Z" "-v" "/var/lib/crater-agent-workspace/builds/worker-4-tc2/source:/opt/rustwide/workdir:ro,Z" "-v" "/var/lib/crater-agent-workspace/cargo-home:/opt/rustwide/cargo-home:ro,Z" "-v" "/var/lib/crater-agent-workspace/rustup-home:/opt/rustwide/rustup-home:ro,Z" "-e" "SOURCE_DIR=/opt/rustwide/workdir" "-e" "CARGO_TARGET_DIR=/opt/rustwide/target" "-e" "CARGO_INCREMENTAL=0" "-e" "RUST_BACKTRACE=full" "-e" "RUSTFLAGS=--cap-lints=warn" "-e" "RUSTDOCFLAGS=--cap-lints=warn" "-e" "CARGO_HOME=/opt/rustwide/cargo-home" "-e" "RUSTUP_HOME=/opt/rustwide/rustup-home" "-w" "/opt/rustwide/workdir" "-m" "1610612736" "--user" "0:0" "--network" "none" "ghcr.io/rust-lang/crates-build-env/linux@sha256:2788e3201cd34a07e3172128adcd8b3090168a8e3bcc40d7c032b9dda1df7d1c" "/opt/rustwide/cargo-home/bin/cargo" "+beta-2023-12-22" "test" "--frozen", kill_on_drop: false }`
[INFO] [stdout] 7af12ea185d62543c7a51b6736408844cb9b20517ecc721794776d267aec3031
[INFO] running `Command { std: "docker" "start" "-a" "7af12ea185d62543c7a51b6736408844cb9b20517ecc721794776d267aec3031", kill_on_drop: false }`
[INFO] [stderr]     Finished test [unoptimized + debuginfo] target(s) in 0.06s
[INFO] [stderr]      Running unittests src/main.rs (/opt/rustwide/target/debug/deps/cargo_sbom-147cbd7702a7672d)
[INFO] [stdout] 
[INFO] [stdout] running 3 tests
[INFO] [stdout] test util::spdx::license::tests::test_or ... ok
[INFO] [stdout] test util::spdx::license::tests::test_and ... ok
[INFO] [stdout] test util::spdx::license::tests::test_precedence ... ok
[INFO] [stdout] 
[INFO] [stdout] test result: ok. 3 passed; 0 failed; 0 ignored; 0 measured; 0 filtered out; finished in 0.00s
[INFO] [stdout] 
[INFO] [stderr]      Running tests/spdx-test.rs (/opt/rustwide/target/debug/deps/spdx_test-e4346bf7d3d1e2a2)
[INFO] [stdout] 
[INFO] [stdout] running 1 test
[INFO] [stdout] test test_spdx ... FAILED
[INFO] [stdout] 
[INFO] [stdout] failures:
[INFO] [stdout] 
[INFO] [stdout] ---- test_spdx stdout ----
[INFO] [stdout] Error: No such file or directory (os error 2)
[INFO] [stdout] 
[INFO] [stdout] 
[INFO] [stdout] failures:
[INFO] [stdout]     test_spdx
[INFO] [stdout] 
[INFO] [stdout] test result: FAILED. 0 passed; 1 failed; 0 ignored; 0 measured; 0 filtered out; finished in 0.00s
[INFO] [stdout] 
[INFO] [stderr] error: test failed, to rerun pass `--test spdx-test`
[INFO] running `Command { std: "docker" "inspect" "7af12ea185d62543c7a51b6736408844cb9b20517ecc721794776d267aec3031", kill_on_drop: false }`
[INFO] running `Command { std: "docker" "rm" "-f" "7af12ea185d62543c7a51b6736408844cb9b20517ecc721794776d267aec3031", kill_on_drop: false }`
[INFO] [stdout] 7af12ea185d62543c7a51b6736408844cb9b20517ecc721794776d267aec3031
