[INFO] fetching crate cargo-liner 0.4.1...
[INFO] testing cargo-liner-0.4.1 against 1.75.0 for beta-1.76-1
[INFO] extracting crate cargo-liner 0.4.1 into /workspace/builds/worker-7-tc1/source
[INFO] validating manifest of crates.io crate cargo-liner 0.4.1 on toolchain 1.75.0
[INFO] running `Command { std: CARGO_HOME="/workspace/cargo-home" RUSTUP_HOME="/workspace/rustup-home" "/workspace/cargo-home/bin/cargo" "+1.75.0" "metadata" "--manifest-path" "Cargo.toml" "--no-deps", kill_on_drop: false }`
[INFO] started tweaking crates.io crate cargo-liner 0.4.1
[INFO] finished tweaking crates.io crate cargo-liner 0.4.1
[INFO] tweaked toml for crates.io crate cargo-liner 0.4.1 written to /workspace/builds/worker-7-tc1/source/Cargo.toml
[INFO] crate crates.io crate cargo-liner 0.4.1 already has a lockfile, it will not be regenerated
[INFO] running `Command { std: CARGO_HOME="/workspace/cargo-home" RUSTUP_HOME="/workspace/rustup-home" "/workspace/cargo-home/bin/cargo" "+1.75.0" "fetch" "--manifest-path" "Cargo.toml", kill_on_drop: false }`
[INFO] [stderr]  Downloading crates ...
[INFO] [stderr]   Downloaded indoc v2.0.4
[INFO] [stderr]   Downloaded clap_derive v4.3.12
[INFO] [stderr]   Downloaded terminal_size v0.2.6
[INFO] [stderr]   Downloaded anstyle-wincon v1.0.2
[INFO] [stderr]   Downloaded clap v4.3.24
[INFO] [stderr]   Downloaded clap_builder v4.3.24
[INFO] [stderr]   Downloaded regex-automata v0.3.8
[INFO] [stderr]   Downloaded rustix v0.38.14
[INFO] [stderr]   Downloaded syn v2.0.37
[INFO] [stderr]   Downloaded regex v1.9.5
[INFO] [stderr]   Downloaded pretty_env_logger v0.5.0
[INFO] running `Command { std: "docker" "create" "-v" "/var/lib/crater-agent-workspace/builds/worker-7-tc1/target:/opt/rustwide/target:rw,Z" "-v" "/var/lib/crater-agent-workspace/builds/worker-7-tc1/source:/opt/rustwide/workdir:ro,Z" "-v" "/var/lib/crater-agent-workspace/cargo-home:/opt/rustwide/cargo-home:ro,Z" "-v" "/var/lib/crater-agent-workspace/rustup-home:/opt/rustwide/rustup-home:ro,Z" "-e" "SOURCE_DIR=/opt/rustwide/workdir" "-e" "CARGO_TARGET_DIR=/opt/rustwide/target" "-e" "CARGO_HOME=/opt/rustwide/cargo-home" "-e" "RUSTUP_HOME=/opt/rustwide/rustup-home" "-w" "/opt/rustwide/workdir" "-m" "1610612736" "--user" "0:0" "--network" "none" "ghcr.io/rust-lang/crates-build-env/linux@sha256:2788e3201cd34a07e3172128adcd8b3090168a8e3bcc40d7c032b9dda1df7d1c" "/opt/rustwide/cargo-home/bin/cargo" "+1.75.0" "metadata" "--no-deps" "--format-version=1", kill_on_drop: false }`
[INFO] [stdout] 21e8c7cd8b23c7e88601cfff80e31ac3a1bfa5d47b898b38dad85f54f6b8b985
[INFO] running `Command { std: "docker" "start" "-a" "21e8c7cd8b23c7e88601cfff80e31ac3a1bfa5d47b898b38dad85f54f6b8b985", kill_on_drop: false }`
[INFO] running `Command { std: "docker" "inspect" "21e8c7cd8b23c7e88601cfff80e31ac3a1bfa5d47b898b38dad85f54f6b8b985", kill_on_drop: false }`
[INFO] running `Command { std: "docker" "rm" "-f" "21e8c7cd8b23c7e88601cfff80e31ac3a1bfa5d47b898b38dad85f54f6b8b985", kill_on_drop: false }`
[INFO] [stdout] 21e8c7cd8b23c7e88601cfff80e31ac3a1bfa5d47b898b38dad85f54f6b8b985
[INFO] running `Command { std: "docker" "create" "-v" "/var/lib/crater-agent-workspace/builds/worker-7-tc1/target:/opt/rustwide/target:rw,Z" "-v" "/var/lib/crater-agent-workspace/builds/worker-7-tc1/source:/opt/rustwide/workdir:ro,Z" "-v" "/var/lib/crater-agent-workspace/cargo-home:/opt/rustwide/cargo-home:ro,Z" "-v" "/var/lib/crater-agent-workspace/rustup-home:/opt/rustwide/rustup-home:ro,Z" "-e" "SOURCE_DIR=/opt/rustwide/workdir" "-e" "CARGO_TARGET_DIR=/opt/rustwide/target" "-e" "CARGO_INCREMENTAL=0" "-e" "RUST_BACKTRACE=full" "-e" "RUSTFLAGS=--cap-lints=warn" "-e" "RUSTDOCFLAGS=--cap-lints=warn" "-e" "CARGO_HOME=/opt/rustwide/cargo-home" "-e" "RUSTUP_HOME=/opt/rustwide/rustup-home" "-w" "/opt/rustwide/workdir" "-m" "1610612736" "--user" "0:0" "--network" "none" "ghcr.io/rust-lang/crates-build-env/linux@sha256:2788e3201cd34a07e3172128adcd8b3090168a8e3bcc40d7c032b9dda1df7d1c" "/opt/rustwide/cargo-home/bin/cargo" "+1.75.0" "build" "--frozen" "--message-format=json", kill_on_drop: false }`
[INFO] [stdout] 3e2f752e51d7d77a7d4569ae9008812e401a413fa554ccfd85cc28042dd69a16
[INFO] running `Command { std: "docker" "start" "-a" "3e2f752e51d7d77a7d4569ae9008812e401a413fa554ccfd85cc28042dd69a16", kill_on_drop: false }`
[INFO] [stderr]    Compiling proc-macro2 v1.0.67
[INFO] [stderr]    Compiling serde v1.0.188
[INFO] [stderr]    Compiling rustix v0.38.14
[INFO] [stderr]    Compiling linux-raw-sys v0.4.7
[INFO] [stderr]    Compiling libc v0.2.148
[INFO] [stderr]    Compiling io-lifetimes v1.0.11
[INFO] [stderr]    Compiling memchr v2.6.3
[INFO] [stderr]    Compiling rustix v0.37.23
[INFO] [stderr]    Compiling linux-raw-sys v0.3.8
[INFO] [stderr]    Compiling regex-syntax v0.7.5
[INFO] [stderr]    Compiling hashbrown v0.14.0
[INFO] [stderr]    Compiling equivalent v1.0.1
[INFO] [stderr]    Compiling anstyle v1.0.3
[INFO] [stderr]    Compiling semver v1.0.18
[INFO] [stderr]    Compiling clap_lex v0.5.1
[INFO] [stderr]    Compiling termcolor v1.3.0
[INFO] [stderr]    Compiling winnow v0.5.15
[INFO] [stderr]    Compiling anyhow v1.0.75
[INFO] [stderr]    Compiling humantime v2.1.0
[INFO] [stderr]    Compiling home v0.5.5
[INFO] [stderr]    Compiling indexmap v2.0.0
[INFO] [stderr]    Compiling aho-corasick v1.1.1
[INFO] [stderr]    Compiling quote v1.0.33
[INFO] [stderr]    Compiling syn v2.0.37
[INFO] [stderr]    Compiling is-terminal v0.4.9
[INFO] [stderr]    Compiling anstream v0.3.2
[INFO] [stderr]    Compiling regex-automata v0.3.8
[INFO] [stderr]    Compiling terminal_size v0.2.6
[INFO] [stderr]    Compiling clap_builder v4.3.24
[INFO] [stderr]    Compiling serde_derive v1.0.188
[INFO] [stderr]    Compiling clap_derive v4.3.12
[INFO] [stderr]    Compiling regex v1.9.5
[INFO] [stderr]    Compiling clap v4.3.24
[INFO] [stderr]    Compiling serde_spanned v0.6.3
[INFO] [stderr]    Compiling toml_datetime v0.6.3
[INFO] [stderr]    Compiling log v0.4.20
[INFO] [stderr]    Compiling toml_edit v0.19.15
[INFO] [stderr]    Compiling env_logger v0.10.0
[INFO] [stderr]    Compiling pretty_env_logger v0.5.0
[INFO] [stderr]    Compiling toml v0.7.8
[INFO] [stderr]    Compiling cargo-liner v0.4.1 (/opt/rustwide/workdir)
[INFO] [stdout] warning: `&` without an explicit lifetime name cannot be used here
[INFO] [stdout]   --> src/config/cargo_crates_toml.rs:22:26
[INFO] [stdout]    |
[INFO] [stdout] 22 |     pub const FILE_NAME: &str = ".crates.toml";
[INFO] [stdout]    |                          ^
[INFO] [stdout]    |
[INFO] [stdout]    = warning: this was previously accepted by the compiler but is being phased out; it will become a hard error in a future release!
[INFO] [stdout]    = note: for more information, see issue #115010 <https://github.com/rust-lang/rust/issues/115010>
[INFO] [stdout]    = note: `#[warn(elided_lifetimes_in_associated_constant)]` on by default
[INFO] [stdout] help: use the `'static` lifetime
[INFO] [stdout]    |
[INFO] [stdout] 22 |     pub const FILE_NAME: &'static str = ".crates.toml";
[INFO] [stdout]    |                           +++++++
[INFO] [stdout] 
[INFO] [stdout] 
[INFO] [stdout] warning: `&` without an explicit lifetime name cannot be used here
[INFO] [stdout]   --> src/config/user_config.rs:22:26
[INFO] [stdout]    |
[INFO] [stdout] 22 |     pub const FILE_NAME: &str = "liner.toml";
[INFO] [stdout]    |                          ^
[INFO] [stdout]    |
[INFO] [stdout]    = warning: this was previously accepted by the compiler but is being phased out; it will become a hard error in a future release!
[INFO] [stdout]    = note: for more information, see issue #115010 <https://github.com/rust-lang/rust/issues/115010>
[INFO] [stdout] help: use the `'static` lifetime
[INFO] [stdout]    |
[INFO] [stdout] 22 |     pub const FILE_NAME: &'static str = "liner.toml";
[INFO] [stdout]    |                           +++++++
[INFO] [stdout] 
[INFO] [stdout] 
[INFO] [stdout] warning: 2 warnings emitted
[INFO] [stdout] 
[INFO] [stdout] 
[INFO] [stderr]     Finished dev [unoptimized + debuginfo] target(s) in 17.93s
[INFO] running `Command { std: "docker" "inspect" "3e2f752e51d7d77a7d4569ae9008812e401a413fa554ccfd85cc28042dd69a16", kill_on_drop: false }`
[INFO] running `Command { std: "docker" "rm" "-f" "3e2f752e51d7d77a7d4569ae9008812e401a413fa554ccfd85cc28042dd69a16", kill_on_drop: false }`
[INFO] [stdout] 3e2f752e51d7d77a7d4569ae9008812e401a413fa554ccfd85cc28042dd69a16
[INFO] running `Command { std: "docker" "create" "-v" "/var/lib/crater-agent-workspace/builds/worker-7-tc1/target:/opt/rustwide/target:rw,Z" "-v" "/var/lib/crater-agent-workspace/builds/worker-7-tc1/source:/opt/rustwide/workdir:ro,Z" "-v" "/var/lib/crater-agent-workspace/cargo-home:/opt/rustwide/cargo-home:ro,Z" "-v" "/var/lib/crater-agent-workspace/rustup-home:/opt/rustwide/rustup-home:ro,Z" "-e" "SOURCE_DIR=/opt/rustwide/workdir" "-e" "CARGO_TARGET_DIR=/opt/rustwide/target" "-e" "CARGO_INCREMENTAL=0" "-e" "RUST_BACKTRACE=full" "-e" "RUSTFLAGS=--cap-lints=warn" "-e" "RUSTDOCFLAGS=--cap-lints=warn" "-e" "CARGO_HOME=/opt/rustwide/cargo-home" "-e" "RUSTUP_HOME=/opt/rustwide/rustup-home" "-w" "/opt/rustwide/workdir" "-m" "1610612736" "--user" "0:0" "--network" "none" "ghcr.io/rust-lang/crates-build-env/linux@sha256:2788e3201cd34a07e3172128adcd8b3090168a8e3bcc40d7c032b9dda1df7d1c" "/opt/rustwide/cargo-home/bin/cargo" "+1.75.0" "test" "--frozen" "--no-run" "--message-format=json", kill_on_drop: false }`
[INFO] [stdout] 8ccdc094433c259a7fdb0b47e9239dc0038185bd77838e4ef9a51609866c1325
[INFO] running `Command { std: "docker" "start" "-a" "8ccdc094433c259a7fdb0b47e9239dc0038185bd77838e4ef9a51609866c1325", kill_on_drop: false }`
[INFO] [stderr]    Compiling indoc v2.0.4
[INFO] [stderr]    Compiling cargo-liner v0.4.1 (/opt/rustwide/workdir)
[INFO] [stdout] warning: `&` without an explicit lifetime name cannot be used here
[INFO] [stdout]   --> src/config/cargo_crates_toml.rs:22:26
[INFO] [stdout]    |
[INFO] [stdout] 22 |     pub const FILE_NAME: &str = ".crates.toml";
[INFO] [stdout]    |                          ^
[INFO] [stdout]    |
[INFO] [stdout]    = warning: this was previously accepted by the compiler but is being phased out; it will become a hard error in a future release!
[INFO] [stdout]    = note: for more information, see issue #115010 <https://github.com/rust-lang/rust/issues/115010>
[INFO] [stdout]    = note: `#[warn(elided_lifetimes_in_associated_constant)]` on by default
[INFO] [stdout] help: use the `'static` lifetime
[INFO] [stdout]    |
[INFO] [stdout] 22 |     pub const FILE_NAME: &'static str = ".crates.toml";
[INFO] [stdout]    |                           +++++++
[INFO] [stdout] 
[INFO] [stdout] 
[INFO] [stdout] warning: `&` without an explicit lifetime name cannot be used here
[INFO] [stdout]   --> src/config/user_config.rs:22:26
[INFO] [stdout]    |
[INFO] [stdout] 22 |     pub const FILE_NAME: &str = "liner.toml";
[INFO] [stdout]    |                          ^
[INFO] [stdout]    |
[INFO] [stdout]    = warning: this was previously accepted by the compiler but is being phased out; it will become a hard error in a future release!
[INFO] [stdout]    = note: for more information, see issue #115010 <https://github.com/rust-lang/rust/issues/115010>
[INFO] [stdout] help: use the `'static` lifetime
[INFO] [stdout]    |
[INFO] [stdout] 22 |     pub const FILE_NAME: &'static str = "liner.toml";
[INFO] [stdout]    |                           +++++++
[INFO] [stdout] 
[INFO] [stdout] 
[INFO] [stdout] warning: 2 warnings emitted
[INFO] [stdout] 
[INFO] [stdout] 
[INFO] [stderr]     Finished test [unoptimized + debuginfo] target(s) in 3.89s
[INFO] running `Command { std: "docker" "inspect" "8ccdc094433c259a7fdb0b47e9239dc0038185bd77838e4ef9a51609866c1325", kill_on_drop: false }`
[INFO] running `Command { std: "docker" "rm" "-f" "8ccdc094433c259a7fdb0b47e9239dc0038185bd77838e4ef9a51609866c1325", kill_on_drop: false }`
[INFO] [stdout] 8ccdc094433c259a7fdb0b47e9239dc0038185bd77838e4ef9a51609866c1325
[INFO] running `Command { std: "docker" "create" "-v" "/var/lib/crater-agent-workspace/builds/worker-7-tc1/target:/opt/rustwide/target:rw,Z" "-v" "/var/lib/crater-agent-workspace/builds/worker-7-tc1/source:/opt/rustwide/workdir:ro,Z" "-v" "/var/lib/crater-agent-workspace/cargo-home:/opt/rustwide/cargo-home:ro,Z" "-v" "/var/lib/crater-agent-workspace/rustup-home:/opt/rustwide/rustup-home:ro,Z" "-e" "SOURCE_DIR=/opt/rustwide/workdir" "-e" "CARGO_TARGET_DIR=/opt/rustwide/target" "-e" "CARGO_INCREMENTAL=0" "-e" "RUST_BACKTRACE=full" "-e" "RUSTFLAGS=--cap-lints=warn" "-e" "RUSTDOCFLAGS=--cap-lints=warn" "-e" "CARGO_HOME=/opt/rustwide/cargo-home" "-e" "RUSTUP_HOME=/opt/rustwide/rustup-home" "-w" "/opt/rustwide/workdir" "-m" "1610612736" "--user" "0:0" "--network" "none" "ghcr.io/rust-lang/crates-build-env/linux@sha256:2788e3201cd34a07e3172128adcd8b3090168a8e3bcc40d7c032b9dda1df7d1c" "/opt/rustwide/cargo-home/bin/cargo" "+1.75.0" "test" "--frozen", kill_on_drop: false }`
[INFO] [stdout] 67a32cc779ca708071caa91da0d7d8e580fd820536912f853083f5f94002b853
[INFO] running `Command { std: "docker" "start" "-a" "67a32cc779ca708071caa91da0d7d8e580fd820536912f853083f5f94002b853", kill_on_drop: false }`
[INFO] [stderr] warning: `&` without an explicit lifetime name cannot be used here
[INFO] [stderr]   --> src/config/cargo_crates_toml.rs:22:26
[INFO] [stderr]    |
[INFO] [stderr] 22 |     pub const FILE_NAME: &str = ".crates.toml";
[INFO] [stderr]    |                          ^
[INFO] [stderr]    |
[INFO] [stderr]    = warning: this was previously accepted by the compiler but is being phased out; it will become a hard error in a future release!
[INFO] [stderr]    = note: for more information, see issue #115010 <https://github.com/rust-lang/rust/issues/115010>
[INFO] [stderr]    = note: `#[warn(elided_lifetimes_in_associated_constant)]` on by default
[INFO] [stderr] help: use the `'static` lifetime
[INFO] [stderr]    |
[INFO] [stderr] 22 |     pub const FILE_NAME: &'static str = ".crates.toml";
[INFO] [stderr]    |                           +++++++
[INFO] [stderr] 
[INFO] [stderr] warning: `&` without an explicit lifetime name cannot be used here
[INFO] [stderr]   --> src/config/user_config.rs:22:26
[INFO] [stderr]    |
[INFO] [stderr] 22 |     pub const FILE_NAME: &str = "liner.toml";
[INFO] [stderr]    |                          ^
[INFO] [stderr]    |
[INFO] [stderr]    = warning: this was previously accepted by the compiler but is being phased out; it will become a hard error in a future release!
[INFO] [stderr]    = note: for more information, see issue #115010 <https://github.com/rust-lang/rust/issues/115010>
[INFO] [stderr] help: use the `'static` lifetime
[INFO] [stderr]    |
[INFO] [stderr] 22 |     pub const FILE_NAME: &'static str = "liner.toml";
[INFO] [stderr]    |                           +++++++
[INFO] [stderr] 
[INFO] [stderr] warning: `cargo-liner` (bin "cargo-liner" test) generated 2 warnings (run `cargo fix --bin "cargo-liner" --tests` to apply 2 suggestions)
[INFO] [stderr]     Finished test [unoptimized + debuginfo] target(s) in 0.04s
[INFO] [stderr]      Running unittests src/main.rs (/opt/rustwide/target/debug/deps/cargo_liner-c0016ce43658f066)
[INFO] [stdout] 
[INFO] [stdout] running 72 tests
[INFO] [stdout] test cli::tests::test_import ... ok
[INFO] [stdout] test cargo::tests::test_configget_withenv_installroot ... ok
[INFO] [stdout] test cli::tests::test_import_comp_force ... ok
[INFO] [stdout] test cli::tests::test_import_comp_keepself ... ok
[INFO] [stdout] test cli::tests::test_import_comp ... ok
[INFO] [stdout] test cli::tests::test_import_comp_patch_iserr ... ok
[INFO] [stdout] test cli::tests::test_import_exact_comp_iserr ... ok
[INFO] [stdout] test cli::tests::test_help_iserr ... ok
[INFO] [stdout] test cli::tests::test_import_exact_patch_iserr ... ok
[INFO] [stdout] test cli::tests::test_import_comp_force_keepself ... ok
[INFO] [stdout] test cli::tests::test_import_exact_force_keepself ... ok
[INFO] [stdout] test cli::tests::test_import_exact_keepself ... ok
[INFO] [stdout] test cli::tests::test_import_keepself ... ok
[INFO] [stdout] test cli::tests::test_import_exact ... ok
[INFO] [stdout] test cli::tests::test_import_force ... ok
[INFO] [stdout] test cli::tests::test_import_exact_force ... ok
[INFO] [stdout] test cli::tests::test_import_patch_force ... ok
[INFO] [stdout] test cli::tests::test_import_patch_keepself ... ok
[INFO] [stdout] test cli::tests::test_import_force_keepself ... ok
[INFO] [stdout] test cli::tests::test_quiet_verbose_iserr ... ok
[INFO] [stdout] test cli::tests::test_ship ... ok
[INFO] [stdout] test cli::tests::test_import_patch ... ok
[INFO] [stdout] test cli::tests::test_no_args ... ok
[INFO] [stdout] test cli::tests::test_ship_noselfupdate ... ok
[INFO] [stdout] test cli::tests::test_ship_force ... ok
[INFO] [stdout] test cli::tests::test_ship_onlyselfupdate ... ok
[INFO] [stdout] test cli::tests::test_ship_noandonlyself_iserr ... ok
[INFO] [stdout] test cli::tests::test_ship_skipcheck ... ok
[INFO] [stdout] test cli::tests::test_import_patch_force_keepself ... ok
[INFO] [stdout] test cli::tests::test_quiet ... ok
[INFO] [stdout] test config::cargo_crates_toml::tests::test_cargocrates_intocompcfg_noself ... ok
[INFO] [stdout] test config::cargo_crates_toml::tests::test_cargocrates_intocompcfg_keepself ... ok
[INFO] [stdout] test config::cargo_crates_toml::tests::test_cargocrates_intoexactcfg_keepself ... ok
[INFO] [stdout] test config::cargo_crates_toml::tests::test_cargocrates_intoexactcfg_noself ... ok
[INFO] [stdout] test config::cargo_crates_toml::tests::test_cargocrates_intopatchcfg_keepself ... ok
[INFO] [stdout] test config::cargo_crates_toml::tests::test_cargocrates_intopatchcfg_noself ... ok
[INFO] [stdout] test cli::tests::test_version_iserr ... ok
[INFO] [stdout] test cli::tests::test_verbose ... ok
[INFO] [stdout] test config::cargo_crates_toml::tests::test_cargocrates_intoexactcfg_full_versions ... ok
[INFO] [stdout] test config::cargo_crates_toml::tests::test_cargocrates_intocompcfg_full_versions ... ok
[INFO] [stdout] test config::cargo_crates_toml::tests::test_cargocrates_intoexactcfg_fullversions_keepself ... ok
[INFO] [stdout] test config::cargo_crates_toml::tests::test_cargocrates_intopatchcfg_fullversions_keepself ... ok
[INFO] [stdout] test cargo::tests::test_searchall_selfandothers_isok ... FAILED
[INFO] [stdout] test cargo::tests::test_searchfinish_self_isok ... FAILED
[INFO] [stdout] test config::cargo_crates_toml::tests::test_cargocrates_intocompcfg_fullversions_keepself ... ok
[INFO] [stdout] test config::cargo_crates_toml::tests::test_deser_cargocrates_empty_iserr ... ok
[INFO] [stdout] test config::cargo_crates_toml::tests::test_cargocrates_intopatchcfg_full_versions ... ok
[INFO] [stdout] test config::cargo_crates_toml::tests::test_cargocrates_intostarcfg_nopackages_keepself ... ok
[INFO] [stdout] test config::cargo_crates_toml::tests::test_cargocrates_intostarcfg_noself ... ok
[INFO] [stdout] test config::cargo_crates_toml::tests::test_cargocrates_intostarcfg_keepself ... ok
[INFO] [stdout] test config::cargo_crates_toml::tests::test_cargocrates_intostarcfg_no_packages ... ok
[INFO] [stdout] test cargo::tests::test_searchall_none_iserr ... ok
[INFO] [stdout] test config::cargo_crates_toml::tests::test_cargocrates_intostarcfg_full_versions ... ok
[INFO] [stdout] test config::user_config::tests::test_deser_userconfig_empty_iserr ... ok
[INFO] [stdout] test config::cargo_crates_toml::tests::test_deser_cargocrates_no_packages ... ok
[INFO] [stdout] test config::user_config::tests::test_deser_userconfig_no_packages ... ok
[INFO] [stdout] test config::user_config::tests::test_userconfig_onlyselfupdate_disable_isnop ... ok
[INFO] [stdout] test config::cargo_crates_toml::tests::test_cargocrates_intostarcfg_fullversions_keepself ... ok
[INFO] [stdout] test config::cargo_crates_toml::tests::test_deser_cargocrates_full_versions ... ok
[INFO] [stdout] test config::user_config::tests::test_userconfig_onlyselfupdate_enable_isnoreplace ... ok
[INFO] [stdout] test config::user_config::tests::test_deser_userconfig_simple_versions ... ok
[INFO] [stdout] test config::user_config::tests::test_userconfig_selfupdate_disable_star ... ok
[INFO] [stdout] test cargo::tests::test_searchfinish_none_iserr ... ok
[INFO] [stdout] test config::user_config::tests::test_userconfig_selfupdate_enable ... ok
[INFO] [stdout] test config::user_config::tests::test_userconfig_selfupdate_enable_noreplace ... ok
[INFO] [stdout] test config::user_config::tests::test_userconfig_tostringpretty_no_packages ... ok
[INFO] [stdout] test config::user_config::tests::test_userconfig_tostringpretty_simple_versions ... ok
[INFO] [stdout] test config::user_config::tests::test_userconfig_selfupdate_disable_nostar ... ok
[INFO] [stdout] test config::user_config::tests::test_userconfig_onlyselfupdate_enable_isdelete ... ok
[INFO] [stdout] test config::user_config::tests::test_deser_userconfig_detailed_requirements ... ok
[INFO] [stdout] test cargo::tests::test_searchspawn_self_isok ... FAILED
[INFO] [stdout] test cargo::tests::test_searchspawn_none_isok ... FAILED
[INFO] [stdout] 
[INFO] [stdout] failures:
[INFO] [stdout] 
[INFO] [stdout] ---- cargo::tests::test_searchall_selfandothers_isok stdout ----
[INFO] [stdout] Error: Not at least one line in search output for "bat".
[INFO] [stdout] 
[INFO] [stdout] ---- cargo::tests::test_searchfinish_self_isok stdout ----
[INFO] [stdout] Error: Not at least one line in search output for "cargo-liner".
[INFO] [stdout] 
[INFO] [stdout] ---- cargo::tests::test_searchspawn_self_isok stdout ----
[INFO] [stdout] thread 'cargo::tests::test_searchspawn_self_isok' panicked at src/cargo.rs:210:9:
[INFO] [stdout] assertion failed: res.status.success()
[INFO] [stdout] stack backtrace:
[INFO] [stdout]    0:     0x55c0d90eaf3c - std::backtrace_rs::backtrace::libunwind::trace::ha637c64ce894333a
[INFO] [stdout]                                at /rustc/82e1608dfa6e0b5569232559e3d385fea5a93112/library/std/src/../../backtrace/src/backtrace/libunwind.rs:104:5
[INFO] [stdout]    1:     0x55c0d90eaf3c - std::backtrace_rs::backtrace::trace_unsynchronized::h47f62dea28e0c88d
[INFO] [stdout]                                at /rustc/82e1608dfa6e0b5569232559e3d385fea5a93112/library/std/src/../../backtrace/src/backtrace/mod.rs:66:5
[INFO] [stdout]    2:     0x55c0d90eaf3c - std::sys_common::backtrace::_print_fmt::h9eef0abe20ede486
[INFO] [stdout]                                at /rustc/82e1608dfa6e0b5569232559e3d385fea5a93112/library/std/src/sys_common/backtrace.rs:67:5
[INFO] [stdout]    3:     0x55c0d90eaf3c - <std::sys_common::backtrace::_print::DisplayBacktrace as core::fmt::Display>::fmt::hed7f999df88cc644
[INFO] [stdout]                                at /rustc/82e1608dfa6e0b5569232559e3d385fea5a93112/library/std/src/sys_common/backtrace.rs:44:22
[INFO] [stdout]    4:     0x55c0d91169b0 - core::fmt::rt::Argument::fmt::h1539a9308b8d058d
[INFO] [stdout]                                at /rustc/82e1608dfa6e0b5569232559e3d385fea5a93112/library/core/src/fmt/rt.rs:142:9
[INFO] [stdout]    5:     0x55c0d91169b0 - core::fmt::write::h3a39390d8560d9c9
[INFO] [stdout]                                at /rustc/82e1608dfa6e0b5569232559e3d385fea5a93112/library/core/src/fmt/mod.rs:1120:17
[INFO] [stdout]    6:     0x55c0d90e815f - std::io::Write::write_fmt::h040b369f3a0f9cbc
[INFO] [stdout]                                at /rustc/82e1608dfa6e0b5569232559e3d385fea5a93112/library/std/src/io/mod.rs:1762:15
[INFO] [stdout]    7:     0x55c0d90ead24 - std::sys_common::backtrace::_print::h894006fb5c6f3d45
[INFO] [stdout]                                at /rustc/82e1608dfa6e0b5569232559e3d385fea5a93112/library/std/src/sys_common/backtrace.rs:47:5
[INFO] [stdout]    8:     0x55c0d90ead24 - std::sys_common::backtrace::print::h23a2d212c6fff936
[INFO] [stdout]                                at /rustc/82e1608dfa6e0b5569232559e3d385fea5a93112/library/std/src/sys_common/backtrace.rs:34:9
[INFO] [stdout]    9:     0x55c0d90ec9e7 - std::panicking::default_hook::{{closure}}::h8a1d2ee00185001a
[INFO] [stdout]   10:     0x55c0d90ec6d3 - std::panicking::default_hook::h6038f2eba384e475
[INFO] [stdout]                                at /rustc/82e1608dfa6e0b5569232559e3d385fea5a93112/library/std/src/panicking.rs:289:9
[INFO] [stdout]   11:     0x55c0d8cf28c7 - <alloc::boxed::Box<F,A> as core::ops::function::Fn<Args>>::call::h0ad024c9bdc6d768
[INFO] [stdout]                                at /rustc/82e1608dfa6e0b5569232559e3d385fea5a93112/library/alloc/src/boxed.rs:2021:9
[INFO] [stdout]   12:     0x55c0d8cf28c7 - test::test_main::{{closure}}::h7500b54257359db6
[INFO] [stdout]                                at /rustc/82e1608dfa6e0b5569232559e3d385fea5a93112/library/test/src/lib.rs:138:21
[INFO] [stdout]   13:     0x55c0d90ecff8 - <alloc::boxed::Box<F,A> as core::ops::function::Fn<Args>>::call::h1f8f335eaa9cfaee
[INFO] [stdout]                                at /rustc/82e1608dfa6e0b5569232559e3d385fea5a93112/library/alloc/src/boxed.rs:2021:9
[INFO] [stdout]   14:     0x55c0d90ecff8 - std::panicking::rust_panic_with_hook::h2b5517d590cab22e
[INFO] [stdout]                                at /rustc/82e1608dfa6e0b5569232559e3d385fea5a93112/library/std/src/panicking.rs:783:13
[INFO] [stdout]   15:     0x55c0d90ecd19 - std::panicking::begin_panic_handler::{{closure}}::h233112c06e0ef43e
[INFO] [stdout]                                at /rustc/82e1608dfa6e0b5569232559e3d385fea5a93112/library/std/src/panicking.rs:649:13
[INFO] [stdout]   16:     0x55c0d90eb406 - std::sys_common::backtrace::__rust_end_short_backtrace::h6e893f24d7ebbff8
[INFO] [stdout]                                at /rustc/82e1608dfa6e0b5569232559e3d385fea5a93112/library/std/src/sys_common/backtrace.rs:170:18
[INFO] [stdout]   17:     0x55c0d90ecab2 - rust_begin_unwind
[INFO] [stdout]                                at /rustc/82e1608dfa6e0b5569232559e3d385fea5a93112/library/std/src/panicking.rs:645:5
[INFO] [stdout]   18:     0x55c0d8ade515 - core::panicking::panic_fmt::hbf0e066aabfa482c
[INFO] [stdout]                                at /rustc/82e1608dfa6e0b5569232559e3d385fea5a93112/library/core/src/panicking.rs:72:14
[INFO] [stdout]   19:     0x55c0d8ade5b3 - core::panicking::panic::h195fc2a96298d4c3
[INFO] [stdout]                                at /rustc/82e1608dfa6e0b5569232559e3d385fea5a93112/library/core/src/panicking.rs:127:5
[INFO] [stdout]   20:     0x55c0d8b36a33 - cargo_liner::cargo::tests::test_searchspawn_self_isok::h7a6b1d8b35c016fe
[INFO] [stdout]                                at /opt/rustwide/workdir/src/cargo.rs:210:9
[INFO] [stdout]   21:     0x55c0d8b36677 - cargo_liner::cargo::tests::test_searchspawn_self_isok::{{closure}}::h5716c71ba9638033
[INFO] [stdout]                                at /opt/rustwide/workdir/src/cargo.rs:202:40
[INFO] [stdout]   22:     0x55c0d8b54f16 - core::ops::function::FnOnce::call_once::h2a921089d55ac796
[INFO] [stdout]                                at /rustc/82e1608dfa6e0b5569232559e3d385fea5a93112/library/core/src/ops/function.rs:250:5
[INFO] [stdout]   23:     0x55c0d8cf7f1f - core::ops::function::FnOnce::call_once::h2b5d431d5046312d
[INFO] [stdout]                                at /rustc/82e1608dfa6e0b5569232559e3d385fea5a93112/library/core/src/ops/function.rs:250:5
[INFO] [stdout]   24:     0x55c0d8cf7f1f - test::__rust_begin_short_backtrace::h7714669af176e207
[INFO] [stdout]                                at /rustc/82e1608dfa6e0b5569232559e3d385fea5a93112/library/test/src/lib.rs:628:18
[INFO] [stdout]   25:     0x55c0d8cf6f35 - test::run_test_in_process::{{closure}}::h85218797dcbcec12
[INFO] [stdout]                                at /rustc/82e1608dfa6e0b5569232559e3d385fea5a93112/library/test/src/lib.rs:651:60
[INFO] [stdout]   26:     0x55c0d8cf6f35 - <core::panic::unwind_safe::AssertUnwindSafe<F> as core::ops::function::FnOnce<()>>::call_once::h76c106ea31c14d7b
[INFO] [stdout]                                at /rustc/82e1608dfa6e0b5569232559e3d385fea5a93112/library/core/src/panic/unwind_safe.rs:272:9
[INFO] [stdout]   27:     0x55c0d8cf6f35 - std::panicking::try::do_call::h3bd5d0f6620ee946
[INFO] [stdout]                                at /rustc/82e1608dfa6e0b5569232559e3d385fea5a93112/library/std/src/panicking.rs:552:40
[INFO] [stdout]   28:     0x55c0d8cf6f35 - std::panicking::try::h232e535e4744fe31
[INFO] [stdout]                                at /rustc/82e1608dfa6e0b5569232559e3d385fea5a93112/library/std/src/panicking.rs:516:19
[INFO] [stdout]   29:     0x55c0d8cf6f35 - std::panic::catch_unwind::h3ce3bd6ca8dbac68
[INFO] [stdout]                                at /rustc/82e1608dfa6e0b5569232559e3d385fea5a93112/library/std/src/panic.rs:142:14
[INFO] [stdout]   30:     0x55c0d8cf6f35 - test::run_test_in_process::hc97b257c9621286a
[INFO] [stdout]                                at /rustc/82e1608dfa6e0b5569232559e3d385fea5a93112/library/test/src/lib.rs:651:27
[INFO] [stdout]   31:     0x55c0d8cf6f35 - test::run_test::{{closure}}::h2aa798823a438d38
[INFO] [stdout]                                at /rustc/82e1608dfa6e0b5569232559e3d385fea5a93112/library/test/src/lib.rs:574:43
[INFO] [stdout]   32:     0x55c0d8cbf1f6 - test::run_test::{{closure}}::h87d231c78fb59832
[INFO] [stdout]                                at /rustc/82e1608dfa6e0b5569232559e3d385fea5a93112/library/test/src/lib.rs:602:41
[INFO] [stdout]   33:     0x55c0d8cbf1f6 - std::sys_common::backtrace::__rust_begin_short_backtrace::he6df152596625789
[INFO] [stdout]                                at /rustc/82e1608dfa6e0b5569232559e3d385fea5a93112/library/std/src/sys_common/backtrace.rs:154:18
[INFO] [stdout]   34:     0x55c0d8cc42a7 - std::thread::Builder::spawn_unchecked_::{{closure}}::{{closure}}::ha94be15d1e0acf36
[INFO] [stdout]                                at /rustc/82e1608dfa6e0b5569232559e3d385fea5a93112/library/std/src/thread/mod.rs:529:17
[INFO] [stdout]   35:     0x55c0d8cc42a7 - <core::panic::unwind_safe::AssertUnwindSafe<F> as core::ops::function::FnOnce<()>>::call_once::h9dc6bd6372f16606
[INFO] [stdout]                                at /rustc/82e1608dfa6e0b5569232559e3d385fea5a93112/library/core/src/panic/unwind_safe.rs:272:9
[INFO] [stdout]   36:     0x55c0d8cc42a7 - std::panicking::try::do_call::h9057517f80303cd4
[INFO] [stdout]                                at /rustc/82e1608dfa6e0b5569232559e3d385fea5a93112/library/std/src/panicking.rs:552:40
[INFO] [stdout]   37:     0x55c0d8cc42a7 - std::panicking::try::he3a30b11ee45340c
[INFO] [stdout]                                at /rustc/82e1608dfa6e0b5569232559e3d385fea5a93112/library/std/src/panicking.rs:516:19
[INFO] [stdout]   38:     0x55c0d8cc42a7 - std::panic::catch_unwind::h410458cfd3528b8b
[INFO] [stdout]                                at /rustc/82e1608dfa6e0b5569232559e3d385fea5a93112/library/std/src/panic.rs:142:14
[INFO] [stdout]   39:     0x55c0d8cc42a7 - std::thread::Builder::spawn_unchecked_::{{closure}}::h72ac3bdb567b737b
[INFO] [stdout]                                at /rustc/82e1608dfa6e0b5569232559e3d385fea5a93112/library/std/src/thread/mod.rs:528:30
[INFO] [stdout]   40:     0x55c0d8cc42a7 - core::ops::function::FnOnce::call_once{{vtable.shim}}::h38f34da3654a8344
[INFO] [stdout]                                at /rustc/82e1608dfa6e0b5569232559e3d385fea5a93112/library/core/src/ops/function.rs:250:5
[INFO] [stdout]   41:     0x55c0d90f1e45 - <alloc::boxed::Box<F,A> as core::ops::function::FnOnce<Args>>::call_once::hc7eafaff61e32df9
[INFO] [stdout]                                at /rustc/82e1608dfa6e0b5569232559e3d385fea5a93112/library/alloc/src/boxed.rs:2007:9
[INFO] [stdout]   42:     0x55c0d90f1e45 - <alloc::boxed::Box<F,A> as core::ops::function::FnOnce<Args>>::call_once::h6ba4a5de48dd2304
[INFO] [stdout]                                at /rustc/82e1608dfa6e0b5569232559e3d385fea5a93112/library/alloc/src/boxed.rs:2007:9
[INFO] [stdout]   43:     0x55c0d90f1e45 - std::sys::unix::thread::Thread::new::thread_start::he469335aef763e45
[INFO] [stdout]                                at /rustc/82e1608dfa6e0b5569232559e3d385fea5a93112/library/std/src/sys/unix/thread.rs:108:17
[INFO] [stdout]   44:     0x7f045af38ac3 - <unknown>
[INFO] [stdout]   45:     0x7f045afc9bf4 - __clone
[INFO] [stdout]   46:                0x0 - <unknown>
[INFO] [stdout] 
[INFO] [stdout] ---- cargo::tests::test_searchspawn_none_isok stdout ----
[INFO] [stdout] thread 'cargo::tests::test_searchspawn_none_isok' panicked at src/cargo.rs:234:9:
[INFO] [stdout] assertion failed: res.status.success()
[INFO] [stdout] stack backtrace:
[INFO] [stdout]    0:     0x55c0d90eaf3c - std::backtrace_rs::backtrace::libunwind::trace::ha637c64ce894333a
[INFO] [stdout]                                at /rustc/82e1608dfa6e0b5569232559e3d385fea5a93112/library/std/src/../../backtrace/src/backtrace/libunwind.rs:104:5
[INFO] [stdout]    1:     0x55c0d90eaf3c - std::backtrace_rs::backtrace::trace_unsynchronized::h47f62dea28e0c88d
[INFO] [stdout]                                at /rustc/82e1608dfa6e0b5569232559e3d385fea5a93112/library/std/src/../../backtrace/src/backtrace/mod.rs:66:5
[INFO] [stdout]    2:     0x55c0d90eaf3c - std::sys_common::backtrace::_print_fmt::h9eef0abe20ede486
[INFO] [stdout]                                at /rustc/82e1608dfa6e0b5569232559e3d385fea5a93112/library/std/src/sys_common/backtrace.rs:67:5
[INFO] [stdout]    3:     0x55c0d90eaf3c - <std::sys_common::backtrace::_print::DisplayBacktrace as core::fmt::Display>::fmt::hed7f999df88cc644
[INFO] [stdout]                                at /rustc/82e1608dfa6e0b5569232559e3d385fea5a93112/library/std/src/sys_common/backtrace.rs:44:22
[INFO] [stdout]    4:     0x55c0d91169b0 - core::fmt::rt::Argument::fmt::h1539a9308b8d058d
[INFO] [stdout]                                at /rustc/82e1608dfa6e0b5569232559e3d385fea5a93112/library/core/src/fmt/rt.rs:142:9
[INFO] [stdout]    5:     0x55c0d91169b0 - core::fmt::write::h3a39390d8560d9c9
[INFO] [stdout]                                at /rustc/82e1608dfa6e0b5569232559e3d385fea5a93112/library/core/src/fmt/mod.rs:1120:17
[INFO] [stdout]    6:     0x55c0d90e815f - std::io::Write::write_fmt::h040b369f3a0f9cbc
[INFO] [stdout]                                at /rustc/82e1608dfa6e0b5569232559e3d385fea5a93112/library/std/src/io/mod.rs:1762:15
[INFO] [stdout]    7:     0x55c0d90ead24 - std::sys_common::backtrace::_print::h894006fb5c6f3d45
[INFO] [stdout]                                at /rustc/82e1608dfa6e0b5569232559e3d385fea5a93112/library/std/src/sys_common/backtrace.rs:47:5
[INFO] [stdout]    8:     0x55c0d90ead24 - std::sys_common::backtrace::print::h23a2d212c6fff936
[INFO] [stdout]                                at /rustc/82e1608dfa6e0b5569232559e3d385fea5a93112/library/std/src/sys_common/backtrace.rs:34:9
[INFO] [stdout]    9:     0x55c0d90ec9e7 - std::panicking::default_hook::{{closure}}::h8a1d2ee00185001a
[INFO] [stdout]   10:     0x55c0d90ec6d3 - std::panicking::default_hook::h6038f2eba384e475
[INFO] [stdout]                                at /rustc/82e1608dfa6e0b5569232559e3d385fea5a93112/library/std/src/panicking.rs:289:9
[INFO] [stdout]   11:     0x55c0d8cf28c7 - <alloc::boxed::Box<F,A> as core::ops::function::Fn<Args>>::call::h0ad024c9bdc6d768
[INFO] [stdout]                                at /rustc/82e1608dfa6e0b5569232559e3d385fea5a93112/library/alloc/src/boxed.rs:2021:9
[INFO] [stdout]   12:     0x55c0d8cf28c7 - test::test_main::{{closure}}::h7500b54257359db6
[INFO] [stdout]                                at /rustc/82e1608dfa6e0b5569232559e3d385fea5a93112/library/test/src/lib.rs:138:21
[INFO] [stdout]   13:     0x55c0d90ecff8 - <alloc::boxed::Box<F,A> as core::ops::function::Fn<Args>>::call::h1f8f335eaa9cfaee
[INFO] [stdout]                                at /rustc/82e1608dfa6e0b5569232559e3d385fea5a93112/library/alloc/src/boxed.rs:2021:9
[INFO] [stdout]   14:     0x55c0d90ecff8 - std::panicking::rust_panic_with_hook::h2b5517d590cab22e
[INFO] [stdout]                                at /rustc/82e1608dfa6e0b5569232559e3d385fea5a93112/library/std/src/panicking.rs:783:13
[INFO] [stdout]   15:     0x55c0d90ecd19 - std::panicking::begin_panic_handler::{{closure}}::h233112c06e0ef43e
[INFO] [stdout]                                at /rustc/82e1608dfa6e0b5569232559e3d385fea5a93112/library/std/src/panicking.rs:649:13
[INFO] [stdout]   16:     0x55c0d90eb406 - std::sys_common::backtrace::__rust_end_short_backtrace::h6e893f24d7ebbff8
[INFO] [stdout]                                at /rustc/82e1608dfa6e0b5569232559e3d385fea5a93112/library/std/src/sys_common/backtrace.rs:170:18
[INFO] [stdout]   17:     0x55c0d90ecab2 - rust_begin_unwind
[INFO] [stdout]                                at /rustc/82e1608dfa6e0b5569232559e3d385fea5a93112/library/std/src/panicking.rs:645:5
[INFO] [stdout]   18:     0x55c0d8ade515 - core::panicking::panic_fmt::hbf0e066aabfa482c
[INFO] [stdout]                                at /rustc/82e1608dfa6e0b5569232559e3d385fea5a93112/library/core/src/panicking.rs:72:14
[INFO] [stdout]   19:     0x55c0d8ade5b3 - core::panicking::panic::h195fc2a96298d4c3
[INFO] [stdout]                                at /rustc/82e1608dfa6e0b5569232559e3d385fea5a93112/library/core/src/panicking.rs:127:5
[INFO] [stdout]   20:     0x55c0d8b3732f - cargo_liner::cargo::tests::test_searchspawn_none_isok::ha5d2de7b4a8f5b87
[INFO] [stdout]                                at /opt/rustwide/workdir/src/cargo.rs:234:9
[INFO] [stdout]   21:     0x55c0d8b36f67 - cargo_liner::cargo::tests::test_searchspawn_none_isok::{{closure}}::h4928d8a4de250481
[INFO] [stdout]                                at /opt/rustwide/workdir/src/cargo.rs:226:40
[INFO] [stdout]   22:     0x55c0d8b55896 - core::ops::function::FnOnce::call_once::hab2559ff46dc61db
[INFO] [stdout]                                at /rustc/82e1608dfa6e0b5569232559e3d385fea5a93112/library/core/src/ops/function.rs:250:5
[INFO] [stdout]   23:     0x55c0d8cf7f1f - core::ops::function::FnOnce::call_once::h2b5d431d5046312d
[INFO] [stdout]                                at /rustc/82e1608dfa6e0b5569232559e3d385fea5a93112/library/core/src/ops/function.rs:250:5
[INFO] [stdout]   24:     0x55c0d8cf7f1f - test::__rust_begin_short_backtrace::h7714669af176e207
[INFO] [stdout]                                at /rustc/82e1608dfa6e0b5569232559e3d385fea5a93112/library/test/src/lib.rs:628:18
[INFO] [stdout]   25:     0x55c0d8cf6f35 - test::run_test_in_process::{{closure}}::h85218797dcbcec12
[INFO] [stdout]                                at /rustc/82e1608dfa6e0b5569232559e3d385fea5a93112/library/test/src/lib.rs:651:60
[INFO] [stdout]   26:     0x55c0d8cf6f35 - <core::panic::unwind_safe::AssertUnwindSafe<F> as core::ops::function::FnOnce<()>>::call_once::h76c106ea31c14d7b
[INFO] [stdout]                                at /rustc/82e1608dfa6e0b5569232559e3d385fea5a93112/library/core/src/panic/unwind_safe.rs:272:9
[INFO] [stdout]   27:     0x55c0d8cf6f35 - std::panicking::try::do_call::h3bd5d0f6620ee946
[INFO] [stdout]                                at /rustc/82e1608dfa6e0b5569232559e3d385fea5a93112/library/std/src/panicking.rs:552:40
[INFO] [stdout]   28:     0x55c0d8cf6f35 - std::panicking::try::h232e535e4744fe31
[INFO] [stdout]                                at /rustc/82e1608dfa6e0b5569232559e3d385fea5a93112/library/std/src/panicking.rs:516:19
[INFO] [stdout]   29:     0x55c0d8cf6f35 - std::panic::catch_unwind::h3ce3bd6ca8dbac68
[INFO] [stdout]                                at /rustc/82e1608dfa6e0b5569232559e3d385fea5a93112/library/std/src/panic.rs:142:14
[INFO] [stdout]   30:     0x55c0d8cf6f35 - test::run_test_in_process::hc97b257c9621286a
[INFO] [stdout]                                at /rustc/82e1608dfa6e0b5569232559e3d385fea5a93112/library/test/src/lib.rs:651:27
[INFO] [stdout]   31:     0x55c0d8cf6f35 - test::run_test::{{closure}}::h2aa798823a438d38
[INFO] [stdout]                                at /rustc/82e1608dfa6e0b5569232559e3d385fea5a93112/library/test/src/lib.rs:574:43
[INFO] [stdout]   32:     0x55c0d8cbf1f6 - test::run_test::{{closure}}::h87d231c78fb59832
[INFO] [stdout]                                at /rustc/82e1608dfa6e0b5569232559e3d385fea5a93112/library/test/src/lib.rs:602:41
[INFO] [stdout]   33:     0x55c0d8cbf1f6 - std::sys_common::backtrace::__rust_begin_short_backtrace::he6df152596625789
[INFO] [stdout]                                at /rustc/82e1608dfa6e0b5569232559e3d385fea5a93112/library/std/src/sys_common/backtrace.rs:154:18
[INFO] [stdout]   34:     0x55c0d8cc42a7 - std::thread::Builder::spawn_unchecked_::{{closure}}::{{closure}}::ha94be15d1e0acf36
[INFO] [stdout]                                at /rustc/82e1608dfa6e0b5569232559e3d385fea5a93112/library/std/src/thread/mod.rs:529:17
[INFO] [stdout]   35:     0x55c0d8cc42a7 - <core::panic::unwind_safe::AssertUnwindSafe<F> as core::ops::function::FnOnce<()>>::call_once::h9dc6bd6372f16606
[INFO] [stdout]                                at /rustc/82e1608dfa6e0b5569232559e3d385fea5a93112/library/core/src/panic/unwind_safe.rs:272:9
[INFO] [stdout]   36:     0x55c0d8cc42a7 - std::panicking::try::do_call::h9057517f80303cd4
[INFO] [stdout]                                at /rustc/82e1608dfa6e0b5569232559e3d385fea5a93112/library/std/src/panicking.rs:552:40
[INFO] [stdout]   37:     0x55c0d8cc42a7 - std::panicking::try::he3a30b11ee45340c
[INFO] [stdout]                                at /rustc/82e1608dfa6e0b5569232559e3d385fea5a93112/library/std/src/panicking.rs:516:19
[INFO] [stdout]   38:     0x55c0d8cc42a7 - std::panic::catch_unwind::h410458cfd3528b8b
[INFO] [stdout]                                at /rustc/82e1608dfa6e0b5569232559e3d385fea5a93112/library/std/src/panic.rs:142:14
[INFO] [stdout]   39:     0x55c0d8cc42a7 - std::thread::Builder::spawn_unchecked_::{{closure}}::h72ac3bdb567b737b
[INFO] [stdout]                                at /rustc/82e1608dfa6e0b5569232559e3d385fea5a93112/library/std/src/thread/mod.rs:528:30
[INFO] [stdout]   40:     0x55c0d8cc42a7 - core::ops::function::FnOnce::call_once{{vtable.shim}}::h38f34da3654a8344
[INFO] [stdout]                                at /rustc/82e1608dfa6e0b5569232559e3d385fea5a93112/library/core/src/ops/function.rs:250:5
[INFO] [stdout]   41:     0x55c0d90f1e45 - <alloc::boxed::Box<F,A> as core::ops::function::FnOnce<Args>>::call_once::hc7eafaff61e32df9
[INFO] [stdout]                                at /rustc/82e1608dfa6e0b5569232559e3d385fea5a93112/library/alloc/src/boxed.rs:2007:9
[INFO] [stdout]   42:     0x55c0d90f1e45 - <alloc::boxed::Box<F,A> as core::ops::function::FnOnce<Args>>::call_once::h6ba4a5de48dd2304
[INFO] [stdout]                                at /rustc/82e1608dfa6e0b5569232559e3d385fea5a93112/library/alloc/src/boxed.rs:2007:9
[INFO] [stdout]   43:     0x55c0d90f1e45 - std::sys::unix::thread::Thread::new::thread_start::he469335aef763e45
[INFO] [stdout]                                at /rustc/82e1608dfa6e0b5569232559e3d385fea5a93112/library/std/src/sys/unix/thread.rs:108:17
[INFO] [stdout]   44:     0x7f045af38ac3 - <unknown>
[INFO] [stdout]   45:     0x7f045afc9bf4 - __clone
[INFO] [stdout]   46:                0x0 - <unknown>
[INFO] [stdout] 
[INFO] [stdout] 
[INFO] [stdout] failures:
[INFO] [stdout]     cargo::tests::test_searchall_selfandothers_isok
[INFO] [stdout]     cargo::tests::test_searchfinish_self_isok
[INFO] [stdout]     cargo::tests::test_searchspawn_none_isok
[INFO] [stdout]     cargo::tests::test_searchspawn_self_isok
[INFO] [stdout] 
[INFO] [stdout] test result: FAILED. 68 passed; 4 failed; 0 ignored; 0 measured; 0 filtered out; finished in 0.07s
[INFO] [stdout] 
[INFO] [stderr] error: test failed, to rerun pass `--bin cargo-liner`
[INFO] running `Command { std: "docker" "inspect" "67a32cc779ca708071caa91da0d7d8e580fd820536912f853083f5f94002b853", kill_on_drop: false }`
[INFO] running `Command { std: "docker" "rm" "-f" "67a32cc779ca708071caa91da0d7d8e580fd820536912f853083f5f94002b853", kill_on_drop: false }`
[INFO] [stdout] 67a32cc779ca708071caa91da0d7d8e580fd820536912f853083f5f94002b853
