[INFO] fetching crate carboxyl 0.2.2...
[INFO] testing carboxyl-0.2.2 against 1.75.0 for beta-1.76-1
[INFO] extracting crate carboxyl 0.2.2 into /workspace/builds/worker-6-tc1/source
[INFO] validating manifest of crates.io crate carboxyl 0.2.2 on toolchain 1.75.0
[INFO] running `Command { std: CARGO_HOME="/workspace/cargo-home" RUSTUP_HOME="/workspace/rustup-home" "/workspace/cargo-home/bin/cargo" "+1.75.0" "metadata" "--manifest-path" "Cargo.toml" "--no-deps", kill_on_drop: false }`
[INFO] started tweaking crates.io crate carboxyl 0.2.2
[INFO] finished tweaking crates.io crate carboxyl 0.2.2
[INFO] tweaked toml for crates.io crate carboxyl 0.2.2 written to /workspace/builds/worker-6-tc1/source/Cargo.toml
[INFO] running `Command { std: CARGO_HOME="/workspace/cargo-home" RUSTUP_HOME="/workspace/rustup-home" "/workspace/cargo-home/bin/cargo" "+1.75.0" "generate-lockfile" "--manifest-path" "Cargo.toml", kill_on_drop: false }`
[INFO] [stderr]     Updating crates.io index
[INFO] running `Command { std: CARGO_HOME="/workspace/cargo-home" RUSTUP_HOME="/workspace/rustup-home" "/workspace/cargo-home/bin/cargo" "+1.75.0" "fetch" "--manifest-path" "Cargo.toml", kill_on_drop: false }`
[INFO] [stderr]  Downloading crates ...
[INFO] [stderr]   Downloaded camino v1.1.6
[INFO] [stderr]   Downloaded bytecount v0.6.7
[INFO] [stderr]   Downloaded cargo_metadata v0.14.2
[INFO] [stderr]   Downloaded skeptic v0.13.7
[INFO] [stderr]   Downloaded cargo-platform v0.1.6
[INFO] [stderr]   Downloaded pulldown-cmark v0.9.3
[INFO] [stderr]   Downloaded criterion v0.5.1
[INFO] running `Command { std: "docker" "create" "-v" "/var/lib/crater-agent-workspace/builds/worker-6-tc1/target:/opt/rustwide/target:rw,Z" "-v" "/var/lib/crater-agent-workspace/builds/worker-6-tc1/source:/opt/rustwide/workdir:ro,Z" "-v" "/var/lib/crater-agent-workspace/cargo-home:/opt/rustwide/cargo-home:ro,Z" "-v" "/var/lib/crater-agent-workspace/rustup-home:/opt/rustwide/rustup-home:ro,Z" "-e" "SOURCE_DIR=/opt/rustwide/workdir" "-e" "CARGO_TARGET_DIR=/opt/rustwide/target" "-e" "CARGO_HOME=/opt/rustwide/cargo-home" "-e" "RUSTUP_HOME=/opt/rustwide/rustup-home" "-w" "/opt/rustwide/workdir" "-m" "1610612736" "--user" "0:0" "--network" "none" "ghcr.io/rust-lang/crates-build-env/linux@sha256:2788e3201cd34a07e3172128adcd8b3090168a8e3bcc40d7c032b9dda1df7d1c" "/opt/rustwide/cargo-home/bin/cargo" "+1.75.0" "metadata" "--no-deps" "--format-version=1", kill_on_drop: false }`
[INFO] [stdout] ae26df911f616fa32907adb6d50d8d9fd32fc9376fbe53da513dc56087eff650
[INFO] running `Command { std: "docker" "start" "-a" "ae26df911f616fa32907adb6d50d8d9fd32fc9376fbe53da513dc56087eff650", kill_on_drop: false }`
[INFO] running `Command { std: "docker" "inspect" "ae26df911f616fa32907adb6d50d8d9fd32fc9376fbe53da513dc56087eff650", kill_on_drop: false }`
[INFO] running `Command { std: "docker" "rm" "-f" "ae26df911f616fa32907adb6d50d8d9fd32fc9376fbe53da513dc56087eff650", kill_on_drop: false }`
[INFO] [stdout] ae26df911f616fa32907adb6d50d8d9fd32fc9376fbe53da513dc56087eff650
[INFO] running `Command { std: "docker" "create" "-v" "/var/lib/crater-agent-workspace/builds/worker-6-tc1/target:/opt/rustwide/target:rw,Z" "-v" "/var/lib/crater-agent-workspace/builds/worker-6-tc1/source:/opt/rustwide/workdir:ro,Z" "-v" "/var/lib/crater-agent-workspace/cargo-home:/opt/rustwide/cargo-home:ro,Z" "-v" "/var/lib/crater-agent-workspace/rustup-home:/opt/rustwide/rustup-home:ro,Z" "-e" "SOURCE_DIR=/opt/rustwide/workdir" "-e" "CARGO_TARGET_DIR=/opt/rustwide/target" "-e" "CARGO_INCREMENTAL=0" "-e" "RUST_BACKTRACE=full" "-e" "RUSTFLAGS=--cap-lints=warn" "-e" "RUSTDOCFLAGS=--cap-lints=warn" "-e" "CARGO_HOME=/opt/rustwide/cargo-home" "-e" "RUSTUP_HOME=/opt/rustwide/rustup-home" "-w" "/opt/rustwide/workdir" "-m" "1610612736" "--user" "0:0" "--network" "none" "ghcr.io/rust-lang/crates-build-env/linux@sha256:2788e3201cd34a07e3172128adcd8b3090168a8e3bcc40d7c032b9dda1df7d1c" "/opt/rustwide/cargo-home/bin/cargo" "+1.75.0" "build" "--frozen" "--message-format=json", kill_on_drop: false }`
[INFO] [stdout] 88e73d1dc5ada84aae7e66bdc0b88e60515fedea80c81d04366fd8ced2ba7623
[INFO] running `Command { std: "docker" "start" "-a" "88e73d1dc5ada84aae7e66bdc0b88e60515fedea80c81d04366fd8ced2ba7623", kill_on_drop: false }`
[INFO] [stderr]    Compiling proc-macro2 v1.0.75
[INFO] [stderr]    Compiling unicode-ident v1.0.12
[INFO] [stderr]    Compiling version_check v0.9.4
[INFO] [stderr]    Compiling serde v1.0.194
[INFO] [stderr]    Compiling serde_json v1.0.111
[INFO] [stderr]    Compiling semver v1.0.21
[INFO] [stderr]    Compiling camino v1.1.6
[INFO] [stderr]    Compiling rustix v0.38.28
[INFO] [stderr]    Compiling ryu v1.0.16
[INFO] [stderr]    Compiling pulldown-cmark v0.9.3
[INFO] [stderr]    Compiling bitflags v2.4.1
[INFO] [stderr]    Compiling itoa v1.0.10
[INFO] [stderr]    Compiling linux-raw-sys v0.4.12
[INFO] [stderr]    Compiling unicase v2.7.0
[INFO] [stderr]    Compiling error-chain v0.12.4
[INFO] [stderr]    Compiling bitflags v1.3.2
[INFO] [stderr]    Compiling fastrand v2.0.1
[INFO] [stderr]    Compiling same-file v1.0.6
[INFO] [stderr]    Compiling cfg-if v1.0.0
[INFO] [stderr]    Compiling memchr v2.7.1
[INFO] [stderr]    Compiling bytecount v0.6.7
[INFO] [stderr]    Compiling walkdir v2.4.0
[INFO] [stderr]    Compiling glob v0.3.1
[INFO] [stderr]    Compiling lazy_static v1.4.0
[INFO] [stderr]    Compiling quote v1.0.35
[INFO] [stderr]    Compiling syn v2.0.48
[INFO] [stderr]    Compiling tempfile v3.9.0
[INFO] [stderr]    Compiling serde_derive v1.0.194
[INFO] [stderr]    Compiling cargo-platform v0.1.6
[INFO] [stderr]    Compiling cargo_metadata v0.14.2
[INFO] [stderr]    Compiling skeptic v0.13.7
[INFO] [stderr]    Compiling carboxyl v0.2.2 (/opt/rustwide/workdir)
[INFO] [stdout] warning: value captured by `terminate` is never read
[INFO] [stdout]    --> src/signal.rs:439:21
[INFO] [stdout]     |
[INFO] [stdout] 439 |                     terminate = Arc::new(());
[INFO] [stdout]     |                     ^^^^^^^^^
[INFO] [stdout]     |
[INFO] [stdout]     = help: did you mean to capture by reference instead?
[INFO] [stdout]     = note: `#[warn(unused_assignments)]` on by default
[INFO] [stdout] 
[INFO] [stdout] 
[INFO] [stdout] warning: 1 warning emitted
[INFO] [stdout] 
[INFO] [stdout] 
[INFO] [stderr]     Finished dev [unoptimized + debuginfo] target(s) in 27.66s
[INFO] running `Command { std: "docker" "inspect" "88e73d1dc5ada84aae7e66bdc0b88e60515fedea80c81d04366fd8ced2ba7623", kill_on_drop: false }`
[INFO] running `Command { std: "docker" "rm" "-f" "88e73d1dc5ada84aae7e66bdc0b88e60515fedea80c81d04366fd8ced2ba7623", kill_on_drop: false }`
[INFO] [stdout] 88e73d1dc5ada84aae7e66bdc0b88e60515fedea80c81d04366fd8ced2ba7623
[INFO] running `Command { std: "docker" "create" "-v" "/var/lib/crater-agent-workspace/builds/worker-6-tc1/target:/opt/rustwide/target:rw,Z" "-v" "/var/lib/crater-agent-workspace/builds/worker-6-tc1/source:/opt/rustwide/workdir:ro,Z" "-v" "/var/lib/crater-agent-workspace/cargo-home:/opt/rustwide/cargo-home:ro,Z" "-v" "/var/lib/crater-agent-workspace/rustup-home:/opt/rustwide/rustup-home:ro,Z" "-e" "SOURCE_DIR=/opt/rustwide/workdir" "-e" "CARGO_TARGET_DIR=/opt/rustwide/target" "-e" "CARGO_INCREMENTAL=0" "-e" "RUST_BACKTRACE=full" "-e" "RUSTFLAGS=--cap-lints=warn" "-e" "RUSTDOCFLAGS=--cap-lints=warn" "-e" "CARGO_HOME=/opt/rustwide/cargo-home" "-e" "RUSTUP_HOME=/opt/rustwide/rustup-home" "-w" "/opt/rustwide/workdir" "-m" "1610612736" "--user" "0:0" "--network" "none" "ghcr.io/rust-lang/crates-build-env/linux@sha256:2788e3201cd34a07e3172128adcd8b3090168a8e3bcc40d7c032b9dda1df7d1c" "/opt/rustwide/cargo-home/bin/cargo" "+1.75.0" "test" "--frozen" "--no-run" "--message-format=json", kill_on_drop: false }`
[INFO] [stdout] 5b157f56044a7705add97913b35b23105a1ff0c1c02bf16ce197e5e83cfa63ce
[INFO] running `Command { std: "docker" "start" "-a" "5b157f56044a7705add97913b35b23105a1ff0c1c02bf16ce197e5e83cfa63ce", kill_on_drop: false }`
[INFO] [stderr]    Compiling cfg-if v1.0.0
[INFO] [stderr]    Compiling memchr v2.7.1
[INFO] [stderr]    Compiling serde v1.0.194
[INFO] [stderr]    Compiling rustix v0.38.28
[INFO] [stderr]    Compiling serde_json v1.0.111
[INFO] [stderr]    Compiling itoa v1.0.10
[INFO] [stderr]    Compiling bitflags v2.4.1
[INFO] [stderr]    Compiling ryu v1.0.16
[INFO] [stderr]    Compiling linux-raw-sys v0.4.12
[INFO] [stderr]    Compiling crossbeam-utils v0.8.18
[INFO] [stderr]    Compiling libc v0.2.151
[INFO] [stderr]    Compiling semver v1.0.21
[INFO] [stderr]    Compiling camino v1.1.6
[INFO] [stderr]    Compiling unicase v2.7.0
[INFO] [stderr]    Compiling same-file v1.0.6
[INFO] [stderr]    Compiling pulldown-cmark v0.9.3
[INFO] [stderr]    Compiling error-chain v0.12.4
[INFO] [stderr]    Compiling bitflags v1.3.2
[INFO] [stderr]    Compiling walkdir v2.4.0
[INFO] [stderr]    Compiling autocfg v1.1.0
[INFO] [stderr]    Compiling regex-syntax v0.8.2
[INFO] [stderr]    Compiling aho-corasick v1.1.2
[INFO] [stderr]    Compiling fastrand v2.0.1
[INFO] [stderr]    Compiling crossbeam-epoch v0.9.17
[INFO] [stderr]    Compiling num-traits v0.2.17
[INFO] [stderr]    Compiling either v1.9.0
[INFO] [stderr]    Compiling rayon-core v1.12.0
[INFO] [stderr]    Compiling glob v0.3.1
[INFO] [stderr]    Compiling bytecount v0.6.7
[INFO] [stderr]    Compiling getrandom v0.2.11
[INFO] [stderr]    Compiling regex-automata v0.4.3
[INFO] [stderr]    Compiling crossbeam-deque v0.8.4
[INFO] [stderr]    Compiling rand_core v0.6.4
[INFO] [stderr]    Compiling anstyle v1.0.4
[INFO] [stderr]    Compiling ciborium-io v0.2.1
[INFO] [stderr]    Compiling clap_lex v0.6.0
[INFO] [stderr]    Compiling ppv-lite86 v0.2.17
[INFO] [stderr]    Compiling tempfile v3.9.0
[INFO] [stderr]    Compiling plotters-backend v0.3.5
[INFO] [stderr]    Compiling half v1.8.2
[INFO] [stderr]    Compiling ciborium-ll v0.2.1
[INFO] [stderr]    Compiling plotters-svg v0.3.5
[INFO] [stderr]    Compiling rand_chacha v0.3.1
[INFO] [stderr]    Compiling clap_builder v4.4.12
[INFO] [stderr]    Compiling cargo-platform v0.1.6
[INFO] [stderr]    Compiling itertools v0.10.5
[INFO] [stderr]    Compiling log v0.4.20
[INFO] [stderr]    Compiling cast v0.3.0
[INFO] [stderr]    Compiling plotters v0.3.5
[INFO] [stderr]    Compiling rayon v1.8.0
[INFO] [stderr]    Compiling ciborium v0.2.1
[INFO] [stderr]    Compiling rand v0.8.5
[INFO] [stderr]    Compiling cargo_metadata v0.14.2
[INFO] [stderr]    Compiling regex v1.10.2
[INFO] [stderr]    Compiling clap v4.4.13
[INFO] [stderr]    Compiling tinytemplate v1.2.1
[INFO] [stderr]    Compiling is-terminal v0.4.10
[INFO] [stderr]    Compiling once_cell v1.19.0
[INFO] [stderr]    Compiling criterion-plot v0.5.0
[INFO] [stderr]    Compiling env_logger v0.8.4
[INFO] [stderr]    Compiling oorandom v11.1.3
[INFO] [stderr]    Compiling anes v0.1.6
[INFO] [stderr]    Compiling quickcheck v1.0.3
[INFO] [stderr]    Compiling skeptic v0.13.7
[INFO] [stderr]    Compiling criterion v0.5.1
[INFO] [stderr]    Compiling carboxyl v0.2.2 (/opt/rustwide/workdir)
[INFO] [stdout] warning: value captured by `terminate` is never read
[INFO] [stdout]    --> src/signal.rs:439:21
[INFO] [stdout]     |
[INFO] [stdout] 439 |                     terminate = Arc::new(());
[INFO] [stdout]     |                     ^^^^^^^^^
[INFO] [stdout]     |
[INFO] [stdout]     = help: did you mean to capture by reference instead?
[INFO] [stdout]     = note: `#[warn(unused_assignments)]` on by default
[INFO] [stdout] 
[INFO] [stdout] 
[INFO] [stdout] warning: 1 warning emitted
[INFO] [stdout] 
[INFO] [stdout] 
[INFO] [stdout] warning: value captured by `terminate` is never read
[INFO] [stdout]    --> src/signal.rs:439:21
[INFO] [stdout]     |
[INFO] [stdout] 439 |                     terminate = Arc::new(());
[INFO] [stdout]     |                     ^^^^^^^^^
[INFO] [stdout]     |
[INFO] [stdout]     = help: did you mean to capture by reference instead?
[INFO] [stdout]     = note: `#[warn(unused_assignments)]` on by default
[INFO] [stdout] 
[INFO] [stdout] 
[INFO] [stdout] warning: 1 warning emitted
[INFO] [stdout] 
[INFO] [stdout] 
[INFO] [stderr]     Finished test [unoptimized + debuginfo] target(s) in 1m 05s
[INFO] running `Command { std: "docker" "inspect" "5b157f56044a7705add97913b35b23105a1ff0c1c02bf16ce197e5e83cfa63ce", kill_on_drop: false }`
[INFO] running `Command { std: "docker" "rm" "-f" "5b157f56044a7705add97913b35b23105a1ff0c1c02bf16ce197e5e83cfa63ce", kill_on_drop: false }`
[INFO] [stdout] 5b157f56044a7705add97913b35b23105a1ff0c1c02bf16ce197e5e83cfa63ce
[INFO] running `Command { std: "docker" "create" "-v" "/var/lib/crater-agent-workspace/builds/worker-6-tc1/target:/opt/rustwide/target:rw,Z" "-v" "/var/lib/crater-agent-workspace/builds/worker-6-tc1/source:/opt/rustwide/workdir:ro,Z" "-v" "/var/lib/crater-agent-workspace/cargo-home:/opt/rustwide/cargo-home:ro,Z" "-v" "/var/lib/crater-agent-workspace/rustup-home:/opt/rustwide/rustup-home:ro,Z" "-e" "SOURCE_DIR=/opt/rustwide/workdir" "-e" "CARGO_TARGET_DIR=/opt/rustwide/target" "-e" "CARGO_INCREMENTAL=0" "-e" "RUST_BACKTRACE=full" "-e" "RUSTFLAGS=--cap-lints=warn" "-e" "RUSTDOCFLAGS=--cap-lints=warn" "-e" "CARGO_HOME=/opt/rustwide/cargo-home" "-e" "RUSTUP_HOME=/opt/rustwide/rustup-home" "-w" "/opt/rustwide/workdir" "-m" "1610612736" "--user" "0:0" "--network" "none" "ghcr.io/rust-lang/crates-build-env/linux@sha256:2788e3201cd34a07e3172128adcd8b3090168a8e3bcc40d7c032b9dda1df7d1c" "/opt/rustwide/cargo-home/bin/cargo" "+1.75.0" "test" "--frozen", kill_on_drop: false }`
[INFO] [stdout] fb4a1e923b43dc3050e6c8e16466a8309fcdce4501c6c5f8ea1e3ef4e2800549
[INFO] running `Command { std: "docker" "start" "-a" "fb4a1e923b43dc3050e6c8e16466a8309fcdce4501c6c5f8ea1e3ef4e2800549", kill_on_drop: false }`
[INFO] [stderr] warning: value captured by `terminate` is never read
[INFO] [stderr]    --> src/signal.rs:439:21
[INFO] [stderr]     |
[INFO] [stderr] 439 |                     terminate = Arc::new(());
[INFO] [stderr]     |                     ^^^^^^^^^
[INFO] [stderr]     |
[INFO] [stderr]     = help: did you mean to capture by reference instead?
[INFO] [stderr]     = note: `#[warn(unused_assignments)]` on by default
[INFO] [stderr] 
[INFO] [stderr] warning: `carboxyl` (lib) generated 1 warning
[INFO] [stderr] warning: `carboxyl` (lib test) generated 1 warning (1 duplicate)
[INFO] [stderr]     Finished test [unoptimized + debuginfo] target(s) in 0.09s
[INFO] [stderr]      Running unittests src/lib.rs (/opt/rustwide/target/debug/deps/carboxyl-d9fb35482dbd8e7e)
[INFO] [stdout] 
[INFO] [stdout] running 63 tests
[INFO] [stdout] test lift::test::lift3 ... ok
[INFO] [stdout] test lift::test::lift4 ... ok
[INFO] [stdout] test pending::test::new_derefs_identical ... ok
[INFO] [stdout] test lift::test::lift2_identical ... ok
[INFO] [stdout] test lift::test::lift1 ... ok
[INFO] [stdout] test pending::test::new_future_identical ... ok
[INFO] [stdout] test pending::test::queue_affects_future ... ok
[INFO] [stdout] test pending::test::updated_deref ... ok
[INFO] [stdout] test pending::test::updated_future ... ok
[INFO] [stdout] test lift::test::lift0_equal_within_transaction ... ok
[INFO] [stdout] test lift::test::lift2 ... ok
[INFO] [stdout] test pending::test::queue_does_not_affect_deref ... ok
[INFO] [stdout] test lift::test::lift0 ... FAILED
[INFO] [stdout] test signal::test::applicative_composition ... FAILED
[INFO] [stdout] test signal::test::functor_composition ... FAILED
[INFO] [stdout] test signal::test::applicative_homomorphism ... FAILED
[INFO] [stdout] test signal::test::applicative_interchange ... FAILED
[INFO] [stdout] test signal::test::hold_implicit_stream ... FAILED
[INFO] [stdout] test signal::test::cyclic_signal_intermediate ... FAILED
[INFO] [stdout] test signal::test::applicative_identity ... FAILED
[INFO] [stdout] test signal::test::snapshot ... FAILED
[INFO] [stdout] test signal::test::cyclic_snapshot_accum ... FAILED
[INFO] [stdout] test signal::test::snapshot_order_alternative ... FAILED
[INFO] [stdout] test source::test::source_register_and_send ... ok
[INFO] [stdout] test signal::test::snapshot_order_standard ... FAILED
[INFO] [stdout] test signal::test::switch_signal_stream ... FAILED
[INFO] [stdout] test signal::test::functor_identity ... FAILED
[INFO] [stdout] test source::test::with_weak_disappeared ... ok
[INFO] [stdout] test source::test::with_weak_no_error ... ok
[INFO] [stdout] test stream::coalesce::tests::update_value_combines_new_value_using_reducer ... ok
[INFO] [stdout] test stream::coalesce::tests::update_value_puts_value_in_empty_mutex ... ok
[INFO] [stdout] test signal::test::clone ... FAILED
[INFO] [stdout] test source::test::source_unregister ... ok
[INFO] [stdout] test signal::test::hold ... FAILED
[INFO] [stdout] test signal::test::snapshot_2 ... FAILED
[INFO] [stdout] test signal::test::snapshot_lift_order_standard ... FAILED
[INFO] [stdout] test stream::test::functor_composition ... FAILED
[INFO] [stdout] test stream::test::chain_1 ... FAILED
[INFO] [stdout] test stream::test::chain_2 ... FAILED
[INFO] [stdout] test stream::test::functor_identity ... FAILED
[INFO] [stdout] test source::test::with_weak_poisoned ... ok
[INFO] [stdout] test stream::test::fold_race_condition ... FAILED
[INFO] [stdout] test stream::test::filter_some ... FAILED
[INFO] [stdout] test stream::test::coalesce ... FAILED
[INFO] [stdout] test stream::test::map ... FAILED
[INFO] [stdout] test stream::test::merge ... FAILED
[INFO] [stdout] test stream::test::monoid_left_identity ... FAILED
[INFO] [stdout] test testing::test::signal_eq_algebraic ... FAILED
[INFO] [stdout] test stream::test::sink ... FAILED
[INFO] [stdout] test stream::test::sink_feed_async ... FAILED
[INFO] [stdout] test stream::test::move_closure ... FAILED
[INFO] [stdout] test stream::test::sink_feed ... FAILED
[INFO] [stdout] test testing::test::stream_eq_algebraic ... FAILED
[INFO] [stdout] test testing::test::signal_eq_const ... FAILED
[INFO] [stdout] test stream::test::sink_send_async ... FAILED
[INFO] [stdout] test transaction::test::commits_parallel ... FAILED
[INFO] [stdout] test testing::test::stream_eq_same_sink ... FAILED
[INFO] [stdout] test transaction::test::commit_nested ... FAILED
[INFO] [stdout] test testing::test::stream_eq_never ... FAILED
[INFO] [stdout] test stream::test::monoid_right_identity ... FAILED
[INFO] [stdout] test testing::test::signal_eq_piecewise_const ... FAILED
[INFO] [stdout] test transaction::test::commit_single ... FAILED
[INFO] [stdout] test stream::test::monoid_associative has been running for over 60 seconds
[INFO] [stderr] error: test failed, to rerun pass `--lib`
[INFO] [stderr] 
[INFO] [stderr] Caused by:
[INFO] [stderr]   process didn't exit successfully: `/opt/rustwide/target/debug/deps/carboxyl-d9fb35482dbd8e7e` (signal: 9, SIGKILL: kill)
[INFO] running `Command { std: "docker" "inspect" "fb4a1e923b43dc3050e6c8e16466a8309fcdce4501c6c5f8ea1e3ef4e2800549", kill_on_drop: false }`
[INFO] running `Command { std: "docker" "rm" "-f" "fb4a1e923b43dc3050e6c8e16466a8309fcdce4501c6c5f8ea1e3ef4e2800549", kill_on_drop: false }`
[INFO] [stdout] fb4a1e923b43dc3050e6c8e16466a8309fcdce4501c6c5f8ea1e3ef4e2800549
[INFO] testing carboxyl-0.2.2 against beta-2023-12-22 for beta-1.76-1
[INFO] extracting crate carboxyl 0.2.2 into /workspace/builds/worker-6-tc2/source
[INFO] validating manifest of crates.io crate carboxyl 0.2.2 on toolchain beta-2023-12-22
[INFO] running `Command { std: CARGO_HOME="/workspace/cargo-home" RUSTUP_HOME="/workspace/rustup-home" "/workspace/cargo-home/bin/cargo" "+beta-2023-12-22" "metadata" "--manifest-path" "Cargo.toml" "--no-deps", kill_on_drop: false }`
[INFO] started tweaking crates.io crate carboxyl 0.2.2
[INFO] finished tweaking crates.io crate carboxyl 0.2.2
[INFO] tweaked toml for crates.io crate carboxyl 0.2.2 written to /workspace/builds/worker-6-tc2/source/Cargo.toml
[INFO] running `Command { std: CARGO_HOME="/workspace/cargo-home" RUSTUP_HOME="/workspace/rustup-home" "/workspace/cargo-home/bin/cargo" "+beta-2023-12-22" "generate-lockfile" "--manifest-path" "Cargo.toml", kill_on_drop: false }`
[INFO] [stderr]     Updating crates.io index
[INFO] running `Command { std: CARGO_HOME="/workspace/cargo-home" RUSTUP_HOME="/workspace/rustup-home" "/workspace/cargo-home/bin/cargo" "+beta-2023-12-22" "fetch" "--manifest-path" "Cargo.toml", kill_on_drop: false }`
[INFO] running `Command { std: "docker" "create" "-v" "/var/lib/crater-agent-workspace/builds/worker-6-tc2/target:/opt/rustwide/target:rw,Z" "-v" "/var/lib/crater-agent-workspace/builds/worker-6-tc2/source:/opt/rustwide/workdir:ro,Z" "-v" "/var/lib/crater-agent-workspace/cargo-home:/opt/rustwide/cargo-home:ro,Z" "-v" "/var/lib/crater-agent-workspace/rustup-home:/opt/rustwide/rustup-home:ro,Z" "-e" "SOURCE_DIR=/opt/rustwide/workdir" "-e" "CARGO_TARGET_DIR=/opt/rustwide/target" "-e" "CARGO_HOME=/opt/rustwide/cargo-home" "-e" "RUSTUP_HOME=/opt/rustwide/rustup-home" "-w" "/opt/rustwide/workdir" "-m" "1610612736" "--user" "0:0" "--network" "none" "ghcr.io/rust-lang/crates-build-env/linux@sha256:2788e3201cd34a07e3172128adcd8b3090168a8e3bcc40d7c032b9dda1df7d1c" "/opt/rustwide/cargo-home/bin/cargo" "+beta-2023-12-22" "metadata" "--no-deps" "--format-version=1", kill_on_drop: false }`
[INFO] [stdout] 9976199d63fb51ef52df1ef7387b63f39e58096ab7cfbe861a5f5b8d08500272
[INFO] running `Command { std: "docker" "start" "-a" "9976199d63fb51ef52df1ef7387b63f39e58096ab7cfbe861a5f5b8d08500272", kill_on_drop: false }`
[INFO] running `Command { std: "docker" "inspect" "9976199d63fb51ef52df1ef7387b63f39e58096ab7cfbe861a5f5b8d08500272", kill_on_drop: false }`
[INFO] running `Command { std: "docker" "rm" "-f" "9976199d63fb51ef52df1ef7387b63f39e58096ab7cfbe861a5f5b8d08500272", kill_on_drop: false }`
[INFO] [stdout] 9976199d63fb51ef52df1ef7387b63f39e58096ab7cfbe861a5f5b8d08500272
[INFO] running `Command { std: "docker" "create" "-v" "/var/lib/crater-agent-workspace/builds/worker-6-tc2/target:/opt/rustwide/target:rw,Z" "-v" "/var/lib/crater-agent-workspace/builds/worker-6-tc2/source:/opt/rustwide/workdir:ro,Z" "-v" "/var/lib/crater-agent-workspace/cargo-home:/opt/rustwide/cargo-home:ro,Z" "-v" "/var/lib/crater-agent-workspace/rustup-home:/opt/rustwide/rustup-home:ro,Z" "-e" "SOURCE_DIR=/opt/rustwide/workdir" "-e" "CARGO_TARGET_DIR=/opt/rustwide/target" "-e" "CARGO_INCREMENTAL=0" "-e" "RUST_BACKTRACE=full" "-e" "RUSTFLAGS=--cap-lints=warn" "-e" "RUSTDOCFLAGS=--cap-lints=warn" "-e" "CARGO_HOME=/opt/rustwide/cargo-home" "-e" "RUSTUP_HOME=/opt/rustwide/rustup-home" "-w" "/opt/rustwide/workdir" "-m" "1610612736" "--user" "0:0" "--network" "none" "ghcr.io/rust-lang/crates-build-env/linux@sha256:2788e3201cd34a07e3172128adcd8b3090168a8e3bcc40d7c032b9dda1df7d1c" "/opt/rustwide/cargo-home/bin/cargo" "+beta-2023-12-22" "build" "--frozen" "--message-format=json", kill_on_drop: false }`
[INFO] [stdout] 8674066bda0442f79211886afe3255e155e13c16e292f43c187787bce604c7c0
[INFO] running `Command { std: "docker" "start" "-a" "8674066bda0442f79211886afe3255e155e13c16e292f43c187787bce604c7c0", kill_on_drop: false }`
[INFO] [stderr]    Compiling proc-macro2 v1.0.75
[INFO] [stderr]    Compiling unicode-ident v1.0.12
[INFO] [stderr]    Compiling version_check v0.9.4
[INFO] [stderr]    Compiling serde v1.0.194
[INFO] [stderr]    Compiling semver v1.0.21
[INFO] [stderr]    Compiling rustix v0.38.28
[INFO] [stderr]    Compiling serde_json v1.0.111
[INFO] [stderr]    Compiling camino v1.1.6
[INFO] [stderr]    Compiling bitflags v2.4.1
[INFO] [stderr]    Compiling itoa v1.0.10
[INFO] [stderr]    Compiling pulldown-cmark v0.9.3
[INFO] [stderr]    Compiling linux-raw-sys v0.4.12
[INFO] [stderr]    Compiling unicase v2.7.0
[INFO] [stderr]    Compiling error-chain v0.12.4
[INFO] [stderr]    Compiling ryu v1.0.16
[INFO] [stderr]    Compiling memchr v2.7.1
[INFO] [stderr]    Compiling cfg-if v1.0.0
[INFO] [stderr]    Compiling fastrand v2.0.1
[INFO] [stderr]    Compiling bitflags v1.3.2
[INFO] [stderr]    Compiling same-file v1.0.6
[INFO] [stderr]    Compiling bytecount v0.6.7
[INFO] [stderr]    Compiling walkdir v2.4.0
[INFO] [stderr]    Compiling glob v0.3.1
[INFO] [stderr]    Compiling lazy_static v1.4.0
[INFO] [stderr]    Compiling quote v1.0.35
[INFO] [stderr]    Compiling syn v2.0.48
[INFO] [stderr]    Compiling tempfile v3.9.0
[INFO] [stderr]    Compiling serde_derive v1.0.194
[INFO] [stderr]    Compiling cargo-platform v0.1.6
[INFO] [stderr]    Compiling cargo_metadata v0.14.2
[INFO] [stderr]    Compiling skeptic v0.13.7
[INFO] [stderr]    Compiling carboxyl v0.2.2 (/opt/rustwide/workdir)
[INFO] [stdout] warning: value captured by `terminate` is never read
[INFO] [stdout]    --> src/signal.rs:439:21
[INFO] [stdout]     |
[INFO] [stdout] 439 |                     terminate = Arc::new(());
[INFO] [stdout]     |                     ^^^^^^^^^
[INFO] [stdout]     |
[INFO] [stdout]     = help: did you mean to capture by reference instead?
[INFO] [stdout]     = note: `#[warn(unused_assignments)]` on by default
[INFO] [stdout] 
[INFO] [stdout] 
[INFO] [stdout] warning: 1 warning emitted
[INFO] [stdout] 
[INFO] [stdout] 
[INFO] [stderr]     Finished dev [unoptimized + debuginfo] target(s) in 11.12s
[INFO] running `Command { std: "docker" "inspect" "8674066bda0442f79211886afe3255e155e13c16e292f43c187787bce604c7c0", kill_on_drop: false }`
[INFO] running `Command { std: "docker" "rm" "-f" "8674066bda0442f79211886afe3255e155e13c16e292f43c187787bce604c7c0", kill_on_drop: false }`
[INFO] [stdout] 8674066bda0442f79211886afe3255e155e13c16e292f43c187787bce604c7c0
[INFO] running `Command { std: "docker" "create" "-v" "/var/lib/crater-agent-workspace/builds/worker-6-tc2/target:/opt/rustwide/target:rw,Z" "-v" "/var/lib/crater-agent-workspace/builds/worker-6-tc2/source:/opt/rustwide/workdir:ro,Z" "-v" "/var/lib/crater-agent-workspace/cargo-home:/opt/rustwide/cargo-home:ro,Z" "-v" "/var/lib/crater-agent-workspace/rustup-home:/opt/rustwide/rustup-home:ro,Z" "-e" "SOURCE_DIR=/opt/rustwide/workdir" "-e" "CARGO_TARGET_DIR=/opt/rustwide/target" "-e" "CARGO_INCREMENTAL=0" "-e" "RUST_BACKTRACE=full" "-e" "RUSTFLAGS=--cap-lints=warn" "-e" "RUSTDOCFLAGS=--cap-lints=warn" "-e" "CARGO_HOME=/opt/rustwide/cargo-home" "-e" "RUSTUP_HOME=/opt/rustwide/rustup-home" "-w" "/opt/rustwide/workdir" "-m" "1610612736" "--user" "0:0" "--network" "none" "ghcr.io/rust-lang/crates-build-env/linux@sha256:2788e3201cd34a07e3172128adcd8b3090168a8e3bcc40d7c032b9dda1df7d1c" "/opt/rustwide/cargo-home/bin/cargo" "+beta-2023-12-22" "test" "--frozen" "--no-run" "--message-format=json", kill_on_drop: false }`
[INFO] [stdout] 4b2631674377130c67130d76543331974f9fa4764b0fdf41644dcf2b1b4ce6d2
[INFO] running `Command { std: "docker" "start" "-a" "4b2631674377130c67130d76543331974f9fa4764b0fdf41644dcf2b1b4ce6d2", kill_on_drop: false }`
[INFO] [stderr]    Compiling cfg-if v1.0.0
[INFO] [stderr]    Compiling memchr v2.7.1
[INFO] [stderr]    Compiling serde v1.0.194
[INFO] [stderr]    Compiling serde_json v1.0.111
[INFO] [stderr]    Compiling rustix v0.38.28
[INFO] [stderr]    Compiling itoa v1.0.10
[INFO] [stderr]    Compiling linux-raw-sys v0.4.12
[INFO] [stderr]    Compiling bitflags v2.4.1
[INFO] [stderr]    Compiling ryu v1.0.16
[INFO] [stderr]    Compiling crossbeam-utils v0.8.18
[INFO] [stderr]    Compiling libc v0.2.151
[INFO] [stderr]    Compiling camino v1.1.6
[INFO] [stderr]    Compiling semver v1.0.21
[INFO] [stderr]    Compiling unicase v2.7.0
[INFO] [stderr]    Compiling same-file v1.0.6
[INFO] [stderr]    Compiling pulldown-cmark v0.9.3
[INFO] [stderr]    Compiling error-chain v0.12.4
[INFO] [stderr]    Compiling bitflags v1.3.2
[INFO] [stderr]    Compiling walkdir v2.4.0
[INFO] [stderr]    Compiling autocfg v1.1.0
[INFO] [stderr]    Compiling fastrand v2.0.1
[INFO] [stderr]    Compiling aho-corasick v1.1.2
[INFO] [stderr]    Compiling regex-syntax v0.8.2
[INFO] [stderr]    Compiling num-traits v0.2.17
[INFO] [stderr]    Compiling crossbeam-epoch v0.9.17
[INFO] [stderr]    Compiling rayon-core v1.12.0
[INFO] [stderr]    Compiling bytecount v0.6.7
[INFO] [stderr]    Compiling glob v0.3.1
[INFO] [stderr]    Compiling either v1.9.0
[INFO] [stderr]    Compiling crossbeam-deque v0.8.4
[INFO] [stderr]    Compiling regex-automata v0.4.3
[INFO] [stderr]    Compiling getrandom v0.2.11
[INFO] [stderr]    Compiling anstyle v1.0.4
[INFO] [stderr]    Compiling rand_core v0.6.4
[INFO] [stderr]    Compiling tempfile v3.9.0
[INFO] [stderr]    Compiling plotters-backend v0.3.5
[INFO] [stderr]    Compiling clap_lex v0.6.0
[INFO] [stderr]    Compiling ppv-lite86 v0.2.17
[INFO] [stderr]    Compiling ciborium-io v0.2.1
[INFO] [stderr]    Compiling cargo-platform v0.1.6
[INFO] [stderr]    Compiling half v1.8.2
[INFO] [stderr]    Compiling ciborium-ll v0.2.1
[INFO] [stderr]    Compiling rand_chacha v0.3.1
[INFO] [stderr]    Compiling clap_builder v4.4.12
[INFO] [stderr]    Compiling plotters-svg v0.3.5
[INFO] [stderr]    Compiling cargo_metadata v0.14.2
[INFO] [stderr]    Compiling itertools v0.10.5
[INFO] [stderr]    Compiling cast v0.3.0
[INFO] [stderr]    Compiling log v0.4.20
[INFO] [stderr]    Compiling regex v1.10.2
[INFO] [stderr]    Compiling plotters v0.3.5
[INFO] [stderr]    Compiling rayon v1.8.0
[INFO] [stderr]    Compiling env_logger v0.8.4
[INFO] [stderr]    Compiling skeptic v0.13.7
[INFO] [stderr]    Compiling criterion-plot v0.5.0
[INFO] [stderr]    Compiling clap v4.4.13
[INFO] [stderr]    Compiling tinytemplate v1.2.1
[INFO] [stderr]    Compiling rand v0.8.5
[INFO] [stderr]    Compiling ciborium v0.2.1
[INFO] [stderr]    Compiling carboxyl v0.2.2 (/opt/rustwide/workdir)
[INFO] [stderr]    Compiling is-terminal v0.4.10
[INFO] [stderr]    Compiling anes v0.1.6
[INFO] [stderr]    Compiling oorandom v11.1.3
[INFO] [stderr]    Compiling once_cell v1.19.0
[INFO] [stderr]    Compiling quickcheck v1.0.3
[INFO] [stderr]    Compiling criterion v0.5.1
[INFO] [stdout] warning: value captured by `terminate` is never read
[INFO] [stdout]    --> src/signal.rs:439:21
[INFO] [stdout]     |
[INFO] [stdout] 439 |                     terminate = Arc::new(());
[INFO] [stdout]     |                     ^^^^^^^^^
[INFO] [stdout]     |
[INFO] [stdout]     = help: did you mean to capture by reference instead?
[INFO] [stdout]     = note: `#[warn(unused_assignments)]` on by default
[INFO] [stdout] 
[INFO] [stdout] 
[INFO] [stdout] warning: 1 warning emitted
[INFO] [stdout] 
[INFO] [stdout] 
[INFO] [stdout] warning: value captured by `terminate` is never read
[INFO] [stdout]    --> src/signal.rs:439:21
[INFO] [stdout]     |
[INFO] [stdout] 439 |                     terminate = Arc::new(());
[INFO] [stdout]     |                     ^^^^^^^^^
[INFO] [stdout]     |
[INFO] [stdout]     = help: did you mean to capture by reference instead?
[INFO] [stdout]     = note: `#[warn(unused_assignments)]` on by default
[INFO] [stdout] 
[INFO] [stdout] 
[INFO] [stdout] warning: 1 warning emitted
[INFO] [stdout] 
[INFO] [stdout] 
[INFO] [stderr]     Finished test [unoptimized + debuginfo] target(s) in 11.54s
[INFO] running `Command { std: "docker" "inspect" "4b2631674377130c67130d76543331974f9fa4764b0fdf41644dcf2b1b4ce6d2", kill_on_drop: false }`
[INFO] running `Command { std: "docker" "rm" "-f" "4b2631674377130c67130d76543331974f9fa4764b0fdf41644dcf2b1b4ce6d2", kill_on_drop: false }`
[INFO] [stdout] 4b2631674377130c67130d76543331974f9fa4764b0fdf41644dcf2b1b4ce6d2
[INFO] running `Command { std: "docker" "create" "-v" "/var/lib/crater-agent-workspace/builds/worker-6-tc2/target:/opt/rustwide/target:rw,Z" "-v" "/var/lib/crater-agent-workspace/builds/worker-6-tc2/source:/opt/rustwide/workdir:ro,Z" "-v" "/var/lib/crater-agent-workspace/cargo-home:/opt/rustwide/cargo-home:ro,Z" "-v" "/var/lib/crater-agent-workspace/rustup-home:/opt/rustwide/rustup-home:ro,Z" "-e" "SOURCE_DIR=/opt/rustwide/workdir" "-e" "CARGO_TARGET_DIR=/opt/rustwide/target" "-e" "CARGO_INCREMENTAL=0" "-e" "RUST_BACKTRACE=full" "-e" "RUSTFLAGS=--cap-lints=warn" "-e" "RUSTDOCFLAGS=--cap-lints=warn" "-e" "CARGO_HOME=/opt/rustwide/cargo-home" "-e" "RUSTUP_HOME=/opt/rustwide/rustup-home" "-w" "/opt/rustwide/workdir" "-m" "1610612736" "--user" "0:0" "--network" "none" "ghcr.io/rust-lang/crates-build-env/linux@sha256:2788e3201cd34a07e3172128adcd8b3090168a8e3bcc40d7c032b9dda1df7d1c" "/opt/rustwide/cargo-home/bin/cargo" "+beta-2023-12-22" "test" "--frozen", kill_on_drop: false }`
[INFO] [stdout] 2125f40fb8265667d8f7a2438550116dcc2d9ade7eac2ce8f413a8c11b74e4c5
[INFO] running `Command { std: "docker" "start" "-a" "2125f40fb8265667d8f7a2438550116dcc2d9ade7eac2ce8f413a8c11b74e4c5", kill_on_drop: false }`
[INFO] [stderr] warning: value captured by `terminate` is never read
[INFO] [stderr]    --> src/signal.rs:439:21
[INFO] [stderr]     |
[INFO] [stderr] 439 |                     terminate = Arc::new(());
[INFO] [stderr]     |                     ^^^^^^^^^
[INFO] [stderr]     |
[INFO] [stderr]     = help: did you mean to capture by reference instead?
[INFO] [stderr]     = note: `#[warn(unused_assignments)]` on by default
[INFO] [stderr] 
[INFO] [stderr] warning: `carboxyl` (lib) generated 1 warning
[INFO] [stderr] warning: `carboxyl` (lib test) generated 1 warning (1 duplicate)
[INFO] [stderr]     Finished test [unoptimized + debuginfo] target(s) in 0.05s
[INFO] [stderr]      Running unittests src/lib.rs (/opt/rustwide/target/debug/deps/carboxyl-f23f5031e2e1f181)
[INFO] [stdout] 
[INFO] [stdout] running 63 tests
[INFO] [stdout] test lift::test::lift0 ... ok
[INFO] [stdout] test lift::test::lift1 ... ok
[INFO] [stdout] test lift::test::lift2 ... ok
[INFO] [stdout] test lift::test::lift2_identical ... ok
[INFO] [stdout] test lift::test::lift4 ... ok
[INFO] [stdout] test lift::test::lift3 ... ok
[INFO] [stdout] test pending::test::new_derefs_identical ... ok
[INFO] [stdout] test pending::test::new_future_identical ... ok
[INFO] [stdout] test pending::test::queue_affects_future ... ok
[INFO] [stdout] test pending::test::queue_does_not_affect_deref ... ok
[INFO] [stdout] test pending::test::updated_future ... ok
[INFO] [stdout] test pending::test::updated_deref ... ok
[INFO] [stdout] test lift::test::lift0_equal_within_transaction ... ok
[INFO] [stdout] test signal::test::cyclic_signal_intermediate ... ok
[INFO] [stdout] test signal::test::applicative_identity ... FAILED
[INFO] [stdout] test signal::test::functor_composition ... FAILED
[INFO] [stdout] test signal::test::cyclic_snapshot_accum ... FAILED
[INFO] [stdout] test signal::test::applicative_composition ... FAILED
[INFO] [stdout] test signal::test::applicative_homomorphism ... FAILED
[INFO] [stdout] test signal::test::clone ... FAILED
[INFO] [stdout] test signal::test::applicative_interchange ... FAILED
[INFO] [stdout] test signal::test::functor_identity ... FAILED
[INFO] [stdout] test signal::test::snapshot_order_standard ... FAILED
[INFO] [stdout] test source::test::source_register_and_send ... ok
[INFO] [stdout] test signal::test::hold_implicit_stream ... FAILED
[INFO] [stdout] test source::test::source_unregister ... ok
[INFO] [stdout] test source::test::with_weak_disappeared ... ok
[INFO] [stdout] test signal::test::snapshot ... FAILED
[INFO] [stdout] test source::test::with_weak_no_error ... ok
[INFO] [stdout] test signal::test::snapshot_2 ... FAILED
[INFO] [stdout] test stream::coalesce::tests::update_value_combines_new_value_using_reducer ... ok
[INFO] [stdout] test stream::coalesce::tests::update_value_puts_value_in_empty_mutex ... ok
[INFO] [stdout] test signal::test::snapshot_lift_order_standard ... FAILED
[INFO] [stdout] test signal::test::hold ... FAILED
[INFO] [stdout] test signal::test::snapshot_order_alternative ... FAILED
[INFO] [stdout] test source::test::with_weak_poisoned ... ok
[INFO] [stdout] test signal::test::switch_signal_stream ... FAILED
[INFO] [stdout] test stream::test::chain_1 ... FAILED
[INFO] [stdout] test stream::test::chain_2 ... FAILED
[INFO] [stdout] test stream::test::coalesce ... FAILED
[INFO] [stdout] test stream::test::filter_some ... FAILED
[INFO] [stdout] test stream::test::fold_race_condition ... FAILED
[INFO] [stdout] test stream::test::map ... FAILED
[INFO] [stdout] test stream::test::merge ... FAILED
[INFO] [stdout] test stream::test::move_closure ... FAILED
[INFO] [stdout] test stream::test::sink ... FAILED
[INFO] [stdout] test stream::test::sink_feed ... FAILED
[INFO] [stdout] test stream::test::monoid_left_identity ... FAILED
[INFO] [stdout] test stream::test::functor_composition ... FAILED
[INFO] [stdout] test stream::test::functor_identity ... FAILED
[INFO] [stdout] test stream::test::monoid_right_identity ... FAILED
[INFO] [stdout] test stream::test::sink_feed_async ... FAILED
[INFO] [stdout] test testing::test::signal_eq_algebraic ... FAILED
[INFO] [stdout] test testing::test::signal_eq_const ... FAILED
[INFO] [stdout] test testing::test::signal_eq_piecewise_const ... FAILED
[INFO] [stdout] test transaction::test::commit_single ... FAILED
[INFO] [stdout] test testing::test::stream_eq_algebraic ... FAILED
[INFO] [stdout] test testing::test::stream_eq_never ... FAILED
[INFO] [stdout] test testing::test::stream_eq_same_sink ... FAILED
[INFO] [stdout] test stream::test::sink_send_async ... FAILED
[INFO] [stdout] test transaction::test::commit_nested ... FAILED
[INFO] [stdout] test transaction::test::commits_parallel ... FAILED
[INFO] [stdout] test stream::test::monoid_associative has been running for over 60 seconds
[INFO] [stderr] error: test failed, to rerun pass `--lib`
[INFO] [stderr] 
[INFO] [stderr] Caused by:
[INFO] [stderr]   process didn't exit successfully: `/opt/rustwide/target/debug/deps/carboxyl-f23f5031e2e1f181` (signal: 9, SIGKILL: kill)
[INFO] running `Command { std: "docker" "inspect" "2125f40fb8265667d8f7a2438550116dcc2d9ade7eac2ce8f413a8c11b74e4c5", kill_on_drop: false }`
[INFO] running `Command { std: "docker" "rm" "-f" "2125f40fb8265667d8f7a2438550116dcc2d9ade7eac2ce8f413a8c11b74e4c5", kill_on_drop: false }`
[INFO] [stdout] 2125f40fb8265667d8f7a2438550116dcc2d9ade7eac2ce8f413a8c11b74e4c5
