[INFO] fetching crate canister-tools 0.1.4...
[INFO] testing canister-tools-0.1.4 against 1.75.0 for beta-1.76-1
[INFO] extracting crate canister-tools 0.1.4 into /workspace/builds/worker-0-tc1/source
[INFO] validating manifest of crates.io crate canister-tools 0.1.4 on toolchain 1.75.0
[INFO] running `Command { std: CARGO_HOME="/workspace/cargo-home" RUSTUP_HOME="/workspace/rustup-home" "/workspace/cargo-home/bin/cargo" "+1.75.0" "metadata" "--manifest-path" "Cargo.toml" "--no-deps", kill_on_drop: false }`
[INFO] started tweaking crates.io crate canister-tools 0.1.4
[INFO] finished tweaking crates.io crate canister-tools 0.1.4
[INFO] tweaked toml for crates.io crate canister-tools 0.1.4 written to /workspace/builds/worker-0-tc1/source/Cargo.toml
[INFO] crate crates.io crate canister-tools 0.1.4 already has a lockfile, it will not be regenerated
[INFO] running `Command { std: CARGO_HOME="/workspace/cargo-home" RUSTUP_HOME="/workspace/rustup-home" "/workspace/cargo-home/bin/cargo" "+1.75.0" "fetch" "--manifest-path" "Cargo.toml", kill_on_drop: false }`
[INFO] [stderr]     Updating crates.io index
[INFO] [stderr]  Downloading crates ...
[INFO] [stderr]   Downloaded pretty v0.12.1
[INFO] [stderr]   Downloaded ic0 v0.18.11
[INFO] [stderr]   Downloaded ic-cdk v0.10.0
[INFO] [stderr]   Downloaded binread v2.2.0
[INFO] [stderr]   Downloaded serde_tokenstream v0.1.7
[INFO] [stderr]   Downloaded ic-cdk-macros v0.7.1
[INFO] [stderr]   Downloaded candid_derive v0.6.3
[INFO] [stderr]   Downloaded candid v0.9.6
[INFO] [stderr]   Downloaded winnow v0.4.7
[INFO] [stderr]   Downloaded ic-stable-structures v0.5.4
[INFO] [stderr]   Downloaded binread_derive v2.1.0
[INFO] [stderr]   Downloaded stacker v0.1.15
[INFO] running `Command { std: "docker" "create" "-v" "/var/lib/crater-agent-workspace/builds/worker-0-tc1/target:/opt/rustwide/target:rw,Z" "-v" "/var/lib/crater-agent-workspace/builds/worker-0-tc1/source:/opt/rustwide/workdir:ro,Z" "-v" "/var/lib/crater-agent-workspace/cargo-home:/opt/rustwide/cargo-home:ro,Z" "-v" "/var/lib/crater-agent-workspace/rustup-home:/opt/rustwide/rustup-home:ro,Z" "-e" "SOURCE_DIR=/opt/rustwide/workdir" "-e" "CARGO_TARGET_DIR=/opt/rustwide/target" "-e" "CARGO_HOME=/opt/rustwide/cargo-home" "-e" "RUSTUP_HOME=/opt/rustwide/rustup-home" "-w" "/opt/rustwide/workdir" "-m" "1610612736" "--user" "0:0" "--network" "none" "ghcr.io/rust-lang/crates-build-env/linux@sha256:2788e3201cd34a07e3172128adcd8b3090168a8e3bcc40d7c032b9dda1df7d1c" "/opt/rustwide/cargo-home/bin/cargo" "+1.75.0" "metadata" "--no-deps" "--format-version=1", kill_on_drop: false }`
[INFO] [stdout] d4f586980d6f16b54a21aa675ede00c5c19a77b7f7292bef89bd59eaf61addae
[INFO] running `Command { std: "docker" "start" "-a" "d4f586980d6f16b54a21aa675ede00c5c19a77b7f7292bef89bd59eaf61addae", kill_on_drop: false }`
[INFO] running `Command { std: "docker" "inspect" "d4f586980d6f16b54a21aa675ede00c5c19a77b7f7292bef89bd59eaf61addae", kill_on_drop: false }`
[INFO] running `Command { std: "docker" "rm" "-f" "d4f586980d6f16b54a21aa675ede00c5c19a77b7f7292bef89bd59eaf61addae", kill_on_drop: false }`
[INFO] [stdout] d4f586980d6f16b54a21aa675ede00c5c19a77b7f7292bef89bd59eaf61addae
[INFO] running `Command { std: "docker" "create" "-v" "/var/lib/crater-agent-workspace/builds/worker-0-tc1/target:/opt/rustwide/target:rw,Z" "-v" "/var/lib/crater-agent-workspace/builds/worker-0-tc1/source:/opt/rustwide/workdir:ro,Z" "-v" "/var/lib/crater-agent-workspace/cargo-home:/opt/rustwide/cargo-home:ro,Z" "-v" "/var/lib/crater-agent-workspace/rustup-home:/opt/rustwide/rustup-home:ro,Z" "-e" "SOURCE_DIR=/opt/rustwide/workdir" "-e" "CARGO_TARGET_DIR=/opt/rustwide/target" "-e" "CARGO_INCREMENTAL=0" "-e" "RUST_BACKTRACE=full" "-e" "RUSTFLAGS=--cap-lints=warn" "-e" "RUSTDOCFLAGS=--cap-lints=warn" "-e" "CARGO_HOME=/opt/rustwide/cargo-home" "-e" "RUSTUP_HOME=/opt/rustwide/rustup-home" "-w" "/opt/rustwide/workdir" "-m" "1610612736" "--user" "0:0" "--network" "none" "ghcr.io/rust-lang/crates-build-env/linux@sha256:2788e3201cd34a07e3172128adcd8b3090168a8e3bcc40d7c032b9dda1df7d1c" "/opt/rustwide/cargo-home/bin/cargo" "+1.75.0" "build" "--frozen" "--message-format=json", kill_on_drop: false }`
[INFO] [stdout] cb85f6d73edd7840ae59dd46b253a016a686bd9455d700f03581cec9dad4974e
[INFO] running `Command { std: "docker" "start" "-a" "cb85f6d73edd7840ae59dd46b253a016a686bd9455d700f03581cec9dad4974e", kill_on_drop: false }`
[INFO] [stderr]    Compiling proc-macro2 v1.0.60
[INFO] [stderr]    Compiling quote v1.0.28
[INFO] [stderr]    Compiling unicode-ident v1.0.9
[INFO] [stderr]    Compiling serde v1.0.164
[INFO] [stderr]    Compiling syn v1.0.109
[INFO] [stderr]    Compiling hashbrown v0.12.3
[INFO] [stderr]    Compiling winnow v0.4.7
[INFO] [stderr]    Compiling toml_datetime v0.6.2
[INFO] [stderr]    Compiling libc v0.2.146
[INFO] [stderr]    Compiling rustversion v1.0.12
[INFO] [stderr]    Compiling once_cell v1.18.0
[INFO] [stderr]    Compiling psm v0.1.21
[INFO] [stderr]    Compiling indexmap v1.9.3
[INFO] [stderr]    Compiling num-bigint v0.4.3
[INFO] [stderr]    Compiling stacker v0.1.15
[INFO] [stderr]    Compiling paste v1.0.12
[INFO] [stderr]    Compiling thiserror v1.0.40
[INFO] [stderr]    Compiling either v1.8.1
[INFO] [stderr]    Compiling digest v0.10.7
[INFO] [stderr]    Compiling cpufeatures v0.2.8
[INFO] [stderr]    Compiling typed-arena v2.0.2
[INFO] [stderr]    Compiling candid v0.9.6
[INFO] [stderr]    Compiling arrayvec v0.5.2
[INFO] [stderr]    Compiling codespan-reporting v0.11.1
[INFO] [stderr]    Compiling data-encoding v2.4.0
[INFO] [stderr]    Compiling leb128 v0.2.5
[INFO] [stderr]    Compiling ic0 v0.18.11
[INFO] [stderr]    Compiling sha2 v0.10.7
[INFO] [stderr]    Compiling ic-stable-structures v0.5.4
[INFO] [stderr]    Compiling pretty v0.12.1
[INFO] [stderr]    Compiling syn v2.0.18
[INFO] [stderr]    Compiling toml_edit v0.19.10
[INFO] [stderr]    Compiling proc-macro-crate v1.3.1
[INFO] [stderr]    Compiling serde_derive v1.0.164
[INFO] [stderr]    Compiling thiserror-impl v1.0.40
[INFO] [stderr]    Compiling num_enum_derive v0.6.1
[INFO] [stderr]    Compiling candid_derive v0.6.3
[INFO] [stderr]    Compiling binread_derive v2.1.0
[INFO] [stderr]    Compiling num_enum v0.6.1
[INFO] [stderr]    Compiling binread v2.2.0
[INFO] [stderr]    Compiling serde_bytes v0.11.9
[INFO] [stderr]    Compiling serde_tokenstream v0.1.7
[INFO] [stderr]    Compiling bincode v1.3.3
[INFO] [stderr]    Compiling ic-cdk-macros v0.7.1
[INFO] [stderr]    Compiling ic-cdk v0.10.0
[INFO] [stderr]    Compiling canister-tools v0.1.4 (/opt/rustwide/workdir)
[INFO] [stderr]     Finished dev [unoptimized + debuginfo] target(s) in 18.29s
[INFO] running `Command { std: "docker" "inspect" "cb85f6d73edd7840ae59dd46b253a016a686bd9455d700f03581cec9dad4974e", kill_on_drop: false }`
[INFO] running `Command { std: "docker" "rm" "-f" "cb85f6d73edd7840ae59dd46b253a016a686bd9455d700f03581cec9dad4974e", kill_on_drop: false }`
[INFO] [stdout] cb85f6d73edd7840ae59dd46b253a016a686bd9455d700f03581cec9dad4974e
[INFO] running `Command { std: "docker" "create" "-v" "/var/lib/crater-agent-workspace/builds/worker-0-tc1/target:/opt/rustwide/target:rw,Z" "-v" "/var/lib/crater-agent-workspace/builds/worker-0-tc1/source:/opt/rustwide/workdir:ro,Z" "-v" "/var/lib/crater-agent-workspace/cargo-home:/opt/rustwide/cargo-home:ro,Z" "-v" "/var/lib/crater-agent-workspace/rustup-home:/opt/rustwide/rustup-home:ro,Z" "-e" "SOURCE_DIR=/opt/rustwide/workdir" "-e" "CARGO_TARGET_DIR=/opt/rustwide/target" "-e" "CARGO_INCREMENTAL=0" "-e" "RUST_BACKTRACE=full" "-e" "RUSTFLAGS=--cap-lints=warn" "-e" "RUSTDOCFLAGS=--cap-lints=warn" "-e" "CARGO_HOME=/opt/rustwide/cargo-home" "-e" "RUSTUP_HOME=/opt/rustwide/rustup-home" "-w" "/opt/rustwide/workdir" "-m" "1610612736" "--user" "0:0" "--network" "none" "ghcr.io/rust-lang/crates-build-env/linux@sha256:2788e3201cd34a07e3172128adcd8b3090168a8e3bcc40d7c032b9dda1df7d1c" "/opt/rustwide/cargo-home/bin/cargo" "+1.75.0" "test" "--frozen" "--no-run" "--message-format=json", kill_on_drop: false }`
[INFO] [stdout] 856127efb230fa55d72535c4ec13bfbb2987959f3779ab65ef651a43dbf5eacb
[INFO] running `Command { std: "docker" "start" "-a" "856127efb230fa55d72535c4ec13bfbb2987959f3779ab65ef651a43dbf5eacb", kill_on_drop: false }`
[INFO] [stderr]    Compiling canister-tools v0.1.4 (/opt/rustwide/workdir)
[INFO] [stderr]     Finished test [unoptimized + debuginfo] target(s) in 0.83s
[INFO] running `Command { std: "docker" "inspect" "856127efb230fa55d72535c4ec13bfbb2987959f3779ab65ef651a43dbf5eacb", kill_on_drop: false }`
[INFO] running `Command { std: "docker" "rm" "-f" "856127efb230fa55d72535c4ec13bfbb2987959f3779ab65ef651a43dbf5eacb", kill_on_drop: false }`
[INFO] [stdout] 856127efb230fa55d72535c4ec13bfbb2987959f3779ab65ef651a43dbf5eacb
[INFO] running `Command { std: "docker" "create" "-v" "/var/lib/crater-agent-workspace/builds/worker-0-tc1/target:/opt/rustwide/target:rw,Z" "-v" "/var/lib/crater-agent-workspace/builds/worker-0-tc1/source:/opt/rustwide/workdir:ro,Z" "-v" "/var/lib/crater-agent-workspace/cargo-home:/opt/rustwide/cargo-home:ro,Z" "-v" "/var/lib/crater-agent-workspace/rustup-home:/opt/rustwide/rustup-home:ro,Z" "-e" "SOURCE_DIR=/opt/rustwide/workdir" "-e" "CARGO_TARGET_DIR=/opt/rustwide/target" "-e" "CARGO_INCREMENTAL=0" "-e" "RUST_BACKTRACE=full" "-e" "RUSTFLAGS=--cap-lints=warn" "-e" "RUSTDOCFLAGS=--cap-lints=warn" "-e" "CARGO_HOME=/opt/rustwide/cargo-home" "-e" "RUSTUP_HOME=/opt/rustwide/rustup-home" "-w" "/opt/rustwide/workdir" "-m" "1610612736" "--user" "0:0" "--network" "none" "ghcr.io/rust-lang/crates-build-env/linux@sha256:2788e3201cd34a07e3172128adcd8b3090168a8e3bcc40d7c032b9dda1df7d1c" "/opt/rustwide/cargo-home/bin/cargo" "+1.75.0" "test" "--frozen", kill_on_drop: false }`
[INFO] [stdout] 21cb131763f5219ea56f037218d7f5c3960acf519e2cfdc7d096a893af16b1e4
[INFO] running `Command { std: "docker" "start" "-a" "21cb131763f5219ea56f037218d7f5c3960acf519e2cfdc7d096a893af16b1e4", kill_on_drop: false }`
[INFO] [stderr]     Finished test [unoptimized + debuginfo] target(s) in 0.07s
[INFO] [stderr]      Running unittests src/lib.rs (/opt/rustwide/target/debug/deps/canister_tools-27961555814f11e0)
[INFO] [stdout] 
[INFO] [stdout] running 0 tests
[INFO] [stdout] 
[INFO] [stdout] test result: ok. 0 passed; 0 failed; 0 ignored; 0 measured; 0 filtered out; finished in 0.00s
[INFO] [stdout] 
[INFO] [stderr]      Running unittests src/main.rs (/opt/rustwide/target/debug/deps/canister_tools-0d4a80129b3bec6d)
[INFO] [stdout] 
[INFO] [stdout] running 0 tests
[INFO] [stdout] 
[INFO] [stdout] test result: ok. 0 passed; 0 failed; 0 ignored; 0 measured; 0 filtered out; finished in 0.00s
[INFO] [stdout] 
[INFO] [stderr]    Doc-tests canister-tools
[INFO] [stdout] 
[INFO] [stdout] running 5 tests
[INFO] [stdout] test src/lib.rs - localkey::refcell::with_mut (line 187) ... FAILED
[INFO] [stdout] test src/lib.rs - localkey::cell::set (line 240) ... FAILED
[INFO] [stdout] test src/lib.rs - localkey::cell::get (line 225) ... FAILED
[INFO] [stdout] test src/lib.rs - localkey::refcell::with (line 155) ... FAILED
[INFO] [stdout] test src/lib.rs - (line 62) ... ok
[INFO] [stdout] 
[INFO] [stdout] failures:
[INFO] [stdout] 
[INFO] [stdout] ---- src/lib.rs - localkey::refcell::with_mut (line 187) stdout ----
[INFO] [stdout] error[E0412]: cannot find type `RefCell` in this scope
[INFO] [stdout]  --> src/lib.rs:193:19
[INFO] [stdout]   |
[INFO] [stdout] 8 |     static HOUSE: RefCell<House> = 
[INFO] [stdout]   |                   ^^^^^^^ not found in this scope
[INFO] [stdout]   |
[INFO] [stdout] help: consider importing one of these items
[INFO] [stdout]   |
[INFO] [stdout] 2 + use core::cell::RefCell;
[INFO] [stdout]   |
[INFO] [stdout] 2 + use std::cell::RefCell;
[INFO] [stdout]   |
[INFO] [stdout] 
[INFO] [stdout] error[E0433]: failed to resolve: use of undeclared type `RefCell`
[INFO] [stdout]  --> src/lib.rs:194:9
[INFO] [stdout]   |
[INFO] [stdout] 9 |         RefCell::new(
[INFO] [stdout]   |         ^^^^^^^ use of undeclared type `RefCell`
[INFO] [stdout]   |
[INFO] [stdout] help: consider importing one of these items
[INFO] [stdout]   |
[INFO] [stdout] 2 + use core::cell::RefCell;
[INFO] [stdout]   |
[INFO] [stdout] 2 + use std::cell::RefCell;
[INFO] [stdout]   |
[INFO] [stdout] 
[INFO] [stdout] error[E0425]: cannot find function `with_mut` in this scope
[INFO] [stdout]   --> src/lib.rs:203:5
[INFO] [stdout]    |
[INFO] [stdout] 18 |     with_mut(&HOUSE, |house| {
[INFO] [stdout]    |     ^^^^^^^^ not found in this scope
[INFO] [stdout]    |
[INFO] [stdout] help: consider importing this function
[INFO] [stdout]    |
[INFO] [stdout] 2  + use canister_tools::localkey::refcell::with_mut;
[INFO] [stdout]    |
[INFO] [stdout] 
[INFO] [stdout] error: aborting due to 3 previous errors
[INFO] [stdout] 
[INFO] [stdout] Some errors have detailed explanations: E0412, E0425, E0433.
[INFO] [stdout] For more information about an error, try `rustc --explain E0412`.
[INFO] [stdout] Couldn't compile the test.
[INFO] [stdout] ---- src/lib.rs - localkey::cell::set (line 240) stdout ----
[INFO] [stdout] error[E0412]: cannot find type `Cell` in this scope
[INFO] [stdout]  --> src/lib.rs:242:19
[INFO] [stdout]   |
[INFO] [stdout] 4 |     static VALUE: Cell<u64> = Cell::new(5);
[INFO] [stdout]   |                   ^^^^ not found in this scope
[INFO] [stdout]   |
[INFO] [stdout] help: consider importing one of these items
[INFO] [stdout]   |
[INFO] [stdout] 2 + use core::cell::Cell;
[INFO] [stdout]   |
[INFO] [stdout] 2 + use ic_stable_structures::Cell;
[INFO] [stdout]   |
[INFO] [stdout] 2 + use std::cell::Cell;
[INFO] [stdout]   |
[INFO] [stdout] 
[INFO] [stdout] error[E0433]: failed to resolve: use of undeclared type `Cell`
[INFO] [stdout]  --> src/lib.rs:242:31
[INFO] [stdout]   |
[INFO] [stdout] 4 |     static VALUE: Cell<u64> = Cell::new(5);
[INFO] [stdout]   |                               ^^^^ use of undeclared type `Cell`
[INFO] [stdout]   |
[INFO] [stdout] help: consider importing one of these items
[INFO] [stdout]   |
[INFO] [stdout] 2 + use core::cell::Cell;
[INFO] [stdout]   |
[INFO] [stdout] 2 + use ic_stable_structures::Cell;
[INFO] [stdout]   |
[INFO] [stdout] 2 + use std::cell::Cell;
[INFO] [stdout]   |
[INFO] [stdout] 
[INFO] [stdout] error[E0425]: cannot find function `set` in this scope
[INFO] [stdout]  --> src/lib.rs:246:5
[INFO] [stdout]   |
[INFO] [stdout] 8 |     set(&VALUE, new_value);
[INFO] [stdout]   |     ^^^ not found in this scope
[INFO] [stdout]   |
[INFO] [stdout] help: consider importing this function
[INFO] [stdout]   |
[INFO] [stdout] 2 + use canister_tools::localkey::cell::set;
[INFO] [stdout]   |
[INFO] [stdout] 
[INFO] [stdout] error: aborting due to 3 previous errors
[INFO] [stdout] 
[INFO] [stdout] Some errors have detailed explanations: E0412, E0425, E0433.
[INFO] [stdout] For more information about an error, try `rustc --explain E0412`.
[INFO] [stdout] Couldn't compile the test.
[INFO] [stdout] ---- src/lib.rs - localkey::cell::get (line 225) stdout ----
[INFO] [stdout] error[E0412]: cannot find type `Cell` in this scope
[INFO] [stdout]  --> src/lib.rs:227:19
[INFO] [stdout]   |
[INFO] [stdout] 4 |     static VALUE: Cell<u64> = Cell::new(5);
[INFO] [stdout]   |                   ^^^^ not found in this scope
[INFO] [stdout]   |
[INFO] [stdout] help: consider importing one of these items
[INFO] [stdout]   |
[INFO] [stdout] 2 + use core::cell::Cell;
[INFO] [stdout]   |
[INFO] [stdout] 2 + use ic_stable_structures::Cell;
[INFO] [stdout]   |
[INFO] [stdout] 2 + use std::cell::Cell;
[INFO] [stdout]   |
[INFO] [stdout] 
[INFO] [stdout] error[E0433]: failed to resolve: use of undeclared type `Cell`
[INFO] [stdout]  --> src/lib.rs:227:31
[INFO] [stdout]   |
[INFO] [stdout] 4 |     static VALUE: Cell<u64> = Cell::new(5);
[INFO] [stdout]   |                               ^^^^ use of undeclared type `Cell`
[INFO] [stdout]   |
[INFO] [stdout] help: consider importing one of these items
[INFO] [stdout]   |
[INFO] [stdout] 2 + use core::cell::Cell;
[INFO] [stdout]   |
[INFO] [stdout] 2 + use ic_stable_structures::Cell;
[INFO] [stdout]   |
[INFO] [stdout] 2 + use std::cell::Cell;
[INFO] [stdout]   |
[INFO] [stdout] 
[INFO] [stdout] error[E0425]: cannot find function `get` in this scope
[INFO] [stdout]  --> src/lib.rs:231:5
[INFO] [stdout]   |
[INFO] [stdout] 8 |     get(&VALUE) * multiply_by
[INFO] [stdout]   |     ^^^ not found in this scope
[INFO] [stdout]   |
[INFO] [stdout] help: consider importing this function
[INFO] [stdout]   |
[INFO] [stdout] 2 + use canister_tools::localkey::cell::get;
[INFO] [stdout]   |
[INFO] [stdout] 
[INFO] [stdout] error: aborting due to 3 previous errors
[INFO] [stdout] 
[INFO] [stdout] Some errors have detailed explanations: E0412, E0425, E0433.
[INFO] [stdout] For more information about an error, try `rustc --explain E0412`.
[INFO] [stdout] Couldn't compile the test.
[INFO] [stdout] ---- src/lib.rs - localkey::refcell::with (line 155) stdout ----
[INFO] [stdout] error[E0412]: cannot find type `RefCell` in this scope
[INFO] [stdout]  --> src/lib.rs:161:19
[INFO] [stdout]   |
[INFO] [stdout] 8 |     static HOUSE: RefCell<House> = 
[INFO] [stdout]   |                   ^^^^^^^ not found in this scope
[INFO] [stdout]   |
[INFO] [stdout] help: consider importing one of these items
[INFO] [stdout]   |
[INFO] [stdout] 2 + use core::cell::RefCell;
[INFO] [stdout]   |
[INFO] [stdout] 2 + use std::cell::RefCell;
[INFO] [stdout]   |
[INFO] [stdout] 
[INFO] [stdout] error[E0433]: failed to resolve: use of undeclared type `RefCell`
[INFO] [stdout]  --> src/lib.rs:162:9
[INFO] [stdout]   |
[INFO] [stdout] 9 |         RefCell::new(
[INFO] [stdout]   |         ^^^^^^^ use of undeclared type `RefCell`
[INFO] [stdout]   |
[INFO] [stdout] help: consider importing one of these items
[INFO] [stdout]   |
[INFO] [stdout] 2 + use core::cell::RefCell;
[INFO] [stdout]   |
[INFO] [stdout] 2 + use std::cell::RefCell;
[INFO] [stdout]   |
[INFO] [stdout] 
[INFO] [stdout] error[E0425]: cannot find function `with` in this scope
[INFO] [stdout]   --> src/lib.rs:171:5
[INFO] [stdout]    |
[INFO] [stdout] 18 |     with(&HOUSE, |house| {
[INFO] [stdout]    |     ^^^^ not found in this scope
[INFO] [stdout]    |
[INFO] [stdout] help: consider importing this function
[INFO] [stdout]    |
[INFO] [stdout] 2  + use canister_tools::localkey::refcell::with;
[INFO] [stdout]    |
[INFO] [stdout] 
[INFO] [stdout] error: aborting due to 3 previous errors
[INFO] [stdout] 
[INFO] [stdout] Some errors have detailed explanations: E0412, E0425, E0433.
[INFO] [stdout] For more information about an error, try `rustc --explain E0412`.
[INFO] [stdout] Couldn't compile the test.
[INFO] [stdout] 
[INFO] [stdout] failures:
[INFO] [stdout]     src/lib.rs - localkey::cell::get (line 225)
[INFO] [stdout]     src/lib.rs - localkey::cell::set (line 240)
[INFO] [stdout]     src/lib.rs - localkey::refcell::with (line 155)
[INFO] [stdout]     src/lib.rs - localkey::refcell::with_mut (line 187)
[INFO] [stdout] 
[INFO] [stdout] test result: FAILED. 1 passed; 4 failed; 0 ignored; 0 measured; 0 filtered out; finished in 0.75s
[INFO] [stdout] 
[INFO] [stderr] error: doctest failed, to rerun pass `--doc`
[INFO] running `Command { std: "docker" "inspect" "21cb131763f5219ea56f037218d7f5c3960acf519e2cfdc7d096a893af16b1e4", kill_on_drop: false }`
[INFO] running `Command { std: "docker" "rm" "-f" "21cb131763f5219ea56f037218d7f5c3960acf519e2cfdc7d096a893af16b1e4", kill_on_drop: false }`
[INFO] [stdout] 21cb131763f5219ea56f037218d7f5c3960acf519e2cfdc7d096a893af16b1e4
