[INFO] fetching crate calyx-stdlib 0.6.1...
[INFO] testing calyx-stdlib-0.6.1 against 1.75.0 for beta-1.76-1
[INFO] extracting crate calyx-stdlib 0.6.1 into /workspace/builds/worker-3-tc1/source
[INFO] validating manifest of crates.io crate calyx-stdlib 0.6.1 on toolchain 1.75.0
[INFO] running `Command { std: CARGO_HOME="/workspace/cargo-home" RUSTUP_HOME="/workspace/rustup-home" "/workspace/cargo-home/bin/cargo" "+1.75.0" "metadata" "--manifest-path" "Cargo.toml" "--no-deps", kill_on_drop: false }`
[INFO] started tweaking crates.io crate calyx-stdlib 0.6.1
[INFO] finished tweaking crates.io crate calyx-stdlib 0.6.1
[INFO] tweaked toml for crates.io crate calyx-stdlib 0.6.1 written to /workspace/builds/worker-3-tc1/source/Cargo.toml
[INFO] running `Command { std: CARGO_HOME="/workspace/cargo-home" RUSTUP_HOME="/workspace/rustup-home" "/workspace/cargo-home/bin/cargo" "+1.75.0" "generate-lockfile" "--manifest-path" "Cargo.toml", kill_on_drop: false }`
[INFO] running `Command { std: CARGO_HOME="/workspace/cargo-home" RUSTUP_HOME="/workspace/rustup-home" "/workspace/cargo-home/bin/cargo" "+1.75.0" "fetch" "--manifest-path" "Cargo.toml", kill_on_drop: false }`
[INFO] running `Command { std: "docker" "create" "-v" "/var/lib/crater-agent-workspace/builds/worker-3-tc1/target:/opt/rustwide/target:rw,Z" "-v" "/var/lib/crater-agent-workspace/builds/worker-3-tc1/source:/opt/rustwide/workdir:ro,Z" "-v" "/var/lib/crater-agent-workspace/cargo-home:/opt/rustwide/cargo-home:ro,Z" "-v" "/var/lib/crater-agent-workspace/rustup-home:/opt/rustwide/rustup-home:ro,Z" "-e" "SOURCE_DIR=/opt/rustwide/workdir" "-e" "CARGO_TARGET_DIR=/opt/rustwide/target" "-e" "CARGO_HOME=/opt/rustwide/cargo-home" "-e" "RUSTUP_HOME=/opt/rustwide/rustup-home" "-w" "/opt/rustwide/workdir" "-m" "1610612736" "--user" "0:0" "--network" "none" "ghcr.io/rust-lang/crates-build-env/linux@sha256:2788e3201cd34a07e3172128adcd8b3090168a8e3bcc40d7c032b9dda1df7d1c" "/opt/rustwide/cargo-home/bin/cargo" "+1.75.0" "metadata" "--no-deps" "--format-version=1", kill_on_drop: false }`
[INFO] [stdout] 20d9db006794418c477c6964aa1f46e968b50265183b6689efaf12bb53f8ffff
[INFO] running `Command { std: "docker" "start" "-a" "20d9db006794418c477c6964aa1f46e968b50265183b6689efaf12bb53f8ffff", kill_on_drop: false }`
[INFO] running `Command { std: "docker" "inspect" "20d9db006794418c477c6964aa1f46e968b50265183b6689efaf12bb53f8ffff", kill_on_drop: false }`
[INFO] running `Command { std: "docker" "rm" "-f" "20d9db006794418c477c6964aa1f46e968b50265183b6689efaf12bb53f8ffff", kill_on_drop: false }`
[INFO] [stdout] 20d9db006794418c477c6964aa1f46e968b50265183b6689efaf12bb53f8ffff
[INFO] running `Command { std: "docker" "create" "-v" "/var/lib/crater-agent-workspace/builds/worker-3-tc1/target:/opt/rustwide/target:rw,Z" "-v" "/var/lib/crater-agent-workspace/builds/worker-3-tc1/source:/opt/rustwide/workdir:ro,Z" "-v" "/var/lib/crater-agent-workspace/cargo-home:/opt/rustwide/cargo-home:ro,Z" "-v" "/var/lib/crater-agent-workspace/rustup-home:/opt/rustwide/rustup-home:ro,Z" "-e" "SOURCE_DIR=/opt/rustwide/workdir" "-e" "CARGO_TARGET_DIR=/opt/rustwide/target" "-e" "CARGO_INCREMENTAL=0" "-e" "RUST_BACKTRACE=full" "-e" "RUSTFLAGS=--cap-lints=warn" "-e" "RUSTDOCFLAGS=--cap-lints=warn" "-e" "CARGO_HOME=/opt/rustwide/cargo-home" "-e" "RUSTUP_HOME=/opt/rustwide/rustup-home" "-w" "/opt/rustwide/workdir" "-m" "1610612736" "--user" "0:0" "--network" "none" "ghcr.io/rust-lang/crates-build-env/linux@sha256:2788e3201cd34a07e3172128adcd8b3090168a8e3bcc40d7c032b9dda1df7d1c" "/opt/rustwide/cargo-home/bin/cargo" "+1.75.0" "build" "--frozen" "--message-format=json", kill_on_drop: false }`
[INFO] [stdout] 143253b39b0d9883121682b563cd9d7717f36bca08cca6acb1aa9171e993ba1a
[INFO] running `Command { std: "docker" "start" "-a" "143253b39b0d9883121682b563cd9d7717f36bca08cca6acb1aa9171e993ba1a", kill_on_drop: false }`
[INFO] [stderr]    Compiling calyx-stdlib v0.6.1 (/opt/rustwide/workdir)
[INFO] [stderr]     Finished dev [unoptimized + debuginfo] target(s) in 0.10s
[INFO] running `Command { std: "docker" "inspect" "143253b39b0d9883121682b563cd9d7717f36bca08cca6acb1aa9171e993ba1a", kill_on_drop: false }`
[INFO] running `Command { std: "docker" "rm" "-f" "143253b39b0d9883121682b563cd9d7717f36bca08cca6acb1aa9171e993ba1a", kill_on_drop: false }`
[INFO] [stdout] 143253b39b0d9883121682b563cd9d7717f36bca08cca6acb1aa9171e993ba1a
[INFO] running `Command { std: "docker" "create" "-v" "/var/lib/crater-agent-workspace/builds/worker-3-tc1/target:/opt/rustwide/target:rw,Z" "-v" "/var/lib/crater-agent-workspace/builds/worker-3-tc1/source:/opt/rustwide/workdir:ro,Z" "-v" "/var/lib/crater-agent-workspace/cargo-home:/opt/rustwide/cargo-home:ro,Z" "-v" "/var/lib/crater-agent-workspace/rustup-home:/opt/rustwide/rustup-home:ro,Z" "-e" "SOURCE_DIR=/opt/rustwide/workdir" "-e" "CARGO_TARGET_DIR=/opt/rustwide/target" "-e" "CARGO_INCREMENTAL=0" "-e" "RUST_BACKTRACE=full" "-e" "RUSTFLAGS=--cap-lints=warn" "-e" "RUSTDOCFLAGS=--cap-lints=warn" "-e" "CARGO_HOME=/opt/rustwide/cargo-home" "-e" "RUSTUP_HOME=/opt/rustwide/rustup-home" "-w" "/opt/rustwide/workdir" "-m" "1610612736" "--user" "0:0" "--network" "none" "ghcr.io/rust-lang/crates-build-env/linux@sha256:2788e3201cd34a07e3172128adcd8b3090168a8e3bcc40d7c032b9dda1df7d1c" "/opt/rustwide/cargo-home/bin/cargo" "+1.75.0" "test" "--frozen" "--no-run" "--message-format=json", kill_on_drop: false }`
[INFO] [stdout] 16b36e213aeb8358b4557a634e3a6ee4a746028c5d5e2e67d6585cd699fc93a2
[INFO] running `Command { std: "docker" "start" "-a" "16b36e213aeb8358b4557a634e3a6ee4a746028c5d5e2e67d6585cd699fc93a2", kill_on_drop: false }`
[INFO] [stderr]    Compiling calyx-stdlib v0.6.1 (/opt/rustwide/workdir)
[INFO] [stderr]     Finished test [unoptimized + debuginfo] target(s) in 0.29s
[INFO] running `Command { std: "docker" "inspect" "16b36e213aeb8358b4557a634e3a6ee4a746028c5d5e2e67d6585cd699fc93a2", kill_on_drop: false }`
[INFO] running `Command { std: "docker" "rm" "-f" "16b36e213aeb8358b4557a634e3a6ee4a746028c5d5e2e67d6585cd699fc93a2", kill_on_drop: false }`
[INFO] [stdout] 16b36e213aeb8358b4557a634e3a6ee4a746028c5d5e2e67d6585cd699fc93a2
[INFO] running `Command { std: "docker" "create" "-v" "/var/lib/crater-agent-workspace/builds/worker-3-tc1/target:/opt/rustwide/target:rw,Z" "-v" "/var/lib/crater-agent-workspace/builds/worker-3-tc1/source:/opt/rustwide/workdir:ro,Z" "-v" "/var/lib/crater-agent-workspace/cargo-home:/opt/rustwide/cargo-home:ro,Z" "-v" "/var/lib/crater-agent-workspace/rustup-home:/opt/rustwide/rustup-home:ro,Z" "-e" "SOURCE_DIR=/opt/rustwide/workdir" "-e" "CARGO_TARGET_DIR=/opt/rustwide/target" "-e" "CARGO_INCREMENTAL=0" "-e" "RUST_BACKTRACE=full" "-e" "RUSTFLAGS=--cap-lints=warn" "-e" "RUSTDOCFLAGS=--cap-lints=warn" "-e" "CARGO_HOME=/opt/rustwide/cargo-home" "-e" "RUSTUP_HOME=/opt/rustwide/rustup-home" "-w" "/opt/rustwide/workdir" "-m" "1610612736" "--user" "0:0" "--network" "none" "ghcr.io/rust-lang/crates-build-env/linux@sha256:2788e3201cd34a07e3172128adcd8b3090168a8e3bcc40d7c032b9dda1df7d1c" "/opt/rustwide/cargo-home/bin/cargo" "+1.75.0" "test" "--frozen", kill_on_drop: false }`
[INFO] [stdout] 58ab533365a4752174f12dd6c2da161738fbfd418ccd67b583e66fb60473c8e0
[INFO] running `Command { std: "docker" "start" "-a" "58ab533365a4752174f12dd6c2da161738fbfd418ccd67b583e66fb60473c8e0", kill_on_drop: false }`
[INFO] [stderr]     Finished test [unoptimized + debuginfo] target(s) in 0.00s
[INFO] [stderr]      Running unittests src/lib.rs (/opt/rustwide/target/debug/deps/calyx_stdlib-9a0b16a741e0cbb0)
[INFO] [stdout] 
[INFO] [stdout] running 0 tests
[INFO] [stdout] 
[INFO] [stdout] test result: ok. 0 passed; 0 failed; 0 ignored; 0 measured; 0 filtered out; finished in 0.00s
[INFO] [stdout] 
[INFO] [stderr]    Doc-tests calyx-stdlib
[INFO] [stdout] 
[INFO] [stdout] running 1 test
[INFO] [stdout] test src/primitives.rs - primitives::load_prims (line 5) ... FAILED
[INFO] [stdout] 
[INFO] [stdout] failures:
[INFO] [stdout] 
[INFO] [stdout] ---- src/primitives.rs - primitives::load_prims (line 5) stdout ----
[INFO] [stdout] error: cannot find macro `load_prims` in this scope
[INFO] [stdout]  --> src/primitives.rs:6:1
[INFO] [stdout]   |
[INFO] [stdout] 3 | load_prims! { CORE, "core.futil", "core.sv" }
[INFO] [stdout]   | ^^^^^^^^^^
[INFO] [stdout] 
[INFO] [stdout] error: aborting due to previous error
[INFO] [stdout] 
[INFO] [stdout] Couldn't compile the test.
[INFO] [stdout] 
[INFO] [stdout] failures:
[INFO] [stdout]     src/primitives.rs - primitives::load_prims (line 5)
[INFO] [stdout] 
[INFO] [stdout] test result: FAILED. 0 passed; 1 failed; 0 ignored; 0 measured; 0 filtered out; finished in 0.04s
[INFO] [stdout] 
[INFO] [stderr] error: doctest failed, to rerun pass `--doc`
[INFO] running `Command { std: "docker" "inspect" "58ab533365a4752174f12dd6c2da161738fbfd418ccd67b583e66fb60473c8e0", kill_on_drop: false }`
[INFO] running `Command { std: "docker" "rm" "-f" "58ab533365a4752174f12dd6c2da161738fbfd418ccd67b583e66fb60473c8e0", kill_on_drop: false }`
[INFO] [stdout] 58ab533365a4752174f12dd6c2da161738fbfd418ccd67b583e66fb60473c8e0
[INFO] testing calyx-stdlib-0.6.1 against beta-2023-12-22 for beta-1.76-1
[INFO] extracting crate calyx-stdlib 0.6.1 into /workspace/builds/worker-3-tc2/source
[INFO] validating manifest of crates.io crate calyx-stdlib 0.6.1 on toolchain beta-2023-12-22
[INFO] running `Command { std: CARGO_HOME="/workspace/cargo-home" RUSTUP_HOME="/workspace/rustup-home" "/workspace/cargo-home/bin/cargo" "+beta-2023-12-22" "metadata" "--manifest-path" "Cargo.toml" "--no-deps", kill_on_drop: false }`
[INFO] started tweaking crates.io crate calyx-stdlib 0.6.1
[INFO] finished tweaking crates.io crate calyx-stdlib 0.6.1
[INFO] tweaked toml for crates.io crate calyx-stdlib 0.6.1 written to /workspace/builds/worker-3-tc2/source/Cargo.toml
[INFO] running `Command { std: CARGO_HOME="/workspace/cargo-home" RUSTUP_HOME="/workspace/rustup-home" "/workspace/cargo-home/bin/cargo" "+beta-2023-12-22" "generate-lockfile" "--manifest-path" "Cargo.toml", kill_on_drop: false }`
[INFO] running `Command { std: CARGO_HOME="/workspace/cargo-home" RUSTUP_HOME="/workspace/rustup-home" "/workspace/cargo-home/bin/cargo" "+beta-2023-12-22" "fetch" "--manifest-path" "Cargo.toml", kill_on_drop: false }`
[INFO] running `Command { std: "docker" "create" "-v" "/var/lib/crater-agent-workspace/builds/worker-3-tc2/target:/opt/rustwide/target:rw,Z" "-v" "/var/lib/crater-agent-workspace/builds/worker-3-tc2/source:/opt/rustwide/workdir:ro,Z" "-v" "/var/lib/crater-agent-workspace/cargo-home:/opt/rustwide/cargo-home:ro,Z" "-v" "/var/lib/crater-agent-workspace/rustup-home:/opt/rustwide/rustup-home:ro,Z" "-e" "SOURCE_DIR=/opt/rustwide/workdir" "-e" "CARGO_TARGET_DIR=/opt/rustwide/target" "-e" "CARGO_HOME=/opt/rustwide/cargo-home" "-e" "RUSTUP_HOME=/opt/rustwide/rustup-home" "-w" "/opt/rustwide/workdir" "-m" "1610612736" "--user" "0:0" "--network" "none" "ghcr.io/rust-lang/crates-build-env/linux@sha256:2788e3201cd34a07e3172128adcd8b3090168a8e3bcc40d7c032b9dda1df7d1c" "/opt/rustwide/cargo-home/bin/cargo" "+beta-2023-12-22" "metadata" "--no-deps" "--format-version=1", kill_on_drop: false }`
[INFO] [stdout] d3dd5ea6d8dcb1d88ba789c8011917ae60a7b8ce3e20a40eb7da97e2d8981813
[INFO] running `Command { std: "docker" "start" "-a" "d3dd5ea6d8dcb1d88ba789c8011917ae60a7b8ce3e20a40eb7da97e2d8981813", kill_on_drop: false }`
[INFO] running `Command { std: "docker" "inspect" "d3dd5ea6d8dcb1d88ba789c8011917ae60a7b8ce3e20a40eb7da97e2d8981813", kill_on_drop: false }`
[INFO] running `Command { std: "docker" "rm" "-f" "d3dd5ea6d8dcb1d88ba789c8011917ae60a7b8ce3e20a40eb7da97e2d8981813", kill_on_drop: false }`
[INFO] [stdout] d3dd5ea6d8dcb1d88ba789c8011917ae60a7b8ce3e20a40eb7da97e2d8981813
[INFO] running `Command { std: "docker" "create" "-v" "/var/lib/crater-agent-workspace/builds/worker-3-tc2/target:/opt/rustwide/target:rw,Z" "-v" "/var/lib/crater-agent-workspace/builds/worker-3-tc2/source:/opt/rustwide/workdir:ro,Z" "-v" "/var/lib/crater-agent-workspace/cargo-home:/opt/rustwide/cargo-home:ro,Z" "-v" "/var/lib/crater-agent-workspace/rustup-home:/opt/rustwide/rustup-home:ro,Z" "-e" "SOURCE_DIR=/opt/rustwide/workdir" "-e" "CARGO_TARGET_DIR=/opt/rustwide/target" "-e" "CARGO_INCREMENTAL=0" "-e" "RUST_BACKTRACE=full" "-e" "RUSTFLAGS=--cap-lints=warn" "-e" "RUSTDOCFLAGS=--cap-lints=warn" "-e" "CARGO_HOME=/opt/rustwide/cargo-home" "-e" "RUSTUP_HOME=/opt/rustwide/rustup-home" "-w" "/opt/rustwide/workdir" "-m" "1610612736" "--user" "0:0" "--network" "none" "ghcr.io/rust-lang/crates-build-env/linux@sha256:2788e3201cd34a07e3172128adcd8b3090168a8e3bcc40d7c032b9dda1df7d1c" "/opt/rustwide/cargo-home/bin/cargo" "+beta-2023-12-22" "build" "--frozen" "--message-format=json", kill_on_drop: false }`
[INFO] [stdout] 60b206cbd6e328343932a1075b296c6065c55c1351e46634c06ba69d3f63e3e7
[INFO] running `Command { std: "docker" "start" "-a" "60b206cbd6e328343932a1075b296c6065c55c1351e46634c06ba69d3f63e3e7", kill_on_drop: false }`
[INFO] [stderr]    Compiling calyx-stdlib v0.6.1 (/opt/rustwide/workdir)
[INFO] [stderr]     Finished dev [unoptimized + debuginfo] target(s) in 0.05s
[INFO] running `Command { std: "docker" "inspect" "60b206cbd6e328343932a1075b296c6065c55c1351e46634c06ba69d3f63e3e7", kill_on_drop: false }`
[INFO] running `Command { std: "docker" "rm" "-f" "60b206cbd6e328343932a1075b296c6065c55c1351e46634c06ba69d3f63e3e7", kill_on_drop: false }`
[INFO] [stdout] 60b206cbd6e328343932a1075b296c6065c55c1351e46634c06ba69d3f63e3e7
[INFO] running `Command { std: "docker" "create" "-v" "/var/lib/crater-agent-workspace/builds/worker-3-tc2/target:/opt/rustwide/target:rw,Z" "-v" "/var/lib/crater-agent-workspace/builds/worker-3-tc2/source:/opt/rustwide/workdir:ro,Z" "-v" "/var/lib/crater-agent-workspace/cargo-home:/opt/rustwide/cargo-home:ro,Z" "-v" "/var/lib/crater-agent-workspace/rustup-home:/opt/rustwide/rustup-home:ro,Z" "-e" "SOURCE_DIR=/opt/rustwide/workdir" "-e" "CARGO_TARGET_DIR=/opt/rustwide/target" "-e" "CARGO_INCREMENTAL=0" "-e" "RUST_BACKTRACE=full" "-e" "RUSTFLAGS=--cap-lints=warn" "-e" "RUSTDOCFLAGS=--cap-lints=warn" "-e" "CARGO_HOME=/opt/rustwide/cargo-home" "-e" "RUSTUP_HOME=/opt/rustwide/rustup-home" "-w" "/opt/rustwide/workdir" "-m" "1610612736" "--user" "0:0" "--network" "none" "ghcr.io/rust-lang/crates-build-env/linux@sha256:2788e3201cd34a07e3172128adcd8b3090168a8e3bcc40d7c032b9dda1df7d1c" "/opt/rustwide/cargo-home/bin/cargo" "+beta-2023-12-22" "test" "--frozen" "--no-run" "--message-format=json", kill_on_drop: false }`
[INFO] [stdout] a30d56cc9a2a6968985b5368b8018a113a3c575dc49660a282fa2fb1200acdcb
[INFO] running `Command { std: "docker" "start" "-a" "a30d56cc9a2a6968985b5368b8018a113a3c575dc49660a282fa2fb1200acdcb", kill_on_drop: false }`
[INFO] [stderr]    Compiling calyx-stdlib v0.6.1 (/opt/rustwide/workdir)
[INFO] [stderr]     Finished test [unoptimized + debuginfo] target(s) in 0.26s
[INFO] running `Command { std: "docker" "inspect" "a30d56cc9a2a6968985b5368b8018a113a3c575dc49660a282fa2fb1200acdcb", kill_on_drop: false }`
[INFO] running `Command { std: "docker" "rm" "-f" "a30d56cc9a2a6968985b5368b8018a113a3c575dc49660a282fa2fb1200acdcb", kill_on_drop: false }`
[INFO] [stdout] a30d56cc9a2a6968985b5368b8018a113a3c575dc49660a282fa2fb1200acdcb
[INFO] running `Command { std: "docker" "create" "-v" "/var/lib/crater-agent-workspace/builds/worker-3-tc2/target:/opt/rustwide/target:rw,Z" "-v" "/var/lib/crater-agent-workspace/builds/worker-3-tc2/source:/opt/rustwide/workdir:ro,Z" "-v" "/var/lib/crater-agent-workspace/cargo-home:/opt/rustwide/cargo-home:ro,Z" "-v" "/var/lib/crater-agent-workspace/rustup-home:/opt/rustwide/rustup-home:ro,Z" "-e" "SOURCE_DIR=/opt/rustwide/workdir" "-e" "CARGO_TARGET_DIR=/opt/rustwide/target" "-e" "CARGO_INCREMENTAL=0" "-e" "RUST_BACKTRACE=full" "-e" "RUSTFLAGS=--cap-lints=warn" "-e" "RUSTDOCFLAGS=--cap-lints=warn" "-e" "CARGO_HOME=/opt/rustwide/cargo-home" "-e" "RUSTUP_HOME=/opt/rustwide/rustup-home" "-w" "/opt/rustwide/workdir" "-m" "1610612736" "--user" "0:0" "--network" "none" "ghcr.io/rust-lang/crates-build-env/linux@sha256:2788e3201cd34a07e3172128adcd8b3090168a8e3bcc40d7c032b9dda1df7d1c" "/opt/rustwide/cargo-home/bin/cargo" "+beta-2023-12-22" "test" "--frozen", kill_on_drop: false }`
[INFO] [stdout] caaaf48056ca2fc57ed4abd67467d2cbd4f634a8607a0b804abf03bac99ef02f
[INFO] running `Command { std: "docker" "start" "-a" "caaaf48056ca2fc57ed4abd67467d2cbd4f634a8607a0b804abf03bac99ef02f", kill_on_drop: false }`
[INFO] [stderr]     Finished test [unoptimized + debuginfo] target(s) in 0.01s
[INFO] [stderr]      Running unittests src/lib.rs (/opt/rustwide/target/debug/deps/calyx_stdlib-437b30c203e3e385)
[INFO] [stdout] 
[INFO] [stdout] running 0 tests
[INFO] [stdout] 
[INFO] [stdout] test result: ok. 0 passed; 0 failed; 0 ignored; 0 measured; 0 filtered out; finished in 0.00s
[INFO] [stdout] 
[INFO] [stderr]    Doc-tests calyx-stdlib
[INFO] [stdout] 
[INFO] [stdout] running 1 test
[INFO] [stdout] test src/primitives.rs - primitives::load_prims (line 5) ... FAILED
[INFO] [stdout] 
[INFO] [stdout] failures:
[INFO] [stdout] 
[INFO] [stdout] ---- src/primitives.rs - primitives::load_prims (line 5) stdout ----
[INFO] [stdout] error: cannot find macro `load_prims` in this scope
[INFO] [stdout]  --> src/primitives.rs:6:1
[INFO] [stdout]   |
[INFO] [stdout] 3 | load_prims! { CORE, "core.futil", "core.sv" }
[INFO] [stdout]   | ^^^^^^^^^^
[INFO] [stdout] 
[INFO] [stdout] error: aborting due to 1 previous error
[INFO] [stdout] 
[INFO] [stdout] Couldn't compile the test.
[INFO] [stdout] 
[INFO] [stdout] failures:
[INFO] [stdout]     src/primitives.rs - primitives::load_prims (line 5)
[INFO] [stdout] 
[INFO] [stdout] test result: FAILED. 0 passed; 1 failed; 0 ignored; 0 measured; 0 filtered out; finished in 0.07s
[INFO] [stdout] 
[INFO] [stderr] error: doctest failed, to rerun pass `--doc`
[INFO] running `Command { std: "docker" "inspect" "caaaf48056ca2fc57ed4abd67467d2cbd4f634a8607a0b804abf03bac99ef02f", kill_on_drop: false }`
[INFO] running `Command { std: "docker" "rm" "-f" "caaaf48056ca2fc57ed4abd67467d2cbd4f634a8607a0b804abf03bac99ef02f", kill_on_drop: false }`
[INFO] [stdout] caaaf48056ca2fc57ed4abd67467d2cbd4f634a8607a0b804abf03bac99ef02f
