[INFO] fetching crate calyx-opt 0.6.1...
[INFO] testing calyx-opt-0.6.1 against 1.75.0 for beta-1.76-1
[INFO] extracting crate calyx-opt 0.6.1 into /workspace/builds/worker-3-tc1/source
[INFO] validating manifest of crates.io crate calyx-opt 0.6.1 on toolchain 1.75.0
[INFO] running `Command { std: CARGO_HOME="/workspace/cargo-home" RUSTUP_HOME="/workspace/rustup-home" "/workspace/cargo-home/bin/cargo" "+1.75.0" "metadata" "--manifest-path" "Cargo.toml" "--no-deps", kill_on_drop: false }`
[INFO] started tweaking crates.io crate calyx-opt 0.6.1
[INFO] finished tweaking crates.io crate calyx-opt 0.6.1
[INFO] tweaked toml for crates.io crate calyx-opt 0.6.1 written to /workspace/builds/worker-3-tc1/source/Cargo.toml
[INFO] running `Command { std: CARGO_HOME="/workspace/cargo-home" RUSTUP_HOME="/workspace/rustup-home" "/workspace/cargo-home/bin/cargo" "+1.75.0" "generate-lockfile" "--manifest-path" "Cargo.toml", kill_on_drop: false }`
[INFO] [stderr]     Updating crates.io index
[INFO] running `Command { std: CARGO_HOME="/workspace/cargo-home" RUSTUP_HOME="/workspace/rustup-home" "/workspace/cargo-home/bin/cargo" "+1.75.0" "fetch" "--manifest-path" "Cargo.toml", kill_on_drop: false }`
[INFO] [stderr]  Downloading crates ...
[INFO] [stderr]   Downloaded pest_consume v1.1.3
[INFO] [stderr]   Downloaded string-interner v0.14.0
[INFO] [stderr]   Downloaded symbol_table v0.3.0
[INFO] [stderr]   Downloaded calyx-utils v0.6.1
[INFO] [stderr]   Downloaded pest_consume_macros v1.1.0
[INFO] [stderr]   Downloaded calyx-frontend v0.6.1
[INFO] [stderr]   Downloaded calyx-ir v0.6.1
[INFO] running `Command { std: "docker" "create" "-v" "/var/lib/crater-agent-workspace/builds/worker-3-tc1/target:/opt/rustwide/target:rw,Z" "-v" "/var/lib/crater-agent-workspace/builds/worker-3-tc1/source:/opt/rustwide/workdir:ro,Z" "-v" "/var/lib/crater-agent-workspace/cargo-home:/opt/rustwide/cargo-home:ro,Z" "-v" "/var/lib/crater-agent-workspace/rustup-home:/opt/rustwide/rustup-home:ro,Z" "-e" "SOURCE_DIR=/opt/rustwide/workdir" "-e" "CARGO_TARGET_DIR=/opt/rustwide/target" "-e" "CARGO_HOME=/opt/rustwide/cargo-home" "-e" "RUSTUP_HOME=/opt/rustwide/rustup-home" "-w" "/opt/rustwide/workdir" "-m" "1610612736" "--user" "0:0" "--network" "none" "ghcr.io/rust-lang/crates-build-env/linux@sha256:2788e3201cd34a07e3172128adcd8b3090168a8e3bcc40d7c032b9dda1df7d1c" "/opt/rustwide/cargo-home/bin/cargo" "+1.75.0" "metadata" "--no-deps" "--format-version=1", kill_on_drop: false }`
[INFO] [stdout] f7384facb276ea836b38370f13cceeeab06cc6799f1efb811895a141037fc870
[INFO] running `Command { std: "docker" "start" "-a" "f7384facb276ea836b38370f13cceeeab06cc6799f1efb811895a141037fc870", kill_on_drop: false }`
[INFO] running `Command { std: "docker" "inspect" "f7384facb276ea836b38370f13cceeeab06cc6799f1efb811895a141037fc870", kill_on_drop: false }`
[INFO] running `Command { std: "docker" "rm" "-f" "f7384facb276ea836b38370f13cceeeab06cc6799f1efb811895a141037fc870", kill_on_drop: false }`
[INFO] [stdout] f7384facb276ea836b38370f13cceeeab06cc6799f1efb811895a141037fc870
[INFO] running `Command { std: "docker" "create" "-v" "/var/lib/crater-agent-workspace/builds/worker-3-tc1/target:/opt/rustwide/target:rw,Z" "-v" "/var/lib/crater-agent-workspace/builds/worker-3-tc1/source:/opt/rustwide/workdir:ro,Z" "-v" "/var/lib/crater-agent-workspace/cargo-home:/opt/rustwide/cargo-home:ro,Z" "-v" "/var/lib/crater-agent-workspace/rustup-home:/opt/rustwide/rustup-home:ro,Z" "-e" "SOURCE_DIR=/opt/rustwide/workdir" "-e" "CARGO_TARGET_DIR=/opt/rustwide/target" "-e" "CARGO_INCREMENTAL=0" "-e" "RUST_BACKTRACE=full" "-e" "RUSTFLAGS=--cap-lints=warn" "-e" "RUSTDOCFLAGS=--cap-lints=warn" "-e" "CARGO_HOME=/opt/rustwide/cargo-home" "-e" "RUSTUP_HOME=/opt/rustwide/rustup-home" "-w" "/opt/rustwide/workdir" "-m" "1610612736" "--user" "0:0" "--network" "none" "ghcr.io/rust-lang/crates-build-env/linux@sha256:2788e3201cd34a07e3172128adcd8b3090168a8e3bcc40d7c032b9dda1df7d1c" "/opt/rustwide/cargo-home/bin/cargo" "+1.75.0" "build" "--frozen" "--message-format=json", kill_on_drop: false }`
[INFO] [stdout] ac0d436d74eb409cde8f7f32206d41626b3eb42860e485faf353b1e271bdfee7
[INFO] running `Command { std: "docker" "start" "-a" "ac0d436d74eb409cde8f7f32206d41626b3eb42860e485faf353b1e271bdfee7", kill_on_drop: false }`
[INFO] [stderr]    Compiling once_cell v1.19.0
[INFO] [stderr]    Compiling ucd-trie v0.1.6
[INFO] [stderr]    Compiling hashbrown v0.14.3
[INFO] [stderr]    Compiling serde v1.0.194
[INFO] [stderr]    Compiling either v1.9.0
[INFO] [stderr]    Compiling fixedbitset v0.4.2
[INFO] [stderr]    Compiling linked-hash-map v0.5.6
[INFO] [stderr]    Compiling syn v2.0.48
[INFO] [stderr]    Compiling getrandom v0.2.11
[INFO] [stderr]    Compiling syn v1.0.109
[INFO] [stderr]    Compiling itertools v0.11.0
[INFO] [stderr]    Compiling ahash v0.7.7
[INFO] [stderr]    Compiling hashbrown v0.11.2
[INFO] [stderr]    Compiling hashbrown v0.12.3
[INFO] [stderr]    Compiling indexmap v2.1.0
[INFO] [stderr]    Compiling symbol_table v0.3.0
[INFO] [stderr]    Compiling petgraph v0.6.4
[INFO] [stderr]    Compiling thiserror-impl v1.0.56
[INFO] [stderr]    Compiling serde_derive v1.0.194
[INFO] [stderr]    Compiling strum_macros v0.25.3
[INFO] [stderr]    Compiling pest_consume_macros v1.1.0
[INFO] [stderr]    Compiling thiserror v1.0.56
[INFO] [stderr]    Compiling pest v2.7.6
[INFO] [stderr]    Compiling pest_meta v2.7.6
[INFO] [stderr]    Compiling pest_generator v2.7.6
[INFO] [stderr]    Compiling pest_derive v2.7.6
[INFO] [stderr]    Compiling pest_consume v1.1.3
[INFO] [stderr]    Compiling serde_json v1.0.111
[INFO] [stderr]    Compiling string-interner v0.14.0
[INFO] [stderr]    Compiling calyx-utils v0.6.1
[INFO] [stderr]    Compiling calyx-frontend v0.6.1
[INFO] [stderr]    Compiling calyx-ir v0.6.1
[INFO] [stderr]    Compiling calyx-opt v0.6.1 (/opt/rustwide/workdir)
[INFO] [stdout] warning: unused doc comment
[INFO] [stdout]   --> src/passes/top_down_static_timing/compute_states.rs:30:13
[INFO] [stdout]    |
[INFO] [stdout] 30 | /             /// 0 is a special start state allocated to the start of the
[INFO] [stdout] 31 | |             /// program so we start with the state 1.
[INFO] [stdout]    | |_____________________________________________________^
[INFO] [stdout] 32 |               cur_st: 1,
[INFO] [stdout]    |               --------- rustdoc does not generate documentation for expression fields
[INFO] [stdout]    |
[INFO] [stdout]    = help: use `//` for a plain comment
[INFO] [stdout]    = note: `#[warn(unused_doc_comments)]` on by default
[INFO] [stdout] 
[INFO] [stdout] 
[INFO] [stdout] warning: 1 warning emitted
[INFO] [stdout] 
[INFO] [stdout] 
[INFO] [stderr]     Finished dev [unoptimized + debuginfo] target(s) in 17.07s
[INFO] running `Command { std: "docker" "inspect" "ac0d436d74eb409cde8f7f32206d41626b3eb42860e485faf353b1e271bdfee7", kill_on_drop: false }`
[INFO] running `Command { std: "docker" "rm" "-f" "ac0d436d74eb409cde8f7f32206d41626b3eb42860e485faf353b1e271bdfee7", kill_on_drop: false }`
[INFO] [stdout] ac0d436d74eb409cde8f7f32206d41626b3eb42860e485faf353b1e271bdfee7
[INFO] running `Command { std: "docker" "create" "-v" "/var/lib/crater-agent-workspace/builds/worker-3-tc1/target:/opt/rustwide/target:rw,Z" "-v" "/var/lib/crater-agent-workspace/builds/worker-3-tc1/source:/opt/rustwide/workdir:ro,Z" "-v" "/var/lib/crater-agent-workspace/cargo-home:/opt/rustwide/cargo-home:ro,Z" "-v" "/var/lib/crater-agent-workspace/rustup-home:/opt/rustwide/rustup-home:ro,Z" "-e" "SOURCE_DIR=/opt/rustwide/workdir" "-e" "CARGO_TARGET_DIR=/opt/rustwide/target" "-e" "CARGO_INCREMENTAL=0" "-e" "RUST_BACKTRACE=full" "-e" "RUSTFLAGS=--cap-lints=warn" "-e" "RUSTDOCFLAGS=--cap-lints=warn" "-e" "CARGO_HOME=/opt/rustwide/cargo-home" "-e" "RUSTUP_HOME=/opt/rustwide/rustup-home" "-w" "/opt/rustwide/workdir" "-m" "1610612736" "--user" "0:0" "--network" "none" "ghcr.io/rust-lang/crates-build-env/linux@sha256:2788e3201cd34a07e3172128adcd8b3090168a8e3bcc40d7c032b9dda1df7d1c" "/opt/rustwide/cargo-home/bin/cargo" "+1.75.0" "test" "--frozen" "--no-run" "--message-format=json", kill_on_drop: false }`
[INFO] [stdout] c1c0729b31d97ef6e2c47b1c5b456dc072bab97fc1e060c80fb99666866afd86
[INFO] running `Command { std: "docker" "start" "-a" "c1c0729b31d97ef6e2c47b1c5b456dc072bab97fc1e060c80fb99666866afd86", kill_on_drop: false }`
[INFO] [stderr]    Compiling calyx-opt v0.6.1 (/opt/rustwide/workdir)
[INFO] [stdout] warning: unused doc comment
[INFO] [stdout]   --> src/passes/top_down_static_timing/compute_states.rs:30:13
[INFO] [stdout]    |
[INFO] [stdout] 30 | /             /// 0 is a special start state allocated to the start of the
[INFO] [stdout] 31 | |             /// program so we start with the state 1.
[INFO] [stdout]    | |_____________________________________________________^
[INFO] [stdout] 32 |               cur_st: 1,
[INFO] [stdout]    |               --------- rustdoc does not generate documentation for expression fields
[INFO] [stdout]    |
[INFO] [stdout]    = help: use `//` for a plain comment
[INFO] [stdout]    = note: `#[warn(unused_doc_comments)]` on by default
[INFO] [stdout] 
[INFO] [stdout] 
[INFO] [stdout] warning: 1 warning emitted
[INFO] [stdout] 
[INFO] [stdout] 
[INFO] [stdout] warning: unused doc comment
[INFO] [stdout]   --> src/passes/top_down_static_timing/compute_states.rs:30:13
[INFO] [stdout]    |
[INFO] [stdout] 30 | /             /// 0 is a special start state allocated to the start of the
[INFO] [stdout] 31 | |             /// program so we start with the state 1.
[INFO] [stdout]    | |_____________________________________________________^
[INFO] [stdout] 32 |               cur_st: 1,
[INFO] [stdout]    |               --------- rustdoc does not generate documentation for expression fields
[INFO] [stdout]    |
[INFO] [stdout]    = help: use `//` for a plain comment
[INFO] [stdout]    = note: `#[warn(unused_doc_comments)]` on by default
[INFO] [stdout] 
[INFO] [stdout] 
[INFO] [stdout] warning: 1 warning emitted
[INFO] [stdout] 
[INFO] [stdout] 
[INFO] [stderr]     Finished test [unoptimized + debuginfo] target(s) in 1.93s
[INFO] running `Command { std: "docker" "inspect" "c1c0729b31d97ef6e2c47b1c5b456dc072bab97fc1e060c80fb99666866afd86", kill_on_drop: false }`
[INFO] running `Command { std: "docker" "rm" "-f" "c1c0729b31d97ef6e2c47b1c5b456dc072bab97fc1e060c80fb99666866afd86", kill_on_drop: false }`
[INFO] [stdout] c1c0729b31d97ef6e2c47b1c5b456dc072bab97fc1e060c80fb99666866afd86
[INFO] running `Command { std: "docker" "create" "-v" "/var/lib/crater-agent-workspace/builds/worker-3-tc1/target:/opt/rustwide/target:rw,Z" "-v" "/var/lib/crater-agent-workspace/builds/worker-3-tc1/source:/opt/rustwide/workdir:ro,Z" "-v" "/var/lib/crater-agent-workspace/cargo-home:/opt/rustwide/cargo-home:ro,Z" "-v" "/var/lib/crater-agent-workspace/rustup-home:/opt/rustwide/rustup-home:ro,Z" "-e" "SOURCE_DIR=/opt/rustwide/workdir" "-e" "CARGO_TARGET_DIR=/opt/rustwide/target" "-e" "CARGO_INCREMENTAL=0" "-e" "RUST_BACKTRACE=full" "-e" "RUSTFLAGS=--cap-lints=warn" "-e" "RUSTDOCFLAGS=--cap-lints=warn" "-e" "CARGO_HOME=/opt/rustwide/cargo-home" "-e" "RUSTUP_HOME=/opt/rustwide/rustup-home" "-w" "/opt/rustwide/workdir" "-m" "1610612736" "--user" "0:0" "--network" "none" "ghcr.io/rust-lang/crates-build-env/linux@sha256:2788e3201cd34a07e3172128adcd8b3090168a8e3bcc40d7c032b9dda1df7d1c" "/opt/rustwide/cargo-home/bin/cargo" "+1.75.0" "test" "--frozen", kill_on_drop: false }`
[INFO] [stdout] 5082a5086a64be37d00f5e91d4ba36ce6d9de3656033329821c8c254c8815c73
[INFO] running `Command { std: "docker" "start" "-a" "5082a5086a64be37d00f5e91d4ba36ce6d9de3656033329821c8c254c8815c73", kill_on_drop: false }`
[INFO] [stderr] warning: unused doc comment
[INFO] [stderr]   --> src/passes/top_down_static_timing/compute_states.rs:30:13
[INFO] [stderr]    |
[INFO] [stderr] 30 | /             /// 0 is a special start state allocated to the start of the
[INFO] [stderr] 31 | |             /// program so we start with the state 1.
[INFO] [stderr]    | |_____________________________________________________^
[INFO] [stderr] 32 |               cur_st: 1,
[INFO] [stderr]    |               --------- rustdoc does not generate documentation for expression fields
[INFO] [stderr]    |
[INFO] [stderr]    = help: use `//` for a plain comment
[INFO] [stderr]    = note: `#[warn(unused_doc_comments)]` on by default
[INFO] [stderr] 
[INFO] [stderr] warning: `calyx-opt` (lib) generated 1 warning
[INFO] [stderr] warning: `calyx-opt` (lib test) generated 1 warning (1 duplicate)
[INFO] [stderr]     Finished test [unoptimized + debuginfo] target(s) in 0.03s
[INFO] [stderr]      Running unittests src/lib.rs (/opt/rustwide/target/debug/deps/calyx_opt-09fe030642b1eaee)
[INFO] [stdout] 
[INFO] [stdout] running 7 tests
[INFO] [stdout] test passes::math_utilities::tests::get_bit_width_from_in_between ... ok
[INFO] [stdout] test passes::math_utilities::tests::get_bit_width_from_large_numbers ... ok
[INFO] [stdout] test passes::math_utilities::tests::get_bit_width_from_one ... ok
[INFO] [stdout] test passes::math_utilities::tests::get_bit_width_from_four ... ok
[INFO] [stdout] test passes::math_utilities::tests::get_bit_width_from_three ... ok
[INFO] [stdout] test passes::math_utilities::tests::get_bit_width_from_zero ... ok
[INFO] [stdout] test passes::math_utilities::tests::get_bit_width_near_multiples_of_two ... ok
[INFO] [stdout] 
[INFO] [stdout] test result: ok. 7 passed; 0 failed; 0 ignored; 0 measured; 0 filtered out; finished in 0.00s
[INFO] [stdout] 
[INFO] [stderr]    Doc-tests calyx-opt
[INFO] [stdout] 
[INFO] [stdout] running 70 tests
[INFO] [stdout] test src/analysis/control_id.rs - analysis::control_id::ControlId::compute_unique_ids (line 97) ... FAILED
[INFO] [stdout] test src/analysis/live_range_analysis.rs - analysis::live_range_analysis::LiveRangeAnalysis (line 188) ... FAILED
[INFO] [stdout] test src/analysis/live_range_analysis.rs - analysis::live_range_analysis::LiveRangeAnalysis (line 262) ... FAILED
[INFO] [stdout] test src/analysis/live_range_analysis.rs - analysis::live_range_analysis::LiveRangeAnalysis (line 281) ... FAILED
[INFO] [stdout] test src/analysis/live_range_analysis.rs - analysis::live_range_analysis::LiveRangeAnalysis (line 294) ... FAILED
[INFO] [stdout] test src/analysis/graph.rs - analysis::graph::GraphAnalysis (line 23) ... FAILED
[INFO] [stdout] test src/analysis/live_range_analysis.rs - analysis::live_range_analysis::LiveRangeAnalysis (line 238) ... FAILED
[INFO] [stdout] test src/analysis/graph.rs - analysis::graph::GraphAnalysis (line 27) ... FAILED
[INFO] [stdout] test src/passes/canonical.rs - passes::canonical::Canonicalize (line 13) ... FAILED
[INFO] [stdout] test src/analysis/live_range_analysis.rs - analysis::live_range_analysis::LiveRangeAnalysis (line 211) ... FAILED
[INFO] [stdout] test src/analysis/live_range_analysis.rs - analysis::live_range_analysis::LiveRangeAnalysis (line 172) ... FAILED
[INFO] [stdout] test src/analysis/compute_static.rs - analysis::compute_static::WithStatic (line 9) ... FAILED
[INFO] [stdout] test src/pass_manager.rs - pass_manager::PassManager::register_pass (line 29) ... FAILED
[INFO] [stdout] test src/lib.rs - (line 15) ... FAILED
[INFO] [stdout] test src/analysis/schedule_conflicts.rs - analysis::schedule_conflicts::all_conflicting (line 64) ... FAILED
[INFO] [stdout] test src/analysis/control_id.rs - analysis::control_id::ControlId::compute_unique_ids (line 91) ... FAILED
[INFO] [stdout] test src/passes/collapse_control.rs - passes::collapse_control::CollapseControl (line 45) ... FAILED
[INFO] [stdout] test src/passes/collapse_control.rs - passes::collapse_control::CollapseControl (line 40) ... FAILED
[INFO] [stdout] test src/analysis/schedule_conflicts.rs - analysis::schedule_conflicts::all_conflicting (line 57) ... FAILED
[INFO] [stdout] test src/passes/collapse_control.rs - passes::collapse_control::CollapseControl (line 49) ... FAILED
[INFO] [stdout] test src/passes/collapse_control.rs - passes::collapse_control::CollapseControl (line 14) ... FAILED
[INFO] [stdout] test src/passes/collapse_control.rs - passes::collapse_control::CollapseControl (line 21) ... FAILED
[INFO] [stdout] test src/passes/collapse_control.rs - passes::collapse_control::CollapseControl (line 25) ... FAILED
[INFO] [stdout] test src/pass_manager.rs - pass_manager::register_alias (line 208) ... FAILED
[INFO] [stdout] test src/passes/collapse_control.rs - passes::collapse_control::CollapseControl::finish_static_repeat (line 179) ... FAILED
[INFO] [stdout] test src/passes/collapse_control.rs - passes::collapse_control::CollapseControl::finish_static_repeat (line 184) ... FAILED
[INFO] [stdout] test src/passes/collapse_control.rs - passes::collapse_control::CollapseControl (line 32) ... FAILED
[INFO] [stdout] test src/passes/go_insertion.rs - passes::go_insertion::GoInsertion (line 10) ... FAILED
[INFO] [stdout] test src/passes/externalize.rs - passes::externalize::Externalize (line 11) ... FAILED
[INFO] [stdout] test src/passes/go_insertion.rs - passes::go_insertion::GoInsertion (line 17) ... FAILED
[INFO] [stdout] test src/passes/comb_prop.rs - passes::comb_prop::CombProp (line 148) ... FAILED
[INFO] [stdout] test src/passes/comb_prop.rs - passes::comb_prop::CombProp (line 162) ... FAILED
[INFO] [stdout] test src/passes/hole_inliner.rs - passes::hole_inliner::fixed_point (line 31) ... FAILED
[INFO] [stdout] test src/passes/comb_prop.rs - passes::comb_prop::CombProp (line 170) ... FAILED
[INFO] [stdout] test src/passes/externalize.rs - passes::externalize::Externalize (line 25) ... FAILED
[INFO] [stdout] test src/passes/merge_assign.rs - passes::merge_assign::MergeAssign (line 16) ... FAILED
[INFO] [stdout] test src/passes/comb_prop.rs - passes::comb_prop::CombProp (line 155) ... FAILED
[INFO] [stdout] test src/passes/merge_assign.rs - passes::merge_assign::MergeAssign (line 9) ... FAILED
[INFO] [stdout] test src/passes/comb_prop.rs - passes::comb_prop::CombProp (line 184) ... FAILED
[INFO] [stdout] test src/passes/compile_static.rs - passes::compile_static::CompileStatic::start_while (line 798) ... FAILED
[INFO] [stdout] test src/passes/comb_prop.rs - passes::comb_prop::CombProp (line 178) ... FAILED
[INFO] [stdout] test src/passes/compile_static.rs - passes::compile_static::CompileStatic::start_while (line 812) ... FAILED
[INFO] [stdout] test src/passes/register_unsharing.rs - passes::register_unsharing::RegisterUnsharing (line 17) ... FAILED
[INFO] [stdout] test src/passes/simplify_with_control.rs - passes::simplify_with_control::SimplifyWithControl (line 17) ... FAILED
[INFO] [stdout] test src/passes/register_unsharing.rs - passes::register_unsharing::RegisterUnsharing (line 31) ... FAILED
[INFO] [stdout] test src/passes/simplify_with_control.rs - passes::simplify_with_control::SimplifyWithControl (line 35) ... FAILED
[INFO] [stdout] test src/passes/par_to_seq.rs - passes::par_to_seq::ParToSeq (line 12) ... FAILED
[INFO] [stdout] test src/passes/top_down_compile_control.rs - passes::top_down_compile_control::TopDownCompileControl (line 703) ... FAILED
[INFO] [stdout] test src/passes/static_promotion.rs - passes::static_promotion::StaticPromotion (line 105) ... FAILED
[INFO] [stdout] test src/passes/par_to_seq.rs - passes::par_to_seq::ParToSeq (line 19) ... FAILED
[INFO] [stdout] test src/passes/top_down_compile_control.rs - passes::top_down_compile_control::TopDownCompileControl (line 728) ... FAILED
[INFO] [stdout] test src/passes/static_promotion.rs - passes::static_promotion::StaticPromotion (line 110) ... FAILED
[INFO] [stdout] test src/passes/top_down_compile_control.rs - passes::top_down_compile_control::TopDownCompileControl (line 748) ... FAILED
[INFO] [stdout] test src/passes/static_promotion.rs - passes::static_promotion::StaticPromotion (line 122) ... FAILED
[INFO] [stdout] test src/passes/static_promotion.rs - passes::static_promotion::StaticPromotion (line 111) ... FAILED
[INFO] [stdout] test src/passes/static_promotion.rs - passes::static_promotion::StaticPromotion (line 126) ... FAILED
[INFO] [stdout] test src/passes/top_down_compile_control.rs - passes::top_down_compile_control::TopDownCompileControl (line 724) ... FAILED
[INFO] [stdout] test src/passes/top_down_static_timing/normalize.rs - passes::top_down_static_timing::normalize::Normalize::denest_loop (line 88) ... FAILED
[INFO] [stdout] test src/passes/top_down_static_timing/normalize.rs - passes::top_down_static_timing::normalize::Normalize::denest_loop (line 96) ... FAILED
[INFO] [stdout] test src/passes/top_down_compile_control.rs - passes::top_down_compile_control::compute_unique_ids (line 89) ... FAILED
[INFO] [stdout] test src/passes/top_down_compile_control.rs - passes::top_down_compile_control::TopDownCompileControl (line 695) ... FAILED
[INFO] [stdout] test src/passes/top_down_static_timing/tdst.rs - passes::top_down_static_timing::tdst::Schedule<'_,'_>::while_calculate_states (line 600) ... FAILED
[INFO] [stdout] test src/passes/top_down_static_timing/tdst.rs - passes::top_down_static_timing::tdst::Schedule<'_,'_>::if_calculate_states (line 482) ... FAILED
[INFO] [stdout] test src/passes/top_down_static_timing/tdst.rs - passes::top_down_static_timing::tdst::Schedule<'_,'_>::while_calculate_states (line 592) ... FAILED
[INFO] [stdout] test src/passes/collapse_control.rs - passes::collapse_control::CollapseControl::finish_static_repeat (line 189) ... ok
[INFO] [stdout] test src/passes/top_down_compile_control.rs - passes::top_down_compile_control::compute_unique_ids (line 93) ... FAILED
[INFO] [stdout] test src/passes/top_down_compile_control.rs - passes::top_down_compile_control::control_exits (line 22) ... FAILED
[INFO] [stdout] test src/passes/top_down_compile_control.rs - passes::top_down_compile_control::control_exits (line 34) ... FAILED
[INFO] [stdout] test src/traversal/post_order.rs - traversal::post_order::CompTraversal (line 40) ... FAILED
[INFO] [stdout] test src/passes/register_unsharing.rs - passes::register_unsharing::RegisterUnsharing (line 24) ... ok
[INFO] [stdout] 
[INFO] [stdout] failures:
[INFO] [stdout] 
[INFO] [stdout] ---- src/analysis/control_id.rs - analysis::control_id::ControlId::compute_unique_ids (line 97) stdout ----
[INFO] [stdout] error: expected expression, found `@`
[INFO] [stdout]  --> src/analysis/control_id.rs:98:1
[INFO] [stdout]   |
[INFO] [stdout] 3 | @NODE_ID(0)seq {
[INFO] [stdout]   | ^ expected expression
[INFO] [stdout] 
[INFO] [stdout] error: aborting due to previous error
[INFO] [stdout] 
[INFO] [stdout] Couldn't compile the test.
[INFO] [stdout] ---- src/analysis/live_range_analysis.rs - analysis::live_range_analysis::LiveRangeAnalysis (line 188) stdout ----
[INFO] [stdout] error: expected expression, found `+`
[INFO] [stdout]  --> src/analysis/live_range_analysis.rs:189:1
[INFO] [stdout]   |
[INFO] [stdout] 3 | +------+
[INFO] [stdout]   | ^ expected expression
[INFO] [stdout] 
[INFO] [stdout] error: aborting due to previous error
[INFO] [stdout] 
[INFO] [stdout] Couldn't compile the test.
[INFO] [stdout] ---- src/analysis/live_range_analysis.rs - analysis::live_range_analysis::LiveRangeAnalysis (line 262) stdout ----
[INFO] [stdout] error: expected one of `!`, `.`, `::`, `;`, `?`, `{`, `}`, or an operator, found `thread`
[INFO] [stdout]  --> src/analysis/live_range_analysis.rs:263:7
[INFO] [stdout]   |
[INFO] [stdout] 3 | First thread:    Second thread:
[INFO] [stdout]   |       ^^^^^^ expected one of 8 possible tokens
[INFO] [stdout] 
[INFO] [stdout] error: aborting due to previous error
[INFO] [stdout] 
[INFO] [stdout] Couldn't compile the test.
[INFO] [stdout] ---- src/analysis/live_range_analysis.rs - analysis::live_range_analysis::LiveRangeAnalysis (line 281) stdout ----
[INFO] [stdout] error: expected one of `!`, `)`, `,`, `.`, `::`, `?`, `{`, or an operator, found `par1`
[INFO] [stdout]  --> src/analysis/live_range_analysis.rs:282:11
[INFO] [stdout]   |
[INFO] [stdout] 3 | out(begin par1) = in(par1)
[INFO] [stdout]   |          -^^^^ expected one of 8 possible tokens
[INFO] [stdout]   |          |
[INFO] [stdout]   |          help: missing `,`
[INFO] [stdout] 
[INFO] [stdout] error: expected expression, found keyword `in`
[INFO] [stdout]  --> src/analysis/live_range_analysis.rs:282:19
[INFO] [stdout]   |
[INFO] [stdout] 3 | out(begin par1) = in(par1)
[INFO] [stdout]   |                   ^^ expected expression
[INFO] [stdout] 
[INFO] [stdout] error: aborting due to 2 previous errors
[INFO] [stdout] 
[INFO] [stdout] Couldn't compile the test.
[INFO] [stdout] ---- src/analysis/live_range_analysis.rs - analysis::live_range_analysis::LiveRangeAnalysis (line 294) stdout ----
[INFO] [stdout] error: missing `in` in `for` loop
[INFO] [stdout]  --> src/analysis/live_range_analysis.rs:295:9
[INFO] [stdout]   |
[INFO] [stdout] 3 | for some node n:
[INFO] [stdout]   |         ^ help: try adding `in` here
[INFO] [stdout] 
[INFO] [stdout] error: expected `{`, found `n`
[INFO] [stdout]  --> src/analysis/live_range_analysis.rs:295:15
[INFO] [stdout]   |
[INFO] [stdout] 3 | for some node n:
[INFO] [stdout]   |               ^ expected `{`
[INFO] [stdout] 
[INFO] [stdout] error: aborting due to 2 previous errors
[INFO] [stdout] 
[INFO] [stdout] Couldn't compile the test.
[INFO] [stdout] ---- src/analysis/graph.rs - analysis::graph::GraphAnalysis (line 23) stdout ----
[INFO] [stdout] error: expected identifier, found keyword `in`
[INFO] [stdout]  --> src/analysis/graph.rs:24:3
[INFO] [stdout]   |
[INFO] [stdout] 3 | c.in = G[done] & b.done ? add.out
[INFO] [stdout]   |   ^^ expected identifier, found keyword
[INFO] [stdout]   |
[INFO] [stdout] help: escape `in` to use it as an identifier
[INFO] [stdout]   |
[INFO] [stdout] 3 | c.r#in = G[done] & b.done ? add.out
[INFO] [stdout]   |   ++
[INFO] [stdout] 
[INFO] [stdout] error: expected one of `.`, `;`, `?`, `}`, or an operator, found `add`
[INFO] [stdout]  --> src/analysis/graph.rs:24:27
[INFO] [stdout]   |
[INFO] [stdout] 3 | c.in = G[done] & b.done ? add.out
[INFO] [stdout]   |                           ^^^ expected one of `.`, `;`, `?`, `}`, or an operator
[INFO] [stdout] 
[INFO] [stdout] error: aborting due to 2 previous errors
[INFO] [stdout] 
[INFO] [stdout] Couldn't compile the test.
[INFO] [stdout] ---- src/analysis/live_range_analysis.rs - analysis::live_range_analysis::LiveRangeAnalysis (line 238) stdout ----
[INFO] [stdout] error: expected expression, found `+`
[INFO] [stdout]  --> src/analysis/live_range_analysis.rs:239:1
[INFO] [stdout]   |
[INFO] [stdout] 3 | +------+
[INFO] [stdout]   | ^ expected expression
[INFO] [stdout] 
[INFO] [stdout] error: aborting due to previous error
[INFO] [stdout] 
[INFO] [stdout] Couldn't compile the test.
[INFO] [stdout] ---- src/analysis/graph.rs - analysis::graph::GraphAnalysis (line 27) stdout ----
[INFO] [stdout] error: expected one of `(`, `.`, `::`, `;`, `?`, `}`, or an operator, found `->`
[INFO] [stdout]  --> src/analysis/graph.rs:28:9
[INFO] [stdout]   |
[INFO] [stdout] 3 | add.out -> c.in
[INFO] [stdout]   |         ^^ expected one of 7 possible tokens
[INFO] [stdout] 
[INFO] [stdout] error: aborting due to previous error
[INFO] [stdout] 
[INFO] [stdout] Couldn't compile the test.
[INFO] [stdout] ---- src/passes/canonical.rs - passes::canonical::Canonicalize (line 13) stdout ----
[INFO] [stdout] error: expected one of `.`, `;`, `?`, `}`, or an operator, found `1`
[INFO] [stdout]  --> src/passes/canonical.rs:14:21
[INFO] [stdout]   |
[INFO] [stdout] 3 | a[done] = r1.done ? 1'd1 -> a[done] = r1.done
[INFO] [stdout]   |                     ^ expected one of `.`, `;`, `?`, `}`, or an operator
[INFO] [stdout] 
[INFO] [stdout] error: aborting due to previous error
[INFO] [stdout] 
[INFO] [stdout] Couldn't compile the test.
[INFO] [stdout] ---- src/analysis/live_range_analysis.rs - analysis::live_range_analysis::LiveRangeAnalysis (line 211) stdout ----
[INFO] [stdout] error: expected one of `,`, `:`, or `}`, found `;`
[INFO] [stdout]  --> src/analysis/live_range_analysis.rs:213:7
[INFO] [stdout]   |
[INFO] [stdout] 3 | seq {
[INFO] [stdout]   | --- while parsing this struct
[INFO] [stdout] 4 |   wr_x; // writes register x
[INFO] [stdout]   |   ----^ expected one of `,`, `:`, or `}`
[INFO] [stdout]   |   |
[INFO] [stdout]   |   while parsing this struct field
[INFO] [stdout] 
[INFO] [stdout] error[E0422]: cannot find struct, variant or union type `seq` in this scope
[INFO] [stdout]  --> src/analysis/live_range_analysis.rs:212:1
[INFO] [stdout]   |
[INFO] [stdout] 3 | seq {
[INFO] [stdout]   | ^^^ not found in this scope
[INFO] [stdout] 
[INFO] [stdout] error: aborting due to 2 previous errors
[INFO] [stdout] 
[INFO] [stdout] For more information about this error, try `rustc --explain E0422`.
[INFO] [stdout] Couldn't compile the test.
[INFO] [stdout] ---- src/analysis/live_range_analysis.rs - analysis::live_range_analysis::LiveRangeAnalysis (line 172) stdout ----
[INFO] [stdout] error: expected one of `,`, `:`, or `}`, found `;`
[INFO] [stdout]  --> src/analysis/live_range_analysis.rs:174:7
[INFO] [stdout]   |
[INFO] [stdout] 3 | seq {
[INFO] [stdout]   | --- while parsing this struct
[INFO] [stdout] 4 |   wr_x; // writes register x
[INFO] [stdout]   |   ----^ expected one of `,`, `:`, or `}`
[INFO] [stdout]   |   |
[INFO] [stdout]   |   while parsing this struct field
[INFO] [stdout] 
[INFO] [stdout] error[E0422]: cannot find struct, variant or union type `seq` in this scope
[INFO] [stdout]  --> src/analysis/live_range_analysis.rs:173:1
[INFO] [stdout]   |
[INFO] [stdout] 3 | seq {
[INFO] [stdout]   | ^^^ not found in this scope
[INFO] [stdout] 
[INFO] [stdout] error: aborting due to 2 previous errors
[INFO] [stdout] 
[INFO] [stdout] For more information about this error, try `rustc --explain E0422`.
[INFO] [stdout] Couldn't compile the test.
[INFO] [stdout] ---- src/analysis/compute_static.rs - analysis::compute_static::WithStatic (line 9) stdout ----
[INFO] [stdout] error[E0433]: failed to resolve: use of undeclared crate or module `calyx`
[INFO] [stdout]  --> src/analysis/compute_static.rs:10:5
[INFO] [stdout]   |
[INFO] [stdout] 3 | use calyx::analysis::compute_static::WithStatic;
[INFO] [stdout]   |     ^^^^^ use of undeclared crate or module `calyx`
[INFO] [stdout] 
[INFO] [stdout] error[E0433]: failed to resolve: use of undeclared type `HashMap`
[INFO] [stdout]  --> src/analysis/compute_static.rs:12:13
[INFO] [stdout]   |
[INFO] [stdout] 5 | con.update(&HashMap::new());    // Compute the static information for the program
[INFO] [stdout]   |             ^^^^^^^ use of undeclared type `HashMap`
[INFO] [stdout]   |
[INFO] [stdout] help: consider importing this struct
[INFO] [stdout]   |
[INFO] [stdout] 2 + use std::collections::HashMap;
[INFO] [stdout]   |
[INFO] [stdout] 
[INFO] [stdout] error[E0433]: failed to resolve: use of undeclared crate or module `ir`
[INFO] [stdout]  --> src/analysis/compute_static.rs:11:10
[INFO] [stdout]   |
[INFO] [stdout] 4 | let con: ir::Control = todo!(); // A complex control program
[INFO] [stdout]   |          ^^
[INFO] [stdout]   |          |
[INFO] [stdout]   |          use of undeclared crate or module `ir`
[INFO] [stdout]   |          help: a builtin type with a similar name exists: `i8`
[INFO] [stdout] 
[INFO] [stdout] error: aborting due to 3 previous errors
[INFO] [stdout] 
[INFO] [stdout] For more information about this error, try `rustc --explain E0433`.
[INFO] [stdout] Couldn't compile the test.
[INFO] [stdout] ---- src/pass_manager.rs - pass_manager::PassManager::register_pass (line 29) stdout ----
[INFO] [stdout] error[E0433]: failed to resolve: use of undeclared type `PassManager`
[INFO] [stdout]  --> src/pass_manager.rs:30:10
[INFO] [stdout]   |
[INFO] [stdout] 3 | let pm = PassManager::default();
[INFO] [stdout]   |          ^^^^^^^^^^^ use of undeclared type `PassManager`
[INFO] [stdout]   |
[INFO] [stdout] help: consider importing this struct
[INFO] [stdout]   |
[INFO] [stdout] 2 + use calyx_opt::pass_manager::PassManager;
[INFO] [stdout]   |
[INFO] [stdout] 
[INFO] [stdout] error[E0412]: cannot find type `WellFormed` in this scope
[INFO] [stdout]  --> src/pass_manager.rs:31:20
[INFO] [stdout]   |
[INFO] [stdout] 4 | pm.register_pass::<WellFormed>()?;
[INFO] [stdout]   |                    ^^^^^^^^^^ not found in this scope
[INFO] [stdout]   |
[INFO] [stdout] help: consider importing this struct
[INFO] [stdout]   |
[INFO] [stdout] 2 + use calyx_opt::passes::WellFormed;
[INFO] [stdout]   |
[INFO] [stdout] 
[INFO] [stdout] error: aborting due to 2 previous errors
[INFO] [stdout] 
[INFO] [stdout] Some errors have detailed explanations: E0412, E0433.
[INFO] [stdout] For more information about an error, try `rustc --explain E0412`.
[INFO] [stdout] Couldn't compile the test.
[INFO] [stdout] ---- src/lib.rs - (line 15) stdout ----
[INFO] [stdout] error[E0432]: unresolved import `calyx_frontend`
[INFO] [stdout]  --> src/lib.rs:18:5
[INFO] [stdout]   |
[INFO] [stdout] 4 | use calyx_frontend as frontend;
[INFO] [stdout]   |     ^^^^^^^^^^^^^^^^^^^^^^^^^^ no external crate `calyx_frontend`
[INFO] [stdout] 
[INFO] [stdout] error: aborting due to previous error
[INFO] [stdout] 
[INFO] [stdout] For more information about this error, try `rustc --explain E0432`.
[INFO] [stdout] Couldn't compile the test.
[INFO] [stdout] ---- src/analysis/schedule_conflicts.rs - analysis::schedule_conflicts::all_conflicting (line 64) stdout ----
[INFO] [stdout] error: expected `;`, found `b`
[INFO] [stdout]  --> src/analysis/schedule_conflicts.rs:65:8
[INFO] [stdout]   |
[INFO] [stdout] 3 | a --- c
[INFO] [stdout]   |        ^ help: add `;` here
[INFO] [stdout] 4 | b --- c
[INFO] [stdout]   | - unexpected token
[INFO] [stdout] 
[INFO] [stdout] error: expected `;`, found `a`
[INFO] [stdout]  --> src/analysis/schedule_conflicts.rs:66:8
[INFO] [stdout]   |
[INFO] [stdout] 4 | b --- c
[INFO] [stdout]   |        ^ help: add `;` here
[INFO] [stdout] 5 | a --- d
[INFO] [stdout]   | - unexpected token
[INFO] [stdout] 
[INFO] [stdout] error: expected `;`, found `b`
[INFO] [stdout]  --> src/analysis/schedule_conflicts.rs:67:8
[INFO] [stdout]   |
[INFO] [stdout] 5 | a --- d
[INFO] [stdout]   |        ^ help: add `;` here
[INFO] [stdout] 6 | b --- d
[INFO] [stdout]   | - unexpected token
[INFO] [stdout] 
[INFO] [stdout] error[E0425]: cannot find value `b` in this scope
[INFO] [stdout]  --> src/analysis/schedule_conflicts.rs:68:1
[INFO] [stdout]   |
[INFO] [stdout] 6 | b --- d
[INFO] [stdout]   | ^ not found in this scope
[INFO] [stdout] 
[INFO] [stdout] error[E0425]: cannot find value `d` in this scope
[INFO] [stdout]  --> src/analysis/schedule_conflicts.rs:68:7
[INFO] [stdout]   |
[INFO] [stdout] 6 | b --- d
[INFO] [stdout]   |       ^ not found in this scope
[INFO] [stdout] 
[INFO] [stdout] error: aborting due to 5 previous errors
[INFO] [stdout] 
[INFO] [stdout] For more information about this error, try `rustc --explain E0425`.
[INFO] [stdout] Couldn't compile the test.
[INFO] [stdout] ---- src/analysis/control_id.rs - analysis::control_id::ControlId::compute_unique_ids (line 91) stdout ----
[INFO] [stdout] error: expected one of `,`, `:`, or `}`, found `;`
[INFO] [stdout]  --> src/analysis/control_id.rs:92:8
[INFO] [stdout]   |
[INFO] [stdout] 3 | seq { A; if cond {X} else{Y}; par { C; D; }; E }
[INFO] [stdout]   | ---   -^ expected one of `,`, `:`, or `}`
[INFO] [stdout]   | |     |
[INFO] [stdout]   | |     while parsing this struct field
[INFO] [stdout]   | while parsing this struct
[INFO] [stdout] 
[INFO] [stdout] error[E0422]: cannot find struct, variant or union type `seq` in this scope
[INFO] [stdout]  --> src/analysis/control_id.rs:92:1
[INFO] [stdout]   |
[INFO] [stdout] 3 | seq { A; if cond {X} else{Y}; par { C; D; }; E }
[INFO] [stdout]   | ^^^ not found in this scope
[INFO] [stdout] 
[INFO] [stdout] error: aborting due to 2 previous errors
[INFO] [stdout] 
[INFO] [stdout] For more information about this error, try `rustc --explain E0422`.
[INFO] [stdout] Couldn't compile the test.
[INFO] [stdout] ---- src/passes/collapse_control.rs - passes::collapse_control::CollapseControl (line 45) stdout ----
[INFO] [stdout] error: expected one of `:`, `;`, or `=`, found `1`
[INFO] [stdout]  --> src/passes/collapse_control.rs:46:15
[INFO] [stdout]   |
[INFO] [stdout] 3 | static repeat 1 {** body **}
[INFO] [stdout]   |               ^ expected one of `:`, `;`, or `=`
[INFO] [stdout] 
[INFO] [stdout] error: missing type for `static` item
[INFO] [stdout]  --> src/passes/collapse_control.rs:46:14
[INFO] [stdout]   |
[INFO] [stdout] 3 | static repeat 1 {** body **}
[INFO] [stdout]   |              ^ help: provide a type for the item: `: <type>`
[INFO] [stdout] 
[INFO] [stdout] error: aborting due to 2 previous errors
[INFO] [stdout] 
[INFO] [stdout] Couldn't compile the test.
[INFO] [stdout] ---- src/passes/collapse_control.rs - passes::collapse_control::CollapseControl (line 40) stdout ----
[INFO] [stdout] error: expected one of `:`, `;`, or `=`, found `0`
[INFO] [stdout]  --> src/passes/collapse_control.rs:41:15
[INFO] [stdout]   |
[INFO] [stdout] 3 | static repeat 0 { ** body ** }
[INFO] [stdout]   |               ^ expected one of `:`, `;`, or `=`
[INFO] [stdout] 
[INFO] [stdout] error: missing type for `static` item
[INFO] [stdout]  --> src/passes/collapse_control.rs:41:14
[INFO] [stdout]   |
[INFO] [stdout] 3 | static repeat 0 { ** body ** }
[INFO] [stdout]   |              ^ help: provide a type for the item: `: <type>`
[INFO] [stdout] 
[INFO] [stdout] error: aborting due to 2 previous errors
[INFO] [stdout] 
[INFO] [stdout] Couldn't compile the test.
[INFO] [stdout] ---- src/analysis/schedule_conflicts.rs - analysis::schedule_conflicts::all_conflicting (line 57) stdout ----
[INFO] [stdout] error[E0308]: mismatched types
[INFO] [stdout]  --> src/analysis/schedule_conflicts.rs:58:1
[INFO] [stdout]   |
[INFO] [stdout] 2 |   fn main() { #[allow(non_snake_case)] fn _doctest_main_src_analysis_schedule_conflicts_rs_57_0() {
[INFO] [stdout]   |                                                                                                  - help: try adding a return type: `-> Vec<Vec<&str>>`
[INFO] [stdout] 3 | / vec![
[INFO] [stdout] 4 | |     vec!["a", "b"],
[INFO] [stdout] 5 | |     vec!["c", "d"]
[INFO] [stdout] 6 | | ]
[INFO] [stdout]   | |_^ expected `()`, found `Vec<Vec<&str>>`
[INFO] [stdout]   |
[INFO] [stdout]   = note: expected unit type `()`
[INFO] [stdout]                 found struct `Vec<Vec<&str>>`
[INFO] [stdout]   = note: this error originates in the macro `vec` (in Nightly builds, run with -Z macro-backtrace for more info)
[INFO] [stdout] 
[INFO] [stdout] error: aborting due to previous error
[INFO] [stdout] 
[INFO] [stdout] For more information about this error, try `rustc --explain E0308`.
[INFO] [stdout] Couldn't compile the test.
[INFO] [stdout] ---- src/passes/collapse_control.rs - passes::collapse_control::CollapseControl (line 49) stdout ----
[INFO] [stdout] error: expected expression, found `}`
[INFO] [stdout]  --> src/passes/collapse_control.rs:51:1
[INFO] [stdout]   |
[INFO] [stdout] 4 | } _doctest_main_src_passes_collapse_control_rs_49_0() }
[INFO] [stdout]   | ^ expected expression
[INFO] [stdout] 
[INFO] [stdout] error: aborting due to previous error
[INFO] [stdout] 
[INFO] [stdout] Couldn't compile the test.
[INFO] [stdout] ---- src/passes/collapse_control.rs - passes::collapse_control::CollapseControl (line 14) stdout ----
[INFO] [stdout] error: expected one of `,`, `:`, or `}`, found `{`
[INFO] [stdout]  --> src/passes/collapse_control.rs:16:9
[INFO] [stdout]   |
[INFO] [stdout] 3 | seq {
[INFO] [stdout]   | --- while parsing this struct
[INFO] [stdout] 4 |     seq { A; B }
[INFO] [stdout]   |     --- ^ expected one of `,`, `:`, or `}`
[INFO] [stdout]   |     |
[INFO] [stdout]   |     while parsing this struct field
[INFO] [stdout]   |
[INFO] [stdout] help: try naming a field
[INFO] [stdout]   |
[INFO] [stdout] 4 |     seq: seq { A; B }
[INFO] [stdout]   |     ++++
[INFO] [stdout] 
[INFO] [stdout] error[E0422]: cannot find struct, variant or union type `seq` in this scope
[INFO] [stdout]  --> src/passes/collapse_control.rs:15:1
[INFO] [stdout]   |
[INFO] [stdout] 3 | seq {
[INFO] [stdout]   | ^^^ not found in this scope
[INFO] [stdout] 
[INFO] [stdout] error: aborting due to 2 previous errors
[INFO] [stdout] 
[INFO] [stdout] For more information about this error, try `rustc --explain E0422`.
[INFO] [stdout] Couldn't compile the test.
[INFO] [stdout] ---- src/passes/collapse_control.rs - passes::collapse_control::CollapseControl (line 21) stdout ----
[INFO] [stdout] error: expected one of `,`, `:`, or `}`, found `;`
[INFO] [stdout]  --> src/passes/collapse_control.rs:22:8
[INFO] [stdout]   |
[INFO] [stdout] 3 | seq { A; B C; }
[INFO] [stdout]   | ---   -^ expected one of `,`, `:`, or `}`
[INFO] [stdout]   | |     |
[INFO] [stdout]   | |     while parsing this struct field
[INFO] [stdout]   | while parsing this struct
[INFO] [stdout] 
[INFO] [stdout] error[E0422]: cannot find struct, variant or union type `seq` in this scope
[INFO] [stdout]  --> src/passes/collapse_control.rs:22:1
[INFO] [stdout]   |
[INFO] [stdout] 3 | seq { A; B C; }
[INFO] [stdout]   | ^^^ not found in this scope
[INFO] [stdout] 
[INFO] [stdout] error: aborting due to 2 previous errors
[INFO] [stdout] 
[INFO] [stdout] For more information about this error, try `rustc --explain E0422`.
[INFO] [stdout] Couldn't compile the test.
[INFO] [stdout] ---- src/passes/collapse_control.rs - passes::collapse_control::CollapseControl (line 25) stdout ----
[INFO] [stdout] error: expected one of `,`, `:`, or `}`, found `{`
[INFO] [stdout]  --> src/passes/collapse_control.rs:27:9
[INFO] [stdout]   |
[INFO] [stdout] 3 | par {
[INFO] [stdout]   | --- while parsing this struct
[INFO] [stdout] 4 |     par { A; B }
[INFO] [stdout]   |     --- ^ expected one of `,`, `:`, or `}`
[INFO] [stdout]   |     |
[INFO] [stdout]   |     while parsing this struct field
[INFO] [stdout]   |
[INFO] [stdout] help: try naming a field
[INFO] [stdout]   |
[INFO] [stdout] 4 |     par: par { A; B }
[INFO] [stdout]   |     ++++
[INFO] [stdout] 
[INFO] [stdout] error[E0422]: cannot find struct, variant or union type `par` in this scope
[INFO] [stdout]  --> src/passes/collapse_control.rs:26:1
[INFO] [stdout]   |
[INFO] [stdout] 3 | par {
[INFO] [stdout]   | ^^^ not found in this scope
[INFO] [stdout] 
[INFO] [stdout] error: aborting due to 2 previous errors
[INFO] [stdout] 
[INFO] [stdout] For more information about this error, try `rustc --explain E0422`.
[INFO] [stdout] Couldn't compile the test.
[INFO] [stdout] ---- src/pass_manager.rs - pass_manager::register_alias (line 208) stdout ----
[INFO] [stdout] error: cannot find macro `register_alias` in this scope
[INFO] [stdout]  --> src/pass_manager.rs:211:1
[INFO] [stdout]   |
[INFO] [stdout] 5 | register_alias!(pm, "validate", [WellFormed, Papercut, Canonicalize]);
[INFO] [stdout]   | ^^^^^^^^^^^^^^
[INFO] [stdout]   |
[INFO] [stdout] help: consider importing this macro
[INFO] [stdout]   |
[INFO] [stdout] 2 + use calyx_opt::register_alias;
[INFO] [stdout]   |
[INFO] [stdout] 
[INFO] [stdout] error[E0433]: failed to resolve: use of undeclared type `PassManager`
[INFO] [stdout]  --> src/pass_manager.rs:209:10
[INFO] [stdout]   |
[INFO] [stdout] 3 | let pm = PassManager::default();
[INFO] [stdout]   |          ^^^^^^^^^^^ use of undeclared type `PassManager`
[INFO] [stdout]   |
[INFO] [stdout] help: consider importing this struct
[INFO] [stdout]   |
[INFO] [stdout] 2 + use calyx_opt::pass_manager::PassManager;
[INFO] [stdout]   |
[INFO] [stdout] 
[INFO] [stdout] error: aborting due to 2 previous errors
[INFO] [stdout] 
[INFO] [stdout] For more information about this error, try `rustc --explain E0433`.
[INFO] [stdout] Couldn't compile the test.
[INFO] [stdout] ---- src/passes/collapse_control.rs - passes::collapse_control::CollapseControl::finish_static_repeat (line 179) stdout ----
[INFO] [stdout] error: expected one of `:`, `;`, or `=`, found `0`
[INFO] [stdout]  --> src/passes/collapse_control.rs:180:15
[INFO] [stdout]   |
[INFO] [stdout] 3 | static repeat 0 { ** body ** }
[INFO] [stdout]   |               ^ expected one of `:`, `;`, or `=`
[INFO] [stdout] 
[INFO] [stdout] error: missing type for `static` item
[INFO] [stdout]  --> src/passes/collapse_control.rs:180:14
[INFO] [stdout]   |
[INFO] [stdout] 3 | static repeat 0 { ** body ** }
[INFO] [stdout]   |              ^ help: provide a type for the item: `: <type>`
[INFO] [stdout] 
[INFO] [stdout] error: aborting due to 2 previous errors
[INFO] [stdout] 
[INFO] [stdout] Couldn't compile the test.
[INFO] [stdout] ---- src/passes/collapse_control.rs - passes::collapse_control::CollapseControl::finish_static_repeat (line 184) stdout ----
[INFO] [stdout] error: expected one of `:`, `;`, or `=`, found `1`
[INFO] [stdout]  --> src/passes/collapse_control.rs:185:15
[INFO] [stdout]   |
[INFO] [stdout] 3 | static repeat 1 {** body **}
[INFO] [stdout]   |               ^ expected one of `:`, `;`, or `=`
[INFO] [stdout] 
[INFO] [stdout] error: missing type for `static` item
[INFO] [stdout]  --> src/passes/collapse_control.rs:185:14
[INFO] [stdout]   |
[INFO] [stdout] 3 | static repeat 1 {** body **}
[INFO] [stdout]   |              ^ help: provide a type for the item: `: <type>`
[INFO] [stdout] 
[INFO] [stdout] error: aborting due to 2 previous errors
[INFO] [stdout] 
[INFO] [stdout] Couldn't compile the test.
[INFO] [stdout] ---- src/passes/collapse_control.rs - passes::collapse_control::CollapseControl (line 32) stdout ----
[INFO] [stdout] error: expected one of `,`, `:`, or `}`, found `;`
[INFO] [stdout]  --> src/passes/collapse_control.rs:33:8
[INFO] [stdout]   |
[INFO] [stdout] 3 | par { A; B C; }
[INFO] [stdout]   | ---   -^ expected one of `,`, `:`, or `}`
[INFO] [stdout]   | |     |
[INFO] [stdout]   | |     while parsing this struct field
[INFO] [stdout]   | while parsing this struct
[INFO] [stdout] 
[INFO] [stdout] error[E0422]: cannot find struct, variant or union type `par` in this scope
[INFO] [stdout]  --> src/passes/collapse_control.rs:33:1
[INFO] [stdout]   |
[INFO] [stdout] 3 | par { A; B C; }
[INFO] [stdout]   | ^^^ not found in this scope
[INFO] [stdout] 
[INFO] [stdout] error: aborting due to 2 previous errors
[INFO] [stdout] 
[INFO] [stdout] For more information about this error, try `rustc --explain E0422`.
[INFO] [stdout] Couldn't compile the test.
[INFO] [stdout] ---- src/passes/go_insertion.rs - passes::go_insertion::GoInsertion (line 10) stdout ----
[INFO] [stdout] error: expected one of `!`, `.`, `::`, `;`, `?`, `{`, `}`, or an operator, found `foo`
[INFO] [stdout]  --> src/passes/go_insertion.rs:11:7
[INFO] [stdout]   |
[INFO] [stdout] 3 | group foo {
[INFO] [stdout]   |       ^^^ expected one of 8 possible tokens
[INFO] [stdout] 
[INFO] [stdout] error: aborting due to previous error
[INFO] [stdout] 
[INFO] [stdout] Couldn't compile the test.
[INFO] [stdout] ---- src/passes/externalize.rs - passes::externalize::Externalize (line 11) stdout ----
[INFO] [stdout] error: expected one of `!`, `.`, `::`, `;`, `?`, `{`, `}`, or an operator, found `main`
[INFO] [stdout]  --> src/passes/externalize.rs:12:11
[INFO] [stdout]   |
[INFO] [stdout] 3 | component main() -> () {
[INFO] [stdout]   |           ^^^^ expected one of 8 possible tokens
[INFO] [stdout] 
[INFO] [stdout] error: aborting due to previous error
[INFO] [stdout] 
[INFO] [stdout] Couldn't compile the test.
[INFO] [stdout] ---- src/passes/go_insertion.rs - passes::go_insertion::GoInsertion (line 17) stdout ----
[INFO] [stdout] error: expected one of `!`, `.`, `::`, `;`, `?`, `{`, `}`, or an operator, found `foo`
[INFO] [stdout]  --> src/passes/go_insertion.rs:18:7
[INFO] [stdout]   |
[INFO] [stdout] 3 | group foo {
[INFO] [stdout]   |       ^^^ expected one of 8 possible tokens
[INFO] [stdout] 
[INFO] [stdout] error: aborting due to previous error
[INFO] [stdout] 
[INFO] [stdout] Couldn't compile the test.
[INFO] [stdout] ---- src/passes/comb_prop.rs - passes::comb_prop::CombProp (line 148) stdout ----
[INFO] [stdout] error: expected identifier, found keyword `in`
[INFO] [stdout]  --> src/passes/comb_prop.rs:149:3
[INFO] [stdout]   |
[INFO] [stdout] 3 | c.in = wire.out;
[INFO] [stdout]   |   ^^ expected identifier, found keyword
[INFO] [stdout]   |
[INFO] [stdout] help: escape `in` to use it as an identifier
[INFO] [stdout]   |
[INFO] [stdout] 3 | c.r#in = wire.out;
[INFO] [stdout]   |   ++
[INFO] [stdout] 
[INFO] [stdout] error[E0425]: cannot find value `c` in this scope
[INFO] [stdout]  --> src/passes/comb_prop.rs:149:1
[INFO] [stdout]   |
[INFO] [stdout] 3 | c.in = wire.out;
[INFO] [stdout]   | ^ not found in this scope
[INFO] [stdout] 
[INFO] [stdout] error[E0425]: cannot find value `wire` in this scope
[INFO] [stdout]  --> src/passes/comb_prop.rs:149:8
[INFO] [stdout]   |
[INFO] [stdout] 3 | c.in = wire.out;
[INFO] [stdout]   |        ^^^^ not found in this scope
[INFO] [stdout] 
[INFO] [stdout] error: aborting due to 3 previous errors
[INFO] [stdout] 
[INFO] [stdout] For more information about this error, try `rustc --explain E0425`.
[INFO] [stdout] Couldn't compile the test.
[INFO] [stdout] ---- src/passes/comb_prop.rs - passes::comb_prop::CombProp (line 162) stdout ----
[INFO] [stdout] error: expected identifier, found keyword `in`
[INFO] [stdout]  --> src/passes/comb_prop.rs:163:3
[INFO] [stdout]   |
[INFO] [stdout] 3 | w.in = c;
[INFO] [stdout]   |   ^^ expected identifier, found keyword
[INFO] [stdout]   |
[INFO] [stdout] help: escape `in` to use it as an identifier
[INFO] [stdout]   |
[INFO] [stdout] 3 | w.r#in = c;
[INFO] [stdout]   |   ++
[INFO] [stdout] 
[INFO] [stdout] error: expected one of `!`, `.`, `::`, `;`, `?`, `{`, `}`, or an operator, found `g`
[INFO] [stdout]  --> src/passes/comb_prop.rs:164:7
[INFO] [stdout]   |
[INFO] [stdout] 4 | group g {
[INFO] [stdout]   |       ^ expected one of 8 possible tokens
[INFO] [stdout] 
[INFO] [stdout] error[E0425]: cannot find value `w` in this scope
[INFO] [stdout]  --> src/passes/comb_prop.rs:163:1
[INFO] [stdout]   |
[INFO] [stdout] 3 | w.in = c;
[INFO] [stdout]   | ^ not found in this scope
[INFO] [stdout] 
[INFO] [stdout] error[E0425]: cannot find value `c` in this scope
[INFO] [stdout]  --> src/passes/comb_prop.rs:163:8
[INFO] [stdout]   |
[INFO] [stdout] 3 | w.in = c;
[INFO] [stdout]   |        ^ not found in this scope
[INFO] [stdout] 
[INFO] [stdout] error: aborting due to 4 previous errors
[INFO] [stdout] 
[INFO] [stdout] For more information about this error, try `rustc --explain E0425`.
[INFO] [stdout] Couldn't compile the test.
[INFO] [stdout] ---- src/passes/hole_inliner.rs - passes::hole_inliner::fixed_point (line 31) stdout ----
[INFO] [stdout] error: expected one of `.`, `;`, `?`, `}`, or an operator, found `->`
[INFO] [stdout]  --> src/passes/hole_inliner.rs:32:7
[INFO] [stdout]   |
[INFO] [stdout] 3 | A[go] -> some_thing & B[go] & !A[done]
[INFO] [stdout]   |       ^^ expected one of `.`, `;`, `?`, `}`, or an operator
[INFO] [stdout] 
[INFO] [stdout] error: aborting due to previous error
[INFO] [stdout] 
[INFO] [stdout] Couldn't compile the test.
[INFO] [stdout] ---- src/passes/comb_prop.rs - passes::comb_prop::CombProp (line 170) stdout ----
[INFO] [stdout] error: expected identifier, found keyword `in`
[INFO] [stdout]  --> src/passes/comb_prop.rs:171:3
[INFO] [stdout]   |
[INFO] [stdout] 3 | w.in = c;
[INFO] [stdout]   |   ^^ expected identifier, found keyword
[INFO] [stdout]   |
[INFO] [stdout] help: escape `in` to use it as an identifier
[INFO] [stdout]   |
[INFO] [stdout] 3 | w.r#in = c;
[INFO] [stdout]   |   ++
[INFO] [stdout] 
[INFO] [stdout] error: expected one of `!`, `.`, `::`, `;`, `?`, `{`, `}`, or an operator, found `g`
[INFO] [stdout]  --> src/passes/comb_prop.rs:172:7
[INFO] [stdout]   |
[INFO] [stdout] 4 | group g {
[INFO] [stdout]   |       ^ expected one of 8 possible tokens
[INFO] [stdout] 
[INFO] [stdout] error[E0425]: cannot find value `w` in this scope
[INFO] [stdout]  --> src/passes/comb_prop.rs:171:1
[INFO] [stdout]   |
[INFO] [stdout] 3 | w.in = c;
[INFO] [stdout]   | ^ not found in this scope
[INFO] [stdout] 
[INFO] [stdout] error[E0425]: cannot find value `c` in this scope
[INFO] [stdout]  --> src/passes/comb_prop.rs:171:8
[INFO] [stdout]   |
[INFO] [stdout] 3 | w.in = c;
[INFO] [stdout]   |        ^ not found in this scope
[INFO] [stdout] 
[INFO] [stdout] error: aborting due to 4 previous errors
[INFO] [stdout] 
[INFO] [stdout] For more information about this error, try `rustc --explain E0425`.
[INFO] [stdout] Couldn't compile the test.
[INFO] [stdout] ---- src/passes/externalize.rs - passes::externalize::Externalize (line 25) stdout ----
[INFO] [stdout] error: expected one of `!`, `.`, `::`, `;`, `?`, `{`, `}`, or an operator, found `main`
[INFO] [stdout]  --> src/passes/externalize.rs:26:11
[INFO] [stdout]   |
[INFO] [stdout] 3 | component main(
[INFO] [stdout]   |           ^^^^ expected one of 8 possible tokens
[INFO] [stdout] 
[INFO] [stdout] error: aborting due to previous error
[INFO] [stdout] 
[INFO] [stdout] Couldn't compile the test.
[INFO] [stdout] ---- src/passes/merge_assign.rs - passes::merge_assign::MergeAssign (line 16) stdout ----
[INFO] [stdout] error: expected identifier, found keyword `in`
[INFO] [stdout]  --> src/passes/merge_assign.rs:17:3
[INFO] [stdout]   |
[INFO] [stdout] 3 | x.in = (f.out == 1) | (f.out == 2) ? 2'd0;
[INFO] [stdout]   |   ^^ expected identifier, found keyword
[INFO] [stdout]   |
[INFO] [stdout] help: escape `in` to use it as an identifier
[INFO] [stdout]   |
[INFO] [stdout] 3 | x.r#in = (f.out == 1) | (f.out == 2) ? 2'd0;
[INFO] [stdout]   |   ++
[INFO] [stdout] 
[INFO] [stdout] error: expected one of `.`, `;`, `?`, `}`, or an operator, found `2`
[INFO] [stdout]  --> src/passes/merge_assign.rs:17:38
[INFO] [stdout]   |
[INFO] [stdout] 3 | x.in = (f.out == 1) | (f.out == 2) ? 2'd0;
[INFO] [stdout]   |                                      ^ expected one of `.`, `;`, `?`, `}`, or an operator
[INFO] [stdout] 
[INFO] [stdout] error: aborting due to 2 previous errors
[INFO] [stdout] 
[INFO] [stdout] Couldn't compile the test.
[INFO] [stdout] ---- src/passes/comb_prop.rs - passes::comb_prop::CombProp (line 155) stdout ----
[INFO] [stdout] error: expected identifier, found keyword `in`
[INFO] [stdout]  --> src/passes/comb_prop.rs:156:6
[INFO] [stdout]   |
[INFO] [stdout] 3 | wire.in = c.out;
[INFO] [stdout]   |      ^^ expected identifier, found keyword
[INFO] [stdout]   |
[INFO] [stdout] help: escape `in` to use it as an identifier
[INFO] [stdout]   |
[INFO] [stdout] 3 | wire.r#in = c.out;
[INFO] [stdout]   |      ++
[INFO] [stdout] 
[INFO] [stdout] error[E0425]: cannot find value `wire` in this scope
[INFO] [stdout]  --> src/passes/comb_prop.rs:156:1
[INFO] [stdout]   |
[INFO] [stdout] 3 | wire.in = c.out;
[INFO] [stdout]   | ^^^^ not found in this scope
[INFO] [stdout] 
[INFO] [stdout] error[E0425]: cannot find value `c` in this scope
[INFO] [stdout]  --> src/passes/comb_prop.rs:156:11
[INFO] [stdout]   |
[INFO] [stdout] 3 | wire.in = c.out;
[INFO] [stdout]   |           ^ not found in this scope
[INFO] [stdout] 
[INFO] [stdout] error: aborting due to 3 previous errors
[INFO] [stdout] 
[INFO] [stdout] For more information about this error, try `rustc --explain E0425`.
[INFO] [stdout] Couldn't compile the test.
[INFO] [stdout] ---- src/passes/merge_assign.rs - passes::merge_assign::MergeAssign (line 9) stdout ----
[INFO] [stdout] error: expected identifier, found keyword `in`
[INFO] [stdout]  --> src/passes/merge_assign.rs:10:3
[INFO] [stdout]   |
[INFO] [stdout] 3 | x.in = f.out == 1 ? 2'd0;
[INFO] [stdout]   |   ^^ expected identifier, found keyword
[INFO] [stdout]   |
[INFO] [stdout] help: escape `in` to use it as an identifier
[INFO] [stdout]   |
[INFO] [stdout] 3 | x.r#in = f.out == 1 ? 2'd0;
[INFO] [stdout]   |   ++
[INFO] [stdout] 
[INFO] [stdout] error: expected one of `.`, `;`, `?`, `}`, or an operator, found `2`
[INFO] [stdout]  --> src/passes/merge_assign.rs:10:21
[INFO] [stdout]   |
[INFO] [stdout] 3 | x.in = f.out == 1 ? 2'd0;
[INFO] [stdout]   |                     ^ expected one of `.`, `;`, `?`, `}`, or an operator
[INFO] [stdout] 
[INFO] [stdout] error: aborting due to 2 previous errors
[INFO] [stdout] 
[INFO] [stdout] Couldn't compile the test.
[INFO] [stdout] ---- src/passes/comb_prop.rs - passes::comb_prop::CombProp (line 184) stdout ----
[INFO] [stdout] error: expected identifier, found keyword `in`
[INFO] [stdout]  --> src/passes/comb_prop.rs:185:4
[INFO] [stdout]   |
[INFO] [stdout] 3 | w1.in = c;
[INFO] [stdout]   |    ^^ expected identifier, found keyword
[INFO] [stdout]   |
[INFO] [stdout] help: escape `in` to use it as an identifier
[INFO] [stdout]   |
[INFO] [stdout] 3 | w1.r#in = c;
[INFO] [stdout]   |    ++
[INFO] [stdout] 
[INFO] [stdout] error: expected identifier, found keyword `in`
[INFO] [stdout]  --> src/passes/comb_prop.rs:186:4
[INFO] [stdout]   |
[INFO] [stdout] 4 | w2.in = c;
[INFO] [stdout]   |    ^^ expected identifier, found keyword
[INFO] [stdout]   |
[INFO] [stdout] help: escape `in` to use it as an identifier
[INFO] [stdout]   |
[INFO] [stdout] 4 | w2.r#in = c;
[INFO] [stdout]   |    ++
[INFO] [stdout] 
[INFO] [stdout] error: expected identifier, found keyword `in`
[INFO] [stdout]  --> src/passes/comb_prop.rs:187:3
[INFO] [stdout]   |
[INFO] [stdout] 5 | r.in = c;
[INFO] [stdout]   |   ^^ expected identifier, found keyword
[INFO] [stdout]   |
[INFO] [stdout] help: escape `in` to use it as an identifier
[INFO] [stdout]   |
[INFO] [stdout] 5 | r.r#in = c;
[INFO] [stdout]   |   ++
[INFO] [stdout] 
[INFO] [stdout] error[E0425]: cannot find value `w1` in this scope
[INFO] [stdout]  --> src/passes/comb_prop.rs:185:1
[INFO] [stdout]   |
[INFO] [stdout] 3 | w1.in = c;
[INFO] [stdout]   | ^^ not found in this scope
[INFO] [stdout] 
[INFO] [stdout] error[E0425]: cannot find value `c` in this scope
[INFO] [stdout]  --> src/passes/comb_prop.rs:185:9
[INFO] [stdout]   |
[INFO] [stdout] 3 | w1.in = c;
[INFO] [stdout]   |         ^ not found in this scope
[INFO] [stdout] 
[INFO] [stdout] error[E0425]: cannot find value `w2` in this scope
[INFO] [stdout]  --> src/passes/comb_prop.rs:186:1
[INFO] [stdout]   |
[INFO] [stdout] 4 | w2.in = c;
[INFO] [stdout]   | ^^ not found in this scope
[INFO] [stdout] 
[INFO] [stdout] error[E0425]: cannot find value `c` in this scope
[INFO] [stdout]  --> src/passes/comb_prop.rs:186:9
[INFO] [stdout]   |
[INFO] [stdout] 4 | w2.in = c;
[INFO] [stdout]   |         ^ not found in this scope
[INFO] [stdout] 
[INFO] [stdout] error[E0425]: cannot find value `r` in this scope
[INFO] [stdout]  --> src/passes/comb_prop.rs:187:1
[INFO] [stdout]   |
[INFO] [stdout] 5 | r.in = c;
[INFO] [stdout]   | ^ not found in this scope
[INFO] [stdout] 
[INFO] [stdout] error[E0425]: cannot find value `c` in this scope
[INFO] [stdout]  --> src/passes/comb_prop.rs:187:8
[INFO] [stdout]   |
[INFO] [stdout] 5 | r.in = c;
[INFO] [stdout]   |        ^ not found in this scope
[INFO] [stdout] 
[INFO] [stdout] error: aborting due to 9 previous errors
[INFO] [stdout] 
[INFO] [stdout] For more information about this error, try `rustc --explain E0425`.
[INFO] [stdout] Couldn't compile the test.
[INFO] [stdout] ---- src/passes/compile_static.rs - passes::compile_static::CompileStatic::start_while (line 798) stdout ----
[INFO] [stdout] error: expected identifier, found keyword `static`
[INFO] [stdout]  --> src/passes/compile_static.rs:800:1
[INFO] [stdout]   |
[INFO] [stdout] 3 | wires {
[INFO] [stdout]   | ----- while parsing this struct
[INFO] [stdout] 4 | static group A<1> {
[INFO] [stdout]   | ^^^^^^ expected identifier, found keyword
[INFO] [stdout] 
[INFO] [stdout] error: expected `;`, found `control`
[INFO] [stdout]  --> src/passes/compile_static.rs:804:2
[INFO] [stdout]   |
[INFO] [stdout] 8 | }
[INFO] [stdout]   |  ^ help: add `;` here
[INFO] [stdout] 9 | control {
[INFO] [stdout]   | ------- unexpected token
[INFO] [stdout] 
[INFO] [stdout] error: expected identifier, found keyword `while`
[INFO] [stdout]   --> src/passes/compile_static.rs:806:3
[INFO] [stdout]    |
[INFO] [stdout] 9  | control {
[INFO] [stdout]    | ------- while parsing this struct
[INFO] [stdout] 10 |   while l.out {
[INFO] [stdout]    |   ^^^^^ expected identifier, found keyword
[INFO] [stdout] 
[INFO] [stdout] error[E0422]: cannot find struct, variant or union type `control` in this scope
[INFO] [stdout]  --> src/passes/compile_static.rs:805:1
[INFO] [stdout]   |
[INFO] [stdout] 9 | control {
[INFO] [stdout]   | ^^^^^^^ not found in this scope
[INFO] [stdout] 
[INFO] [stdout] error: aborting due to 4 previous errors
[INFO] [stdout] 
[INFO] [stdout] For more information about this error, try `rustc --explain E0422`.
[INFO] [stdout] Couldn't compile the test.
[INFO] [stdout] ---- src/passes/comb_prop.rs - passes::comb_prop::CombProp (line 178) stdout ----
[INFO] [stdout] error: expected identifier, found keyword `in`
[INFO] [stdout]  --> src/passes/comb_prop.rs:179:4
[INFO] [stdout]   |
[INFO] [stdout] 3 | w1.in = c;
[INFO] [stdout]   |    ^^ expected identifier, found keyword
[INFO] [stdout]   |
[INFO] [stdout] help: escape `in` to use it as an identifier
[INFO] [stdout]   |
[INFO] [stdout] 3 | w1.r#in = c;
[INFO] [stdout]   |    ++
[INFO] [stdout] 
[INFO] [stdout] error: expected identifier, found keyword `in`
[INFO] [stdout]  --> src/passes/comb_prop.rs:180:4
[INFO] [stdout]   |
[INFO] [stdout] 4 | w2.in = w1.out;
[INFO] [stdout]   |    ^^ expected identifier, found keyword
[INFO] [stdout]   |
[INFO] [stdout] help: escape `in` to use it as an identifier
[INFO] [stdout]   |
[INFO] [stdout] 4 | w2.r#in = w1.out;
[INFO] [stdout]   |    ++
[INFO] [stdout] 
[INFO] [stdout] error: expected identifier, found keyword `in`
[INFO] [stdout]  --> src/passes/comb_prop.rs:181:3
[INFO] [stdout]   |
[INFO] [stdout] 5 | r.in = w2.out;
[INFO] [stdout]   |   ^^ expected identifier, found keyword
[INFO] [stdout]   |
[INFO] [stdout] help: escape `in` to use it as an identifier
[INFO] [stdout]   |
[INFO] [stdout] 5 | r.r#in = w2.out;
[INFO] [stdout]   |   ++
[INFO] [stdout] 
[INFO] [stdout] error[E0425]: cannot find value `w1` in this scope
[INFO] [stdout]  --> src/passes/comb_prop.rs:179:1
[INFO] [stdout]   |
[INFO] [stdout] 3 | w1.in = c;
[INFO] [stdout]   | ^^ not found in this scope
[INFO] [stdout] 
[INFO] [stdout] error[E0425]: cannot find value `c` in this scope
[INFO] [stdout]  --> src/passes/comb_prop.rs:179:9
[INFO] [stdout]   |
[INFO] [stdout] 3 | w1.in = c;
[INFO] [stdout]   |         ^ not found in this scope
[INFO] [stdout] 
[INFO] [stdout] error[E0425]: cannot find value `w2` in this scope
[INFO] [stdout]  --> src/passes/comb_prop.rs:180:1
[INFO] [stdout]   |
[INFO] [stdout] 4 | w2.in = w1.out;
[INFO] [stdout]   | ^^ not found in this scope
[INFO] [stdout] 
[INFO] [stdout] error[E0425]: cannot find value `w1` in this scope
[INFO] [stdout]  --> src/passes/comb_prop.rs:180:9
[INFO] [stdout]   |
[INFO] [stdout] 4 | w2.in = w1.out;
[INFO] [stdout]   |         ^^ not found in this scope
[INFO] [stdout] 
[INFO] [stdout] error[E0425]: cannot find value `r` in this scope
[INFO] [stdout]  --> src/passes/comb_prop.rs:181:1
[INFO] [stdout]   |
[INFO] [stdout] 5 | r.in = w2.out;
[INFO] [stdout]   | ^ not found in this scope
[INFO] [stdout] 
[INFO] [stdout] error[E0425]: cannot find value `w2` in this scope
[INFO] [stdout]  --> src/passes/comb_prop.rs:181:8
[INFO] [stdout]   |
[INFO] [stdout] 5 | r.in = w2.out;
[INFO] [stdout]   |        ^^ not found in this scope
[INFO] [stdout] 
[INFO] [stdout] error: aborting due to 9 previous errors
[INFO] [stdout] 
[INFO] [stdout] For more information about this error, try `rustc --explain E0425`.
[INFO] [stdout] Couldn't compile the test.
[INFO] [stdout] ---- src/passes/compile_static.rs - passes::compile_static::CompileStatic::start_while (line 812) stdout ----
[INFO] [stdout] error: expected one of `,`, `:`, or `}`, found `early_reset_A`
[INFO] [stdout]  --> src/passes/compile_static.rs:814:8
[INFO] [stdout]   |
[INFO] [stdout] 3 | wires {
[INFO] [stdout]   | ----- while parsing this struct
[INFO] [stdout] 4 |  group early_reset_A {
[INFO] [stdout]   |  ----- ^^^^^^^^^^^^^ expected one of `,`, `:`, or `}`
[INFO] [stdout]   |  |
[INFO] [stdout]   |  while parsing this struct field
[INFO] [stdout] 
[INFO] [stdout] error: expected `;`, found `control`
[INFO] [stdout]   --> src/passes/compile_static.rs:822:4
[INFO] [stdout]    |
[INFO] [stdout] 12 |   }
[INFO] [stdout]    |    ^ help: add `;` here
[INFO] [stdout] 13 |   control {
[INFO] [stdout]    |   ------- unexpected token
[INFO] [stdout] 
[INFO] [stdout] error: expected one of `,`, `:`, or `}`, found `;`
[INFO] [stdout]   --> src/passes/compile_static.rs:824:32
[INFO] [stdout]    |
[INFO] [stdout] 13 |   control {
[INFO] [stdout]    |   ------- while parsing this struct
[INFO] [stdout] 14 |     while_wrapper_early_reset_A;
[INFO] [stdout]    |     ---------------------------^ expected one of `,`, `:`, or `}`
[INFO] [stdout]    |     |
[INFO] [stdout]    |     while parsing this struct field
[INFO] [stdout] 
[INFO] [stdout] error[E0422]: cannot find struct, variant or union type `control` in this scope
[INFO] [stdout]   --> src/passes/compile_static.rs:823:3
[INFO] [stdout]    |
[INFO] [stdout] 13 |   control {
[INFO] [stdout]    |   ^^^^^^^ not found in this scope
[INFO] [stdout] 
[INFO] [stdout] error: aborting due to 4 previous errors
[INFO] [stdout] 
[INFO] [stdout] For more information about this error, try `rustc --explain E0422`.
[INFO] [stdout] Couldn't compile the test.
[INFO] [stdout] ---- src/passes/register_unsharing.rs - passes::register_unsharing::RegisterUnsharing (line 17) stdout ----
[INFO] [stdout] error[E0384]: cannot assign twice to immutable variable `x`
[INFO] [stdout]  --> src/passes/register_unsharing.rs:19:1
[INFO] [stdout]   |
[INFO] [stdout] 3 | let x = 1;
[INFO] [stdout]   |     -
[INFO] [stdout]   |     |
[INFO] [stdout]   |     first assignment to `x`
[INFO] [stdout]   |     help: consider making this binding mutable: `mut x`
[INFO] [stdout] 4 | x = x + 2;
[INFO] [stdout]   | ^^^^^^^^^ cannot assign twice to immutable variable
[INFO] [stdout] 
[INFO] [stdout] error[E0384]: cannot assign twice to immutable variable `x`
[INFO] [stdout]  --> src/passes/register_unsharing.rs:20:1
[INFO] [stdout]   |
[INFO] [stdout] 3 | let x = 1;
[INFO] [stdout]   |     -
[INFO] [stdout]   |     |
[INFO] [stdout]   |     first assignment to `x`
[INFO] [stdout]   |     help: consider making this binding mutable: `mut x`
[INFO] [stdout] 4 | x = x + 2;
[INFO] [stdout] 5 | x = x + 3
[INFO] [stdout]   | ^^^^^^^^^ cannot assign twice to immutable variable
[INFO] [stdout] 
[INFO] [stdout] error: aborting due to 2 previous errors
[INFO] [stdout] 
[INFO] [stdout] For more information about this error, try `rustc --explain E0384`.
[INFO] [stdout] Couldn't compile the test.
[INFO] [stdout] ---- src/passes/simplify_with_control.rs - passes::simplify_with_control::SimplifyWithControl (line 17) stdout ----
[INFO] [stdout] error: expected one of `!`, `.`, `::`, `;`, `?`, `{`, `}`, or an operator, found `comb_cond`
[INFO] [stdout]  --> src/passes/simplify_with_control.rs:18:7
[INFO] [stdout]   |
[INFO] [stdout] 3 | group comb_cond<"static"=0> {
[INFO] [stdout]   |       ^^^^^^^^^ expected one of 8 possible tokens
[INFO] [stdout] 
[INFO] [stdout] error: aborting due to previous error
[INFO] [stdout] 
[INFO] [stdout] Couldn't compile the test.
[INFO] [stdout] ---- src/passes/register_unsharing.rs - passes::register_unsharing::RegisterUnsharing (line 31) stdout ----
[INFO] [stdout] error[E0384]: cannot assign twice to immutable variable `x`
[INFO] [stdout]  --> src/passes/register_unsharing.rs:34:3
[INFO] [stdout]   |
[INFO] [stdout] 3 | let x = 0;
[INFO] [stdout]   |     -
[INFO] [stdout]   |     |
[INFO] [stdout]   |     first assignment to `x`
[INFO] [stdout]   |     help: consider making this binding mutable: `mut x`
[INFO] [stdout] 4 | for i in 0..10 {
[INFO] [stdout] 5 |   x = x + 1;
[INFO] [stdout]   |   ^^^^^^^^^ cannot assign twice to immutable variable
[INFO] [stdout] 
[INFO] [stdout] error: aborting due to previous error
[INFO] [stdout] 
[INFO] [stdout] For more information about this error, try `rustc --explain E0384`.
[INFO] [stdout] Couldn't compile the test.
[INFO] [stdout] ---- src/passes/simplify_with_control.rs - passes::simplify_with_control::SimplifyWithControl (line 35) stdout ----
[INFO] [stdout] error: expected one of `!`, `.`, `::`, `;`, `?`, `{`, `}`, or an operator, found `comb_cond`
[INFO] [stdout]  --> src/passes/simplify_with_control.rs:36:7
[INFO] [stdout]   |
[INFO] [stdout] 3 | group comb_cond<"static"=1> {
[INFO] [stdout]   |       ^^^^^^^^^ expected one of 8 possible tokens
[INFO] [stdout] 
[INFO] [stdout] error: aborting due to previous error
[INFO] [stdout] 
[INFO] [stdout] Couldn't compile the test.
[INFO] [stdout] ---- src/passes/par_to_seq.rs - passes::par_to_seq::ParToSeq (line 12) stdout ----
[INFO] [stdout] error: expected one of `,`, `:`, or `}`, found `{`
[INFO] [stdout]  --> src/passes/par_to_seq.rs:14:9
[INFO] [stdout]   |
[INFO] [stdout] 3 | par {
[INFO] [stdout]   | --- while parsing this struct
[INFO] [stdout] 4 |     par { A; B }
[INFO] [stdout]   |     --- ^ expected one of `,`, `:`, or `}`
[INFO] [stdout]   |     |
[INFO] [stdout]   |     while parsing this struct field
[INFO] [stdout]   |
[INFO] [stdout] help: try naming a field
[INFO] [stdout]   |
[INFO] [stdout] 4 |     par: par { A; B }
[INFO] [stdout]   |     ++++
[INFO] [stdout] 
[INFO] [stdout] error[E0422]: cannot find struct, variant or union type `par` in this scope
[INFO] [stdout]  --> src/passes/par_to_seq.rs:13:1
[INFO] [stdout]   |
[INFO] [stdout] 3 | par {
[INFO] [stdout]   | ^^^ not found in this scope
[INFO] [stdout] 
[INFO] [stdout] error: aborting due to 2 previous errors
[INFO] [stdout] 
[INFO] [stdout] For more information about this error, try `rustc --explain E0422`.
[INFO] [stdout] Couldn't compile the test.
[INFO] [stdout] ---- src/passes/top_down_compile_control.rs - passes::top_down_compile_control::TopDownCompileControl (line 703) stdout ----
[INFO] [stdout] error: expected one of `!`, `.`, `::`, `;`, `?`, `{`, `}`, or an operator, found `->`
[INFO] [stdout]  --> src/passes/top_down_compile_control.rs:704:7
[INFO] [stdout]   |
[INFO] [stdout] 3 | cond0 -> []
[INFO] [stdout]   |       ^^ expected one of 8 possible tokens
[INFO] [stdout] 
[INFO] [stdout] error: aborting due to previous error
[INFO] [stdout] 
[INFO] [stdout] Couldn't compile the test.
[INFO] [stdout] ---- src/passes/static_promotion.rs - passes::static_promotion::StaticPromotion (line 105) stdout ----
[INFO] [stdout] error: expected one of `,`, `:`, or `}`, found `;`
[INFO] [stdout]  --> src/passes/static_promotion.rs:107:11
[INFO] [stdout]   |
[INFO] [stdout] 3 | seq {
[INFO] [stdout]   | --- while parsing this struct
[INFO] [stdout] 4 |         a1;
[INFO] [stdout]   |         --^ expected one of `,`, `:`, or `}`
[INFO] [stdout]   |         |
[INFO] [stdout]   |         while parsing this struct field
[INFO] [stdout] 
[INFO] [stdout] error[E0422]: cannot find struct, variant or union type `seq` in this scope
[INFO] [stdout]  --> src/passes/static_promotion.rs:106:1
[INFO] [stdout]   |
[INFO] [stdout] 3 | seq {
[INFO] [stdout]   | ^^^ not found in this scope
[INFO] [stdout] 
[INFO] [stdout] error: aborting due to 2 previous errors
[INFO] [stdout] 
[INFO] [stdout] For more information about this error, try `rustc --explain E0422`.
[INFO] [stdout] Couldn't compile the test.
[INFO] [stdout] ---- src/passes/par_to_seq.rs - passes::par_to_seq::ParToSeq (line 19) stdout ----
[INFO] [stdout] error: expected one of `,`, `:`, or `}`, found `{`
[INFO] [stdout]  --> src/passes/par_to_seq.rs:20:11
[INFO] [stdout]   |
[INFO] [stdout] 3 | seq { seq { A; B } C; }
[INFO] [stdout]   | ---   --- ^ expected one of `,`, `:`, or `}`
[INFO] [stdout]   | |     |
[INFO] [stdout]   | |     while parsing this struct field
[INFO] [stdout]   | while parsing this struct
[INFO] [stdout]   |
[INFO] [stdout] help: try naming a field
[INFO] [stdout]   |
[INFO] [stdout] 3 | seq { seq: seq { A; B } C; }
[INFO] [stdout]   |       ++++
[INFO] [stdout] 
[INFO] [stdout] error[E0422]: cannot find struct, variant or union type `seq` in this scope
[INFO] [stdout]  --> src/passes/par_to_seq.rs:20:1
[INFO] [stdout]   |
[INFO] [stdout] 3 | seq { seq { A; B } C; }
[INFO] [stdout]   | ^^^ not found in this scope
[INFO] [stdout] 
[INFO] [stdout] error: aborting due to 2 previous errors
[INFO] [stdout] 
[INFO] [stdout] For more information about this error, try `rustc --explain E0422`.
[INFO] [stdout] Couldn't compile the test.
[INFO] [stdout] ---- src/passes/top_down_compile_control.rs - passes::top_down_compile_control::TopDownCompileControl (line 728) stdout ----
[INFO] [stdout] error: expected identifier, found keyword `in`
[INFO] [stdout]  --> src/passes/top_down_compile_control.rs:729:3
[INFO] [stdout]   |
[INFO] [stdout] 3 | f.in = one[done] ? 1;
[INFO] [stdout]   |   ^^ expected identifier, found keyword
[INFO] [stdout]   |
[INFO] [stdout] help: escape `in` to use it as an identifier
[INFO] [stdout]   |
[INFO] [stdout] 3 | f.r#in = one[done] ? 1;
[INFO] [stdout]   |   ++
[INFO] [stdout] 
[INFO] [stdout] error: expected one of `.`, `;`, `?`, `}`, or an operator, found `1`
[INFO] [stdout]  --> src/passes/top_down_compile_control.rs:729:20
[INFO] [stdout]   |
[INFO] [stdout] 3 | f.in = one[done] ? 1;
[INFO] [stdout]   |                    ^ expected one of `.`, `;`, `?`, `}`, or an operator
[INFO] [stdout] 
[INFO] [stdout] error: aborting due to 2 previous errors
[INFO] [stdout] 
[INFO] [stdout] Couldn't compile the test.
[INFO] [stdout] ---- src/passes/static_promotion.rs - passes::static_promotion::StaticPromotion (line 110) stdout ----
[INFO] [stdout] error[E0425]: cannot find value `becomes` in this scope
[INFO] [stdout]  --> src/passes/static_promotion.rs:111:1
[INFO] [stdout]   |
[INFO] [stdout] 3 | becomes
[INFO] [stdout]   | ^^^^^^^ not found in this scope
[INFO] [stdout] 
[INFO] [stdout] error: aborting due to previous error
[INFO] [stdout] 
[INFO] [stdout] For more information about this error, try `rustc --explain E0425`.
[INFO] [stdout] Couldn't compile the test.
[INFO] [stdout] ---- src/passes/top_down_compile_control.rs - passes::top_down_compile_control::TopDownCompileControl (line 748) stdout ----
[INFO] [stdout] error: expected identifier, found keyword `in`
[INFO] [stdout]  --> src/passes/top_down_compile_control.rs:749:3
[INFO] [stdout]   |
[INFO] [stdout] 3 | f.in = one[done] ? 1;
[INFO] [stdout]   |   ^^ expected identifier, found keyword
[INFO] [stdout]   |
[INFO] [stdout] help: escape `in` to use it as an identifier
[INFO] [stdout]   |
[INFO] [stdout] 3 | f.r#in = one[done] ? 1;
[INFO] [stdout]   |   ++
[INFO] [stdout] 
[INFO] [stdout] error: expected one of `.`, `;`, `?`, `}`, or an operator, found `1`
[INFO] [stdout]  --> src/passes/top_down_compile_control.rs:749:20
[INFO] [stdout]   |
[INFO] [stdout] 3 | f.in = one[done] ? 1;
[INFO] [stdout]   |                    ^ expected one of `.`, `;`, `?`, `}`, or an operator
[INFO] [stdout] 
[INFO] [stdout] error: aborting due to 2 previous errors
[INFO] [stdout] 
[INFO] [stdout] Couldn't compile the test.
[INFO] [stdout] ---- src/passes/static_promotion.rs - passes::static_promotion::StaticPromotion (line 122) stdout ----
[INFO] [stdout] error: expected identifier, found `@`
[INFO] [stdout]  --> src/passes/static_promotion.rs:123:6
[INFO] [stdout]   |
[INFO] [stdout] 3 | par {@promote_static a1; a2; @promote_static a3;}
[INFO] [stdout]   | ---  ^ expected identifier
[INFO] [stdout]   | |
[INFO] [stdout]   | while parsing this struct
[INFO] [stdout] 
[INFO] [stdout] error[E0422]: cannot find struct, variant or union type `par` in this scope
[INFO] [stdout]  --> src/passes/static_promotion.rs:123:1
[INFO] [stdout]   |
[INFO] [stdout] 3 | par {@promote_static a1; a2; @promote_static a3;}
[INFO] [stdout]   | ^^^ not found in this scope
[INFO] [stdout] 
[INFO] [stdout] error: aborting due to 2 previous errors
[INFO] [stdout] 
[INFO] [stdout] For more information about this error, try `rustc --explain E0422`.
[INFO] [stdout] Couldn't compile the test.
[INFO] [stdout] ---- src/passes/static_promotion.rs - passes::static_promotion::StaticPromotion (line 111) stdout ----
[INFO] [stdout] error: expected one of `,`, `:`, or `}`, found `;`
[INFO] [stdout]  --> src/passes/static_promotion.rs:113:11
[INFO] [stdout]   |
[INFO] [stdout] 3 | seq {
[INFO] [stdout]   | --- while parsing this struct
[INFO] [stdout] 4 |         a1;
[INFO] [stdout]   |         --^ expected one of `,`, `:`, or `}`
[INFO] [stdout]   |         |
[INFO] [stdout]   |         while parsing this struct field
[INFO] [stdout] 
[INFO] [stdout] error[E0422]: cannot find struct, variant or union type `seq` in this scope
[INFO] [stdout]  --> src/passes/static_promotion.rs:112:1
[INFO] [stdout]   |
[INFO] [stdout] 3 | seq {
[INFO] [stdout]   | ^^^ not found in this scope
[INFO] [stdout] 
[INFO] [stdout] error: aborting due to 2 previous errors
[INFO] [stdout] 
[INFO] [stdout] For more information about this error, try `rustc --explain E0422`.
[INFO] [stdout] Couldn't compile the test.
[INFO] [stdout] ---- src/passes/static_promotion.rs - passes::static_promotion::StaticPromotion (line 126) stdout ----
[INFO] [stdout] error: expected identifier, found keyword `static`
[INFO] [stdout]  --> src/passes/static_promotion.rs:128:1
[INFO] [stdout]   |
[INFO] [stdout] 3 | par {
[INFO] [stdout]   | --- while parsing this struct
[INFO] [stdout] 4 | static par { a1; a3; }
[INFO] [stdout]   | ^^^^^^ expected identifier, found keyword
[INFO] [stdout] 
[INFO] [stdout] error[E0422]: cannot find struct, variant or union type `par` in this scope
[INFO] [stdout]  --> src/passes/static_promotion.rs:127:1
[INFO] [stdout]   |
[INFO] [stdout] 3 | par {
[INFO] [stdout]   | ^^^ not found in this scope
[INFO] [stdout] 
[INFO] [stdout] error: aborting due to 2 previous errors
[INFO] [stdout] 
[INFO] [stdout] For more information about this error, try `rustc --explain E0422`.
[INFO] [stdout] Couldn't compile the test.
[INFO] [stdout] ---- src/passes/top_down_compile_control.rs - passes::top_down_compile_control::TopDownCompileControl (line 724) stdout ----
[INFO] [stdout] error: expected one of `,`, `:`, or `}`, found `;`
[INFO] [stdout]  --> src/passes/top_down_compile_control.rs:725:10
[INFO] [stdout]   |
[INFO] [stdout] 3 | seq { one; two; }
[INFO] [stdout]   | ---   ---^ expected one of `,`, `:`, or `}`
[INFO] [stdout]   | |     |
[INFO] [stdout]   | |     while parsing this struct field
[INFO] [stdout]   | while parsing this struct
[INFO] [stdout] 
[INFO] [stdout] error[E0422]: cannot find struct, variant or union type `seq` in this scope
[INFO] [stdout]  --> src/passes/top_down_compile_control.rs:725:1
[INFO] [stdout]   |
[INFO] [stdout] 3 | seq { one; two; }
[INFO] [stdout]   | ^^^ not found in this scope
[INFO] [stdout] 
[INFO] [stdout] error: aborting due to 2 previous errors
[INFO] [stdout] 
[INFO] [stdout] For more information about this error, try `rustc --explain E0422`.
[INFO] [stdout] Couldn't compile the test.
[INFO] [stdout] ---- src/passes/top_down_static_timing/normalize.rs - passes::top_down_static_timing::normalize::Normalize::denest_loop (line 88) stdout ----
[INFO] [stdout] error: expected expression, found `@`
[INFO] [stdout]  --> src/passes/top_down_static_timing/normalize.rs:89:1
[INFO] [stdout]   |
[INFO] [stdout] 3 | @bound(m) while r0.out {
[INFO] [stdout]   | ^ expected expression
[INFO] [stdout] 
[INFO] [stdout] error: aborting due to previous error
[INFO] [stdout] 
[INFO] [stdout] Couldn't compile the test.
[INFO] [stdout] ---- src/passes/top_down_static_timing/normalize.rs - passes::top_down_static_timing::normalize::Normalize::denest_loop (line 96) stdout ----
[INFO] [stdout] error: expected expression, found `@`
[INFO] [stdout]  --> src/passes/top_down_static_timing/normalize.rs:97:1
[INFO] [stdout]   |
[INFO] [stdout] 3 | @bound(m*n*l) while r0.out { body }
[INFO] [stdout]   | ^ expected expression
[INFO] [stdout] 
[INFO] [stdout] error: aborting due to previous error
[INFO] [stdout] 
[INFO] [stdout] Couldn't compile the test.
[INFO] [stdout] ---- src/passes/top_down_compile_control.rs - passes::top_down_compile_control::compute_unique_ids (line 89) stdout ----
[INFO] [stdout] error: expected one of `,`, `:`, or `}`, found `;`
[INFO] [stdout]  --> src/passes/top_down_compile_control.rs:90:8
[INFO] [stdout]   |
[INFO] [stdout] 3 | seq { A; B; par { C; D; }; E; @new_fsm seq {F; G; H}}
[INFO] [stdout]   | ---   -^ expected one of `,`, `:`, or `}`
[INFO] [stdout]   | |     |
[INFO] [stdout]   | |     while parsing this struct field
[INFO] [stdout]   | while parsing this struct
[INFO] [stdout] 
[INFO] [stdout] error[E0422]: cannot find struct, variant or union type `seq` in this scope
[INFO] [stdout]  --> src/passes/top_down_compile_control.rs:90:1
[INFO] [stdout]   |
[INFO] [stdout] 3 | seq { A; B; par { C; D; }; E; @new_fsm seq {F; G; H}}
[INFO] [stdout]   | ^^^ not found in this scope
[INFO] [stdout] 
[INFO] [stdout] error: aborting due to 2 previous errors
[INFO] [stdout] 
[INFO] [stdout] For more information about this error, try `rustc --explain E0422`.
[INFO] [stdout] Couldn't compile the test.
[INFO] [stdout] ---- src/passes/top_down_compile_control.rs - passes::top_down_compile_control::TopDownCompileControl (line 695) stdout ----
[INFO] [stdout] error[E0425]: cannot find value `cond0` in this scope
[INFO] [stdout]  --> src/passes/top_down_compile_control.rs:696:1
[INFO] [stdout]   |
[INFO] [stdout] 3 | cond0;
[INFO] [stdout]   | ^^^^^ not found in this scope
[INFO] [stdout] 
[INFO] [stdout] error[E0425]: cannot find value `lt` in this scope
[INFO] [stdout]  --> src/passes/top_down_compile_control.rs:697:7
[INFO] [stdout]   |
[INFO] [stdout] 4 | while lt.out {
[INFO] [stdout]   |       ^^ not found in this scope
[INFO] [stdout] 
[INFO] [stdout] error[E0425]: cannot find value `gt` in this scope
[INFO] [stdout]  --> src/passes/top_down_compile_control.rs:698:6
[INFO] [stdout]   |
[INFO] [stdout] 5 |   if gt.out { true } else { false }
[INFO] [stdout]   |      ^^ not found in this scope
[INFO] [stdout] 
[INFO] [stdout] error[E0425]: cannot find value `next` in this scope
[INFO] [stdout]  --> src/passes/top_down_compile_control.rs:700:1
[INFO] [stdout]   |
[INFO] [stdout] 7 | next;
[INFO] [stdout]   | ^^^^ not found in this scope
[INFO] [stdout] 
[INFO] [stdout] error[E0308]: mismatched types
[INFO] [stdout]  --> src/passes/top_down_compile_control.rs:698:15
[INFO] [stdout]   |
[INFO] [stdout] 5 |   if gt.out { true } else { false }
[INFO] [stdout]   |   ------------^^^^-----------------
[INFO] [stdout]   |   |           |
[INFO] [stdout]   |   |           expected `()`, found `bool`
[INFO] [stdout]   |   expected this to be `()`
[INFO] [stdout] 
[INFO] [stdout] error[E0308]: mismatched types
[INFO] [stdout]  --> src/passes/top_down_compile_control.rs:698:29
[INFO] [stdout]   |
[INFO] [stdout] 5 |   if gt.out { true } else { false }
[INFO] [stdout]   |   --------------------------^^^^^--
[INFO] [stdout]   |   |                         |
[INFO] [stdout]   |   |                         expected `()`, found `bool`
[INFO] [stdout]   |   expected this to be `()`
[INFO] [stdout] 
[INFO] [stdout] error: aborting due to 6 previous errors
[INFO] [stdout] 
[INFO] [stdout] Some errors have detailed explanations: E0308, E0425.
[INFO] [stdout] For more information about an error, try `rustc --explain E0308`.
[INFO] [stdout] Couldn't compile the test.
[INFO] [stdout] ---- src/passes/top_down_static_timing/tdst.rs - passes::top_down_static_timing::tdst::Schedule<'_,'_>::while_calculate_states (line 600) stdout ----
[INFO] [stdout] error: mismatched closing delimiter: `)`
[INFO] [stdout]  --> src/passes/top_down_static_timing/tdst.rs:601:1
[INFO] [stdout]   |
[INFO] [stdout] 3 | [0, 1):
[INFO] [stdout]   | ^    ^ mismatched closing delimiter
[INFO] [stdout]   | |
[INFO] [stdout]   | unclosed delimiter
[INFO] [stdout] 
[INFO] [stdout] error: mismatched closing delimiter: `)`
[INFO] [stdout]  --> src/passes/top_down_static_timing/tdst.rs:604:1
[INFO] [stdout]   |
[INFO] [stdout] 6 | [1, 3): two[go] = 1
[INFO] [stdout]   | ^    ^ mismatched closing delimiter
[INFO] [stdout]   | |
[INFO] [stdout]   | unclosed delimiter
[INFO] [stdout] 
[INFO] [stdout] error: aborting due to 2 previous errors
[INFO] [stdout] 
[INFO] [stdout] Couldn't compile the test.
[INFO] [stdout] ---- src/passes/top_down_static_timing/tdst.rs - passes::top_down_static_timing::tdst::Schedule<'_,'_>::if_calculate_states (line 482) stdout ----
[INFO] [stdout] error: expected `::`, found keyword `if`
[INFO] [stdout]  --> src/passes/top_down_static_timing/tdst.rs:484:1
[INFO] [stdout]   |
[INFO] [stdout] 3 | <PREV>
[INFO] [stdout]   |       - expected `::`
[INFO] [stdout] 4 | if lt.out {
[INFO] [stdout]   | ^^ unexpected token
[INFO] [stdout] 
[INFO] [stdout] error: aborting due to previous error
[INFO] [stdout] 
[INFO] [stdout] Couldn't compile the test.
[INFO] [stdout] ---- src/passes/top_down_static_timing/tdst.rs - passes::top_down_static_timing::tdst::Schedule<'_,'_>::while_calculate_states (line 592) stdout ----
[INFO] [stdout] error: expected expression, found `@`
[INFO] [stdout]  --> src/passes/top_down_static_timing/tdst.rs:593:1
[INFO] [stdout]   |
[INFO] [stdout] 3 | @bound(10) while lt.out {
[INFO] [stdout]   | ^ expected expression
[INFO] [stdout] 
[INFO] [stdout] error: aborting due to previous error
[INFO] [stdout] 
[INFO] [stdout] Couldn't compile the test.
[INFO] [stdout] ---- src/passes/top_down_compile_control.rs - passes::top_down_compile_control::compute_unique_ids (line 93) stdout ----
[INFO] [stdout] error: expected identifier, found `@`
[INFO] [stdout]  --> src/passes/top_down_compile_control.rs:95:3
[INFO] [stdout]   |
[INFO] [stdout] 3 | seq {
[INFO] [stdout]   | --- while parsing this struct
[INFO] [stdout] 4 |   @NODE_ID(1) A; @NODE_ID(2) B;
[INFO] [stdout]   |   ^ expected identifier
[INFO] [stdout] 
[INFO] [stdout] error[E0422]: cannot find struct, variant or union type `seq` in this scope
[INFO] [stdout]  --> src/passes/top_down_compile_control.rs:94:1
[INFO] [stdout]   |
[INFO] [stdout] 3 | seq {
[INFO] [stdout]   | ^^^ not found in this scope
[INFO] [stdout] 
[INFO] [stdout] error: aborting due to 2 previous errors
[INFO] [stdout] 
[INFO] [stdout] For more information about this error, try `rustc --explain E0422`.
[INFO] [stdout] Couldn't compile the test.
[INFO] [stdout] ---- src/passes/top_down_compile_control.rs - passes::top_down_compile_control::control_exits (line 22) stdout ----
[INFO] [stdout] error: expected identifier, found `@`
[INFO] [stdout]  --> src/passes/top_down_compile_control.rs:25:5
[INFO] [stdout]   |
[INFO] [stdout] 4 |   seq {
[INFO] [stdout]   |   --- while parsing this struct
[INFO] [stdout] 5 |     @NODE_ID(4) incr;
[INFO] [stdout]   |     ^ expected identifier
[INFO] [stdout] 
[INFO] [stdout] error[E0425]: cannot find value `comb_reg` in this scope
[INFO] [stdout]  --> src/passes/top_down_compile_control.rs:23:7
[INFO] [stdout]   |
[INFO] [stdout] 3 | while comb_reg.out {
[INFO] [stdout]   |       ^^^^^^^^ not found in this scope
[INFO] [stdout] 
[INFO] [stdout] error[E0422]: cannot find struct, variant or union type `seq` in this scope
[INFO] [stdout]  --> src/passes/top_down_compile_control.rs:24:3
[INFO] [stdout]   |
[INFO] [stdout] 4 |   seq {
[INFO] [stdout]   |   ^^^ not found in this scope
[INFO] [stdout] 
[INFO] [stdout] error: aborting due to 3 previous errors
[INFO] [stdout] 
[INFO] [stdout] Some errors have detailed explanations: E0422, E0425.
[INFO] [stdout] For more information about an error, try `rustc --explain E0422`.
[INFO] [stdout] Couldn't compile the test.
[INFO] [stdout] ---- src/passes/top_down_compile_control.rs - passes::top_down_compile_control::control_exits (line 34) stdout ----
[INFO] [stdout] error: expected expression, found `@`
[INFO] [stdout]  --> src/passes/top_down_compile_control.rs:36:3
[INFO] [stdout]   |
[INFO] [stdout] 4 |   @NODE_ID(7) incr;
[INFO] [stdout]   |   ^ expected expression
[INFO] [stdout] 
[INFO] [stdout] error[E0425]: cannot find value `comb_reg` in this scope
[INFO] [stdout]  --> src/passes/top_down_compile_control.rs:35:7
[INFO] [stdout]   |
[INFO] [stdout] 3 | while comb_reg.out {
[INFO] [stdout]   |       ^^^^^^^^ not found in this scope
[INFO] [stdout] 
[INFO] [stdout] error: aborting due to 2 previous errors
[INFO] [stdout] 
[INFO] [stdout] For more information about this error, try `rustc --explain E0425`.
[INFO] [stdout] Couldn't compile the test.
[INFO] [stdout] ---- src/traversal/post_order.rs - traversal::post_order::CompTraversal (line 40) stdout ----
[INFO] [stdout] error[E0433]: failed to resolve: use of undeclared type `Order`
[INFO] [stdout]  --> src/traversal/post_order.rs:43:34
[INFO] [stdout]   |
[INFO] [stdout] 5 | let post = PostOrder::new(comps, Order::Post);
[INFO] [stdout]   |                                  ^^^^^ use of undeclared type `Order`
[INFO] [stdout]   |
[INFO] [stdout] help: consider importing this enum
[INFO] [stdout]   |
[INFO] [stdout] 2 + use calyx_opt::traversal::Order;
[INFO] [stdout]   |
[INFO] [stdout] 
[INFO] [stdout] error[E0412]: cannot find type `CalyxResult` in this scope
[INFO] [stdout]  --> src/traversal/post_order.rs:45:39
[INFO] [stdout]   |
[INFO] [stdout] 7 | let upd: FnMut(&mut ir::Component) -> CalyxResult<()>;
[INFO] [stdout]   |                                       ^^^^^^^^^^^ not found in this scope
[INFO] [stdout]   |
[INFO] [stdout] help: consider importing this type alias
[INFO] [stdout]   |
[INFO] [stdout] 2 + use calyx_utils::CalyxResult;
[INFO] [stdout]   |
[INFO] [stdout] 
[INFO] [stdout] error[E0433]: failed to resolve: use of undeclared type `PostOrder`
[INFO] [stdout]  --> src/traversal/post_order.rs:43:12
[INFO] [stdout]   |
[INFO] [stdout] 5 | let post = PostOrder::new(comps, Order::Post);
[INFO] [stdout]   |            ^^^^^^^^^ use of undeclared type `PostOrder`
[INFO] [stdout] 
[INFO] [stdout] error[E0433]: failed to resolve: use of undeclared crate or module `ir`
[INFO] [stdout]  --> src/traversal/post_order.rs:41:16
[INFO] [stdout]   |
[INFO] [stdout] 3 | let comps: Vec<ir::Component>;
[INFO] [stdout]   |                ^^
[INFO] [stdout]   |                |
[INFO] [stdout]   |                use of undeclared crate or module `ir`
[INFO] [stdout]   |                help: a builtin type with a similar name exists: `i8`
[INFO] [stdout] 
[INFO] [stdout] error[E0782]: trait objects must include the `dyn` keyword
[INFO] [stdout]  --> src/traversal/post_order.rs:45:10
[INFO] [stdout]   |
[INFO] [stdout] 7 | let upd: FnMut(&mut ir::Component) -> CalyxResult<()>;
[INFO] [stdout]   |          ^^^^^^^^^^^^^^^^^^^^^^^^^^^^^^^^^^^^^^^^^^^^
[INFO] [stdout]   |
[INFO] [stdout] help: add `dyn` keyword before this trait
[INFO] [stdout]   |
[INFO] [stdout] 7 | let upd: dyn FnMut(&mut ir::Component) -> CalyxResult<()>;
[INFO] [stdout]   |          +++
[INFO] [stdout] 
[INFO] [stdout] error[E0433]: failed to resolve: use of undeclared crate or module `ir`
[INFO] [stdout]  --> src/traversal/post_order.rs:45:21
[INFO] [stdout]   |
[INFO] [stdout] 7 | let upd: FnMut(&mut ir::Component) -> CalyxResult<()>;
[INFO] [stdout]   |                     ^^
[INFO] [stdout]   |                     |
[INFO] [stdout]   |                     use of undeclared crate or module `ir`
[INFO] [stdout]   |                     help: a builtin type with a similar name exists: `i8`
[INFO] [stdout] 
[INFO] [stdout] error: aborting due to 6 previous errors
[INFO] [stdout] 
[INFO] [stdout] Some errors have detailed explanations: E0412, E0433, E0782.
[INFO] [stdout] For more information about an error, try `rustc --explain E0412`.
[INFO] [stdout] Couldn't compile the test.
[INFO] [stdout] 
[INFO] [stdout] failures:
[INFO] [stdout]     src/analysis/compute_static.rs - analysis::compute_static::WithStatic (line 9)
[INFO] [stdout]     src/analysis/control_id.rs - analysis::control_id::ControlId::compute_unique_ids (line 91)
[INFO] [stdout]     src/analysis/control_id.rs - analysis::control_id::ControlId::compute_unique_ids (line 97)
[INFO] [stdout]     src/analysis/graph.rs - analysis::graph::GraphAnalysis (line 23)
[INFO] [stdout]     src/analysis/graph.rs - analysis::graph::GraphAnalysis (line 27)
[INFO] [stdout]     src/analysis/live_range_analysis.rs - analysis::live_range_analysis::LiveRangeAnalysis (line 172)
[INFO] [stdout]     src/analysis/live_range_analysis.rs - analysis::live_range_analysis::LiveRangeAnalysis (line 188)
[INFO] [stdout]     src/analysis/live_range_analysis.rs - analysis::live_range_analysis::LiveRangeAnalysis (line 211)
[INFO] [stdout]     src/analysis/live_range_analysis.rs - analysis::live_range_analysis::LiveRangeAnalysis (line 238)
[INFO] [stdout]     src/analysis/live_range_analysis.rs - analysis::live_range_analysis::LiveRangeAnalysis (line 262)
[INFO] [stdout]     src/analysis/live_range_analysis.rs - analysis::live_range_analysis::LiveRangeAnalysis (line 281)
[INFO] [stdout]     src/analysis/live_range_analysis.rs - analysis::live_range_analysis::LiveRangeAnalysis (line 294)
[INFO] [stdout]     src/analysis/schedule_conflicts.rs - analysis::schedule_conflicts::all_conflicting (line 57)
[INFO] [stdout]     src/analysis/schedule_conflicts.rs - analysis::schedule_conflicts::all_conflicting (line 64)
[INFO] [stdout]     src/lib.rs - (line 15)
[INFO] [stdout]     src/pass_manager.rs - pass_manager::PassManager::register_pass (line 29)
[INFO] [stdout]     src/pass_manager.rs - pass_manager::register_alias (line 208)
[INFO] [stdout]     src/passes/canonical.rs - passes::canonical::Canonicalize (line 13)
[INFO] [stdout]     src/passes/collapse_control.rs - passes::collapse_control::CollapseControl (line 14)
[INFO] [stdout]     src/passes/collapse_control.rs - passes::collapse_control::CollapseControl (line 21)
[INFO] [stdout]     src/passes/collapse_control.rs - passes::collapse_control::CollapseControl (line 25)
[INFO] [stdout]     src/passes/collapse_control.rs - passes::collapse_control::CollapseControl (line 32)
[INFO] [stdout]     src/passes/collapse_control.rs - passes::collapse_control::CollapseControl (line 40)
[INFO] [stdout]     src/passes/collapse_control.rs - passes::collapse_control::CollapseControl (line 45)
[INFO] [stdout]     src/passes/collapse_control.rs - passes::collapse_control::CollapseControl (line 49)
[INFO] [stdout]     src/passes/collapse_control.rs - passes::collapse_control::CollapseControl::finish_static_repeat (line 179)
[INFO] [stdout]     src/passes/collapse_control.rs - passes::collapse_control::CollapseControl::finish_static_repeat (line 184)
[INFO] [stdout]     src/passes/comb_prop.rs - passes::comb_prop::CombProp (line 148)
[INFO] [stdout]     src/passes/comb_prop.rs - passes::comb_prop::CombProp (line 155)
[INFO] [stdout]     src/passes/comb_prop.rs - passes::comb_prop::CombProp (line 162)
[INFO] [stdout]     src/passes/comb_prop.rs - passes::comb_prop::CombProp (line 170)
[INFO] [stdout]     src/passes/comb_prop.rs - passes::comb_prop::CombProp (line 178)
[INFO] [stdout]     src/passes/comb_prop.rs - passes::comb_prop::CombProp (line 184)
[INFO] [stdout]     src/passes/compile_static.rs - passes::compile_static::CompileStatic::start_while (line 798)
[INFO] [stdout]     src/passes/compile_static.rs - passes::compile_static::CompileStatic::start_while (line 812)
[INFO] [stdout]     src/passes/externalize.rs - passes::externalize::Externalize (line 11)
[INFO] [stdout]     src/passes/externalize.rs - passes::externalize::Externalize (line 25)
[INFO] [stdout]     src/passes/go_insertion.rs - passes::go_insertion::GoInsertion (line 10)
[INFO] [stdout]     src/passes/go_insertion.rs - passes::go_insertion::GoInsertion (line 17)
[INFO] [stdout]     src/passes/hole_inliner.rs - passes::hole_inliner::fixed_point (line 31)
[INFO] [stdout]     src/passes/merge_assign.rs - passes::merge_assign::MergeAssign (line 16)
[INFO] [stdout]     src/passes/merge_assign.rs - passes::merge_assign::MergeAssign (line 9)
[INFO] [stdout]     src/passes/par_to_seq.rs - passes::par_to_seq::ParToSeq (line 12)
[INFO] [stdout]     src/passes/par_to_seq.rs - passes::par_to_seq::ParToSeq (line 19)
[INFO] [stdout]     src/passes/register_unsharing.rs - passes::register_unsharing::RegisterUnsharing (line 17)
[INFO] [stdout]     src/passes/register_unsharing.rs - passes::register_unsharing::RegisterUnsharing (line 31)
[INFO] [stdout]     src/passes/simplify_with_control.rs - passes::simplify_with_control::SimplifyWithControl (line 17)
[INFO] [stdout]     src/passes/simplify_with_control.rs - passes::simplify_with_control::SimplifyWithControl (line 35)
[INFO] [stdout]     src/passes/static_promotion.rs - passes::static_promotion::StaticPromotion (line 105)
[INFO] [stdout]     src/passes/static_promotion.rs - passes::static_promotion::StaticPromotion (line 110)
[INFO] [stdout]     src/passes/static_promotion.rs - passes::static_promotion::StaticPromotion (line 111)
[INFO] [stdout]     src/passes/static_promotion.rs - passes::static_promotion::StaticPromotion (line 122)
[INFO] [stdout]     src/passes/static_promotion.rs - passes::static_promotion::StaticPromotion (line 126)
[INFO] [stdout]     src/passes/top_down_compile_control.rs - passes::top_down_compile_control::TopDownCompileControl (line 695)
[INFO] [stdout]     src/passes/top_down_compile_control.rs - passes::top_down_compile_control::TopDownCompileControl (line 703)
[INFO] [stdout]     src/passes/top_down_compile_control.rs - passes::top_down_compile_control::TopDownCompileControl (line 724)
[INFO] [stdout]     src/passes/top_down_compile_control.rs - passes::top_down_compile_control::TopDownCompileControl (line 728)
[INFO] [stdout]     src/passes/top_down_compile_control.rs - passes::top_down_compile_control::TopDownCompileControl (line 748)
[INFO] [stdout]     src/passes/top_down_compile_control.rs - passes::top_down_compile_control::compute_unique_ids (line 89)
[INFO] [stdout]     src/passes/top_down_compile_control.rs - passes::top_down_compile_control::compute_unique_ids (line 93)
[INFO] [stdout]     src/passes/top_down_compile_control.rs - passes::top_down_compile_control::control_exits (line 22)
[INFO] [stdout]     src/passes/top_down_compile_control.rs - passes::top_down_compile_control::control_exits (line 34)
[INFO] [stdout]     src/passes/top_down_static_timing/normalize.rs - passes::top_down_static_timing::normalize::Normalize::denest_loop (line 88)
[INFO] [stdout]     src/passes/top_down_static_timing/normalize.rs - passes::top_down_static_timing::normalize::Normalize::denest_loop (line 96)
[INFO] [stdout]     src/passes/top_down_static_timing/tdst.rs - passes::top_down_static_timing::tdst::Schedule<'_,'_>::if_calculate_states (line 482)
[INFO] [stdout]     src/passes/top_down_static_timing/tdst.rs - passes::top_down_static_timing::tdst::Schedule<'_,'_>::while_calculate_states (line 592)
[INFO] [stdout]     src/passes/top_down_static_timing/tdst.rs - passes::top_down_static_timing::tdst::Schedule<'_,'_>::while_calculate_states (line 600)
[INFO] [stdout]     src/traversal/post_order.rs - traversal::post_order::CompTraversal (line 40)
[INFO] [stdout] 
[INFO] [stdout] test result: FAILED. 2 passed; 68 failed; 0 ignored; 0 measured; 0 filtered out; finished in 0.32s
[INFO] [stdout] 
[INFO] [stderr] error: doctest failed, to rerun pass `--doc`
[INFO] running `Command { std: "docker" "inspect" "5082a5086a64be37d00f5e91d4ba36ce6d9de3656033329821c8c254c8815c73", kill_on_drop: false }`
[INFO] running `Command { std: "docker" "rm" "-f" "5082a5086a64be37d00f5e91d4ba36ce6d9de3656033329821c8c254c8815c73", kill_on_drop: false }`
[INFO] [stdout] 5082a5086a64be37d00f5e91d4ba36ce6d9de3656033329821c8c254c8815c73
