[INFO] fetching crate calyx-ir 0.6.1...
[INFO] testing calyx-ir-0.6.1 against 1.75.0 for beta-1.76-1
[INFO] extracting crate calyx-ir 0.6.1 into /workspace/builds/worker-0-tc1/source
[INFO] validating manifest of crates.io crate calyx-ir 0.6.1 on toolchain 1.75.0
[INFO] running `Command { std: CARGO_HOME="/workspace/cargo-home" RUSTUP_HOME="/workspace/rustup-home" "/workspace/cargo-home/bin/cargo" "+1.75.0" "metadata" "--manifest-path" "Cargo.toml" "--no-deps", kill_on_drop: false }`
[INFO] started tweaking crates.io crate calyx-ir 0.6.1
[INFO] finished tweaking crates.io crate calyx-ir 0.6.1
[INFO] tweaked toml for crates.io crate calyx-ir 0.6.1 written to /workspace/builds/worker-0-tc1/source/Cargo.toml
[INFO] running `Command { std: CARGO_HOME="/workspace/cargo-home" RUSTUP_HOME="/workspace/rustup-home" "/workspace/cargo-home/bin/cargo" "+1.75.0" "generate-lockfile" "--manifest-path" "Cargo.toml", kill_on_drop: false }`
[INFO] [stderr]     Updating crates.io index
[INFO] running `Command { std: CARGO_HOME="/workspace/cargo-home" RUSTUP_HOME="/workspace/rustup-home" "/workspace/cargo-home/bin/cargo" "+1.75.0" "fetch" "--manifest-path" "Cargo.toml", kill_on_drop: false }`
[INFO] [stderr]  Downloading crates ...
[INFO] [stderr]   Downloaded string-interner v0.14.0
[INFO] [stderr]   Downloaded symbol_table v0.3.0
[INFO] [stderr]   Downloaded calyx-frontend v0.6.1
[INFO] [stderr]   Downloaded pest_consume_macros v1.1.0
[INFO] [stderr]   Downloaded serde_with v3.4.0
[INFO] [stderr]   Downloaded serde_with_macros v3.4.0
[INFO] [stderr]   Downloaded pest_consume v1.1.3
[INFO] [stderr]   Downloaded calyx-utils v0.6.1
[INFO] running `Command { std: "docker" "create" "-v" "/var/lib/crater-agent-workspace/builds/worker-0-tc1/target:/opt/rustwide/target:rw,Z" "-v" "/var/lib/crater-agent-workspace/builds/worker-0-tc1/source:/opt/rustwide/workdir:ro,Z" "-v" "/var/lib/crater-agent-workspace/cargo-home:/opt/rustwide/cargo-home:ro,Z" "-v" "/var/lib/crater-agent-workspace/rustup-home:/opt/rustwide/rustup-home:ro,Z" "-e" "SOURCE_DIR=/opt/rustwide/workdir" "-e" "CARGO_TARGET_DIR=/opt/rustwide/target" "-e" "CARGO_HOME=/opt/rustwide/cargo-home" "-e" "RUSTUP_HOME=/opt/rustwide/rustup-home" "-w" "/opt/rustwide/workdir" "-m" "1610612736" "--user" "0:0" "--network" "none" "ghcr.io/rust-lang/crates-build-env/linux@sha256:2788e3201cd34a07e3172128adcd8b3090168a8e3bcc40d7c032b9dda1df7d1c" "/opt/rustwide/cargo-home/bin/cargo" "+1.75.0" "metadata" "--no-deps" "--format-version=1", kill_on_drop: false }`
[INFO] [stdout] f3a78f1d410b6529ae5dac9482317bacc00fe55a7b78112bfb423b59698fcf5f
[INFO] running `Command { std: "docker" "start" "-a" "f3a78f1d410b6529ae5dac9482317bacc00fe55a7b78112bfb423b59698fcf5f", kill_on_drop: false }`
[INFO] running `Command { std: "docker" "inspect" "f3a78f1d410b6529ae5dac9482317bacc00fe55a7b78112bfb423b59698fcf5f", kill_on_drop: false }`
[INFO] running `Command { std: "docker" "rm" "-f" "f3a78f1d410b6529ae5dac9482317bacc00fe55a7b78112bfb423b59698fcf5f", kill_on_drop: false }`
[INFO] [stdout] f3a78f1d410b6529ae5dac9482317bacc00fe55a7b78112bfb423b59698fcf5f
[INFO] running `Command { std: "docker" "create" "-v" "/var/lib/crater-agent-workspace/builds/worker-0-tc1/target:/opt/rustwide/target:rw,Z" "-v" "/var/lib/crater-agent-workspace/builds/worker-0-tc1/source:/opt/rustwide/workdir:ro,Z" "-v" "/var/lib/crater-agent-workspace/cargo-home:/opt/rustwide/cargo-home:ro,Z" "-v" "/var/lib/crater-agent-workspace/rustup-home:/opt/rustwide/rustup-home:ro,Z" "-e" "SOURCE_DIR=/opt/rustwide/workdir" "-e" "CARGO_TARGET_DIR=/opt/rustwide/target" "-e" "CARGO_INCREMENTAL=0" "-e" "RUST_BACKTRACE=full" "-e" "RUSTFLAGS=--cap-lints=warn" "-e" "RUSTDOCFLAGS=--cap-lints=warn" "-e" "CARGO_HOME=/opt/rustwide/cargo-home" "-e" "RUSTUP_HOME=/opt/rustwide/rustup-home" "-w" "/opt/rustwide/workdir" "-m" "1610612736" "--user" "0:0" "--network" "none" "ghcr.io/rust-lang/crates-build-env/linux@sha256:2788e3201cd34a07e3172128adcd8b3090168a8e3bcc40d7c032b9dda1df7d1c" "/opt/rustwide/cargo-home/bin/cargo" "+1.75.0" "build" "--frozen" "--message-format=json", kill_on_drop: false }`
[INFO] [stdout] 9b390da218f40893610114b445f91584cab9f37f4f1b13fa44d6874a77c8f357
[INFO] running `Command { std: "docker" "start" "-a" "9b390da218f40893610114b445f91584cab9f37f4f1b13fa44d6874a77c8f357", kill_on_drop: false }`
[INFO] [stderr]    Compiling libc v0.2.151
[INFO] [stderr]    Compiling syn v2.0.48
[INFO] [stderr]    Compiling version_check v0.9.4
[INFO] [stderr]    Compiling cfg-if v1.0.0
[INFO] [stderr]    Compiling once_cell v1.19.0
[INFO] [stderr]    Compiling memchr v2.7.1
[INFO] [stderr]    Compiling serde v1.0.194
[INFO] [stderr]    Compiling ucd-trie v0.1.6
[INFO] [stderr]    Compiling syn v1.0.109
[INFO] [stderr]    Compiling serde_json v1.0.111
[INFO] [stderr]    Compiling ahash v0.7.7
[INFO] [stderr]    Compiling rustversion v1.0.14
[INFO] [stderr]    Compiling hashbrown v0.14.3
[INFO] [stderr]    Compiling equivalent v1.0.1
[INFO] [stderr]    Compiling either v1.9.0
[INFO] [stderr]    Compiling fixedbitset v0.4.2
[INFO] [stderr]    Compiling ryu v1.0.16
[INFO] [stderr]    Compiling getrandom v0.2.11
[INFO] [stderr]    Compiling itoa v1.0.10
[INFO] [stderr]    Compiling atty v0.2.14
[INFO] [stderr]    Compiling itertools v0.11.0
[INFO] [stderr]    Compiling indexmap v2.1.0
[INFO] [stderr]    Compiling heck v0.4.1
[INFO] [stderr]    Compiling hashbrown v0.11.2
[INFO] [stderr]    Compiling hashbrown v0.12.3
[INFO] [stderr]    Compiling petgraph v0.6.4
[INFO] [stderr]    Compiling smallvec v1.11.2
[INFO] [stderr]    Compiling linked-hash-map v0.5.6
[INFO] [stderr]    Compiling strum v0.25.0
[INFO] [stderr]    Compiling log v0.4.20
[INFO] [stderr]    Compiling lazy_static v1.4.0
[INFO] [stderr]    Compiling symbol_table v0.3.0
[INFO] [stderr]    Compiling thiserror-impl v1.0.56
[INFO] [stderr]    Compiling strum_macros v0.25.3
[INFO] [stderr]    Compiling pest_consume_macros v1.1.0
[INFO] [stderr]    Compiling string-interner v0.14.0
[INFO] [stderr]    Compiling thiserror v1.0.56
[INFO] [stderr]    Compiling pest v2.7.6
[INFO] [stderr]    Compiling calyx-utils v0.6.1
[INFO] [stderr]    Compiling pest_meta v2.7.6
[INFO] [stderr]    Compiling pest_generator v2.7.6
[INFO] [stderr]    Compiling pest_derive v2.7.6
[INFO] [stderr]    Compiling pest_consume v1.1.3
[INFO] [stderr]    Compiling calyx-frontend v0.6.1
[INFO] [stderr]    Compiling calyx-ir v0.6.1 (/opt/rustwide/workdir)
[INFO] [stderr]     Finished dev [unoptimized + debuginfo] target(s) in 42.38s
[INFO] running `Command { std: "docker" "inspect" "9b390da218f40893610114b445f91584cab9f37f4f1b13fa44d6874a77c8f357", kill_on_drop: false }`
[INFO] running `Command { std: "docker" "rm" "-f" "9b390da218f40893610114b445f91584cab9f37f4f1b13fa44d6874a77c8f357", kill_on_drop: false }`
[INFO] [stdout] 9b390da218f40893610114b445f91584cab9f37f4f1b13fa44d6874a77c8f357
[INFO] running `Command { std: "docker" "create" "-v" "/var/lib/crater-agent-workspace/builds/worker-0-tc1/target:/opt/rustwide/target:rw,Z" "-v" "/var/lib/crater-agent-workspace/builds/worker-0-tc1/source:/opt/rustwide/workdir:ro,Z" "-v" "/var/lib/crater-agent-workspace/cargo-home:/opt/rustwide/cargo-home:ro,Z" "-v" "/var/lib/crater-agent-workspace/rustup-home:/opt/rustwide/rustup-home:ro,Z" "-e" "SOURCE_DIR=/opt/rustwide/workdir" "-e" "CARGO_TARGET_DIR=/opt/rustwide/target" "-e" "CARGO_INCREMENTAL=0" "-e" "RUST_BACKTRACE=full" "-e" "RUSTFLAGS=--cap-lints=warn" "-e" "RUSTDOCFLAGS=--cap-lints=warn" "-e" "CARGO_HOME=/opt/rustwide/cargo-home" "-e" "RUSTUP_HOME=/opt/rustwide/rustup-home" "-w" "/opt/rustwide/workdir" "-m" "1610612736" "--user" "0:0" "--network" "none" "ghcr.io/rust-lang/crates-build-env/linux@sha256:2788e3201cd34a07e3172128adcd8b3090168a8e3bcc40d7c032b9dda1df7d1c" "/opt/rustwide/cargo-home/bin/cargo" "+1.75.0" "test" "--frozen" "--no-run" "--message-format=json", kill_on_drop: false }`
[INFO] [stdout] ce36bfc78f96e8df15335de36e5d591cfcc805a5c870d9de023010bdebae31fd
[INFO] running `Command { std: "docker" "start" "-a" "ce36bfc78f96e8df15335de36e5d591cfcc805a5c870d9de023010bdebae31fd", kill_on_drop: false }`
[INFO] [stderr]    Compiling calyx-ir v0.6.1 (/opt/rustwide/workdir)
[INFO] [stderr]     Finished test [unoptimized + debuginfo] target(s) in 1.20s
[INFO] running `Command { std: "docker" "inspect" "ce36bfc78f96e8df15335de36e5d591cfcc805a5c870d9de023010bdebae31fd", kill_on_drop: false }`
[INFO] running `Command { std: "docker" "rm" "-f" "ce36bfc78f96e8df15335de36e5d591cfcc805a5c870d9de023010bdebae31fd", kill_on_drop: false }`
[INFO] [stdout] ce36bfc78f96e8df15335de36e5d591cfcc805a5c870d9de023010bdebae31fd
[INFO] running `Command { std: "docker" "create" "-v" "/var/lib/crater-agent-workspace/builds/worker-0-tc1/target:/opt/rustwide/target:rw,Z" "-v" "/var/lib/crater-agent-workspace/builds/worker-0-tc1/source:/opt/rustwide/workdir:ro,Z" "-v" "/var/lib/crater-agent-workspace/cargo-home:/opt/rustwide/cargo-home:ro,Z" "-v" "/var/lib/crater-agent-workspace/rustup-home:/opt/rustwide/rustup-home:ro,Z" "-e" "SOURCE_DIR=/opt/rustwide/workdir" "-e" "CARGO_TARGET_DIR=/opt/rustwide/target" "-e" "CARGO_INCREMENTAL=0" "-e" "RUST_BACKTRACE=full" "-e" "RUSTFLAGS=--cap-lints=warn" "-e" "RUSTDOCFLAGS=--cap-lints=warn" "-e" "CARGO_HOME=/opt/rustwide/cargo-home" "-e" "RUSTUP_HOME=/opt/rustwide/rustup-home" "-w" "/opt/rustwide/workdir" "-m" "1610612736" "--user" "0:0" "--network" "none" "ghcr.io/rust-lang/crates-build-env/linux@sha256:2788e3201cd34a07e3172128adcd8b3090168a8e3bcc40d7c032b9dda1df7d1c" "/opt/rustwide/cargo-home/bin/cargo" "+1.75.0" "test" "--frozen", kill_on_drop: false }`
[INFO] [stdout] fdc7932be0c6043fa87f4f415ae666e0d3b22e4a645052b32dd45721896ecf59
[INFO] running `Command { std: "docker" "start" "-a" "fdc7932be0c6043fa87f4f415ae666e0d3b22e4a645052b32dd45721896ecf59", kill_on_drop: false }`
[INFO] [stderr]     Finished test [unoptimized + debuginfo] target(s) in 0.07s
[INFO] [stderr]      Running unittests src/lib.rs (/opt/rustwide/target/debug/deps/calyx_ir-c15142c77f80133c)
[INFO] [stdout] 
[INFO] [stdout] running 0 tests
[INFO] [stdout] 
[INFO] [stdout] test result: ok. 0 passed; 0 failed; 0 ignored; 0 measured; 0 filtered out; finished in 0.00s
[INFO] [stdout] 
[INFO] [stderr]    Doc-tests calyx-ir
[INFO] [stdout] 
[INFO] [stdout] running 11 tests
[INFO] [stdout] test src/guard.rs - guard::Guard<T> (line 607) ... FAILED
[INFO] [stdout] test src/guard.rs - guard::Guard<T> (line 592) ... FAILED
[INFO] [stdout] test src/guard.rs - guard::Guard<T> (line 640) ... FAILED
[INFO] [stdout] test src/builder.rs - builder::Builder<'a>::add_primitive (line 206) ... FAILED
[INFO] [stdout] test src/guard.rs - guard::Guard<T> (line 577) ... FAILED
[INFO] [stdout] test src/macros.rs - macros::guard (line 6) ... FAILED
[INFO] [stdout] test src/macros.rs - macros::build_assignments (line 102) ... FAILED
[INFO] [stdout] test src/macros.rs - macros::structure (line 71) ... FAILED
[INFO] [stdout] test src/rewriter.rs - rewriter::Rewriter::get_cell_port_rewrite (line 46) ... FAILED
[INFO] [stdout] test src/guard.rs - guard::Guard<T> (line 653) ... FAILED
[INFO] [stdout] test src/rewriter.rs - rewriter::Rewriter::get_cell_port_rewrite (line 42) ... FAILED
[INFO] [stdout] 
[INFO] [stdout] failures:
[INFO] [stdout] 
[INFO] [stdout] ---- src/guard.rs - guard::Guard<T> (line 607) stdout ----
[INFO] [stdout] error[E0425]: cannot find value `g1` in this scope
[INFO] [stdout]  --> src/guard.rs:608:18
[INFO] [stdout]   |
[INFO] [stdout] 3 | let not_guard = !g1;
[INFO] [stdout]   |                  ^^ not found in this scope
[INFO] [stdout] 
[INFO] [stdout] error: aborting due to previous error
[INFO] [stdout] 
[INFO] [stdout] For more information about this error, try `rustc --explain E0425`.
[INFO] [stdout] Couldn't compile the test.
[INFO] [stdout] ---- src/guard.rs - guard::Guard<T> (line 592) stdout ----
[INFO] [stdout] error[E0425]: cannot find value `g1` in this scope
[INFO] [stdout]  --> src/guard.rs:593:16
[INFO] [stdout]   |
[INFO] [stdout] 3 | let or_guard = g1 | g2;
[INFO] [stdout]   |                ^^ not found in this scope
[INFO] [stdout] 
[INFO] [stdout] error[E0425]: cannot find value `g2` in this scope
[INFO] [stdout]  --> src/guard.rs:593:21
[INFO] [stdout]   |
[INFO] [stdout] 3 | let or_guard = g1 | g2;
[INFO] [stdout]   |                     ^^ not found in this scope
[INFO] [stdout] 
[INFO] [stdout] error: aborting due to 2 previous errors
[INFO] [stdout] 
[INFO] [stdout] For more information about this error, try `rustc --explain E0425`.
[INFO] [stdout] Couldn't compile the test.
[INFO] [stdout] ---- src/guard.rs - guard::Guard<T> (line 640) stdout ----
[INFO] [stdout] error[E0425]: cannot find value `g1` in this scope
[INFO] [stdout]  --> src/guard.rs:641:1
[INFO] [stdout]   |
[INFO] [stdout] 3 | g1 |= g2;
[INFO] [stdout]   | ^^ not found in this scope
[INFO] [stdout] 
[INFO] [stdout] error[E0425]: cannot find value `g2` in this scope
[INFO] [stdout]  --> src/guard.rs:641:7
[INFO] [stdout]   |
[INFO] [stdout] 3 | g1 |= g2;
[INFO] [stdout]   |       ^^ not found in this scope
[INFO] [stdout] 
[INFO] [stdout] error: aborting due to 2 previous errors
[INFO] [stdout] 
[INFO] [stdout] For more information about this error, try `rustc --explain E0425`.
[INFO] [stdout] Couldn't compile the test.
[INFO] [stdout] ---- src/builder.rs - builder::Builder<'a>::add_primitive (line 206) stdout ----
[INFO] [stdout] error[E0425]: cannot find value `builder` in this scope
[INFO] [stdout]  --> src/builder.rs:208:1
[INFO] [stdout]   |
[INFO] [stdout] 4 | builder.add_primitive("fsm", "std_reg", vec![32]);
[INFO] [stdout]   | ^^^^^^^ not found in this scope
[INFO] [stdout] 
[INFO] [stdout] error: aborting due to previous error
[INFO] [stdout] 
[INFO] [stdout] For more information about this error, try `rustc --explain E0425`.
[INFO] [stdout] Couldn't compile the test.
[INFO] [stdout] ---- src/guard.rs - guard::Guard<T> (line 577) stdout ----
[INFO] [stdout] error[E0425]: cannot find value `g1` in this scope
[INFO] [stdout]  --> src/guard.rs:578:17
[INFO] [stdout]   |
[INFO] [stdout] 3 | let and_guard = g1 & g2;
[INFO] [stdout]   |                 ^^ not found in this scope
[INFO] [stdout] 
[INFO] [stdout] error[E0425]: cannot find value `g2` in this scope
[INFO] [stdout]  --> src/guard.rs:578:22
[INFO] [stdout]   |
[INFO] [stdout] 3 | let and_guard = g1 & g2;
[INFO] [stdout]   |                      ^^ not found in this scope
[INFO] [stdout] 
[INFO] [stdout] error: aborting due to 2 previous errors
[INFO] [stdout] 
[INFO] [stdout] For more information about this error, try `rustc --explain E0425`.
[INFO] [stdout] Couldn't compile the test.
[INFO] [stdout] ---- src/macros.rs - macros::guard (line 6) stdout ----
[INFO] [stdout] error: cannot find macro `guard` in this scope
[INFO] [stdout]  --> src/macros.rs:7:15
[INFO] [stdout]   |
[INFO] [stdout] 3 | let fsm_out = guard!(fsm["out"] == lb["out"] & g);
[INFO] [stdout]   |               ^^^^^
[INFO] [stdout]   |
[INFO] [stdout] help: consider importing this macro
[INFO] [stdout]   |
[INFO] [stdout] 2 + use calyx_ir::guard;
[INFO] [stdout]   |
[INFO] [stdout] 
[INFO] [stdout] error: aborting due to previous error
[INFO] [stdout] 
[INFO] [stdout] Couldn't compile the test.
[INFO] [stdout] ---- src/macros.rs - macros::build_assignments (line 102) stdout ----
[INFO] [stdout] error: cannot find macro `build_assignments` in this scope
[INFO] [stdout]  --> src/macros.rs:103:1
[INFO] [stdout]   |
[INFO] [stdout] 3 | build_assignments!(builder;
[INFO] [stdout]   | ^^^^^^^^^^^^^^^^^
[INFO] [stdout]   |
[INFO] [stdout] help: consider importing this macro
[INFO] [stdout]   |
[INFO] [stdout] 2 + use calyx_ir::build_assignments;
[INFO] [stdout]   |
[INFO] [stdout] 
[INFO] [stdout] error: aborting due to previous error
[INFO] [stdout] 
[INFO] [stdout] Couldn't compile the test.
[INFO] [stdout] ---- src/macros.rs - macros::structure (line 71) stdout ----
[INFO] [stdout] error: cannot find macro `structure` in this scope
[INFO] [stdout]  --> src/macros.rs:73:1
[INFO] [stdout]   |
[INFO] [stdout] 4 | structure!(builder;
[INFO] [stdout]   | ^^^^^^^^^
[INFO] [stdout]   |
[INFO] [stdout] help: consider importing this macro
[INFO] [stdout]   |
[INFO] [stdout] 2 + use calyx_ir::structure;
[INFO] [stdout]   |
[INFO] [stdout] 
[INFO] [stdout] error[E0433]: failed to resolve: use of undeclared crate or module `ir`
[INFO] [stdout]  --> src/macros.rs:72:15
[INFO] [stdout]   |
[INFO] [stdout] 3 | let builder = ir::Builder::from(&mut component, &sigs, validate);
[INFO] [stdout]   |               ^^ use of undeclared crate or module `ir`
[INFO] [stdout]   |
[INFO] [stdout] help: consider importing one of these items
[INFO] [stdout]   |
[INFO] [stdout] 2 + use calyx_ir::Builder;
[INFO] [stdout]   |
[INFO] [stdout] 2 + use std::thread::Builder;
[INFO] [stdout]   |
[INFO] [stdout] help: if you import `Builder`, refer to it directly
[INFO] [stdout]   |
[INFO] [stdout] 3 - let builder = ir::Builder::from(&mut component, &sigs, validate);
[INFO] [stdout] 3 + let builder = Builder::from(&mut component, &sigs, validate);
[INFO] [stdout]   |
[INFO] [stdout] 
[INFO] [stdout] error[E0425]: cannot find value `component` in this scope
[INFO] [stdout]  --> src/macros.rs:72:38
[INFO] [stdout]   |
[INFO] [stdout] 3 | let builder = ir::Builder::from(&mut component, &sigs, validate);
[INFO] [stdout]   |                                      ^^^^^^^^^ not found in this scope
[INFO] [stdout]   |
[INFO] [stdout] help: consider importing one of these items
[INFO] [stdout]   |
[INFO] [stdout] 2 + use calyx_frontend::parser::AliasedRule::component;
[INFO] [stdout]   |
[INFO] [stdout] 2 + use calyx_frontend::parser::Rule::component;
[INFO] [stdout]   |
[INFO] [stdout] 
[INFO] [stdout] error[E0425]: cannot find value `sigs` in this scope
[INFO] [stdout]  --> src/macros.rs:72:50
[INFO] [stdout]   |
[INFO] [stdout] 3 | let builder = ir::Builder::from(&mut component, &sigs, validate);
[INFO] [stdout]   |                                                  ^^^^ not found in this scope
[INFO] [stdout] 
[INFO] [stdout] error[E0425]: cannot find value `validate` in this scope
[INFO] [stdout]  --> src/macros.rs:72:56
[INFO] [stdout]   |
[INFO] [stdout] 3 | let builder = ir::Builder::from(&mut component, &sigs, validate);
[INFO] [stdout]   |                                                        ^^^^^^^^ not found in this scope
[INFO] [stdout] 
[INFO] [stdout] error: aborting due to 5 previous errors
[INFO] [stdout] 
[INFO] [stdout] Some errors have detailed explanations: E0425, E0433.
[INFO] [stdout] For more information about an error, try `rustc --explain E0425`.
[INFO] [stdout] Couldn't compile the test.
[INFO] [stdout] ---- src/rewriter.rs - rewriter::Rewriter::get_cell_port_rewrite (line 46) stdout ----
[INFO] [stdout] error: expected identifier, found keyword `in`
[INFO] [stdout]  --> src/rewriter.rs:47:3
[INFO] [stdout]   |
[INFO] [stdout] 3 | b.in = b.done ? b.out;
[INFO] [stdout]   |   ^^ expected identifier, found keyword
[INFO] [stdout]   |
[INFO] [stdout] help: escape `in` to use it as an identifier
[INFO] [stdout]   |
[INFO] [stdout] 3 | b.r#in = b.done ? b.out;
[INFO] [stdout]   |   ++
[INFO] [stdout] 
[INFO] [stdout] error: expected one of `.`, `;`, `?`, `}`, or an operator, found `b`
[INFO] [stdout]  --> src/rewriter.rs:47:17
[INFO] [stdout]   |
[INFO] [stdout] 3 | b.in = b.done ? b.out;
[INFO] [stdout]   |                 ^ expected one of `.`, `;`, `?`, `}`, or an operator
[INFO] [stdout] 
[INFO] [stdout] error: aborting due to 2 previous errors
[INFO] [stdout] 
[INFO] [stdout] Couldn't compile the test.
[INFO] [stdout] ---- src/guard.rs - guard::Guard<T> (line 653) stdout ----
[INFO] [stdout] error[E0425]: cannot find value `g1` in this scope
[INFO] [stdout]  --> src/guard.rs:654:1
[INFO] [stdout]   |
[INFO] [stdout] 3 | g1 &= g2;
[INFO] [stdout]   | ^^ not found in this scope
[INFO] [stdout] 
[INFO] [stdout] error[E0425]: cannot find value `g2` in this scope
[INFO] [stdout]  --> src/guard.rs:654:7
[INFO] [stdout]   |
[INFO] [stdout] 3 | g1 &= g2;
[INFO] [stdout]   |       ^^ not found in this scope
[INFO] [stdout] 
[INFO] [stdout] error: aborting due to 2 previous errors
[INFO] [stdout] 
[INFO] [stdout] For more information about this error, try `rustc --explain E0425`.
[INFO] [stdout] Couldn't compile the test.
[INFO] [stdout] ---- src/rewriter.rs - rewriter::Rewriter::get_cell_port_rewrite (line 42) stdout ----
[INFO] [stdout] error: expected identifier, found keyword `in`
[INFO] [stdout]  --> src/rewriter.rs:43:3
[INFO] [stdout]   |
[INFO] [stdout] 3 | a.in = a.done ? a.out;
[INFO] [stdout]   |   ^^ expected identifier, found keyword
[INFO] [stdout]   |
[INFO] [stdout] help: escape `in` to use it as an identifier
[INFO] [stdout]   |
[INFO] [stdout] 3 | a.r#in = a.done ? a.out;
[INFO] [stdout]   |   ++
[INFO] [stdout] 
[INFO] [stdout] error: expected one of `.`, `;`, `?`, `}`, or an operator, found `a`
[INFO] [stdout]  --> src/rewriter.rs:43:17
[INFO] [stdout]   |
[INFO] [stdout] 3 | a.in = a.done ? a.out;
[INFO] [stdout]   |                 ^ expected one of `.`, `;`, `?`, `}`, or an operator
[INFO] [stdout] 
[INFO] [stdout] error: aborting due to 2 previous errors
[INFO] [stdout] 
[INFO] [stdout] Couldn't compile the test.
[INFO] [stdout] 
[INFO] [stdout] failures:
[INFO] [stdout]     src/builder.rs - builder::Builder<'a>::add_primitive (line 206)
[INFO] [stdout]     src/guard.rs - guard::Guard<T> (line 577)
[INFO] [stdout]     src/guard.rs - guard::Guard<T> (line 592)
[INFO] [stdout]     src/guard.rs - guard::Guard<T> (line 607)
[INFO] [stdout]     src/guard.rs - guard::Guard<T> (line 640)
[INFO] [stdout]     src/guard.rs - guard::Guard<T> (line 653)
[INFO] [stdout]     src/macros.rs - macros::build_assignments (line 102)
[INFO] [stdout]     src/macros.rs - macros::guard (line 6)
[INFO] [stdout]     src/macros.rs - macros::structure (line 71)
[INFO] [stdout]     src/rewriter.rs - rewriter::Rewriter::get_cell_port_rewrite (line 42)
[INFO] [stdout]     src/rewriter.rs - rewriter::Rewriter::get_cell_port_rewrite (line 46)
[INFO] [stdout] 
[INFO] [stdout] test result: FAILED. 0 passed; 11 failed; 0 ignored; 0 measured; 0 filtered out; finished in 0.46s
[INFO] [stdout] 
[INFO] [stderr] error: doctest failed, to rerun pass `--doc`
[INFO] running `Command { std: "docker" "inspect" "fdc7932be0c6043fa87f4f415ae666e0d3b22e4a645052b32dd45721896ecf59", kill_on_drop: false }`
[INFO] running `Command { std: "docker" "rm" "-f" "fdc7932be0c6043fa87f4f415ae666e0d3b22e4a645052b32dd45721896ecf59", kill_on_drop: false }`
[INFO] [stdout] fdc7932be0c6043fa87f4f415ae666e0d3b22e4a645052b32dd45721896ecf59
[INFO] testing calyx-ir-0.6.1 against beta-2023-12-22 for beta-1.76-1
[INFO] extracting crate calyx-ir 0.6.1 into /workspace/builds/worker-0-tc2/source
[INFO] validating manifest of crates.io crate calyx-ir 0.6.1 on toolchain beta-2023-12-22
[INFO] running `Command { std: CARGO_HOME="/workspace/cargo-home" RUSTUP_HOME="/workspace/rustup-home" "/workspace/cargo-home/bin/cargo" "+beta-2023-12-22" "metadata" "--manifest-path" "Cargo.toml" "--no-deps", kill_on_drop: false }`
[INFO] started tweaking crates.io crate calyx-ir 0.6.1
[INFO] finished tweaking crates.io crate calyx-ir 0.6.1
[INFO] tweaked toml for crates.io crate calyx-ir 0.6.1 written to /workspace/builds/worker-0-tc2/source/Cargo.toml
[INFO] running `Command { std: CARGO_HOME="/workspace/cargo-home" RUSTUP_HOME="/workspace/rustup-home" "/workspace/cargo-home/bin/cargo" "+beta-2023-12-22" "generate-lockfile" "--manifest-path" "Cargo.toml", kill_on_drop: false }`
[INFO] [stderr]     Updating crates.io index
[INFO] running `Command { std: CARGO_HOME="/workspace/cargo-home" RUSTUP_HOME="/workspace/rustup-home" "/workspace/cargo-home/bin/cargo" "+beta-2023-12-22" "fetch" "--manifest-path" "Cargo.toml", kill_on_drop: false }`
[INFO] running `Command { std: "docker" "create" "-v" "/var/lib/crater-agent-workspace/builds/worker-0-tc2/target:/opt/rustwide/target:rw,Z" "-v" "/var/lib/crater-agent-workspace/builds/worker-0-tc2/source:/opt/rustwide/workdir:ro,Z" "-v" "/var/lib/crater-agent-workspace/cargo-home:/opt/rustwide/cargo-home:ro,Z" "-v" "/var/lib/crater-agent-workspace/rustup-home:/opt/rustwide/rustup-home:ro,Z" "-e" "SOURCE_DIR=/opt/rustwide/workdir" "-e" "CARGO_TARGET_DIR=/opt/rustwide/target" "-e" "CARGO_HOME=/opt/rustwide/cargo-home" "-e" "RUSTUP_HOME=/opt/rustwide/rustup-home" "-w" "/opt/rustwide/workdir" "-m" "1610612736" "--user" "0:0" "--network" "none" "ghcr.io/rust-lang/crates-build-env/linux@sha256:2788e3201cd34a07e3172128adcd8b3090168a8e3bcc40d7c032b9dda1df7d1c" "/opt/rustwide/cargo-home/bin/cargo" "+beta-2023-12-22" "metadata" "--no-deps" "--format-version=1", kill_on_drop: false }`
[INFO] [stdout] 24806a0575c3eb23d6668a4a80be8cbbc32dd23e676d77e2f761eb985d4b4a0a
[INFO] running `Command { std: "docker" "start" "-a" "24806a0575c3eb23d6668a4a80be8cbbc32dd23e676d77e2f761eb985d4b4a0a", kill_on_drop: false }`
[INFO] running `Command { std: "docker" "inspect" "24806a0575c3eb23d6668a4a80be8cbbc32dd23e676d77e2f761eb985d4b4a0a", kill_on_drop: false }`
[INFO] running `Command { std: "docker" "rm" "-f" "24806a0575c3eb23d6668a4a80be8cbbc32dd23e676d77e2f761eb985d4b4a0a", kill_on_drop: false }`
[INFO] [stdout] 24806a0575c3eb23d6668a4a80be8cbbc32dd23e676d77e2f761eb985d4b4a0a
[INFO] running `Command { std: "docker" "create" "-v" "/var/lib/crater-agent-workspace/builds/worker-0-tc2/target:/opt/rustwide/target:rw,Z" "-v" "/var/lib/crater-agent-workspace/builds/worker-0-tc2/source:/opt/rustwide/workdir:ro,Z" "-v" "/var/lib/crater-agent-workspace/cargo-home:/opt/rustwide/cargo-home:ro,Z" "-v" "/var/lib/crater-agent-workspace/rustup-home:/opt/rustwide/rustup-home:ro,Z" "-e" "SOURCE_DIR=/opt/rustwide/workdir" "-e" "CARGO_TARGET_DIR=/opt/rustwide/target" "-e" "CARGO_INCREMENTAL=0" "-e" "RUST_BACKTRACE=full" "-e" "RUSTFLAGS=--cap-lints=warn" "-e" "RUSTDOCFLAGS=--cap-lints=warn" "-e" "CARGO_HOME=/opt/rustwide/cargo-home" "-e" "RUSTUP_HOME=/opt/rustwide/rustup-home" "-w" "/opt/rustwide/workdir" "-m" "1610612736" "--user" "0:0" "--network" "none" "ghcr.io/rust-lang/crates-build-env/linux@sha256:2788e3201cd34a07e3172128adcd8b3090168a8e3bcc40d7c032b9dda1df7d1c" "/opt/rustwide/cargo-home/bin/cargo" "+beta-2023-12-22" "build" "--frozen" "--message-format=json", kill_on_drop: false }`
[INFO] [stdout] 75aa62f033e7c260008946427fa9b31f94cde5e1097b6f6caceabe1032709218
[INFO] running `Command { std: "docker" "start" "-a" "75aa62f033e7c260008946427fa9b31f94cde5e1097b6f6caceabe1032709218", kill_on_drop: false }`
[INFO] [stderr]    Compiling version_check v0.9.4
[INFO] [stderr]    Compiling cfg-if v1.0.0
[INFO] [stderr]    Compiling once_cell v1.19.0
[INFO] [stderr]    Compiling ucd-trie v0.1.6
[INFO] [stderr]    Compiling libc v0.2.151
[INFO] [stderr]    Compiling serde v1.0.194
[INFO] [stderr]    Compiling memchr v2.7.1
[INFO] [stderr]    Compiling syn v2.0.48
[INFO] [stderr]    Compiling syn v1.0.109
[INFO] [stderr]    Compiling ahash v0.7.7
[INFO] [stderr]    Compiling rustversion v1.0.14
[INFO] [stderr]    Compiling hashbrown v0.14.3
[INFO] [stderr]    Compiling serde_json v1.0.111
[INFO] [stderr]    Compiling equivalent v1.0.1
[INFO] [stderr]    Compiling either v1.9.0
[INFO] [stderr]    Compiling ryu v1.0.16
[INFO] [stderr]    Compiling fixedbitset v0.4.2
[INFO] [stderr]    Compiling getrandom v0.2.11
[INFO] [stderr]    Compiling itoa v1.0.10
[INFO] [stderr]    Compiling indexmap v2.1.0
[INFO] [stderr]    Compiling atty v0.2.14
[INFO] [stderr]    Compiling itertools v0.11.0
[INFO] [stderr]    Compiling hashbrown v0.12.3
[INFO] [stderr]    Compiling hashbrown v0.11.2
[INFO] [stderr]    Compiling petgraph v0.6.4
[INFO] [stderr]    Compiling symbol_table v0.3.0
[INFO] [stderr]    Compiling heck v0.4.1
[INFO] [stderr]    Compiling log v0.4.20
[INFO] [stderr]    Compiling strum v0.25.0
[INFO] [stderr]    Compiling smallvec v1.11.2
[INFO] [stderr]    Compiling lazy_static v1.4.0
[INFO] [stderr]    Compiling linked-hash-map v0.5.6
[INFO] [stderr]    Compiling thiserror-impl v1.0.56
[INFO] [stderr]    Compiling strum_macros v0.25.3
[INFO] [stderr]    Compiling string-interner v0.14.0
[INFO] [stderr]    Compiling pest_consume_macros v1.1.0
[INFO] [stderr]    Compiling thiserror v1.0.56
[INFO] [stderr]    Compiling pest v2.7.6
[INFO] [stderr]    Compiling calyx-utils v0.6.1
[INFO] [stderr]    Compiling pest_meta v2.7.6
[INFO] [stderr]    Compiling pest_generator v2.7.6
[INFO] [stderr]    Compiling pest_derive v2.7.6
[INFO] [stderr]    Compiling pest_consume v1.1.3
[INFO] [stderr]    Compiling calyx-frontend v0.6.1
[INFO] [stderr]    Compiling calyx-ir v0.6.1 (/opt/rustwide/workdir)
[INFO] [stderr]     Finished dev [unoptimized + debuginfo] target(s) in 41.79s
[INFO] running `Command { std: "docker" "inspect" "75aa62f033e7c260008946427fa9b31f94cde5e1097b6f6caceabe1032709218", kill_on_drop: false }`
[INFO] running `Command { std: "docker" "rm" "-f" "75aa62f033e7c260008946427fa9b31f94cde5e1097b6f6caceabe1032709218", kill_on_drop: false }`
[INFO] [stdout] 75aa62f033e7c260008946427fa9b31f94cde5e1097b6f6caceabe1032709218
[INFO] running `Command { std: "docker" "create" "-v" "/var/lib/crater-agent-workspace/builds/worker-0-tc2/target:/opt/rustwide/target:rw,Z" "-v" "/var/lib/crater-agent-workspace/builds/worker-0-tc2/source:/opt/rustwide/workdir:ro,Z" "-v" "/var/lib/crater-agent-workspace/cargo-home:/opt/rustwide/cargo-home:ro,Z" "-v" "/var/lib/crater-agent-workspace/rustup-home:/opt/rustwide/rustup-home:ro,Z" "-e" "SOURCE_DIR=/opt/rustwide/workdir" "-e" "CARGO_TARGET_DIR=/opt/rustwide/target" "-e" "CARGO_INCREMENTAL=0" "-e" "RUST_BACKTRACE=full" "-e" "RUSTFLAGS=--cap-lints=warn" "-e" "RUSTDOCFLAGS=--cap-lints=warn" "-e" "CARGO_HOME=/opt/rustwide/cargo-home" "-e" "RUSTUP_HOME=/opt/rustwide/rustup-home" "-w" "/opt/rustwide/workdir" "-m" "1610612736" "--user" "0:0" "--network" "none" "ghcr.io/rust-lang/crates-build-env/linux@sha256:2788e3201cd34a07e3172128adcd8b3090168a8e3bcc40d7c032b9dda1df7d1c" "/opt/rustwide/cargo-home/bin/cargo" "+beta-2023-12-22" "test" "--frozen" "--no-run" "--message-format=json", kill_on_drop: false }`
[INFO] [stdout] 735b0da756b80f5b8435029c12478d4deb2f5f7a62f949d2a30b0bcd1afdb97d
[INFO] running `Command { std: "docker" "start" "-a" "735b0da756b80f5b8435029c12478d4deb2f5f7a62f949d2a30b0bcd1afdb97d", kill_on_drop: false }`
[INFO] [stderr]    Compiling calyx-ir v0.6.1 (/opt/rustwide/workdir)
[INFO] [stderr]     Finished test [unoptimized + debuginfo] target(s) in 1.22s
[INFO] running `Command { std: "docker" "inspect" "735b0da756b80f5b8435029c12478d4deb2f5f7a62f949d2a30b0bcd1afdb97d", kill_on_drop: false }`
[INFO] running `Command { std: "docker" "rm" "-f" "735b0da756b80f5b8435029c12478d4deb2f5f7a62f949d2a30b0bcd1afdb97d", kill_on_drop: false }`
[INFO] [stdout] 735b0da756b80f5b8435029c12478d4deb2f5f7a62f949d2a30b0bcd1afdb97d
[INFO] running `Command { std: "docker" "create" "-v" "/var/lib/crater-agent-workspace/builds/worker-0-tc2/target:/opt/rustwide/target:rw,Z" "-v" "/var/lib/crater-agent-workspace/builds/worker-0-tc2/source:/opt/rustwide/workdir:ro,Z" "-v" "/var/lib/crater-agent-workspace/cargo-home:/opt/rustwide/cargo-home:ro,Z" "-v" "/var/lib/crater-agent-workspace/rustup-home:/opt/rustwide/rustup-home:ro,Z" "-e" "SOURCE_DIR=/opt/rustwide/workdir" "-e" "CARGO_TARGET_DIR=/opt/rustwide/target" "-e" "CARGO_INCREMENTAL=0" "-e" "RUST_BACKTRACE=full" "-e" "RUSTFLAGS=--cap-lints=warn" "-e" "RUSTDOCFLAGS=--cap-lints=warn" "-e" "CARGO_HOME=/opt/rustwide/cargo-home" "-e" "RUSTUP_HOME=/opt/rustwide/rustup-home" "-w" "/opt/rustwide/workdir" "-m" "1610612736" "--user" "0:0" "--network" "none" "ghcr.io/rust-lang/crates-build-env/linux@sha256:2788e3201cd34a07e3172128adcd8b3090168a8e3bcc40d7c032b9dda1df7d1c" "/opt/rustwide/cargo-home/bin/cargo" "+beta-2023-12-22" "test" "--frozen", kill_on_drop: false }`
[INFO] [stdout] 15bb436cc0e1e34c8c70749473882bf0f7b19e7f30328c5514bc0eaa28ec5abd
[INFO] running `Command { std: "docker" "start" "-a" "15bb436cc0e1e34c8c70749473882bf0f7b19e7f30328c5514bc0eaa28ec5abd", kill_on_drop: false }`
[INFO] [stderr]     Finished test [unoptimized + debuginfo] target(s) in 0.06s
[INFO] [stderr]      Running unittests src/lib.rs (/opt/rustwide/target/debug/deps/calyx_ir-fb380828dcecf92b)
[INFO] [stdout] 
[INFO] [stdout] running 0 tests
[INFO] [stdout] 
[INFO] [stdout] test result: ok. 0 passed; 0 failed; 0 ignored; 0 measured; 0 filtered out; finished in 0.00s
[INFO] [stdout] 
[INFO] [stderr]    Doc-tests calyx-ir
[INFO] [stdout] 
[INFO] [stdout] running 11 tests
[INFO] [stdout] test src/guard.rs - guard::Guard<T> (line 592) ... FAILED
[INFO] [stdout] test src/guard.rs - guard::Guard<T> (line 640) ... FAILED
[INFO] [stdout] test src/builder.rs - builder::Builder<'a>::add_primitive (line 206) ... FAILED
[INFO] [stdout] test src/macros.rs - macros::build_assignments (line 102) ... FAILED
[INFO] [stdout] test src/guard.rs - guard::Guard<T> (line 653) ... FAILED
[INFO] [stdout] test src/guard.rs - guard::Guard<T> (line 607) ... FAILED
[INFO] [stdout] test src/guard.rs - guard::Guard<T> (line 577) ... FAILED
[INFO] [stdout] test src/macros.rs - macros::guard (line 6) ... FAILED
[INFO] [stdout] test src/rewriter.rs - rewriter::Rewriter::get_cell_port_rewrite (line 42) ... FAILED
[INFO] [stdout] test src/rewriter.rs - rewriter::Rewriter::get_cell_port_rewrite (line 46) ... FAILED
[INFO] [stdout] test src/macros.rs - macros::structure (line 71) ... FAILED
[INFO] [stdout] 
[INFO] [stdout] failures:
[INFO] [stdout] 
[INFO] [stdout] ---- src/guard.rs - guard::Guard<T> (line 592) stdout ----
[INFO] [stdout] error[E0425]: cannot find value `g1` in this scope
[INFO] [stdout]  --> src/guard.rs:593:16
[INFO] [stdout]   |
[INFO] [stdout] 3 | let or_guard = g1 | g2;
[INFO] [stdout]   |                ^^ not found in this scope
[INFO] [stdout] 
[INFO] [stdout] error[E0425]: cannot find value `g2` in this scope
[INFO] [stdout]  --> src/guard.rs:593:21
[INFO] [stdout]   |
[INFO] [stdout] 3 | let or_guard = g1 | g2;
[INFO] [stdout]   |                     ^^ not found in this scope
[INFO] [stdout] 
[INFO] [stdout] error: aborting due to 2 previous errors
[INFO] [stdout] 
[INFO] [stdout] For more information about this error, try `rustc --explain E0425`.
[INFO] [stdout] Couldn't compile the test.
[INFO] [stdout] ---- src/guard.rs - guard::Guard<T> (line 640) stdout ----
[INFO] [stdout] error[E0425]: cannot find value `g1` in this scope
[INFO] [stdout]  --> src/guard.rs:641:1
[INFO] [stdout]   |
[INFO] [stdout] 3 | g1 |= g2;
[INFO] [stdout]   | ^^ not found in this scope
[INFO] [stdout] 
[INFO] [stdout] error[E0425]: cannot find value `g2` in this scope
[INFO] [stdout]  --> src/guard.rs:641:7
[INFO] [stdout]   |
[INFO] [stdout] 3 | g1 |= g2;
[INFO] [stdout]   |       ^^ not found in this scope
[INFO] [stdout] 
[INFO] [stdout] error: aborting due to 2 previous errors
[INFO] [stdout] 
[INFO] [stdout] For more information about this error, try `rustc --explain E0425`.
[INFO] [stdout] Couldn't compile the test.
[INFO] [stdout] ---- src/builder.rs - builder::Builder<'a>::add_primitive (line 206) stdout ----
[INFO] [stdout] error[E0425]: cannot find value `builder` in this scope
[INFO] [stdout]  --> src/builder.rs:208:1
[INFO] [stdout]   |
[INFO] [stdout] 4 | builder.add_primitive("fsm", "std_reg", vec![32]);
[INFO] [stdout]   | ^^^^^^^ not found in this scope
[INFO] [stdout] 
[INFO] [stdout] error: aborting due to 1 previous error
[INFO] [stdout] 
[INFO] [stdout] For more information about this error, try `rustc --explain E0425`.
[INFO] [stdout] Couldn't compile the test.
[INFO] [stdout] ---- src/macros.rs - macros::build_assignments (line 102) stdout ----
[INFO] [stdout] error: cannot find macro `build_assignments` in this scope
[INFO] [stdout]  --> src/macros.rs:103:1
[INFO] [stdout]   |
[INFO] [stdout] 3 | build_assignments!(builder;
[INFO] [stdout]   | ^^^^^^^^^^^^^^^^^
[INFO] [stdout]   |
[INFO] [stdout] help: consider importing this macro
[INFO] [stdout]   |
[INFO] [stdout] 2 + use calyx_ir::build_assignments;
[INFO] [stdout]   |
[INFO] [stdout] 
[INFO] [stdout] error: aborting due to 1 previous error
[INFO] [stdout] 
[INFO] [stdout] Couldn't compile the test.
[INFO] [stdout] ---- src/guard.rs - guard::Guard<T> (line 653) stdout ----
[INFO] [stdout] error[E0425]: cannot find value `g1` in this scope
[INFO] [stdout]  --> src/guard.rs:654:1
[INFO] [stdout]   |
[INFO] [stdout] 3 | g1 &= g2;
[INFO] [stdout]   | ^^ not found in this scope
[INFO] [stdout] 
[INFO] [stdout] error[E0425]: cannot find value `g2` in this scope
[INFO] [stdout]  --> src/guard.rs:654:7
[INFO] [stdout]   |
[INFO] [stdout] 3 | g1 &= g2;
[INFO] [stdout]   |       ^^ not found in this scope
[INFO] [stdout] 
[INFO] [stdout] error: aborting due to 2 previous errors
[INFO] [stdout] 
[INFO] [stdout] For more information about this error, try `rustc --explain E0425`.
[INFO] [stdout] Couldn't compile the test.
[INFO] [stdout] ---- src/guard.rs - guard::Guard<T> (line 607) stdout ----
[INFO] [stdout] error[E0425]: cannot find value `g1` in this scope
[INFO] [stdout]  --> src/guard.rs:608:18
[INFO] [stdout]   |
[INFO] [stdout] 3 | let not_guard = !g1;
[INFO] [stdout]   |                  ^^ not found in this scope
[INFO] [stdout] 
[INFO] [stdout] error: aborting due to 1 previous error
[INFO] [stdout] 
[INFO] [stdout] For more information about this error, try `rustc --explain E0425`.
[INFO] [stdout] Couldn't compile the test.
[INFO] [stdout] ---- src/guard.rs - guard::Guard<T> (line 577) stdout ----
[INFO] [stdout] error[E0425]: cannot find value `g1` in this scope
[INFO] [stdout]  --> src/guard.rs:578:17
[INFO] [stdout]   |
[INFO] [stdout] 3 | let and_guard = g1 & g2;
[INFO] [stdout]   |                 ^^ not found in this scope
[INFO] [stdout] 
[INFO] [stdout] error[E0425]: cannot find value `g2` in this scope
[INFO] [stdout]  --> src/guard.rs:578:22
[INFO] [stdout]   |
[INFO] [stdout] 3 | let and_guard = g1 & g2;
[INFO] [stdout]   |                      ^^ not found in this scope
[INFO] [stdout] 
[INFO] [stdout] error: aborting due to 2 previous errors
[INFO] [stdout] 
[INFO] [stdout] For more information about this error, try `rustc --explain E0425`.
[INFO] [stdout] Couldn't compile the test.
[INFO] [stdout] ---- src/macros.rs - macros::guard (line 6) stdout ----
[INFO] [stdout] error: cannot find macro `guard` in this scope
[INFO] [stdout]  --> src/macros.rs:7:15
[INFO] [stdout]   |
[INFO] [stdout] 3 | let fsm_out = guard!(fsm["out"] == lb["out"] & g);
[INFO] [stdout]   |               ^^^^^
[INFO] [stdout]   |
[INFO] [stdout] help: consider importing this macro
[INFO] [stdout]   |
[INFO] [stdout] 2 + use calyx_ir::guard;
[INFO] [stdout]   |
[INFO] [stdout] 
[INFO] [stdout] error: aborting due to 1 previous error
[INFO] [stdout] 
[INFO] [stdout] Couldn't compile the test.
[INFO] [stdout] ---- src/rewriter.rs - rewriter::Rewriter::get_cell_port_rewrite (line 42) stdout ----
[INFO] [stdout] error: expected identifier, found keyword `in`
[INFO] [stdout]  --> src/rewriter.rs:43:3
[INFO] [stdout]   |
[INFO] [stdout] 3 | a.in = a.done ? a.out;
[INFO] [stdout]   |   ^^ expected identifier, found keyword
[INFO] [stdout]   |
[INFO] [stdout] help: escape `in` to use it as an identifier
[INFO] [stdout]   |
[INFO] [stdout] 3 | a.r#in = a.done ? a.out;
[INFO] [stdout]   |   ++
[INFO] [stdout] 
[INFO] [stdout] error: expected one of `.`, `;`, `?`, `}`, or an operator, found `a`
[INFO] [stdout]  --> src/rewriter.rs:43:17
[INFO] [stdout]   |
[INFO] [stdout] 3 | a.in = a.done ? a.out;
[INFO] [stdout]   |                 ^ expected one of `.`, `;`, `?`, `}`, or an operator
[INFO] [stdout] 
[INFO] [stdout] error: aborting due to 2 previous errors
[INFO] [stdout] 
[INFO] [stdout] Couldn't compile the test.
[INFO] [stdout] ---- src/rewriter.rs - rewriter::Rewriter::get_cell_port_rewrite (line 46) stdout ----
[INFO] [stdout] error: expected identifier, found keyword `in`
[INFO] [stdout]  --> src/rewriter.rs:47:3
[INFO] [stdout]   |
[INFO] [stdout] 3 | b.in = b.done ? b.out;
[INFO] [stdout]   |   ^^ expected identifier, found keyword
[INFO] [stdout]   |
[INFO] [stdout] help: escape `in` to use it as an identifier
[INFO] [stdout]   |
[INFO] [stdout] 3 | b.r#in = b.done ? b.out;
[INFO] [stdout]   |   ++
[INFO] [stdout] 
[INFO] [stdout] error: expected one of `.`, `;`, `?`, `}`, or an operator, found `b`
[INFO] [stdout]  --> src/rewriter.rs:47:17
[INFO] [stdout]   |
[INFO] [stdout] 3 | b.in = b.done ? b.out;
[INFO] [stdout]   |                 ^ expected one of `.`, `;`, `?`, `}`, or an operator
[INFO] [stdout] 
[INFO] [stdout] error: aborting due to 2 previous errors
[INFO] [stdout] 
[INFO] [stdout] Couldn't compile the test.
[INFO] [stdout] ---- src/macros.rs - macros::structure (line 71) stdout ----
[INFO] [stdout] error: cannot find macro `structure` in this scope
[INFO] [stdout]  --> src/macros.rs:73:1
[INFO] [stdout]   |
[INFO] [stdout] 4 | structure!(builder;
[INFO] [stdout]   | ^^^^^^^^^
[INFO] [stdout]   |
[INFO] [stdout] help: consider importing this macro
[INFO] [stdout]   |
[INFO] [stdout] 2 + use calyx_ir::structure;
[INFO] [stdout]   |
[INFO] [stdout] 
[INFO] [stdout] error[E0433]: failed to resolve: use of undeclared crate or module `ir`
[INFO] [stdout]  --> src/macros.rs:72:15
[INFO] [stdout]   |
[INFO] [stdout] 3 | let builder = ir::Builder::from(&mut component, &sigs, validate);
[INFO] [stdout]   |               ^^ use of undeclared crate or module `ir`
[INFO] [stdout]   |
[INFO] [stdout] help: consider importing one of these items
[INFO] [stdout]   |
[INFO] [stdout] 2 + use calyx_ir::Builder;
[INFO] [stdout]   |
[INFO] [stdout] 2 + use std::thread::Builder;
[INFO] [stdout]   |
[INFO] [stdout] help: if you import `Builder`, refer to it directly
[INFO] [stdout]   |
[INFO] [stdout] 3 - let builder = ir::Builder::from(&mut component, &sigs, validate);
[INFO] [stdout] 3 + let builder = Builder::from(&mut component, &sigs, validate);
[INFO] [stdout]   |
[INFO] [stdout] 
[INFO] [stdout] error[E0425]: cannot find value `component` in this scope
[INFO] [stdout]  --> src/macros.rs:72:38
[INFO] [stdout]   |
[INFO] [stdout] 3 | let builder = ir::Builder::from(&mut component, &sigs, validate);
[INFO] [stdout]   |                                      ^^^^^^^^^ not found in this scope
[INFO] [stdout]   |
[INFO] [stdout] help: consider importing one of these items
[INFO] [stdout]   |
[INFO] [stdout] 2 + use calyx_frontend::parser::AliasedRule::component;
[INFO] [stdout]   |
[INFO] [stdout] 2 + use calyx_frontend::parser::Rule::component;
[INFO] [stdout]   |
[INFO] [stdout] 
[INFO] [stdout] error[E0425]: cannot find value `sigs` in this scope
[INFO] [stdout]  --> src/macros.rs:72:50
[INFO] [stdout]   |
[INFO] [stdout] 3 | let builder = ir::Builder::from(&mut component, &sigs, validate);
[INFO] [stdout]   |                                                  ^^^^ not found in this scope
[INFO] [stdout] 
[INFO] [stdout] error[E0425]: cannot find value `validate` in this scope
[INFO] [stdout]  --> src/macros.rs:72:56
[INFO] [stdout]   |
[INFO] [stdout] 3 | let builder = ir::Builder::from(&mut component, &sigs, validate);
[INFO] [stdout]   |                                                        ^^^^^^^^ not found in this scope
[INFO] [stdout] 
[INFO] [stdout] error: aborting due to 5 previous errors
[INFO] [stdout] 
[INFO] [stdout] Some errors have detailed explanations: E0425, E0433.
[INFO] [stdout] For more information about an error, try `rustc --explain E0425`.
[INFO] [stdout] Couldn't compile the test.
[INFO] [stdout] 
[INFO] [stdout] failures:
[INFO] [stdout]     src/builder.rs - builder::Builder<'a>::add_primitive (line 206)
[INFO] [stdout]     src/guard.rs - guard::Guard<T> (line 577)
[INFO] [stdout]     src/guard.rs - guard::Guard<T> (line 592)
[INFO] [stdout]     src/guard.rs - guard::Guard<T> (line 607)
[INFO] [stdout]     src/guard.rs - guard::Guard<T> (line 640)
[INFO] [stdout]     src/guard.rs - guard::Guard<T> (line 653)
[INFO] [stdout]     src/macros.rs - macros::build_assignments (line 102)
[INFO] [stdout]     src/macros.rs - macros::guard (line 6)
[INFO] [stdout]     src/macros.rs - macros::structure (line 71)
[INFO] [stdout]     src/rewriter.rs - rewriter::Rewriter::get_cell_port_rewrite (line 42)
[INFO] [stdout]     src/rewriter.rs - rewriter::Rewriter::get_cell_port_rewrite (line 46)
[INFO] [stdout] 
[INFO] [stdout] test result: FAILED. 0 passed; 11 failed; 0 ignored; 0 measured; 0 filtered out; finished in 0.45s
[INFO] [stdout] 
[INFO] [stderr] error: doctest failed, to rerun pass `--doc`
[INFO] running `Command { std: "docker" "inspect" "15bb436cc0e1e34c8c70749473882bf0f7b19e7f30328c5514bc0eaa28ec5abd", kill_on_drop: false }`
[INFO] running `Command { std: "docker" "rm" "-f" "15bb436cc0e1e34c8c70749473882bf0f7b19e7f30328c5514bc0eaa28ec5abd", kill_on_drop: false }`
[INFO] [stdout] 15bb436cc0e1e34c8c70749473882bf0f7b19e7f30328c5514bc0eaa28ec5abd
