[INFO] fetching crate cable 0.1.1...
[INFO] testing cable-0.1.1 against 1.75.0 for beta-1.76-1
[INFO] extracting crate cable 0.1.1 into /workspace/builds/worker-2-tc1/source
[INFO] validating manifest of crates.io crate cable 0.1.1 on toolchain 1.75.0
[INFO] running `Command { std: CARGO_HOME="/workspace/cargo-home" RUSTUP_HOME="/workspace/rustup-home" "/workspace/cargo-home/bin/cargo" "+1.75.0" "metadata" "--manifest-path" "Cargo.toml" "--no-deps", kill_on_drop: false }`
[INFO] started tweaking crates.io crate cable 0.1.1
[INFO] finished tweaking crates.io crate cable 0.1.1
[INFO] tweaked toml for crates.io crate cable 0.1.1 written to /workspace/builds/worker-2-tc1/source/Cargo.toml
[INFO] running `Command { std: CARGO_HOME="/workspace/cargo-home" RUSTUP_HOME="/workspace/rustup-home" "/workspace/cargo-home/bin/cargo" "+1.75.0" "generate-lockfile" "--manifest-path" "Cargo.toml", kill_on_drop: false }`
[INFO] running `Command { std: CARGO_HOME="/workspace/cargo-home" RUSTUP_HOME="/workspace/rustup-home" "/workspace/cargo-home/bin/cargo" "+1.75.0" "fetch" "--manifest-path" "Cargo.toml", kill_on_drop: false }`
[INFO] running `Command { std: "docker" "create" "-v" "/var/lib/crater-agent-workspace/builds/worker-2-tc1/target:/opt/rustwide/target:rw,Z" "-v" "/var/lib/crater-agent-workspace/builds/worker-2-tc1/source:/opt/rustwide/workdir:ro,Z" "-v" "/var/lib/crater-agent-workspace/cargo-home:/opt/rustwide/cargo-home:ro,Z" "-v" "/var/lib/crater-agent-workspace/rustup-home:/opt/rustwide/rustup-home:ro,Z" "-e" "SOURCE_DIR=/opt/rustwide/workdir" "-e" "CARGO_TARGET_DIR=/opt/rustwide/target" "-e" "CARGO_HOME=/opt/rustwide/cargo-home" "-e" "RUSTUP_HOME=/opt/rustwide/rustup-home" "-w" "/opt/rustwide/workdir" "-m" "1610612736" "--user" "0:0" "--network" "none" "ghcr.io/rust-lang/crates-build-env/linux@sha256:2788e3201cd34a07e3172128adcd8b3090168a8e3bcc40d7c032b9dda1df7d1c" "/opt/rustwide/cargo-home/bin/cargo" "+1.75.0" "metadata" "--no-deps" "--format-version=1", kill_on_drop: false }`
[INFO] [stdout] 995f86e7546e3b687972f83d56b4c6a989c2879f062072aaf52d612189cfe2c5
[INFO] running `Command { std: "docker" "start" "-a" "995f86e7546e3b687972f83d56b4c6a989c2879f062072aaf52d612189cfe2c5", kill_on_drop: false }`
[INFO] running `Command { std: "docker" "inspect" "995f86e7546e3b687972f83d56b4c6a989c2879f062072aaf52d612189cfe2c5", kill_on_drop: false }`
[INFO] running `Command { std: "docker" "rm" "-f" "995f86e7546e3b687972f83d56b4c6a989c2879f062072aaf52d612189cfe2c5", kill_on_drop: false }`
[INFO] [stdout] 995f86e7546e3b687972f83d56b4c6a989c2879f062072aaf52d612189cfe2c5
[INFO] running `Command { std: "docker" "create" "-v" "/var/lib/crater-agent-workspace/builds/worker-2-tc1/target:/opt/rustwide/target:rw,Z" "-v" "/var/lib/crater-agent-workspace/builds/worker-2-tc1/source:/opt/rustwide/workdir:ro,Z" "-v" "/var/lib/crater-agent-workspace/cargo-home:/opt/rustwide/cargo-home:ro,Z" "-v" "/var/lib/crater-agent-workspace/rustup-home:/opt/rustwide/rustup-home:ro,Z" "-e" "SOURCE_DIR=/opt/rustwide/workdir" "-e" "CARGO_TARGET_DIR=/opt/rustwide/target" "-e" "CARGO_INCREMENTAL=0" "-e" "RUST_BACKTRACE=full" "-e" "RUSTFLAGS=--cap-lints=warn" "-e" "RUSTDOCFLAGS=--cap-lints=warn" "-e" "CARGO_HOME=/opt/rustwide/cargo-home" "-e" "RUSTUP_HOME=/opt/rustwide/rustup-home" "-w" "/opt/rustwide/workdir" "-m" "1610612736" "--user" "0:0" "--network" "none" "ghcr.io/rust-lang/crates-build-env/linux@sha256:2788e3201cd34a07e3172128adcd8b3090168a8e3bcc40d7c032b9dda1df7d1c" "/opt/rustwide/cargo-home/bin/cargo" "+1.75.0" "build" "--frozen" "--message-format=json", kill_on_drop: false }`
[INFO] [stdout] af486f4529ce4b069653d26cbe398442d4916d26024b083919472715e075c689
[INFO] running `Command { std: "docker" "start" "-a" "af486f4529ce4b069653d26cbe398442d4916d26024b083919472715e075c689", kill_on_drop: false }`
[INFO] [stderr]    Compiling cable v0.1.1 (/opt/rustwide/workdir)
[INFO] [stderr]     Finished dev [unoptimized + debuginfo] target(s) in 0.06s
[INFO] running `Command { std: "docker" "inspect" "af486f4529ce4b069653d26cbe398442d4916d26024b083919472715e075c689", kill_on_drop: false }`
[INFO] running `Command { std: "docker" "rm" "-f" "af486f4529ce4b069653d26cbe398442d4916d26024b083919472715e075c689", kill_on_drop: false }`
[INFO] [stdout] af486f4529ce4b069653d26cbe398442d4916d26024b083919472715e075c689
[INFO] running `Command { std: "docker" "create" "-v" "/var/lib/crater-agent-workspace/builds/worker-2-tc1/target:/opt/rustwide/target:rw,Z" "-v" "/var/lib/crater-agent-workspace/builds/worker-2-tc1/source:/opt/rustwide/workdir:ro,Z" "-v" "/var/lib/crater-agent-workspace/cargo-home:/opt/rustwide/cargo-home:ro,Z" "-v" "/var/lib/crater-agent-workspace/rustup-home:/opt/rustwide/rustup-home:ro,Z" "-e" "SOURCE_DIR=/opt/rustwide/workdir" "-e" "CARGO_TARGET_DIR=/opt/rustwide/target" "-e" "CARGO_INCREMENTAL=0" "-e" "RUST_BACKTRACE=full" "-e" "RUSTFLAGS=--cap-lints=warn" "-e" "RUSTDOCFLAGS=--cap-lints=warn" "-e" "CARGO_HOME=/opt/rustwide/cargo-home" "-e" "RUSTUP_HOME=/opt/rustwide/rustup-home" "-w" "/opt/rustwide/workdir" "-m" "1610612736" "--user" "0:0" "--network" "none" "ghcr.io/rust-lang/crates-build-env/linux@sha256:2788e3201cd34a07e3172128adcd8b3090168a8e3bcc40d7c032b9dda1df7d1c" "/opt/rustwide/cargo-home/bin/cargo" "+1.75.0" "test" "--frozen" "--no-run" "--message-format=json", kill_on_drop: false }`
[INFO] [stdout] 6ca8126b116e3f8cfedc7dfdd5a74250a926306a32c406837f72a108c0f844c0
[INFO] running `Command { std: "docker" "start" "-a" "6ca8126b116e3f8cfedc7dfdd5a74250a926306a32c406837f72a108c0f844c0", kill_on_drop: false }`
[INFO] [stderr]    Compiling cable v0.1.1 (/opt/rustwide/workdir)
[INFO] [stderr]     Finished test [unoptimized + debuginfo] target(s) in 0.19s
[INFO] running `Command { std: "docker" "inspect" "6ca8126b116e3f8cfedc7dfdd5a74250a926306a32c406837f72a108c0f844c0", kill_on_drop: false }`
[INFO] running `Command { std: "docker" "rm" "-f" "6ca8126b116e3f8cfedc7dfdd5a74250a926306a32c406837f72a108c0f844c0", kill_on_drop: false }`
[INFO] [stdout] 6ca8126b116e3f8cfedc7dfdd5a74250a926306a32c406837f72a108c0f844c0
[INFO] running `Command { std: "docker" "create" "-v" "/var/lib/crater-agent-workspace/builds/worker-2-tc1/target:/opt/rustwide/target:rw,Z" "-v" "/var/lib/crater-agent-workspace/builds/worker-2-tc1/source:/opt/rustwide/workdir:ro,Z" "-v" "/var/lib/crater-agent-workspace/cargo-home:/opt/rustwide/cargo-home:ro,Z" "-v" "/var/lib/crater-agent-workspace/rustup-home:/opt/rustwide/rustup-home:ro,Z" "-e" "SOURCE_DIR=/opt/rustwide/workdir" "-e" "CARGO_TARGET_DIR=/opt/rustwide/target" "-e" "CARGO_INCREMENTAL=0" "-e" "RUST_BACKTRACE=full" "-e" "RUSTFLAGS=--cap-lints=warn" "-e" "RUSTDOCFLAGS=--cap-lints=warn" "-e" "CARGO_HOME=/opt/rustwide/cargo-home" "-e" "RUSTUP_HOME=/opt/rustwide/rustup-home" "-w" "/opt/rustwide/workdir" "-m" "1610612736" "--user" "0:0" "--network" "none" "ghcr.io/rust-lang/crates-build-env/linux@sha256:2788e3201cd34a07e3172128adcd8b3090168a8e3bcc40d7c032b9dda1df7d1c" "/opt/rustwide/cargo-home/bin/cargo" "+1.75.0" "test" "--frozen", kill_on_drop: false }`
[INFO] [stdout] b7faed91447dda8eb67267adfb0d26c049d9c8fea5886b9434cf60df7943e492
[INFO] running `Command { std: "docker" "start" "-a" "b7faed91447dda8eb67267adfb0d26c049d9c8fea5886b9434cf60df7943e492", kill_on_drop: false }`
[INFO] [stderr]     Finished test [unoptimized + debuginfo] target(s) in 0.00s
[INFO] [stderr]      Running unittests src/lib.rs (/opt/rustwide/target/debug/deps/cable-2cf0fe3dd209ee73)
[INFO] [stdout] 
[INFO] [stdout] running 0 tests
[INFO] [stdout] 
[INFO] [stdout] test result: ok. 0 passed; 0 failed; 0 ignored; 0 measured; 0 filtered out; finished in 0.00s
[INFO] [stdout] 
[INFO] [stderr]    Doc-tests cable
[INFO] [stdout] 
[INFO] [stdout] running 5 tests
[INFO] [stdout] test src/lib.rs - Cable (line 77) ... FAILED
[INFO] [stdout] test src/lib.rs - Cable (line 46) ... FAILED
[INFO] [stdout] test src/lib.rs - Cable (line 33) ... FAILED
[INFO] [stdout] test src/lib.rs - Cable (line 17) ... FAILED
[INFO] [stdout] test src/lib.rs - Cable (line 60) ... FAILED
[INFO] [stdout] 
[INFO] [stdout] failures:
[INFO] [stdout] 
[INFO] [stdout] ---- src/lib.rs - Cable (line 77) stdout ----
[INFO] [stdout] error[E0412]: cannot find type `Cable` in this scope
[INFO] [stdout]  --> src/lib.rs:78:12
[INFO] [stdout]   |
[INFO] [stdout] 3 | let mut x: Cable<i32> = Cable::new();
[INFO] [stdout]   |            ^^^^^ not found in this scope
[INFO] [stdout]   |
[INFO] [stdout] help: consider importing this struct
[INFO] [stdout]   |
[INFO] [stdout] 2 + use cable::Cable;
[INFO] [stdout]   |
[INFO] [stdout] 
[INFO] [stdout] error[E0433]: failed to resolve: use of undeclared type `Cable`
[INFO] [stdout]  --> src/lib.rs:78:25
[INFO] [stdout]   |
[INFO] [stdout] 3 | let mut x: Cable<i32> = Cable::new();
[INFO] [stdout]   |                         ^^^^^ use of undeclared type `Cable`
[INFO] [stdout]   |
[INFO] [stdout] help: consider importing this struct
[INFO] [stdout]   |
[INFO] [stdout] 2 + use cable::Cable;
[INFO] [stdout]   |
[INFO] [stdout] 
[INFO] [stdout] error: aborting due to 2 previous errors
[INFO] [stdout] 
[INFO] [stdout] Some errors have detailed explanations: E0412, E0433.
[INFO] [stdout] For more information about an error, try `rustc --explain E0412`.
[INFO] [stdout] Couldn't compile the test.
[INFO] [stdout] ---- src/lib.rs - Cable (line 46) stdout ----
[INFO] [stdout] error[E0412]: cannot find type `Cable` in this scope
[INFO] [stdout]  --> src/lib.rs:47:16
[INFO] [stdout]   |
[INFO] [stdout] 3 | let mut x: Vec<Cable<i32>> = Vec::with_capacity(24);
[INFO] [stdout]   |                ^^^^^ not found in this scope
[INFO] [stdout]   |
[INFO] [stdout] help: consider importing this struct
[INFO] [stdout]   |
[INFO] [stdout] 2 + use cable::Cable;
[INFO] [stdout]   |
[INFO] [stdout] 
[INFO] [stdout] error[E0433]: failed to resolve: use of undeclared type `Cable`
[INFO] [stdout]  --> src/lib.rs:48:8
[INFO] [stdout]   |
[INFO] [stdout] 4 | x.push(Cable::with_capacity(2));
[INFO] [stdout]   |        ^^^^^ use of undeclared type `Cable`
[INFO] [stdout]   |
[INFO] [stdout] help: consider importing this struct
[INFO] [stdout]   |
[INFO] [stdout] 2 + use cable::Cable;
[INFO] [stdout]   |
[INFO] [stdout] 
[INFO] [stdout] error[E0433]: failed to resolve: use of undeclared type `Cable`
[INFO] [stdout]  --> src/lib.rs:52:8
[INFO] [stdout]   |
[INFO] [stdout] 8 | x.push(Cable::with_capacity(8));
[INFO] [stdout]   |        ^^^^^ use of undeclared type `Cable`
[INFO] [stdout]   |
[INFO] [stdout] help: consider importing this struct
[INFO] [stdout]   |
[INFO] [stdout] 2 + use cable::Cable;
[INFO] [stdout]   |
[INFO] [stdout] 
[INFO] [stdout] error: aborting due to 3 previous errors
[INFO] [stdout] 
[INFO] [stdout] Some errors have detailed explanations: E0412, E0433.
[INFO] [stdout] For more information about an error, try `rustc --explain E0412`.
[INFO] [stdout] Couldn't compile the test.
[INFO] [stdout] ---- src/lib.rs - Cable (line 33) stdout ----
[INFO] [stdout] error[E0412]: cannot find type `Cable` in this scope
[INFO] [stdout]  --> src/lib.rs:34:15
[INFO] [stdout]   |
[INFO] [stdout] 3 | let mut data: Cable<i32, usize> = Cable::with_capacity(24, 6); // allocate capacity for 24 elements
[INFO] [stdout]   |               ^^^^^ not found in this scope
[INFO] [stdout]   |
[INFO] [stdout] help: consider importing this struct
[INFO] [stdout]   |
[INFO] [stdout] 2 + use cable::Cable;
[INFO] [stdout]   |
[INFO] [stdout] 
[INFO] [stdout] error[E0433]: failed to resolve: use of undeclared type `Cable`
[INFO] [stdout]  --> src/lib.rs:34:35
[INFO] [stdout]   |
[INFO] [stdout] 3 | let mut data: Cable<i32, usize> = Cable::with_capacity(24, 6); // allocate capacity for 24 elements
[INFO] [stdout]   |                                   ^^^^^ use of undeclared type `Cable`
[INFO] [stdout]   |
[INFO] [stdout] help: consider importing this struct
[INFO] [stdout]   |
[INFO] [stdout] 2 + use cable::Cable;
[INFO] [stdout]   |
[INFO] [stdout] 
[INFO] [stdout] error: aborting due to 2 previous errors
[INFO] [stdout] 
[INFO] [stdout] Some errors have detailed explanations: E0412, E0433.
[INFO] [stdout] For more information about an error, try `rustc --explain E0412`.
[INFO] [stdout] Couldn't compile the test.
[INFO] [stdout] ---- src/lib.rs - Cable (line 17) stdout ----
[INFO] [stdout] error[E0412]: cannot find type `Cable` in this scope
[INFO] [stdout]  --> src/lib.rs:18:15
[INFO] [stdout]   |
[INFO] [stdout] 3 | let mut data: Cable<f64, (i32, i32, i32, i32)> = Cable::with_capacity_zeroed(8, (1, 2, 3, 4));
[INFO] [stdout]   |               ^^^^^ not found in this scope
[INFO] [stdout]   |
[INFO] [stdout] help: consider importing this struct
[INFO] [stdout]   |
[INFO] [stdout] 2 + use cable::Cable;
[INFO] [stdout]   |
[INFO] [stdout] 
[INFO] [stdout] error[E0433]: failed to resolve: use of undeclared type `Cable`
[INFO] [stdout]  --> src/lib.rs:18:50
[INFO] [stdout]   |
[INFO] [stdout] 3 | let mut data: Cable<f64, (i32, i32, i32, i32)> = Cable::with_capacity_zeroed(8, (1, 2, 3, 4));
[INFO] [stdout]   |                                                  ^^^^^ use of undeclared type `Cable`
[INFO] [stdout]   |
[INFO] [stdout] help: consider importing this struct
[INFO] [stdout]   |
[INFO] [stdout] 2 + use cable::Cable;
[INFO] [stdout]   |
[INFO] [stdout] 
[INFO] [stdout] error: aborting due to 2 previous errors
[INFO] [stdout] 
[INFO] [stdout] Some errors have detailed explanations: E0412, E0433.
[INFO] [stdout] For more information about an error, try `rustc --explain E0412`.
[INFO] [stdout] Couldn't compile the test.
[INFO] [stdout] ---- src/lib.rs - Cable (line 60) stdout ----
[INFO] [stdout] error[E0412]: cannot find type `Cable` in this scope
[INFO] [stdout]  --> src/lib.rs:67:12
[INFO] [stdout]   |
[INFO] [stdout] 9 | let mut x: Cable<i32, Info> = Cable::with_capacity(
[INFO] [stdout]   |            ^^^^^ not found in this scope
[INFO] [stdout]   |
[INFO] [stdout] help: consider importing this struct
[INFO] [stdout]   |
[INFO] [stdout] 2 + use cable::Cable;
[INFO] [stdout]   |
[INFO] [stdout] 
[INFO] [stdout] error[E0433]: failed to resolve: use of undeclared type `Cable`
[INFO] [stdout]  --> src/lib.rs:67:31
[INFO] [stdout]   |
[INFO] [stdout] 9 | let mut x: Cable<i32, Info> = Cable::with_capacity(
[INFO] [stdout]   |                               ^^^^^ use of undeclared type `Cable`
[INFO] [stdout]   |
[INFO] [stdout] help: consider importing this struct
[INFO] [stdout]   |
[INFO] [stdout] 2 + use cable::Cable;
[INFO] [stdout]   |
[INFO] [stdout] 
[INFO] [stdout] error: aborting due to 2 previous errors
[INFO] [stdout] 
[INFO] [stdout] Some errors have detailed explanations: E0412, E0433.
[INFO] [stdout] For more information about an error, try `rustc --explain E0412`.
[INFO] [stdout] Couldn't compile the test.
[INFO] [stdout] 
[INFO] [stdout] failures:
[INFO] [stdout]     src/lib.rs - Cable (line 17)
[INFO] [stdout]     src/lib.rs - Cable (line 33)
[INFO] [stdout]     src/lib.rs - Cable (line 46)
[INFO] [stdout]     src/lib.rs - Cable (line 60)
[INFO] [stdout]     src/lib.rs - Cable (line 77)
[INFO] [stdout] 
[INFO] [stdout] test result: FAILED. 0 passed; 5 failed; 0 ignored; 0 measured; 0 filtered out; finished in 0.05s
[INFO] [stdout] 
[INFO] [stderr] error: doctest failed, to rerun pass `--doc`
[INFO] running `Command { std: "docker" "inspect" "b7faed91447dda8eb67267adfb0d26c049d9c8fea5886b9434cf60df7943e492", kill_on_drop: false }`
[INFO] running `Command { std: "docker" "rm" "-f" "b7faed91447dda8eb67267adfb0d26c049d9c8fea5886b9434cf60df7943e492", kill_on_drop: false }`
[INFO] [stdout] b7faed91447dda8eb67267adfb0d26c049d9c8fea5886b9434cf60df7943e492
