[INFO] fetching crate c3d-rs 0.1.7...
[INFO] testing c3d-rs-0.1.7 against 1.75.0 for beta-1.76-1
[INFO] extracting crate c3d-rs 0.1.7 into /workspace/builds/worker-6-tc1/source
[INFO] validating manifest of crates.io crate c3d-rs 0.1.7 on toolchain 1.75.0
[INFO] running `Command { std: CARGO_HOME="/workspace/cargo-home" RUSTUP_HOME="/workspace/rustup-home" "/workspace/cargo-home/bin/cargo" "+1.75.0" "metadata" "--manifest-path" "Cargo.toml" "--no-deps", kill_on_drop: false }`
[INFO] started tweaking crates.io crate c3d-rs 0.1.7
[INFO] finished tweaking crates.io crate c3d-rs 0.1.7
[INFO] tweaked toml for crates.io crate c3d-rs 0.1.7 written to /workspace/builds/worker-6-tc1/source/Cargo.toml
[INFO] running `Command { std: CARGO_HOME="/workspace/cargo-home" RUSTUP_HOME="/workspace/rustup-home" "/workspace/cargo-home/bin/cargo" "+1.75.0" "generate-lockfile" "--manifest-path" "Cargo.toml", kill_on_drop: false }`
[INFO] [stderr]     Updating crates.io index
[INFO] running `Command { std: CARGO_HOME="/workspace/cargo-home" RUSTUP_HOME="/workspace/rustup-home" "/workspace/cargo-home/bin/cargo" "+1.75.0" "fetch" "--manifest-path" "Cargo.toml", kill_on_drop: false }`
[INFO] [stderr]  Downloading crates ...
[INFO] [stderr]   Downloaded sval_nested v2.11.0
[INFO] [stderr]   Downloaded serde_fmt v1.0.3
[INFO] [stderr]   Downloaded sval_ref v2.11.0
[INFO] [stderr]   Downloaded erased-serde v0.4.2
[INFO] [stderr]   Downloaded sval_buffer v2.11.0
[INFO] [stderr]   Downloaded value-bag-serde1 v1.4.3
[INFO] [stderr]   Downloaded value-bag-sval2 v1.4.3
[INFO] [stderr]   Downloaded sval_dynamic v2.11.0
[INFO] [stderr]   Downloaded sval v2.11.0
[INFO] [stderr]   Downloaded sval_fmt v2.11.0
[INFO] [stderr]   Downloaded sval_json v2.11.0
[INFO] [stderr]   Downloaded sval_serde v2.11.0
[INFO] [stderr]   Downloaded femme v2.2.1
[INFO] running `Command { std: "docker" "create" "-v" "/var/lib/crater-agent-workspace/builds/worker-6-tc1/target:/opt/rustwide/target:rw,Z" "-v" "/var/lib/crater-agent-workspace/builds/worker-6-tc1/source:/opt/rustwide/workdir:ro,Z" "-v" "/var/lib/crater-agent-workspace/cargo-home:/opt/rustwide/cargo-home:ro,Z" "-v" "/var/lib/crater-agent-workspace/rustup-home:/opt/rustwide/rustup-home:ro,Z" "-e" "SOURCE_DIR=/opt/rustwide/workdir" "-e" "CARGO_TARGET_DIR=/opt/rustwide/target" "-e" "CARGO_HOME=/opt/rustwide/cargo-home" "-e" "RUSTUP_HOME=/opt/rustwide/rustup-home" "-w" "/opt/rustwide/workdir" "-m" "1610612736" "--user" "0:0" "--network" "none" "ghcr.io/rust-lang/crates-build-env/linux@sha256:2788e3201cd34a07e3172128adcd8b3090168a8e3bcc40d7c032b9dda1df7d1c" "/opt/rustwide/cargo-home/bin/cargo" "+1.75.0" "metadata" "--no-deps" "--format-version=1", kill_on_drop: false }`
[INFO] [stdout] 6be0bf6288e13f0a60e069e3a636b0182d1b7a05803d2ce1c38c01d823b2c42b
[INFO] running `Command { std: "docker" "start" "-a" "6be0bf6288e13f0a60e069e3a636b0182d1b7a05803d2ce1c38c01d823b2c42b", kill_on_drop: false }`
[INFO] running `Command { std: "docker" "inspect" "6be0bf6288e13f0a60e069e3a636b0182d1b7a05803d2ce1c38c01d823b2c42b", kill_on_drop: false }`
[INFO] running `Command { std: "docker" "rm" "-f" "6be0bf6288e13f0a60e069e3a636b0182d1b7a05803d2ce1c38c01d823b2c42b", kill_on_drop: false }`
[INFO] [stdout] 6be0bf6288e13f0a60e069e3a636b0182d1b7a05803d2ce1c38c01d823b2c42b
[INFO] running `Command { std: "docker" "create" "-v" "/var/lib/crater-agent-workspace/builds/worker-6-tc1/target:/opt/rustwide/target:rw,Z" "-v" "/var/lib/crater-agent-workspace/builds/worker-6-tc1/source:/opt/rustwide/workdir:ro,Z" "-v" "/var/lib/crater-agent-workspace/cargo-home:/opt/rustwide/cargo-home:ro,Z" "-v" "/var/lib/crater-agent-workspace/rustup-home:/opt/rustwide/rustup-home:ro,Z" "-e" "SOURCE_DIR=/opt/rustwide/workdir" "-e" "CARGO_TARGET_DIR=/opt/rustwide/target" "-e" "CARGO_INCREMENTAL=0" "-e" "RUST_BACKTRACE=full" "-e" "RUSTFLAGS=--cap-lints=warn" "-e" "RUSTDOCFLAGS=--cap-lints=warn" "-e" "CARGO_HOME=/opt/rustwide/cargo-home" "-e" "RUSTUP_HOME=/opt/rustwide/rustup-home" "-w" "/opt/rustwide/workdir" "-m" "1610612736" "--user" "0:0" "--network" "none" "ghcr.io/rust-lang/crates-build-env/linux@sha256:2788e3201cd34a07e3172128adcd8b3090168a8e3bcc40d7c032b9dda1df7d1c" "/opt/rustwide/cargo-home/bin/cargo" "+1.75.0" "build" "--frozen" "--message-format=json", kill_on_drop: false }`
[INFO] [stdout] 3e4e483b7cee72aa58298c019225528d480a8e1b5b1ddf293207b1de0c49191b
[INFO] running `Command { std: "docker" "start" "-a" "3e4e483b7cee72aa58298c019225528d480a8e1b5b1ddf293207b1de0c49191b", kill_on_drop: false }`
[INFO] [stderr]    Compiling serde v1.0.194
[INFO] [stderr]    Compiling anyhow v1.0.79
[INFO] [stderr]    Compiling syn v2.0.48
[INFO] [stderr]    Compiling thiserror-impl v1.0.56
[INFO] [stderr]    Compiling serde_fmt v1.0.3
[INFO] [stderr]    Compiling erased-serde v0.4.2
[INFO] [stderr]    Compiling value-bag-serde1 v1.4.3
[INFO] [stderr]    Compiling value-bag v1.4.3
[INFO] [stderr]    Compiling log v0.4.20
[INFO] [stderr]    Compiling thiserror v1.0.56
[INFO] [stderr]    Compiling c3d-rs v0.1.7 (/opt/rustwide/workdir)
[INFO] [stdout] warning: unused import: `std::fs::File`
[INFO] [stdout]  --> src/lib.rs:5:5
[INFO] [stdout]   |
[INFO] [stdout] 5 | use std::fs::File;
[INFO] [stdout]   |     ^^^^^^^^^^^^^
[INFO] [stdout]   |
[INFO] [stdout]   = note: `#[warn(unused_imports)]` on by default
[INFO] [stdout] 
[INFO] [stdout] 
[INFO] [stdout] warning: field `parameter` is never read
[INFO] [stdout]   --> src/lib.rs:69:5
[INFO] [stdout]    |
[INFO] [stdout] 67 | pub struct C3dReader<'a, R: Read + Seek> {
[INFO] [stdout]    |            --------- field in this struct
[INFO] [stdout] 68 |     header: &'a HeaderBlock,
[INFO] [stdout] 69 |     parameter: &'a ParameterBlock,
[INFO] [stdout]    |     ^^^^^^^^^
[INFO] [stdout]    |
[INFO] [stdout]    = note: `#[warn(dead_code)]` on by default
[INFO] [stdout] 
[INFO] [stdout] 
[INFO] [stdout] warning: fields `name_chars_size`, `id`, `offset`, and `desc_chars_size` are never read
[INFO] [stdout]    --> src/lib.rs:611:5
[INFO] [stdout]     |
[INFO] [stdout] 609 | pub struct ParameterFormat {
[INFO] [stdout]     |            --------------- fields in this struct
[INFO] [stdout] 610 |     // indicates "locked" if value is negative.
[INFO] [stdout] 611 |     name_chars_size: u8,
[INFO] [stdout]     |     ^^^^^^^^^^^^^^^
[INFO] [stdout] 612 |     id: i8,
[INFO] [stdout]     |     ^^
[INFO] [stdout] 613 |     pub name: String,
[INFO] [stdout] 614 |     offset: i16,
[INFO] [stdout]     |     ^^^^^^
[INFO] [stdout] ...
[INFO] [stdout] 619 |     desc_chars_size: u8,
[INFO] [stdout]     |     ^^^^^^^^^^^^^^^
[INFO] [stdout]     |
[INFO] [stdout]     = note: `ParameterFormat` has a derived impl for the trait `Debug`, but this is intentionally ignored during dead code analysis
[INFO] [stdout] 
[INFO] [stdout] 
[INFO] [stdout] warning: using `.clone()` on a double reference, which returns `&mut &[u8]` instead of cloning the inner type
[INFO] [stdout]    --> src/lib.rs:190:32
[INFO] [stdout]     |
[INFO] [stdout] 190 | ...                   arr.clone().read_exact(&mut buf).unwrap();
[INFO] [stdout]     |                          ^^^^^^^^
[INFO] [stdout]     |
[INFO] [stdout]     = note: `#[warn(suspicious_double_ref_op)]` on by default
[INFO] [stdout] 
[INFO] [stdout] 
[INFO] [stdout] warning: using `.clone()` on a double reference, which returns `&mut &[u8]` instead of cloning the inner type
[INFO] [stdout]    --> src/lib.rs:194:32
[INFO] [stdout]     |
[INFO] [stdout] 194 | ...                   arr.clone().read_exact(&mut buf).unwrap();
[INFO] [stdout]     |                          ^^^^^^^^
[INFO] [stdout] 
[INFO] [stdout] 
[INFO] [stdout] warning: using `.clone()` on a double reference, which returns `&mut &[u8]` instead of cloning the inner type
[INFO] [stdout]    --> src/lib.rs:242:29
[INFO] [stdout]     |
[INFO] [stdout] 242 |                         (arr.clone()).read_exact(&mut buf).unwrap();
[INFO] [stdout]     |                             ^^^^^^^^^
[INFO] [stdout] 
[INFO] [stdout] 
[INFO] [stdout] warning: using `.clone()` on a double reference, which returns `&mut &[u8]` instead of cloning the inner type
[INFO] [stdout]    --> src/lib.rs:247:33
[INFO] [stdout]     |
[INFO] [stdout] 247 | ...                   (arr.clone()).read_exact(&mut buf).unwrap();
[INFO] [stdout]     |                           ^^^^^^^^^
[INFO] [stdout] 
[INFO] [stdout] 
[INFO] [stdout] warning: using `.clone()` on a double reference, which returns `&mut &[u8]` instead of cloning the inner type
[INFO] [stdout]    --> src/lib.rs:250:33
[INFO] [stdout]     |
[INFO] [stdout] 250 | ...                   (arr.clone()).read_exact(&mut buf).unwrap();
[INFO] [stdout]     |                           ^^^^^^^^^
[INFO] [stdout] 
[INFO] [stdout] 
[INFO] [stdout] warning: using `.clone()` on a double reference, which returns `&mut &[u8]` instead of cloning the inner type
[INFO] [stdout]    --> src/lib.rs:487:33
[INFO] [stdout]     |
[INFO] [stdout] 487 | ...                   (arr.clone()).read_exact(&mut buf).unwrap();
[INFO] [stdout]     |                           ^^^^^^^^^
[INFO] [stdout] 
[INFO] [stdout] 
[INFO] [stdout] warning: using `.clone()` on a double reference, which returns `&mut &[u8]` instead of cloning the inner type
[INFO] [stdout]    --> src/lib.rs:493:33
[INFO] [stdout]     |
[INFO] [stdout] 493 | ...                   (arr.clone()).read_exact(&mut buf).unwrap();
[INFO] [stdout]     |                           ^^^^^^^^^
[INFO] [stdout] 
[INFO] [stdout] 
[INFO] [stdout] warning: 10 warnings emitted
[INFO] [stdout] 
[INFO] [stdout] 
[INFO] [stderr]     Finished dev [unoptimized + debuginfo] target(s) in 5.77s
[INFO] running `Command { std: "docker" "inspect" "3e4e483b7cee72aa58298c019225528d480a8e1b5b1ddf293207b1de0c49191b", kill_on_drop: false }`
[INFO] running `Command { std: "docker" "rm" "-f" "3e4e483b7cee72aa58298c019225528d480a8e1b5b1ddf293207b1de0c49191b", kill_on_drop: false }`
[INFO] [stdout] 3e4e483b7cee72aa58298c019225528d480a8e1b5b1ddf293207b1de0c49191b
[INFO] running `Command { std: "docker" "create" "-v" "/var/lib/crater-agent-workspace/builds/worker-6-tc1/target:/opt/rustwide/target:rw,Z" "-v" "/var/lib/crater-agent-workspace/builds/worker-6-tc1/source:/opt/rustwide/workdir:ro,Z" "-v" "/var/lib/crater-agent-workspace/cargo-home:/opt/rustwide/cargo-home:ro,Z" "-v" "/var/lib/crater-agent-workspace/rustup-home:/opt/rustwide/rustup-home:ro,Z" "-e" "SOURCE_DIR=/opt/rustwide/workdir" "-e" "CARGO_TARGET_DIR=/opt/rustwide/target" "-e" "CARGO_INCREMENTAL=0" "-e" "RUST_BACKTRACE=full" "-e" "RUSTFLAGS=--cap-lints=warn" "-e" "RUSTDOCFLAGS=--cap-lints=warn" "-e" "CARGO_HOME=/opt/rustwide/cargo-home" "-e" "RUSTUP_HOME=/opt/rustwide/rustup-home" "-w" "/opt/rustwide/workdir" "-m" "1610612736" "--user" "0:0" "--network" "none" "ghcr.io/rust-lang/crates-build-env/linux@sha256:2788e3201cd34a07e3172128adcd8b3090168a8e3bcc40d7c032b9dda1df7d1c" "/opt/rustwide/cargo-home/bin/cargo" "+1.75.0" "test" "--frozen" "--no-run" "--message-format=json", kill_on_drop: false }`
[INFO] [stdout] 57bad1e79dbf870a12fda3a8858b00977c3136733e62edd3fbe56fd8ab163a02
[INFO] running `Command { std: "docker" "start" "-a" "57bad1e79dbf870a12fda3a8858b00977c3136733e62edd3fbe56fd8ab163a02", kill_on_drop: false }`
[INFO] [stderr]    Compiling serde_json v1.0.111
[INFO] [stderr]    Compiling serde_derive v1.0.194
[INFO] [stdout] warning: unused import: `std::fs::File`
[INFO] [stdout]  --> src/lib.rs:5:5
[INFO] [stdout]   |
[INFO] [stdout] 5 | use std::fs::File;
[INFO] [stdout]   |     ^^^^^^^^^^^^^
[INFO] [stdout]   |
[INFO] [stdout]   = note: `#[warn(unused_imports)]` on by default
[INFO] [stdout] 
[INFO] [stdout] 
[INFO] [stdout] warning: field `parameter` is never read
[INFO] [stdout]   --> src/lib.rs:69:5
[INFO] [stdout]    |
[INFO] [stdout] 67 | pub struct C3dReader<'a, R: Read + Seek> {
[INFO] [stdout]    |            --------- field in this struct
[INFO] [stdout] 68 |     header: &'a HeaderBlock,
[INFO] [stdout] 69 |     parameter: &'a ParameterBlock,
[INFO] [stdout]    |     ^^^^^^^^^
[INFO] [stdout]    |
[INFO] [stdout]    = note: `#[warn(dead_code)]` on by default
[INFO] [stdout] 
[INFO] [stdout] 
[INFO] [stdout] warning: fields `name_chars_size`, `id`, `offset`, and `desc_chars_size` are never read
[INFO] [stdout]    --> src/lib.rs:611:5
[INFO] [stdout]     |
[INFO] [stdout] 609 | pub struct ParameterFormat {
[INFO] [stdout]     |            --------------- fields in this struct
[INFO] [stdout] 610 |     // indicates "locked" if value is negative.
[INFO] [stdout] 611 |     name_chars_size: u8,
[INFO] [stdout]     |     ^^^^^^^^^^^^^^^
[INFO] [stdout] 612 |     id: i8,
[INFO] [stdout]     |     ^^
[INFO] [stdout] 613 |     pub name: String,
[INFO] [stdout] 614 |     offset: i16,
[INFO] [stdout]     |     ^^^^^^
[INFO] [stdout] ...
[INFO] [stdout] 619 |     desc_chars_size: u8,
[INFO] [stdout]     |     ^^^^^^^^^^^^^^^
[INFO] [stdout]     |
[INFO] [stdout]     = note: `ParameterFormat` has a derived impl for the trait `Debug`, but this is intentionally ignored during dead code analysis
[INFO] [stdout] 
[INFO] [stdout] 
[INFO] [stdout] warning: using `.clone()` on a double reference, which returns `&mut &[u8]` instead of cloning the inner type
[INFO] [stdout]    --> src/lib.rs:190:32
[INFO] [stdout]     |
[INFO] [stdout] 190 | ...                   arr.clone().read_exact(&mut buf).unwrap();
[INFO] [stdout]     |                          ^^^^^^^^
[INFO] [stdout]     |
[INFO] [stdout]     = note: `#[warn(suspicious_double_ref_op)]` on by default
[INFO] [stdout] 
[INFO] [stdout] 
[INFO] [stdout] warning: using `.clone()` on a double reference, which returns `&mut &[u8]` instead of cloning the inner type
[INFO] [stdout]    --> src/lib.rs:194:32
[INFO] [stdout]     |
[INFO] [stdout] 194 | ...                   arr.clone().read_exact(&mut buf).unwrap();
[INFO] [stdout]     |                          ^^^^^^^^
[INFO] [stdout] 
[INFO] [stdout] 
[INFO] [stdout] warning: using `.clone()` on a double reference, which returns `&mut &[u8]` instead of cloning the inner type
[INFO] [stdout]    --> src/lib.rs:242:29
[INFO] [stdout]     |
[INFO] [stdout] 242 |                         (arr.clone()).read_exact(&mut buf).unwrap();
[INFO] [stdout]     |                             ^^^^^^^^^
[INFO] [stdout] 
[INFO] [stdout] 
[INFO] [stdout] warning: using `.clone()` on a double reference, which returns `&mut &[u8]` instead of cloning the inner type
[INFO] [stdout]    --> src/lib.rs:247:33
[INFO] [stdout]     |
[INFO] [stdout] 247 | ...                   (arr.clone()).read_exact(&mut buf).unwrap();
[INFO] [stdout]     |                           ^^^^^^^^^
[INFO] [stdout] 
[INFO] [stdout] 
[INFO] [stdout] warning: using `.clone()` on a double reference, which returns `&mut &[u8]` instead of cloning the inner type
[INFO] [stdout]    --> src/lib.rs:250:33
[INFO] [stdout]     |
[INFO] [stdout] 250 | ...                   (arr.clone()).read_exact(&mut buf).unwrap();
[INFO] [stdout]     |                           ^^^^^^^^^
[INFO] [stdout] 
[INFO] [stdout] 
[INFO] [stdout] warning: using `.clone()` on a double reference, which returns `&mut &[u8]` instead of cloning the inner type
[INFO] [stdout]    --> src/lib.rs:487:33
[INFO] [stdout]     |
[INFO] [stdout] 487 | ...                   (arr.clone()).read_exact(&mut buf).unwrap();
[INFO] [stdout]     |                           ^^^^^^^^^
[INFO] [stdout] 
[INFO] [stdout] 
[INFO] [stdout] warning: using `.clone()` on a double reference, which returns `&mut &[u8]` instead of cloning the inner type
[INFO] [stdout]    --> src/lib.rs:493:33
[INFO] [stdout]     |
[INFO] [stdout] 493 | ...                   (arr.clone()).read_exact(&mut buf).unwrap();
[INFO] [stdout]     |                           ^^^^^^^^^
[INFO] [stdout] 
[INFO] [stdout] 
[INFO] [stdout] warning: 10 warnings emitted
[INFO] [stdout] 
[INFO] [stdout] 
[INFO] [stderr]    Compiling femme v2.2.1
[INFO] [stderr]    Compiling c3d-rs v0.1.7 (/opt/rustwide/workdir)
[INFO] [stdout] warning: field `parameter` is never read
[INFO] [stdout]   --> src/lib.rs:69:5
[INFO] [stdout]    |
[INFO] [stdout] 67 | pub struct C3dReader<'a, R: Read + Seek> {
[INFO] [stdout]    |            --------- field in this struct
[INFO] [stdout] 68 |     header: &'a HeaderBlock,
[INFO] [stdout] 69 |     parameter: &'a ParameterBlock,
[INFO] [stdout]    |     ^^^^^^^^^
[INFO] [stdout]    |
[INFO] [stdout]    = note: `#[warn(dead_code)]` on by default
[INFO] [stdout] 
[INFO] [stdout] 
[INFO] [stdout] warning: fields `name_chars_size`, `id`, `offset`, and `desc_chars_size` are never read
[INFO] [stdout]    --> src/lib.rs:611:5
[INFO] [stdout]     |
[INFO] [stdout] 609 | pub struct ParameterFormat {
[INFO] [stdout]     |            --------------- fields in this struct
[INFO] [stdout] 610 |     // indicates "locked" if value is negative.
[INFO] [stdout] 611 |     name_chars_size: u8,
[INFO] [stdout]     |     ^^^^^^^^^^^^^^^
[INFO] [stdout] 612 |     id: i8,
[INFO] [stdout]     |     ^^
[INFO] [stdout] 613 |     pub name: String,
[INFO] [stdout] 614 |     offset: i16,
[INFO] [stdout]     |     ^^^^^^
[INFO] [stdout] ...
[INFO] [stdout] 619 |     desc_chars_size: u8,
[INFO] [stdout]     |     ^^^^^^^^^^^^^^^
[INFO] [stdout]     |
[INFO] [stdout]     = note: `ParameterFormat` has a derived impl for the trait `Debug`, but this is intentionally ignored during dead code analysis
[INFO] [stdout] 
[INFO] [stdout] 
[INFO] [stdout] warning: using `.clone()` on a double reference, which returns `&mut &[u8]` instead of cloning the inner type
[INFO] [stdout]    --> src/lib.rs:190:32
[INFO] [stdout]     |
[INFO] [stdout] 190 | ...                   arr.clone().read_exact(&mut buf).unwrap();
[INFO] [stdout]     |                          ^^^^^^^^
[INFO] [stdout]     |
[INFO] [stdout]     = note: `#[warn(suspicious_double_ref_op)]` on by default
[INFO] [stdout] 
[INFO] [stdout] 
[INFO] [stdout] warning: using `.clone()` on a double reference, which returns `&mut &[u8]` instead of cloning the inner type
[INFO] [stdout]    --> src/lib.rs:194:32
[INFO] [stdout]     |
[INFO] [stdout] 194 | ...                   arr.clone().read_exact(&mut buf).unwrap();
[INFO] [stdout]     |                          ^^^^^^^^
[INFO] [stdout] 
[INFO] [stdout] 
[INFO] [stdout] warning: using `.clone()` on a double reference, which returns `&mut &[u8]` instead of cloning the inner type
[INFO] [stdout]    --> src/lib.rs:242:29
[INFO] [stdout]     |
[INFO] [stdout] 242 |                         (arr.clone()).read_exact(&mut buf).unwrap();
[INFO] [stdout]     |                             ^^^^^^^^^
[INFO] [stdout] 
[INFO] [stdout] 
[INFO] [stdout] warning: using `.clone()` on a double reference, which returns `&mut &[u8]` instead of cloning the inner type
[INFO] [stdout]    --> src/lib.rs:247:33
[INFO] [stdout]     |
[INFO] [stdout] 247 | ...                   (arr.clone()).read_exact(&mut buf).unwrap();
[INFO] [stdout]     |                           ^^^^^^^^^
[INFO] [stdout] 
[INFO] [stdout] 
[INFO] [stdout] warning: using `.clone()` on a double reference, which returns `&mut &[u8]` instead of cloning the inner type
[INFO] [stdout]    --> src/lib.rs:250:33
[INFO] [stdout]     |
[INFO] [stdout] 250 | ...                   (arr.clone()).read_exact(&mut buf).unwrap();
[INFO] [stdout]     |                           ^^^^^^^^^
[INFO] [stdout] 
[INFO] [stdout] 
[INFO] [stdout] warning: using `.clone()` on a double reference, which returns `&mut &[u8]` instead of cloning the inner type
[INFO] [stdout]    --> src/lib.rs:487:33
[INFO] [stdout]     |
[INFO] [stdout] 487 | ...                   (arr.clone()).read_exact(&mut buf).unwrap();
[INFO] [stdout]     |                           ^^^^^^^^^
[INFO] [stdout] 
[INFO] [stdout] 
[INFO] [stdout] warning: using `.clone()` on a double reference, which returns `&mut &[u8]` instead of cloning the inner type
[INFO] [stdout]    --> src/lib.rs:493:33
[INFO] [stdout]     |
[INFO] [stdout] 493 | ...                   (arr.clone()).read_exact(&mut buf).unwrap();
[INFO] [stdout]     |                           ^^^^^^^^^
[INFO] [stdout] 
[INFO] [stdout] 
[INFO] [stdout] warning: 9 warnings emitted
[INFO] [stdout] 
[INFO] [stdout] 
[INFO] [stderr]     Finished test [unoptimized + debuginfo] target(s) in 2.86s
[INFO] running `Command { std: "docker" "inspect" "57bad1e79dbf870a12fda3a8858b00977c3136733e62edd3fbe56fd8ab163a02", kill_on_drop: false }`
[INFO] running `Command { std: "docker" "rm" "-f" "57bad1e79dbf870a12fda3a8858b00977c3136733e62edd3fbe56fd8ab163a02", kill_on_drop: false }`
[INFO] [stdout] 57bad1e79dbf870a12fda3a8858b00977c3136733e62edd3fbe56fd8ab163a02
[INFO] running `Command { std: "docker" "create" "-v" "/var/lib/crater-agent-workspace/builds/worker-6-tc1/target:/opt/rustwide/target:rw,Z" "-v" "/var/lib/crater-agent-workspace/builds/worker-6-tc1/source:/opt/rustwide/workdir:ro,Z" "-v" "/var/lib/crater-agent-workspace/cargo-home:/opt/rustwide/cargo-home:ro,Z" "-v" "/var/lib/crater-agent-workspace/rustup-home:/opt/rustwide/rustup-home:ro,Z" "-e" "SOURCE_DIR=/opt/rustwide/workdir" "-e" "CARGO_TARGET_DIR=/opt/rustwide/target" "-e" "CARGO_INCREMENTAL=0" "-e" "RUST_BACKTRACE=full" "-e" "RUSTFLAGS=--cap-lints=warn" "-e" "RUSTDOCFLAGS=--cap-lints=warn" "-e" "CARGO_HOME=/opt/rustwide/cargo-home" "-e" "RUSTUP_HOME=/opt/rustwide/rustup-home" "-w" "/opt/rustwide/workdir" "-m" "1610612736" "--user" "0:0" "--network" "none" "ghcr.io/rust-lang/crates-build-env/linux@sha256:2788e3201cd34a07e3172128adcd8b3090168a8e3bcc40d7c032b9dda1df7d1c" "/opt/rustwide/cargo-home/bin/cargo" "+1.75.0" "test" "--frozen", kill_on_drop: false }`
[INFO] [stdout] 379037dd1ddaaaf631606812e6756079271a8bb04031e2c2bffbad95c00f0698
[INFO] running `Command { std: "docker" "start" "-a" "379037dd1ddaaaf631606812e6756079271a8bb04031e2c2bffbad95c00f0698", kill_on_drop: false }`
[INFO] [stderr] warning: unused import: `std::fs::File`
[INFO] [stderr]  --> src/lib.rs:5:5
[INFO] [stderr]   |
[INFO] [stderr] 5 | use std::fs::File;
[INFO] [stderr]   |     ^^^^^^^^^^^^^
[INFO] [stderr]   |
[INFO] [stderr]   = note: `#[warn(unused_imports)]` on by default
[INFO] [stderr] 
[INFO] [stderr] warning: field `parameter` is never read
[INFO] [stderr]   --> src/lib.rs:69:5
[INFO] [stderr]    |
[INFO] [stderr] 67 | pub struct C3dReader<'a, R: Read + Seek> {
[INFO] [stderr]    |            --------- field in this struct
[INFO] [stderr] 68 |     header: &'a HeaderBlock,
[INFO] [stderr] 69 |     parameter: &'a ParameterBlock,
[INFO] [stderr]    |     ^^^^^^^^^
[INFO] [stderr]    |
[INFO] [stderr]    = note: `#[warn(dead_code)]` on by default
[INFO] [stderr] 
[INFO] [stderr] warning: fields `name_chars_size`, `id`, `offset`, and `desc_chars_size` are never read
[INFO] [stderr]    --> src/lib.rs:611:5
[INFO] [stderr]     |
[INFO] [stderr] 609 | pub struct ParameterFormat {
[INFO] [stderr]     |            --------------- fields in this struct
[INFO] [stderr] 610 |     // indicates "locked" if value is negative.
[INFO] [stderr] 611 |     name_chars_size: u8,
[INFO] [stderr]     |     ^^^^^^^^^^^^^^^
[INFO] [stderr] 612 |     id: i8,
[INFO] [stderr]     |     ^^
[INFO] [stderr] 613 |     pub name: String,
[INFO] [stderr] 614 |     offset: i16,
[INFO] [stderr]     |     ^^^^^^
[INFO] [stderr] ...
[INFO] [stderr] 619 |     desc_chars_size: u8,
[INFO] [stderr]     |     ^^^^^^^^^^^^^^^
[INFO] [stderr]     |
[INFO] [stderr]     = note: `ParameterFormat` has a derived impl for the trait `Debug`, but this is intentionally ignored during dead code analysis
[INFO] [stderr] 
[INFO] [stderr] warning: using `.clone()` on a double reference, which returns `&mut &[u8]` instead of cloning the inner type
[INFO] [stderr]    --> src/lib.rs:190:32
[INFO] [stderr]     |
[INFO] [stderr] 190 | ...                   arr.clone().read_exact(&mut buf).unwrap();
[INFO] [stderr]     |                          ^^^^^^^^
[INFO] [stderr]     |
[INFO] [stderr]     = note: `#[warn(suspicious_double_ref_op)]` on by default
[INFO] [stderr] 
[INFO] [stderr] warning: using `.clone()` on a double reference, which returns `&mut &[u8]` instead of cloning the inner type
[INFO] [stderr]    --> src/lib.rs:194:32
[INFO] [stderr]     |
[INFO] [stderr] 194 | ...                   arr.clone().read_exact(&mut buf).unwrap();
[INFO] [stderr]     |                          ^^^^^^^^
[INFO] [stderr] 
[INFO] [stderr] warning: using `.clone()` on a double reference, which returns `&mut &[u8]` instead of cloning the inner type
[INFO] [stderr]    --> src/lib.rs:242:29
[INFO] [stderr]     |
[INFO] [stderr] 242 |                         (arr.clone()).read_exact(&mut buf).unwrap();
[INFO] [stderr]     |                             ^^^^^^^^^
[INFO] [stderr] 
[INFO] [stderr] warning: using `.clone()` on a double reference, which returns `&mut &[u8]` instead of cloning the inner type
[INFO] [stderr]    --> src/lib.rs:247:33
[INFO] [stderr]     |
[INFO] [stderr] 247 | ...                   (arr.clone()).read_exact(&mut buf).unwrap();
[INFO] [stderr]     |                           ^^^^^^^^^
[INFO] [stderr] 
[INFO] [stderr] warning: using `.clone()` on a double reference, which returns `&mut &[u8]` instead of cloning the inner type
[INFO] [stderr]    --> src/lib.rs:250:33
[INFO] [stderr]     |
[INFO] [stderr] 250 | ...                   (arr.clone()).read_exact(&mut buf).unwrap();
[INFO] [stderr]     |                           ^^^^^^^^^
[INFO] [stderr] 
[INFO] [stderr] warning: using `.clone()` on a double reference, which returns `&mut &[u8]` instead of cloning the inner type
[INFO] [stderr]    --> src/lib.rs:487:33
[INFO] [stderr]     |
[INFO] [stderr] 487 | ...                   (arr.clone()).read_exact(&mut buf).unwrap();
[INFO] [stderr]     |                           ^^^^^^^^^
[INFO] [stderr] 
[INFO] [stderr] warning: using `.clone()` on a double reference, which returns `&mut &[u8]` instead of cloning the inner type
[INFO] [stderr]    --> src/lib.rs:493:33
[INFO] [stderr]     |
[INFO] [stderr] 493 | ...                   (arr.clone()).read_exact(&mut buf).unwrap();
[INFO] [stderr]     |                           ^^^^^^^^^
[INFO] [stderr] 
[INFO] [stderr] warning: `c3d-rs` (lib) generated 10 warnings (run `cargo fix --lib -p c3d-rs` to apply 1 suggestion)
[INFO] [stderr] warning: `c3d-rs` (lib test) generated 9 warnings (9 duplicates)
[INFO] [stderr]     Finished test [unoptimized + debuginfo] target(s) in 0.02s
[INFO] [stderr]      Running unittests src/lib.rs (/opt/rustwide/target/debug/deps/c3d_rs-c994afa17a7f7819)
[INFO] [stdout] 
[INFO] [stdout] running 1 test
[INFO] [stdout] test tests::test_parser ... FAILED
[INFO] [stdout] 
[INFO] [stdout] failures:
[INFO] [stdout] 
[INFO] [stdout] ---- tests::test_parser stdout ----
[INFO] [stdout] Error: No such file or directory (os error 2)
[INFO] [stdout] 
[INFO] [stdout] Stack backtrace:
[INFO] [stdout]    0: anyhow::error::<impl core::convert::From<E> for anyhow::Error>::from
[INFO] [stdout]              at /opt/rustwide/cargo-home/registry/src/index.crates.io-6f17d22bba15001f/anyhow-1.0.79/src/error.rs:565:25
[INFO] [stdout]    1: <core::result::Result<T,F> as core::ops::try_trait::FromResidual<core::result::Result<core::convert::Infallible,E>>>::from_residual
[INFO] [stdout]              at /rustc/82e1608dfa6e0b5569232559e3d385fea5a93112/library/core/src/result.rs:1963:27
[INFO] [stdout]    2: c3d_rs::tests::test_parser
[INFO] [stdout]              at ./src/lib.rs:710:24
[INFO] [stdout]    3: c3d_rs::tests::test_parser::{{closure}}
[INFO] [stdout]              at ./src/lib.rs:707:25
[INFO] [stdout]    4: core::ops::function::FnOnce::call_once
[INFO] [stdout]              at /rustc/82e1608dfa6e0b5569232559e3d385fea5a93112/library/core/src/ops/function.rs:250:5
[INFO] [stdout]    5: core::ops::function::FnOnce::call_once
[INFO] [stdout]              at /rustc/82e1608dfa6e0b5569232559e3d385fea5a93112/library/core/src/ops/function.rs:250:5
[INFO] [stdout]    6: test::__rust_begin_short_backtrace
[INFO] [stdout]              at /rustc/82e1608dfa6e0b5569232559e3d385fea5a93112/library/test/src/lib.rs:628:18
[INFO] [stdout]    7: test::run_test_in_process::{{closure}}
[INFO] [stdout]              at /rustc/82e1608dfa6e0b5569232559e3d385fea5a93112/library/test/src/lib.rs:651:60
[INFO] [stdout]    8: <core::panic::unwind_safe::AssertUnwindSafe<F> as core::ops::function::FnOnce<()>>::call_once
[INFO] [stdout]              at /rustc/82e1608dfa6e0b5569232559e3d385fea5a93112/library/core/src/panic/unwind_safe.rs:272:9
[INFO] [stdout]    9: std::panicking::try::do_call
[INFO] [stdout]              at /rustc/82e1608dfa6e0b5569232559e3d385fea5a93112/library/std/src/panicking.rs:552:40
[INFO] [stdout]   10: std::panicking::try
[INFO] [stdout]              at /rustc/82e1608dfa6e0b5569232559e3d385fea5a93112/library/std/src/panicking.rs:516:19
[INFO] [stdout]   11: std::panic::catch_unwind
[INFO] [stdout]              at /rustc/82e1608dfa6e0b5569232559e3d385fea5a93112/library/std/src/panic.rs:142:14
[INFO] [stdout]   12: test::run_test_in_process
[INFO] [stdout]              at /rustc/82e1608dfa6e0b5569232559e3d385fea5a93112/library/test/src/lib.rs:651:27
[INFO] [stdout]   13: test::run_test::{{closure}}
[INFO] [stdout]              at /rustc/82e1608dfa6e0b5569232559e3d385fea5a93112/library/test/src/lib.rs:574:43
[INFO] [stdout]   14: test::run_test::{{closure}}
[INFO] [stdout]              at /rustc/82e1608dfa6e0b5569232559e3d385fea5a93112/library/test/src/lib.rs:602:41
[INFO] [stdout]   15: std::sys_common::backtrace::__rust_begin_short_backtrace
[INFO] [stdout]              at /rustc/82e1608dfa6e0b5569232559e3d385fea5a93112/library/std/src/sys_common/backtrace.rs:154:18
[INFO] [stdout]   16: std::thread::Builder::spawn_unchecked_::{{closure}}::{{closure}}
[INFO] [stdout]              at /rustc/82e1608dfa6e0b5569232559e3d385fea5a93112/library/std/src/thread/mod.rs:529:17
[INFO] [stdout]   17: <core::panic::unwind_safe::AssertUnwindSafe<F> as core::ops::function::FnOnce<()>>::call_once
[INFO] [stdout]              at /rustc/82e1608dfa6e0b5569232559e3d385fea5a93112/library/core/src/panic/unwind_safe.rs:272:9
[INFO] [stdout]   18: std::panicking::try::do_call
[INFO] [stdout]              at /rustc/82e1608dfa6e0b5569232559e3d385fea5a93112/library/std/src/panicking.rs:552:40
[INFO] [stdout]   19: std::panicking::try
[INFO] [stdout]              at /rustc/82e1608dfa6e0b5569232559e3d385fea5a93112/library/std/src/panicking.rs:516:19
[INFO] [stdout]   20: std::panic::catch_unwind
[INFO] [stdout]              at /rustc/82e1608dfa6e0b5569232559e3d385fea5a93112/library/std/src/panic.rs:142:14
[INFO] [stdout]   21: std::thread::Builder::spawn_unchecked_::{{closure}}
[INFO] [stdout]              at /rustc/82e1608dfa6e0b5569232559e3d385fea5a93112/library/std/src/thread/mod.rs:528:30
[INFO] [stdout]   22: core::ops::function::FnOnce::call_once{{vtable.shim}}
[INFO] [stdout]              at /rustc/82e1608dfa6e0b5569232559e3d385fea5a93112/library/core/src/ops/function.rs:250:5
[INFO] [stdout]   23: <alloc::boxed::Box<F,A> as core::ops::function::FnOnce<Args>>::call_once
[INFO] [stdout]              at /rustc/82e1608dfa6e0b5569232559e3d385fea5a93112/library/alloc/src/boxed.rs:2007:9
[INFO] [stdout]   24: <alloc::boxed::Box<F,A> as core::ops::function::FnOnce<Args>>::call_once
[INFO] [stdout]              at /rustc/82e1608dfa6e0b5569232559e3d385fea5a93112/library/alloc/src/boxed.rs:2007:9
[INFO] [stdout]   25: std::sys::unix::thread::Thread::new::thread_start
[INFO] [stdout]              at /rustc/82e1608dfa6e0b5569232559e3d385fea5a93112/library/std/src/sys/unix/thread.rs:108:17
[INFO] [stdout]   26: <unknown>
[INFO] [stdout]   27: __clone
[INFO] [stdout] 
[INFO] [stdout] 
[INFO] [stdout] failures:
[INFO] [stdout]     tests::test_parser
[INFO] [stdout] 
[INFO] [stdout] test result: FAILED. 0 passed; 1 failed; 0 ignored; 0 measured; 0 filtered out; finished in 0.01s
[INFO] [stdout] 
[INFO] [stderr] error: test failed, to rerun pass `--lib`
[INFO] running `Command { std: "docker" "inspect" "379037dd1ddaaaf631606812e6756079271a8bb04031e2c2bffbad95c00f0698", kill_on_drop: false }`
[INFO] running `Command { std: "docker" "rm" "-f" "379037dd1ddaaaf631606812e6756079271a8bb04031e2c2bffbad95c00f0698", kill_on_drop: false }`
[INFO] [stdout] 379037dd1ddaaaf631606812e6756079271a8bb04031e2c2bffbad95c00f0698
[INFO] testing c3d-rs-0.1.7 against beta-2023-12-22 for beta-1.76-1
[INFO] extracting crate c3d-rs 0.1.7 into /workspace/builds/worker-6-tc2/source
[INFO] validating manifest of crates.io crate c3d-rs 0.1.7 on toolchain beta-2023-12-22
[INFO] running `Command { std: CARGO_HOME="/workspace/cargo-home" RUSTUP_HOME="/workspace/rustup-home" "/workspace/cargo-home/bin/cargo" "+beta-2023-12-22" "metadata" "--manifest-path" "Cargo.toml" "--no-deps", kill_on_drop: false }`
[INFO] started tweaking crates.io crate c3d-rs 0.1.7
[INFO] finished tweaking crates.io crate c3d-rs 0.1.7
[INFO] tweaked toml for crates.io crate c3d-rs 0.1.7 written to /workspace/builds/worker-6-tc2/source/Cargo.toml
[INFO] running `Command { std: CARGO_HOME="/workspace/cargo-home" RUSTUP_HOME="/workspace/rustup-home" "/workspace/cargo-home/bin/cargo" "+beta-2023-12-22" "generate-lockfile" "--manifest-path" "Cargo.toml", kill_on_drop: false }`
[INFO] [stderr]     Updating crates.io index
[INFO] running `Command { std: CARGO_HOME="/workspace/cargo-home" RUSTUP_HOME="/workspace/rustup-home" "/workspace/cargo-home/bin/cargo" "+beta-2023-12-22" "fetch" "--manifest-path" "Cargo.toml", kill_on_drop: false }`
[INFO] [stderr]     Blocking waiting for file lock on package cache
[INFO] running `Command { std: "docker" "create" "-v" "/var/lib/crater-agent-workspace/builds/worker-6-tc2/target:/opt/rustwide/target:rw,Z" "-v" "/var/lib/crater-agent-workspace/builds/worker-6-tc2/source:/opt/rustwide/workdir:ro,Z" "-v" "/var/lib/crater-agent-workspace/cargo-home:/opt/rustwide/cargo-home:ro,Z" "-v" "/var/lib/crater-agent-workspace/rustup-home:/opt/rustwide/rustup-home:ro,Z" "-e" "SOURCE_DIR=/opt/rustwide/workdir" "-e" "CARGO_TARGET_DIR=/opt/rustwide/target" "-e" "CARGO_HOME=/opt/rustwide/cargo-home" "-e" "RUSTUP_HOME=/opt/rustwide/rustup-home" "-w" "/opt/rustwide/workdir" "-m" "1610612736" "--user" "0:0" "--network" "none" "ghcr.io/rust-lang/crates-build-env/linux@sha256:2788e3201cd34a07e3172128adcd8b3090168a8e3bcc40d7c032b9dda1df7d1c" "/opt/rustwide/cargo-home/bin/cargo" "+beta-2023-12-22" "metadata" "--no-deps" "--format-version=1", kill_on_drop: false }`
[INFO] [stdout] 882f4de29fad693afc15aedaece94ceb8882f69107517009bedb0f8f6285609b
[INFO] running `Command { std: "docker" "start" "-a" "882f4de29fad693afc15aedaece94ceb8882f69107517009bedb0f8f6285609b", kill_on_drop: false }`
[INFO] running `Command { std: "docker" "inspect" "882f4de29fad693afc15aedaece94ceb8882f69107517009bedb0f8f6285609b", kill_on_drop: false }`
[INFO] running `Command { std: "docker" "rm" "-f" "882f4de29fad693afc15aedaece94ceb8882f69107517009bedb0f8f6285609b", kill_on_drop: false }`
[INFO] [stdout] 882f4de29fad693afc15aedaece94ceb8882f69107517009bedb0f8f6285609b
[INFO] running `Command { std: "docker" "create" "-v" "/var/lib/crater-agent-workspace/builds/worker-6-tc2/target:/opt/rustwide/target:rw,Z" "-v" "/var/lib/crater-agent-workspace/builds/worker-6-tc2/source:/opt/rustwide/workdir:ro,Z" "-v" "/var/lib/crater-agent-workspace/cargo-home:/opt/rustwide/cargo-home:ro,Z" "-v" "/var/lib/crater-agent-workspace/rustup-home:/opt/rustwide/rustup-home:ro,Z" "-e" "SOURCE_DIR=/opt/rustwide/workdir" "-e" "CARGO_TARGET_DIR=/opt/rustwide/target" "-e" "CARGO_INCREMENTAL=0" "-e" "RUST_BACKTRACE=full" "-e" "RUSTFLAGS=--cap-lints=warn" "-e" "RUSTDOCFLAGS=--cap-lints=warn" "-e" "CARGO_HOME=/opt/rustwide/cargo-home" "-e" "RUSTUP_HOME=/opt/rustwide/rustup-home" "-w" "/opt/rustwide/workdir" "-m" "1610612736" "--user" "0:0" "--network" "none" "ghcr.io/rust-lang/crates-build-env/linux@sha256:2788e3201cd34a07e3172128adcd8b3090168a8e3bcc40d7c032b9dda1df7d1c" "/opt/rustwide/cargo-home/bin/cargo" "+beta-2023-12-22" "build" "--frozen" "--message-format=json", kill_on_drop: false }`
[INFO] [stdout] a62334d24eaeb7ccba015775418454f1fd858ab6e18328f730a15e11cea77101
[INFO] running `Command { std: "docker" "start" "-a" "a62334d24eaeb7ccba015775418454f1fd858ab6e18328f730a15e11cea77101", kill_on_drop: false }`
[INFO] [stderr]    Compiling serde v1.0.194
[INFO] [stderr]    Compiling anyhow v1.0.79
[INFO] [stderr]    Compiling syn v2.0.48
[INFO] [stderr]    Compiling erased-serde v0.4.2
[INFO] [stderr]    Compiling serde_fmt v1.0.3
[INFO] [stderr]    Compiling thiserror-impl v1.0.56
[INFO] [stderr]    Compiling value-bag-serde1 v1.4.3
[INFO] [stderr]    Compiling value-bag v1.4.3
[INFO] [stderr]    Compiling log v0.4.20
[INFO] [stderr]    Compiling thiserror v1.0.56
[INFO] [stderr]    Compiling c3d-rs v0.1.7 (/opt/rustwide/workdir)
[INFO] [stdout] warning: unused import: `std::fs::File`
[INFO] [stdout]  --> src/lib.rs:5:5
[INFO] [stdout]   |
[INFO] [stdout] 5 | use std::fs::File;
[INFO] [stdout]   |     ^^^^^^^^^^^^^
[INFO] [stdout]   |
[INFO] [stdout]   = note: `#[warn(unused_imports)]` on by default
[INFO] [stdout] 
[INFO] [stdout] 
[INFO] [stdout] warning: field `parameter` is never read
[INFO] [stdout]   --> src/lib.rs:69:5
[INFO] [stdout]    |
[INFO] [stdout] 67 | pub struct C3dReader<'a, R: Read + Seek> {
[INFO] [stdout]    |            --------- field in this struct
[INFO] [stdout] 68 |     header: &'a HeaderBlock,
[INFO] [stdout] 69 |     parameter: &'a ParameterBlock,
[INFO] [stdout]    |     ^^^^^^^^^
[INFO] [stdout]    |
[INFO] [stdout]    = note: `#[warn(dead_code)]` on by default
[INFO] [stdout] 
[INFO] [stdout] 
[INFO] [stdout] warning: fields `name_chars_size`, `id`, `offset`, and `desc_chars_size` are never read
[INFO] [stdout]    --> src/lib.rs:611:5
[INFO] [stdout]     |
[INFO] [stdout] 609 | pub struct ParameterFormat {
[INFO] [stdout]     |            --------------- fields in this struct
[INFO] [stdout] 610 |     // indicates "locked" if value is negative.
[INFO] [stdout] 611 |     name_chars_size: u8,
[INFO] [stdout]     |     ^^^^^^^^^^^^^^^
[INFO] [stdout] 612 |     id: i8,
[INFO] [stdout]     |     ^^
[INFO] [stdout] 613 |     pub name: String,
[INFO] [stdout] 614 |     offset: i16,
[INFO] [stdout]     |     ^^^^^^
[INFO] [stdout] ...
[INFO] [stdout] 619 |     desc_chars_size: u8,
[INFO] [stdout]     |     ^^^^^^^^^^^^^^^
[INFO] [stdout]     |
[INFO] [stdout]     = note: `ParameterFormat` has a derived impl for the trait `Debug`, but this is intentionally ignored during dead code analysis
[INFO] [stdout] 
[INFO] [stdout] 
[INFO] [stdout] warning: using `.clone()` on a double reference, which returns `&mut &[u8]` instead of cloning the inner type
[INFO] [stdout]    --> src/lib.rs:190:32
[INFO] [stdout]     |
[INFO] [stdout] 190 | ...                   arr.clone().read_exact(&mut buf).unwrap();
[INFO] [stdout]     |                          ^^^^^^^^
[INFO] [stdout]     |
[INFO] [stdout]     = note: `#[warn(suspicious_double_ref_op)]` on by default
[INFO] [stdout] 
[INFO] [stdout] 
[INFO] [stdout] warning: using `.clone()` on a double reference, which returns `&mut &[u8]` instead of cloning the inner type
[INFO] [stdout]    --> src/lib.rs:194:32
[INFO] [stdout]     |
[INFO] [stdout] 194 | ...                   arr.clone().read_exact(&mut buf).unwrap();
[INFO] [stdout]     |                          ^^^^^^^^
[INFO] [stdout] 
[INFO] [stdout] 
[INFO] [stdout] warning: using `.clone()` on a double reference, which returns `&mut &[u8]` instead of cloning the inner type
[INFO] [stdout]    --> src/lib.rs:242:29
[INFO] [stdout]     |
[INFO] [stdout] 242 |                         (arr.clone()).read_exact(&mut buf).unwrap();
[INFO] [stdout]     |                             ^^^^^^^^^
[INFO] [stdout] 
[INFO] [stdout] 
[INFO] [stdout] warning: using `.clone()` on a double reference, which returns `&mut &[u8]` instead of cloning the inner type
[INFO] [stdout]    --> src/lib.rs:247:33
[INFO] [stdout]     |
[INFO] [stdout] 247 | ...                   (arr.clone()).read_exact(&mut buf).unwrap();
[INFO] [stdout]     |                           ^^^^^^^^^
[INFO] [stdout] 
[INFO] [stdout] 
[INFO] [stdout] warning: using `.clone()` on a double reference, which returns `&mut &[u8]` instead of cloning the inner type
[INFO] [stdout]    --> src/lib.rs:250:33
[INFO] [stdout]     |
[INFO] [stdout] 250 | ...                   (arr.clone()).read_exact(&mut buf).unwrap();
[INFO] [stdout]     |                           ^^^^^^^^^
[INFO] [stdout] 
[INFO] [stdout] 
[INFO] [stdout] warning: using `.clone()` on a double reference, which returns `&mut &[u8]` instead of cloning the inner type
[INFO] [stdout]    --> src/lib.rs:487:33
[INFO] [stdout]     |
[INFO] [stdout] 487 | ...                   (arr.clone()).read_exact(&mut buf).unwrap();
[INFO] [stdout]     |                           ^^^^^^^^^
[INFO] [stdout] 
[INFO] [stdout] 
[INFO] [stdout] warning: using `.clone()` on a double reference, which returns `&mut &[u8]` instead of cloning the inner type
[INFO] [stdout]    --> src/lib.rs:493:33
[INFO] [stdout]     |
[INFO] [stdout] 493 | ...                   (arr.clone()).read_exact(&mut buf).unwrap();
[INFO] [stdout]     |                           ^^^^^^^^^
[INFO] [stdout] 
[INFO] [stdout] 
[INFO] [stdout] warning: 10 warnings emitted
[INFO] [stdout] 
[INFO] [stdout] 
[INFO] [stderr]     Finished dev [unoptimized + debuginfo] target(s) in 5.81s
[INFO] running `Command { std: "docker" "inspect" "a62334d24eaeb7ccba015775418454f1fd858ab6e18328f730a15e11cea77101", kill_on_drop: false }`
[INFO] running `Command { std: "docker" "rm" "-f" "a62334d24eaeb7ccba015775418454f1fd858ab6e18328f730a15e11cea77101", kill_on_drop: false }`
[INFO] [stdout] a62334d24eaeb7ccba015775418454f1fd858ab6e18328f730a15e11cea77101
[INFO] running `Command { std: "docker" "create" "-v" "/var/lib/crater-agent-workspace/builds/worker-6-tc2/target:/opt/rustwide/target:rw,Z" "-v" "/var/lib/crater-agent-workspace/builds/worker-6-tc2/source:/opt/rustwide/workdir:ro,Z" "-v" "/var/lib/crater-agent-workspace/cargo-home:/opt/rustwide/cargo-home:ro,Z" "-v" "/var/lib/crater-agent-workspace/rustup-home:/opt/rustwide/rustup-home:ro,Z" "-e" "SOURCE_DIR=/opt/rustwide/workdir" "-e" "CARGO_TARGET_DIR=/opt/rustwide/target" "-e" "CARGO_INCREMENTAL=0" "-e" "RUST_BACKTRACE=full" "-e" "RUSTFLAGS=--cap-lints=warn" "-e" "RUSTDOCFLAGS=--cap-lints=warn" "-e" "CARGO_HOME=/opt/rustwide/cargo-home" "-e" "RUSTUP_HOME=/opt/rustwide/rustup-home" "-w" "/opt/rustwide/workdir" "-m" "1610612736" "--user" "0:0" "--network" "none" "ghcr.io/rust-lang/crates-build-env/linux@sha256:2788e3201cd34a07e3172128adcd8b3090168a8e3bcc40d7c032b9dda1df7d1c" "/opt/rustwide/cargo-home/bin/cargo" "+beta-2023-12-22" "test" "--frozen" "--no-run" "--message-format=json", kill_on_drop: false }`
[INFO] [stdout] 35dcb0a93d06a5bf627cc7f4322029c8ceb97ac85b4ebf8cf5c9fd7bc5c1e1cb
[INFO] running `Command { std: "docker" "start" "-a" "35dcb0a93d06a5bf627cc7f4322029c8ceb97ac85b4ebf8cf5c9fd7bc5c1e1cb", kill_on_drop: false }`
[INFO] [stderr]    Compiling serde_derive v1.0.194
[INFO] [stderr]    Compiling serde_json v1.0.111
[INFO] [stdout] warning: unused import: `std::fs::File`
[INFO] [stdout]  --> src/lib.rs:5:5
[INFO] [stdout]   |
[INFO] [stdout] 5 | use std::fs::File;
[INFO] [stdout]   |     ^^^^^^^^^^^^^
[INFO] [stdout]   |
[INFO] [stdout]   = note: `#[warn(unused_imports)]` on by default
[INFO] [stdout] 
[INFO] [stdout] 
[INFO] [stdout] warning: field `parameter` is never read
[INFO] [stdout]   --> src/lib.rs:69:5
[INFO] [stdout]    |
[INFO] [stdout] 67 | pub struct C3dReader<'a, R: Read + Seek> {
[INFO] [stdout]    |            --------- field in this struct
[INFO] [stdout] 68 |     header: &'a HeaderBlock,
[INFO] [stdout] 69 |     parameter: &'a ParameterBlock,
[INFO] [stdout]    |     ^^^^^^^^^
[INFO] [stdout]    |
[INFO] [stdout]    = note: `#[warn(dead_code)]` on by default
[INFO] [stdout] 
[INFO] [stdout] 
[INFO] [stdout] warning: fields `name_chars_size`, `id`, `offset`, and `desc_chars_size` are never read
[INFO] [stdout]    --> src/lib.rs:611:5
[INFO] [stdout]     |
[INFO] [stdout] 609 | pub struct ParameterFormat {
[INFO] [stdout]     |            --------------- fields in this struct
[INFO] [stdout] 610 |     // indicates "locked" if value is negative.
[INFO] [stdout] 611 |     name_chars_size: u8,
[INFO] [stdout]     |     ^^^^^^^^^^^^^^^
[INFO] [stdout] 612 |     id: i8,
[INFO] [stdout]     |     ^^
[INFO] [stdout] 613 |     pub name: String,
[INFO] [stdout] 614 |     offset: i16,
[INFO] [stdout]     |     ^^^^^^
[INFO] [stdout] ...
[INFO] [stdout] 619 |     desc_chars_size: u8,
[INFO] [stdout]     |     ^^^^^^^^^^^^^^^
[INFO] [stdout]     |
[INFO] [stdout]     = note: `ParameterFormat` has a derived impl for the trait `Debug`, but this is intentionally ignored during dead code analysis
[INFO] [stdout] 
[INFO] [stdout] 
[INFO] [stdout] warning: using `.clone()` on a double reference, which returns `&mut &[u8]` instead of cloning the inner type
[INFO] [stdout]    --> src/lib.rs:190:32
[INFO] [stdout]     |
[INFO] [stdout] 190 | ...                   arr.clone().read_exact(&mut buf).unwrap();
[INFO] [stdout]     |                          ^^^^^^^^
[INFO] [stdout]     |
[INFO] [stdout]     = note: `#[warn(suspicious_double_ref_op)]` on by default
[INFO] [stdout] 
[INFO] [stdout] 
[INFO] [stdout] warning: using `.clone()` on a double reference, which returns `&mut &[u8]` instead of cloning the inner type
[INFO] [stdout]    --> src/lib.rs:194:32
[INFO] [stdout]     |
[INFO] [stdout] 194 | ...                   arr.clone().read_exact(&mut buf).unwrap();
[INFO] [stdout]     |                          ^^^^^^^^
[INFO] [stdout] 
[INFO] [stdout] 
[INFO] [stdout] warning: using `.clone()` on a double reference, which returns `&mut &[u8]` instead of cloning the inner type
[INFO] [stdout]    --> src/lib.rs:242:29
[INFO] [stdout]     |
[INFO] [stdout] 242 |                         (arr.clone()).read_exact(&mut buf).unwrap();
[INFO] [stdout]     |                             ^^^^^^^^^
[INFO] [stdout] 
[INFO] [stdout] 
[INFO] [stdout] warning: using `.clone()` on a double reference, which returns `&mut &[u8]` instead of cloning the inner type
[INFO] [stdout]    --> src/lib.rs:247:33
[INFO] [stdout]     |
[INFO] [stdout] 247 | ...                   (arr.clone()).read_exact(&mut buf).unwrap();
[INFO] [stdout]     |                           ^^^^^^^^^
[INFO] [stdout] 
[INFO] [stdout] 
[INFO] [stdout] warning: using `.clone()` on a double reference, which returns `&mut &[u8]` instead of cloning the inner type
[INFO] [stdout]    --> src/lib.rs:250:33
[INFO] [stdout]     |
[INFO] [stdout] 250 | ...                   (arr.clone()).read_exact(&mut buf).unwrap();
[INFO] [stdout]     |                           ^^^^^^^^^
[INFO] [stdout] 
[INFO] [stdout] 
[INFO] [stdout] warning: using `.clone()` on a double reference, which returns `&mut &[u8]` instead of cloning the inner type
[INFO] [stdout]    --> src/lib.rs:487:33
[INFO] [stdout]     |
[INFO] [stdout] 487 | ...                   (arr.clone()).read_exact(&mut buf).unwrap();
[INFO] [stdout]     |                           ^^^^^^^^^
[INFO] [stdout] 
[INFO] [stdout] 
[INFO] [stdout] warning: using `.clone()` on a double reference, which returns `&mut &[u8]` instead of cloning the inner type
[INFO] [stdout]    --> src/lib.rs:493:33
[INFO] [stdout]     |
[INFO] [stdout] 493 | ...                   (arr.clone()).read_exact(&mut buf).unwrap();
[INFO] [stdout]     |                           ^^^^^^^^^
[INFO] [stdout] 
[INFO] [stdout] 
[INFO] [stdout] warning: 10 warnings emitted
[INFO] [stdout] 
[INFO] [stdout] 
[INFO] [stderr]    Compiling femme v2.2.1
[INFO] [stderr]    Compiling c3d-rs v0.1.7 (/opt/rustwide/workdir)
[INFO] [stdout] warning: field `parameter` is never read
[INFO] [stdout]   --> src/lib.rs:69:5
[INFO] [stdout]    |
[INFO] [stdout] 67 | pub struct C3dReader<'a, R: Read + Seek> {
[INFO] [stdout]    |            --------- field in this struct
[INFO] [stdout] 68 |     header: &'a HeaderBlock,
[INFO] [stdout] 69 |     parameter: &'a ParameterBlock,
[INFO] [stdout]    |     ^^^^^^^^^
[INFO] [stdout]    |
[INFO] [stdout]    = note: `#[warn(dead_code)]` on by default
[INFO] [stdout] 
[INFO] [stdout] 
[INFO] [stdout] warning: fields `name_chars_size`, `id`, `offset`, and `desc_chars_size` are never read
[INFO] [stdout]    --> src/lib.rs:611:5
[INFO] [stdout]     |
[INFO] [stdout] 609 | pub struct ParameterFormat {
[INFO] [stdout]     |            --------------- fields in this struct
[INFO] [stdout] 610 |     // indicates "locked" if value is negative.
[INFO] [stdout] 611 |     name_chars_size: u8,
[INFO] [stdout]     |     ^^^^^^^^^^^^^^^
[INFO] [stdout] 612 |     id: i8,
[INFO] [stdout]     |     ^^
[INFO] [stdout] 613 |     pub name: String,
[INFO] [stdout] 614 |     offset: i16,
[INFO] [stdout]     |     ^^^^^^
[INFO] [stdout] ...
[INFO] [stdout] 619 |     desc_chars_size: u8,
[INFO] [stdout]     |     ^^^^^^^^^^^^^^^
[INFO] [stdout]     |
[INFO] [stdout]     = note: `ParameterFormat` has a derived impl for the trait `Debug`, but this is intentionally ignored during dead code analysis
[INFO] [stdout] 
[INFO] [stdout] 
[INFO] [stdout] warning: using `.clone()` on a double reference, which returns `&mut &[u8]` instead of cloning the inner type
[INFO] [stdout]    --> src/lib.rs:190:32
[INFO] [stdout]     |
[INFO] [stdout] 190 | ...                   arr.clone().read_exact(&mut buf).unwrap();
[INFO] [stdout]     |                          ^^^^^^^^
[INFO] [stdout]     |
[INFO] [stdout]     = note: `#[warn(suspicious_double_ref_op)]` on by default
[INFO] [stdout] 
[INFO] [stdout] 
[INFO] [stdout] warning: using `.clone()` on a double reference, which returns `&mut &[u8]` instead of cloning the inner type
[INFO] [stdout]    --> src/lib.rs:194:32
[INFO] [stdout]     |
[INFO] [stdout] 194 | ...                   arr.clone().read_exact(&mut buf).unwrap();
[INFO] [stdout]     |                          ^^^^^^^^
[INFO] [stdout] 
[INFO] [stdout] 
[INFO] [stdout] warning: using `.clone()` on a double reference, which returns `&mut &[u8]` instead of cloning the inner type
[INFO] [stdout]    --> src/lib.rs:242:29
[INFO] [stdout]     |
[INFO] [stdout] 242 |                         (arr.clone()).read_exact(&mut buf).unwrap();
[INFO] [stdout]     |                             ^^^^^^^^^
[INFO] [stdout] 
[INFO] [stdout] 
[INFO] [stdout] warning: using `.clone()` on a double reference, which returns `&mut &[u8]` instead of cloning the inner type
[INFO] [stdout]    --> src/lib.rs:247:33
[INFO] [stdout]     |
[INFO] [stdout] 247 | ...                   (arr.clone()).read_exact(&mut buf).unwrap();
[INFO] [stdout]     |                           ^^^^^^^^^
[INFO] [stdout] 
[INFO] [stdout] 
[INFO] [stdout] warning: using `.clone()` on a double reference, which returns `&mut &[u8]` instead of cloning the inner type
[INFO] [stdout]    --> src/lib.rs:250:33
[INFO] [stdout]     |
[INFO] [stdout] 250 | ...                   (arr.clone()).read_exact(&mut buf).unwrap();
[INFO] [stdout]     |                           ^^^^^^^^^
[INFO] [stdout] 
[INFO] [stdout] 
[INFO] [stdout] warning: using `.clone()` on a double reference, which returns `&mut &[u8]` instead of cloning the inner type
[INFO] [stdout]    --> src/lib.rs:487:33
[INFO] [stdout]     |
[INFO] [stdout] 487 | ...                   (arr.clone()).read_exact(&mut buf).unwrap();
[INFO] [stdout]     |                           ^^^^^^^^^
[INFO] [stdout] 
[INFO] [stdout] 
[INFO] [stdout] warning: using `.clone()` on a double reference, which returns `&mut &[u8]` instead of cloning the inner type
[INFO] [stdout]    --> src/lib.rs:493:33
[INFO] [stdout]     |
[INFO] [stdout] 493 | ...                   (arr.clone()).read_exact(&mut buf).unwrap();
[INFO] [stdout]     |                           ^^^^^^^^^
[INFO] [stdout] 
[INFO] [stdout] 
[INFO] [stdout] warning: 9 warnings emitted
[INFO] [stdout] 
[INFO] [stdout] 
[INFO] [stderr]     Finished test [unoptimized + debuginfo] target(s) in 3.77s
[INFO] running `Command { std: "docker" "inspect" "35dcb0a93d06a5bf627cc7f4322029c8ceb97ac85b4ebf8cf5c9fd7bc5c1e1cb", kill_on_drop: false }`
[INFO] running `Command { std: "docker" "rm" "-f" "35dcb0a93d06a5bf627cc7f4322029c8ceb97ac85b4ebf8cf5c9fd7bc5c1e1cb", kill_on_drop: false }`
[INFO] [stdout] 35dcb0a93d06a5bf627cc7f4322029c8ceb97ac85b4ebf8cf5c9fd7bc5c1e1cb
[INFO] running `Command { std: "docker" "create" "-v" "/var/lib/crater-agent-workspace/builds/worker-6-tc2/target:/opt/rustwide/target:rw,Z" "-v" "/var/lib/crater-agent-workspace/builds/worker-6-tc2/source:/opt/rustwide/workdir:ro,Z" "-v" "/var/lib/crater-agent-workspace/cargo-home:/opt/rustwide/cargo-home:ro,Z" "-v" "/var/lib/crater-agent-workspace/rustup-home:/opt/rustwide/rustup-home:ro,Z" "-e" "SOURCE_DIR=/opt/rustwide/workdir" "-e" "CARGO_TARGET_DIR=/opt/rustwide/target" "-e" "CARGO_INCREMENTAL=0" "-e" "RUST_BACKTRACE=full" "-e" "RUSTFLAGS=--cap-lints=warn" "-e" "RUSTDOCFLAGS=--cap-lints=warn" "-e" "CARGO_HOME=/opt/rustwide/cargo-home" "-e" "RUSTUP_HOME=/opt/rustwide/rustup-home" "-w" "/opt/rustwide/workdir" "-m" "1610612736" "--user" "0:0" "--network" "none" "ghcr.io/rust-lang/crates-build-env/linux@sha256:2788e3201cd34a07e3172128adcd8b3090168a8e3bcc40d7c032b9dda1df7d1c" "/opt/rustwide/cargo-home/bin/cargo" "+beta-2023-12-22" "test" "--frozen", kill_on_drop: false }`
[INFO] [stdout] 7646f222a0a1c5af95b3ace515d6fc4a898f18daed04a15ce5b32199b3a9f6f9
[INFO] running `Command { std: "docker" "start" "-a" "7646f222a0a1c5af95b3ace515d6fc4a898f18daed04a15ce5b32199b3a9f6f9", kill_on_drop: false }`
[INFO] [stderr] warning: unused import: `std::fs::File`
[INFO] [stderr]  --> src/lib.rs:5:5
[INFO] [stderr]   |
[INFO] [stderr] 5 | use std::fs::File;
[INFO] [stderr]   |     ^^^^^^^^^^^^^
[INFO] [stderr]   |
[INFO] [stderr]   = note: `#[warn(unused_imports)]` on by default
[INFO] [stderr] 
[INFO] [stderr] warning: field `parameter` is never read
[INFO] [stderr]   --> src/lib.rs:69:5
[INFO] [stderr]    |
[INFO] [stderr] 67 | pub struct C3dReader<'a, R: Read + Seek> {
[INFO] [stderr]    |            --------- field in this struct
[INFO] [stderr] 68 |     header: &'a HeaderBlock,
[INFO] [stderr] 69 |     parameter: &'a ParameterBlock,
[INFO] [stderr]    |     ^^^^^^^^^
[INFO] [stderr]    |
[INFO] [stderr]    = note: `#[warn(dead_code)]` on by default
[INFO] [stderr] 
[INFO] [stderr] warning: fields `name_chars_size`, `id`, `offset`, and `desc_chars_size` are never read
[INFO] [stderr]    --> src/lib.rs:611:5
[INFO] [stderr]     |
[INFO] [stderr] 609 | pub struct ParameterFormat {
[INFO] [stderr]     |            --------------- fields in this struct
[INFO] [stderr] 610 |     // indicates "locked" if value is negative.
[INFO] [stderr] 611 |     name_chars_size: u8,
[INFO] [stderr]     |     ^^^^^^^^^^^^^^^
[INFO] [stderr] 612 |     id: i8,
[INFO] [stderr]     |     ^^
[INFO] [stderr] 613 |     pub name: String,
[INFO] [stderr] 614 |     offset: i16,
[INFO] [stderr]     |     ^^^^^^
[INFO] [stderr] ...
[INFO] [stderr] 619 |     desc_chars_size: u8,
[INFO] [stderr]     |     ^^^^^^^^^^^^^^^
[INFO] [stderr]     |
[INFO] [stderr]     = note: `ParameterFormat` has a derived impl for the trait `Debug`, but this is intentionally ignored during dead code analysis
[INFO] [stderr] 
[INFO] [stderr] warning: using `.clone()` on a double reference, which returns `&mut &[u8]` instead of cloning the inner type
[INFO] [stderr]    --> src/lib.rs:190:32
[INFO] [stderr]     |
[INFO] [stderr] 190 | ...                   arr.clone().read_exact(&mut buf).unwrap();
[INFO] [stderr]     |                          ^^^^^^^^
[INFO] [stderr]     |
[INFO] [stderr]     = note: `#[warn(suspicious_double_ref_op)]` on by default
[INFO] [stderr] 
[INFO] [stderr] warning: using `.clone()` on a double reference, which returns `&mut &[u8]` instead of cloning the inner type
[INFO] [stderr]    --> src/lib.rs:194:32
[INFO] [stderr]     |
[INFO] [stderr] 194 | ...                   arr.clone().read_exact(&mut buf).unwrap();
[INFO] [stderr]     |                          ^^^^^^^^
[INFO] [stderr] 
[INFO] [stderr] warning: using `.clone()` on a double reference, which returns `&mut &[u8]` instead of cloning the inner type
[INFO] [stderr]    --> src/lib.rs:242:29
[INFO] [stderr]     |
[INFO] [stderr] 242 |                         (arr.clone()).read_exact(&mut buf).unwrap();
[INFO] [stderr]     |                             ^^^^^^^^^
[INFO] [stderr] 
[INFO] [stderr] warning: using `.clone()` on a double reference, which returns `&mut &[u8]` instead of cloning the inner type
[INFO] [stderr]    --> src/lib.rs:247:33
[INFO] [stderr]     |
[INFO] [stderr] 247 | ...                   (arr.clone()).read_exact(&mut buf).unwrap();
[INFO] [stderr]     |                           ^^^^^^^^^
[INFO] [stderr] 
[INFO] [stderr] warning: using `.clone()` on a double reference, which returns `&mut &[u8]` instead of cloning the inner type
[INFO] [stderr]    --> src/lib.rs:250:33
[INFO] [stderr]     |
[INFO] [stderr] 250 | ...                   (arr.clone()).read_exact(&mut buf).unwrap();
[INFO] [stderr]     |                           ^^^^^^^^^
[INFO] [stderr] 
[INFO] [stderr] warning: using `.clone()` on a double reference, which returns `&mut &[u8]` instead of cloning the inner type
[INFO] [stderr]    --> src/lib.rs:487:33
[INFO] [stderr]     |
[INFO] [stderr] 487 | ...                   (arr.clone()).read_exact(&mut buf).unwrap();
[INFO] [stderr]     |                           ^^^^^^^^^
[INFO] [stderr] 
[INFO] [stderr] warning: using `.clone()` on a double reference, which returns `&mut &[u8]` instead of cloning the inner type
[INFO] [stderr]    --> src/lib.rs:493:33
[INFO] [stderr]     |
[INFO] [stderr] 493 | ...                   (arr.clone()).read_exact(&mut buf).unwrap();
[INFO] [stderr]     |                           ^^^^^^^^^
[INFO] [stderr] 
[INFO] [stderr] warning: `c3d-rs` (lib) generated 10 warnings (run `cargo fix --lib -p c3d-rs` to apply 1 suggestion)
[INFO] [stderr] warning: `c3d-rs` (lib test) generated 9 warnings (9 duplicates)
[INFO] [stderr]     Finished test [unoptimized + debuginfo] target(s) in 0.02s
[INFO] [stderr]      Running unittests src/lib.rs (/opt/rustwide/target/debug/deps/c3d_rs-fe9165f7efde30b8)
[INFO] [stdout] 
[INFO] [stdout] running 1 test
[INFO] [stdout] test tests::test_parser ... FAILED
[INFO] [stdout] 
[INFO] [stdout] failures:
[INFO] [stdout] 
[INFO] [stdout] ---- tests::test_parser stdout ----
[INFO] [stdout] Error: No such file or directory (os error 2)
[INFO] [stdout] 
[INFO] [stdout] Stack backtrace:
[INFO] [stdout]    0: anyhow::error::<impl core::convert::From<E> for anyhow::Error>::from
[INFO] [stdout]              at /opt/rustwide/cargo-home/registry/src/index.crates.io-6f17d22bba15001f/anyhow-1.0.79/src/error.rs:565:25
[INFO] [stdout]    1: <core::result::Result<T,F> as core::ops::try_trait::FromResidual<core::result::Result<core::convert::Infallible,E>>>::from_residual
[INFO] [stdout]              at /rustc/0e09125c6c3c2fd70d7de961bcf0e51575235fad/library/core/src/result.rs:1959:27
[INFO] [stdout]    2: c3d_rs::tests::test_parser
[INFO] [stdout]              at ./src/lib.rs:710:24
[INFO] [stdout]    3: c3d_rs::tests::test_parser::{{closure}}
[INFO] [stdout]              at ./src/lib.rs:707:25
[INFO] [stdout]    4: core::ops::function::FnOnce::call_once
[INFO] [stdout]              at /rustc/0e09125c6c3c2fd70d7de961bcf0e51575235fad/library/core/src/ops/function.rs:250:5
[INFO] [stdout]    5: core::ops::function::FnOnce::call_once
[INFO] [stdout]              at /rustc/0e09125c6c3c2fd70d7de961bcf0e51575235fad/library/core/src/ops/function.rs:250:5
[INFO] [stdout]    6: test::__rust_begin_short_backtrace
[INFO] [stdout]              at /rustc/0e09125c6c3c2fd70d7de961bcf0e51575235fad/library/test/src/lib.rs:627:18
[INFO] [stdout]    7: test::run_test_in_process::{{closure}}
[INFO] [stdout]              at /rustc/0e09125c6c3c2fd70d7de961bcf0e51575235fad/library/test/src/lib.rs:650:60
[INFO] [stdout]    8: <core::panic::unwind_safe::AssertUnwindSafe<F> as core::ops::function::FnOnce<()>>::call_once
[INFO] [stdout]              at /rustc/0e09125c6c3c2fd70d7de961bcf0e51575235fad/library/core/src/panic/unwind_safe.rs:272:9
[INFO] [stdout]    9: std::panicking::try::do_call
[INFO] [stdout]              at /rustc/0e09125c6c3c2fd70d7de961bcf0e51575235fad/library/std/src/panicking.rs:552:40
[INFO] [stdout]   10: std::panicking::try
[INFO] [stdout]              at /rustc/0e09125c6c3c2fd70d7de961bcf0e51575235fad/library/std/src/panicking.rs:516:19
[INFO] [stdout]   11: std::panic::catch_unwind
[INFO] [stdout]              at /rustc/0e09125c6c3c2fd70d7de961bcf0e51575235fad/library/std/src/panic.rs:142:14
[INFO] [stdout]   12: test::run_test_in_process
[INFO] [stdout]              at /rustc/0e09125c6c3c2fd70d7de961bcf0e51575235fad/library/test/src/lib.rs:650:27
[INFO] [stdout]   13: test::run_test::{{closure}}
[INFO] [stdout]              at /rustc/0e09125c6c3c2fd70d7de961bcf0e51575235fad/library/test/src/lib.rs:573:43
[INFO] [stdout]   14: test::run_test::{{closure}}
[INFO] [stdout]              at /rustc/0e09125c6c3c2fd70d7de961bcf0e51575235fad/library/test/src/lib.rs:601:41
[INFO] [stdout]   15: std::sys_common::backtrace::__rust_begin_short_backtrace
[INFO] [stdout]              at /rustc/0e09125c6c3c2fd70d7de961bcf0e51575235fad/library/std/src/sys_common/backtrace.rs:155:18
[INFO] [stdout]   16: std::thread::Builder::spawn_unchecked_::{{closure}}::{{closure}}
[INFO] [stdout]              at /rustc/0e09125c6c3c2fd70d7de961bcf0e51575235fad/library/std/src/thread/mod.rs:529:17
[INFO] [stdout]   17: <core::panic::unwind_safe::AssertUnwindSafe<F> as core::ops::function::FnOnce<()>>::call_once
[INFO] [stdout]              at /rustc/0e09125c6c3c2fd70d7de961bcf0e51575235fad/library/core/src/panic/unwind_safe.rs:272:9
[INFO] [stdout]   18: std::panicking::try::do_call
[INFO] [stdout]              at /rustc/0e09125c6c3c2fd70d7de961bcf0e51575235fad/library/std/src/panicking.rs:552:40
[INFO] [stdout]   19: std::panicking::try
[INFO] [stdout]              at /rustc/0e09125c6c3c2fd70d7de961bcf0e51575235fad/library/std/src/panicking.rs:516:19
[INFO] [stdout]   20: std::panic::catch_unwind
[INFO] [stdout]              at /rustc/0e09125c6c3c2fd70d7de961bcf0e51575235fad/library/std/src/panic.rs:142:14
[INFO] [stdout]   21: std::thread::Builder::spawn_unchecked_::{{closure}}
[INFO] [stdout]              at /rustc/0e09125c6c3c2fd70d7de961bcf0e51575235fad/library/std/src/thread/mod.rs:528:30
[INFO] [stdout]   22: core::ops::function::FnOnce::call_once{{vtable.shim}}
[INFO] [stdout]              at /rustc/0e09125c6c3c2fd70d7de961bcf0e51575235fad/library/core/src/ops/function.rs:250:5
[INFO] [stdout]   23: <alloc::boxed::Box<F,A> as core::ops::function::FnOnce<Args>>::call_once
[INFO] [stdout]              at /rustc/0e09125c6c3c2fd70d7de961bcf0e51575235fad/library/alloc/src/boxed.rs:2015:9
[INFO] [stdout]   24: <alloc::boxed::Box<F,A> as core::ops::function::FnOnce<Args>>::call_once
[INFO] [stdout]              at /rustc/0e09125c6c3c2fd70d7de961bcf0e51575235fad/library/alloc/src/boxed.rs:2015:9
[INFO] [stdout]   25: std::sys::unix::thread::Thread::new::thread_start
[INFO] [stdout]              at /rustc/0e09125c6c3c2fd70d7de961bcf0e51575235fad/library/std/src/sys/unix/thread.rs:108:17
[INFO] [stdout]   26: <unknown>
[INFO] [stdout]   27: __clone
[INFO] [stdout] 
[INFO] [stdout] 
[INFO] [stdout] failures:
[INFO] [stdout]     tests::test_parser
[INFO] [stdout] 
[INFO] [stdout] test result: FAILED. 0 passed; 1 failed; 0 ignored; 0 measured; 0 filtered out; finished in 0.01s
[INFO] [stdout] 
[INFO] [stderr] error: test failed, to rerun pass `--lib`
[INFO] running `Command { std: "docker" "inspect" "7646f222a0a1c5af95b3ace515d6fc4a898f18daed04a15ce5b32199b3a9f6f9", kill_on_drop: false }`
[INFO] running `Command { std: "docker" "rm" "-f" "7646f222a0a1c5af95b3ace515d6fc4a898f18daed04a15ce5b32199b3a9f6f9", kill_on_drop: false }`
[INFO] [stdout] 7646f222a0a1c5af95b3ace515d6fc4a898f18daed04a15ce5b32199b3a9f6f9
