[INFO] fetching crate bz_rust_util 0.1.0...
[INFO] testing bz_rust_util-0.1.0 against 1.75.0 for beta-1.76-1
[INFO] extracting crate bz_rust_util 0.1.0 into /workspace/builds/worker-1-tc1/source
[INFO] validating manifest of crates.io crate bz_rust_util 0.1.0 on toolchain 1.75.0
[INFO] running `Command { std: CARGO_HOME="/workspace/cargo-home" RUSTUP_HOME="/workspace/rustup-home" "/workspace/cargo-home/bin/cargo" "+1.75.0" "metadata" "--manifest-path" "Cargo.toml" "--no-deps", kill_on_drop: false }`
[INFO] started tweaking crates.io crate bz_rust_util 0.1.0
[INFO] finished tweaking crates.io crate bz_rust_util 0.1.0
[INFO] tweaked toml for crates.io crate bz_rust_util 0.1.0 written to /workspace/builds/worker-1-tc1/source/Cargo.toml
[INFO] running `Command { std: CARGO_HOME="/workspace/cargo-home" RUSTUP_HOME="/workspace/rustup-home" "/workspace/cargo-home/bin/cargo" "+1.75.0" "generate-lockfile" "--manifest-path" "Cargo.toml", kill_on_drop: false }`
[INFO] running `Command { std: CARGO_HOME="/workspace/cargo-home" RUSTUP_HOME="/workspace/rustup-home" "/workspace/cargo-home/bin/cargo" "+1.75.0" "fetch" "--manifest-path" "Cargo.toml", kill_on_drop: false }`
[INFO] running `Command { std: "docker" "create" "-v" "/var/lib/crater-agent-workspace/builds/worker-1-tc1/target:/opt/rustwide/target:rw,Z" "-v" "/var/lib/crater-agent-workspace/builds/worker-1-tc1/source:/opt/rustwide/workdir:ro,Z" "-v" "/var/lib/crater-agent-workspace/cargo-home:/opt/rustwide/cargo-home:ro,Z" "-v" "/var/lib/crater-agent-workspace/rustup-home:/opt/rustwide/rustup-home:ro,Z" "-e" "SOURCE_DIR=/opt/rustwide/workdir" "-e" "CARGO_TARGET_DIR=/opt/rustwide/target" "-e" "CARGO_HOME=/opt/rustwide/cargo-home" "-e" "RUSTUP_HOME=/opt/rustwide/rustup-home" "-w" "/opt/rustwide/workdir" "-m" "1610612736" "--user" "0:0" "--network" "none" "ghcr.io/rust-lang/crates-build-env/linux@sha256:2788e3201cd34a07e3172128adcd8b3090168a8e3bcc40d7c032b9dda1df7d1c" "/opt/rustwide/cargo-home/bin/cargo" "+1.75.0" "metadata" "--no-deps" "--format-version=1", kill_on_drop: false }`
[INFO] [stdout] ea8f6a0499803f8df2d2945b57027187dc06abf44e0cb2f02aabac08fa465c65
[INFO] running `Command { std: "docker" "start" "-a" "ea8f6a0499803f8df2d2945b57027187dc06abf44e0cb2f02aabac08fa465c65", kill_on_drop: false }`
[INFO] running `Command { std: "docker" "inspect" "ea8f6a0499803f8df2d2945b57027187dc06abf44e0cb2f02aabac08fa465c65", kill_on_drop: false }`
[INFO] running `Command { std: "docker" "rm" "-f" "ea8f6a0499803f8df2d2945b57027187dc06abf44e0cb2f02aabac08fa465c65", kill_on_drop: false }`
[INFO] [stdout] ea8f6a0499803f8df2d2945b57027187dc06abf44e0cb2f02aabac08fa465c65
[INFO] running `Command { std: "docker" "create" "-v" "/var/lib/crater-agent-workspace/builds/worker-1-tc1/target:/opt/rustwide/target:rw,Z" "-v" "/var/lib/crater-agent-workspace/builds/worker-1-tc1/source:/opt/rustwide/workdir:ro,Z" "-v" "/var/lib/crater-agent-workspace/cargo-home:/opt/rustwide/cargo-home:ro,Z" "-v" "/var/lib/crater-agent-workspace/rustup-home:/opt/rustwide/rustup-home:ro,Z" "-e" "SOURCE_DIR=/opt/rustwide/workdir" "-e" "CARGO_TARGET_DIR=/opt/rustwide/target" "-e" "CARGO_INCREMENTAL=0" "-e" "RUST_BACKTRACE=full" "-e" "RUSTFLAGS=--cap-lints=warn" "-e" "RUSTDOCFLAGS=--cap-lints=warn" "-e" "CARGO_HOME=/opt/rustwide/cargo-home" "-e" "RUSTUP_HOME=/opt/rustwide/rustup-home" "-w" "/opt/rustwide/workdir" "-m" "1610612736" "--user" "0:0" "--network" "none" "ghcr.io/rust-lang/crates-build-env/linux@sha256:2788e3201cd34a07e3172128adcd8b3090168a8e3bcc40d7c032b9dda1df7d1c" "/opt/rustwide/cargo-home/bin/cargo" "+1.75.0" "build" "--frozen" "--message-format=json", kill_on_drop: false }`
[INFO] [stdout] ef5d1aecb8f16e48bb3a5ab21e5d49eb0ea5825c5b0f0bb420cc6b25940a9013
[INFO] running `Command { std: "docker" "start" "-a" "ef5d1aecb8f16e48bb3a5ab21e5d49eb0ea5825c5b0f0bb420cc6b25940a9013", kill_on_drop: false }`
[INFO] [stderr]    Compiling bz_rust_util v0.1.0 (/opt/rustwide/workdir)
[INFO] [stderr]     Finished dev [unoptimized + debuginfo] target(s) in 0.03s
[INFO] running `Command { std: "docker" "inspect" "ef5d1aecb8f16e48bb3a5ab21e5d49eb0ea5825c5b0f0bb420cc6b25940a9013", kill_on_drop: false }`
[INFO] running `Command { std: "docker" "rm" "-f" "ef5d1aecb8f16e48bb3a5ab21e5d49eb0ea5825c5b0f0bb420cc6b25940a9013", kill_on_drop: false }`
[INFO] [stdout] ef5d1aecb8f16e48bb3a5ab21e5d49eb0ea5825c5b0f0bb420cc6b25940a9013
[INFO] running `Command { std: "docker" "create" "-v" "/var/lib/crater-agent-workspace/builds/worker-1-tc1/target:/opt/rustwide/target:rw,Z" "-v" "/var/lib/crater-agent-workspace/builds/worker-1-tc1/source:/opt/rustwide/workdir:ro,Z" "-v" "/var/lib/crater-agent-workspace/cargo-home:/opt/rustwide/cargo-home:ro,Z" "-v" "/var/lib/crater-agent-workspace/rustup-home:/opt/rustwide/rustup-home:ro,Z" "-e" "SOURCE_DIR=/opt/rustwide/workdir" "-e" "CARGO_TARGET_DIR=/opt/rustwide/target" "-e" "CARGO_INCREMENTAL=0" "-e" "RUST_BACKTRACE=full" "-e" "RUSTFLAGS=--cap-lints=warn" "-e" "RUSTDOCFLAGS=--cap-lints=warn" "-e" "CARGO_HOME=/opt/rustwide/cargo-home" "-e" "RUSTUP_HOME=/opt/rustwide/rustup-home" "-w" "/opt/rustwide/workdir" "-m" "1610612736" "--user" "0:0" "--network" "none" "ghcr.io/rust-lang/crates-build-env/linux@sha256:2788e3201cd34a07e3172128adcd8b3090168a8e3bcc40d7c032b9dda1df7d1c" "/opt/rustwide/cargo-home/bin/cargo" "+1.75.0" "test" "--frozen" "--no-run" "--message-format=json", kill_on_drop: false }`
[INFO] [stdout] 5248abe3addced63d5790e24a8627f5f734372ffb832981ce0ffa3146973307b
[INFO] running `Command { std: "docker" "start" "-a" "5248abe3addced63d5790e24a8627f5f734372ffb832981ce0ffa3146973307b", kill_on_drop: false }`
[INFO] [stderr]    Compiling bz_rust_util v0.1.0 (/opt/rustwide/workdir)
[INFO] [stderr]     Finished test [unoptimized + debuginfo] target(s) in 0.21s
[INFO] running `Command { std: "docker" "inspect" "5248abe3addced63d5790e24a8627f5f734372ffb832981ce0ffa3146973307b", kill_on_drop: false }`
[INFO] running `Command { std: "docker" "rm" "-f" "5248abe3addced63d5790e24a8627f5f734372ffb832981ce0ffa3146973307b", kill_on_drop: false }`
[INFO] [stdout] 5248abe3addced63d5790e24a8627f5f734372ffb832981ce0ffa3146973307b
[INFO] running `Command { std: "docker" "create" "-v" "/var/lib/crater-agent-workspace/builds/worker-1-tc1/target:/opt/rustwide/target:rw,Z" "-v" "/var/lib/crater-agent-workspace/builds/worker-1-tc1/source:/opt/rustwide/workdir:ro,Z" "-v" "/var/lib/crater-agent-workspace/cargo-home:/opt/rustwide/cargo-home:ro,Z" "-v" "/var/lib/crater-agent-workspace/rustup-home:/opt/rustwide/rustup-home:ro,Z" "-e" "SOURCE_DIR=/opt/rustwide/workdir" "-e" "CARGO_TARGET_DIR=/opt/rustwide/target" "-e" "CARGO_INCREMENTAL=0" "-e" "RUST_BACKTRACE=full" "-e" "RUSTFLAGS=--cap-lints=warn" "-e" "RUSTDOCFLAGS=--cap-lints=warn" "-e" "CARGO_HOME=/opt/rustwide/cargo-home" "-e" "RUSTUP_HOME=/opt/rustwide/rustup-home" "-w" "/opt/rustwide/workdir" "-m" "1610612736" "--user" "0:0" "--network" "none" "ghcr.io/rust-lang/crates-build-env/linux@sha256:2788e3201cd34a07e3172128adcd8b3090168a8e3bcc40d7c032b9dda1df7d1c" "/opt/rustwide/cargo-home/bin/cargo" "+1.75.0" "test" "--frozen", kill_on_drop: false }`
[INFO] [stdout] c7c0b291583b4c6e50f1ccc4752561fbaf385e9d01e91d37eef2d348800d7798
[INFO] running `Command { std: "docker" "start" "-a" "c7c0b291583b4c6e50f1ccc4752561fbaf385e9d01e91d37eef2d348800d7798", kill_on_drop: false }`
[INFO] [stderr]     Finished test [unoptimized + debuginfo] target(s) in 0.00s
[INFO] [stderr]      Running unittests src/lib.rs (/opt/rustwide/target/debug/deps/bz_rust_util-54fc1ea49d2bb868)
[INFO] [stdout] 
[INFO] [stdout] running 2 tests
[INFO] [stdout] test tests::it_works ... ok
[INFO] [stdout] test tests::it_works1 ... ok
[INFO] [stdout] 
[INFO] [stdout] test result: ok. 2 passed; 0 failed; 0 ignored; 0 measured; 0 filtered out; finished in 0.00s
[INFO] [stdout] 
[INFO] [stderr]    Doc-tests bz_rust_util
[INFO] [stdout] 
[INFO] [stdout] running 2 tests
[INFO] [stdout] test src/lib.rs - utils::add_one2 (line 28) ... FAILED
[INFO] [stdout] test src/lib.rs - add_one (line 11) ... ok
[INFO] [stdout] 
[INFO] [stdout] failures:
[INFO] [stdout] 
[INFO] [stdout] ---- src/lib.rs - utils::add_one2 (line 28) stdout ----
[INFO] [stdout] error[E0425]: cannot find function `add_one2` in crate `bz_rust_util`
[INFO] [stdout]   --> src/lib.rs:31:28
[INFO] [stdout]    |
[INFO] [stdout] 6  | let answer = bz_rust_util::add_one2(arg);
[INFO] [stdout]    |                            ^^^^^^^^
[INFO] [stdout]    |
[INFO] [stdout]   ::: /opt/rustwide/workdir/src/lib.rs:19:1
[INFO] [stdout]    |
[INFO] [stdout] 19 | pub fn add_one(x: i32) -> i32 {
[INFO] [stdout]    | ----------------------------- similarly named function `add_one` defined here
[INFO] [stdout]    |
[INFO] [stdout] help: a function with a similar name exists
[INFO] [stdout]    |
[INFO] [stdout] 6  | let answer = bz_rust_util::add_one(arg);
[INFO] [stdout]    |                            ~~~~~~~
[INFO] [stdout] help: consider importing this function
[INFO] [stdout]    |
[INFO] [stdout] 2  + use bz_rust_util::utils::add_one2;
[INFO] [stdout]    |
[INFO] [stdout] help: if you import `add_one2`, refer to it directly
[INFO] [stdout]    |
[INFO] [stdout] 6  - let answer = bz_rust_util::add_one2(arg);
[INFO] [stdout] 6  + let answer = add_one2(arg);
[INFO] [stdout]    |
[INFO] [stdout] 
[INFO] [stdout] error: aborting due to previous error
[INFO] [stdout] 
[INFO] [stdout] For more information about this error, try `rustc --explain E0425`.
[INFO] [stdout] Couldn't compile the test.
[INFO] [stdout] 
[INFO] [stdout] failures:
[INFO] [stdout]     src/lib.rs - utils::add_one2 (line 28)
[INFO] [stdout] 
[INFO] [stdout] test result: FAILED. 1 passed; 1 failed; 0 ignored; 0 measured; 0 filtered out; finished in 0.15s
[INFO] [stdout] 
[INFO] [stderr] error: doctest failed, to rerun pass `--doc`
[INFO] running `Command { std: "docker" "inspect" "c7c0b291583b4c6e50f1ccc4752561fbaf385e9d01e91d37eef2d348800d7798", kill_on_drop: false }`
[INFO] running `Command { std: "docker" "rm" "-f" "c7c0b291583b4c6e50f1ccc4752561fbaf385e9d01e91d37eef2d348800d7798", kill_on_drop: false }`
[INFO] [stdout] c7c0b291583b4c6e50f1ccc4752561fbaf385e9d01e91d37eef2d348800d7798
[INFO] testing bz_rust_util-0.1.0 against beta-2023-12-22 for beta-1.76-1
[INFO] extracting crate bz_rust_util 0.1.0 into /workspace/builds/worker-1-tc2/source
[INFO] validating manifest of crates.io crate bz_rust_util 0.1.0 on toolchain beta-2023-12-22
[INFO] running `Command { std: CARGO_HOME="/workspace/cargo-home" RUSTUP_HOME="/workspace/rustup-home" "/workspace/cargo-home/bin/cargo" "+beta-2023-12-22" "metadata" "--manifest-path" "Cargo.toml" "--no-deps", kill_on_drop: false }`
[INFO] started tweaking crates.io crate bz_rust_util 0.1.0
[INFO] finished tweaking crates.io crate bz_rust_util 0.1.0
[INFO] tweaked toml for crates.io crate bz_rust_util 0.1.0 written to /workspace/builds/worker-1-tc2/source/Cargo.toml
[INFO] running `Command { std: CARGO_HOME="/workspace/cargo-home" RUSTUP_HOME="/workspace/rustup-home" "/workspace/cargo-home/bin/cargo" "+beta-2023-12-22" "generate-lockfile" "--manifest-path" "Cargo.toml", kill_on_drop: false }`
[INFO] running `Command { std: CARGO_HOME="/workspace/cargo-home" RUSTUP_HOME="/workspace/rustup-home" "/workspace/cargo-home/bin/cargo" "+beta-2023-12-22" "fetch" "--manifest-path" "Cargo.toml", kill_on_drop: false }`
[INFO] running `Command { std: "docker" "create" "-v" "/var/lib/crater-agent-workspace/builds/worker-1-tc2/target:/opt/rustwide/target:rw,Z" "-v" "/var/lib/crater-agent-workspace/builds/worker-1-tc2/source:/opt/rustwide/workdir:ro,Z" "-v" "/var/lib/crater-agent-workspace/cargo-home:/opt/rustwide/cargo-home:ro,Z" "-v" "/var/lib/crater-agent-workspace/rustup-home:/opt/rustwide/rustup-home:ro,Z" "-e" "SOURCE_DIR=/opt/rustwide/workdir" "-e" "CARGO_TARGET_DIR=/opt/rustwide/target" "-e" "CARGO_HOME=/opt/rustwide/cargo-home" "-e" "RUSTUP_HOME=/opt/rustwide/rustup-home" "-w" "/opt/rustwide/workdir" "-m" "1610612736" "--user" "0:0" "--network" "none" "ghcr.io/rust-lang/crates-build-env/linux@sha256:2788e3201cd34a07e3172128adcd8b3090168a8e3bcc40d7c032b9dda1df7d1c" "/opt/rustwide/cargo-home/bin/cargo" "+beta-2023-12-22" "metadata" "--no-deps" "--format-version=1", kill_on_drop: false }`
[INFO] [stdout] 07ba8c645a1a0b5fedb62bcb43627b3816499432b08604d8a7efdd2022bab3d1
[INFO] running `Command { std: "docker" "start" "-a" "07ba8c645a1a0b5fedb62bcb43627b3816499432b08604d8a7efdd2022bab3d1", kill_on_drop: false }`
[INFO] running `Command { std: "docker" "inspect" "07ba8c645a1a0b5fedb62bcb43627b3816499432b08604d8a7efdd2022bab3d1", kill_on_drop: false }`
[INFO] running `Command { std: "docker" "rm" "-f" "07ba8c645a1a0b5fedb62bcb43627b3816499432b08604d8a7efdd2022bab3d1", kill_on_drop: false }`
[INFO] [stdout] 07ba8c645a1a0b5fedb62bcb43627b3816499432b08604d8a7efdd2022bab3d1
[INFO] running `Command { std: "docker" "create" "-v" "/var/lib/crater-agent-workspace/builds/worker-1-tc2/target:/opt/rustwide/target:rw,Z" "-v" "/var/lib/crater-agent-workspace/builds/worker-1-tc2/source:/opt/rustwide/workdir:ro,Z" "-v" "/var/lib/crater-agent-workspace/cargo-home:/opt/rustwide/cargo-home:ro,Z" "-v" "/var/lib/crater-agent-workspace/rustup-home:/opt/rustwide/rustup-home:ro,Z" "-e" "SOURCE_DIR=/opt/rustwide/workdir" "-e" "CARGO_TARGET_DIR=/opt/rustwide/target" "-e" "CARGO_INCREMENTAL=0" "-e" "RUST_BACKTRACE=full" "-e" "RUSTFLAGS=--cap-lints=warn" "-e" "RUSTDOCFLAGS=--cap-lints=warn" "-e" "CARGO_HOME=/opt/rustwide/cargo-home" "-e" "RUSTUP_HOME=/opt/rustwide/rustup-home" "-w" "/opt/rustwide/workdir" "-m" "1610612736" "--user" "0:0" "--network" "none" "ghcr.io/rust-lang/crates-build-env/linux@sha256:2788e3201cd34a07e3172128adcd8b3090168a8e3bcc40d7c032b9dda1df7d1c" "/opt/rustwide/cargo-home/bin/cargo" "+beta-2023-12-22" "build" "--frozen" "--message-format=json", kill_on_drop: false }`
[INFO] [stdout] ab8f74e25a57716609ef5b327bd13a23c2bf140fe4b93983fdaa384f88ce3889
[INFO] running `Command { std: "docker" "start" "-a" "ab8f74e25a57716609ef5b327bd13a23c2bf140fe4b93983fdaa384f88ce3889", kill_on_drop: false }`
[INFO] [stderr]    Compiling bz_rust_util v0.1.0 (/opt/rustwide/workdir)
[INFO] [stderr]     Finished dev [unoptimized + debuginfo] target(s) in 0.03s
[INFO] running `Command { std: "docker" "inspect" "ab8f74e25a57716609ef5b327bd13a23c2bf140fe4b93983fdaa384f88ce3889", kill_on_drop: false }`
[INFO] running `Command { std: "docker" "rm" "-f" "ab8f74e25a57716609ef5b327bd13a23c2bf140fe4b93983fdaa384f88ce3889", kill_on_drop: false }`
[INFO] [stdout] ab8f74e25a57716609ef5b327bd13a23c2bf140fe4b93983fdaa384f88ce3889
[INFO] running `Command { std: "docker" "create" "-v" "/var/lib/crater-agent-workspace/builds/worker-1-tc2/target:/opt/rustwide/target:rw,Z" "-v" "/var/lib/crater-agent-workspace/builds/worker-1-tc2/source:/opt/rustwide/workdir:ro,Z" "-v" "/var/lib/crater-agent-workspace/cargo-home:/opt/rustwide/cargo-home:ro,Z" "-v" "/var/lib/crater-agent-workspace/rustup-home:/opt/rustwide/rustup-home:ro,Z" "-e" "SOURCE_DIR=/opt/rustwide/workdir" "-e" "CARGO_TARGET_DIR=/opt/rustwide/target" "-e" "CARGO_INCREMENTAL=0" "-e" "RUST_BACKTRACE=full" "-e" "RUSTFLAGS=--cap-lints=warn" "-e" "RUSTDOCFLAGS=--cap-lints=warn" "-e" "CARGO_HOME=/opt/rustwide/cargo-home" "-e" "RUSTUP_HOME=/opt/rustwide/rustup-home" "-w" "/opt/rustwide/workdir" "-m" "1610612736" "--user" "0:0" "--network" "none" "ghcr.io/rust-lang/crates-build-env/linux@sha256:2788e3201cd34a07e3172128adcd8b3090168a8e3bcc40d7c032b9dda1df7d1c" "/opt/rustwide/cargo-home/bin/cargo" "+beta-2023-12-22" "test" "--frozen" "--no-run" "--message-format=json", kill_on_drop: false }`
[INFO] [stdout] d29eb7b0bde6bbb8791887d2e13d7617fa36778d74738ac352fec7154261688d
[INFO] running `Command { std: "docker" "start" "-a" "d29eb7b0bde6bbb8791887d2e13d7617fa36778d74738ac352fec7154261688d", kill_on_drop: false }`
[INFO] [stderr]    Compiling bz_rust_util v0.1.0 (/opt/rustwide/workdir)
[INFO] [stderr]     Finished test [unoptimized + debuginfo] target(s) in 0.25s
[INFO] running `Command { std: "docker" "inspect" "d29eb7b0bde6bbb8791887d2e13d7617fa36778d74738ac352fec7154261688d", kill_on_drop: false }`
[INFO] running `Command { std: "docker" "rm" "-f" "d29eb7b0bde6bbb8791887d2e13d7617fa36778d74738ac352fec7154261688d", kill_on_drop: false }`
[INFO] [stdout] d29eb7b0bde6bbb8791887d2e13d7617fa36778d74738ac352fec7154261688d
[INFO] running `Command { std: "docker" "create" "-v" "/var/lib/crater-agent-workspace/builds/worker-1-tc2/target:/opt/rustwide/target:rw,Z" "-v" "/var/lib/crater-agent-workspace/builds/worker-1-tc2/source:/opt/rustwide/workdir:ro,Z" "-v" "/var/lib/crater-agent-workspace/cargo-home:/opt/rustwide/cargo-home:ro,Z" "-v" "/var/lib/crater-agent-workspace/rustup-home:/opt/rustwide/rustup-home:ro,Z" "-e" "SOURCE_DIR=/opt/rustwide/workdir" "-e" "CARGO_TARGET_DIR=/opt/rustwide/target" "-e" "CARGO_INCREMENTAL=0" "-e" "RUST_BACKTRACE=full" "-e" "RUSTFLAGS=--cap-lints=warn" "-e" "RUSTDOCFLAGS=--cap-lints=warn" "-e" "CARGO_HOME=/opt/rustwide/cargo-home" "-e" "RUSTUP_HOME=/opt/rustwide/rustup-home" "-w" "/opt/rustwide/workdir" "-m" "1610612736" "--user" "0:0" "--network" "none" "ghcr.io/rust-lang/crates-build-env/linux@sha256:2788e3201cd34a07e3172128adcd8b3090168a8e3bcc40d7c032b9dda1df7d1c" "/opt/rustwide/cargo-home/bin/cargo" "+beta-2023-12-22" "test" "--frozen", kill_on_drop: false }`
[INFO] [stdout] 6bc8047242b8a158e3f4d06ec1a639a9c48d82d67d56b05680c82dec1deae671
[INFO] running `Command { std: "docker" "start" "-a" "6bc8047242b8a158e3f4d06ec1a639a9c48d82d67d56b05680c82dec1deae671", kill_on_drop: false }`
[INFO] [stderr]     Finished test [unoptimized + debuginfo] target(s) in 0.01s
[INFO] [stderr]      Running unittests src/lib.rs (/opt/rustwide/target/debug/deps/bz_rust_util-bd242233c35fe080)
[INFO] [stdout] 
[INFO] [stdout] running 2 tests
[INFO] [stdout] test tests::it_works1 ... ok
[INFO] [stdout] test tests::it_works ... ok
[INFO] [stdout] 
[INFO] [stdout] test result: ok. 2 passed; 0 failed; 0 ignored; 0 measured; 0 filtered out; finished in 0.00s
[INFO] [stdout] 
[INFO] [stderr]    Doc-tests bz_rust_util
[INFO] [stdout] 
[INFO] [stdout] running 2 tests
[INFO] [stdout] test src/lib.rs - utils::add_one2 (line 28) ... FAILED
[INFO] [stdout] test src/lib.rs - add_one (line 11) ... ok
[INFO] [stdout] 
[INFO] [stdout] failures:
[INFO] [stdout] 
[INFO] [stdout] ---- src/lib.rs - utils::add_one2 (line 28) stdout ----
[INFO] [stdout] error[E0425]: cannot find function `add_one2` in crate `bz_rust_util`
[INFO] [stdout]   --> src/lib.rs:31:28
[INFO] [stdout]    |
[INFO] [stdout] 6  | let answer = bz_rust_util::add_one2(arg);
[INFO] [stdout]    |                            ^^^^^^^^
[INFO] [stdout]    |
[INFO] [stdout]   ::: /opt/rustwide/workdir/src/lib.rs:19:1
[INFO] [stdout]    |
[INFO] [stdout] 19 | pub fn add_one(x: i32) -> i32 {
[INFO] [stdout]    | ----------------------------- similarly named function `add_one` defined here
[INFO] [stdout]    |
[INFO] [stdout] help: a function with a similar name exists
[INFO] [stdout]    |
[INFO] [stdout] 6  | let answer = bz_rust_util::add_one(arg);
[INFO] [stdout]    |                            ~~~~~~~
[INFO] [stdout] help: consider importing this function
[INFO] [stdout]    |
[INFO] [stdout] 2  + use bz_rust_util::utils::add_one2;
[INFO] [stdout]    |
[INFO] [stdout] help: if you import `add_one2`, refer to it directly
[INFO] [stdout]    |
[INFO] [stdout] 6  - let answer = bz_rust_util::add_one2(arg);
[INFO] [stdout] 6  + let answer = add_one2(arg);
[INFO] [stdout]    |
[INFO] [stdout] 
[INFO] [stdout] error: aborting due to 1 previous error
[INFO] [stdout] 
[INFO] [stdout] For more information about this error, try `rustc --explain E0425`.
[INFO] [stdout] Couldn't compile the test.
[INFO] [stdout] 
[INFO] [stdout] failures:
[INFO] [stdout]     src/lib.rs - utils::add_one2 (line 28)
[INFO] [stdout] 
[INFO] [stdout] test result: FAILED. 1 passed; 1 failed; 0 ignored; 0 measured; 0 filtered out; finished in 0.22s
[INFO] [stdout] 
[INFO] [stderr] error: doctest failed, to rerun pass `--doc`
[INFO] running `Command { std: "docker" "inspect" "6bc8047242b8a158e3f4d06ec1a639a9c48d82d67d56b05680c82dec1deae671", kill_on_drop: false }`
[INFO] running `Command { std: "docker" "rm" "-f" "6bc8047242b8a158e3f4d06ec1a639a9c48d82d67d56b05680c82dec1deae671", kill_on_drop: false }`
[INFO] [stdout] 6bc8047242b8a158e3f4d06ec1a639a9c48d82d67d56b05680c82dec1deae671
