[INFO] fetching crate bsc 0.2.0...
[INFO] testing bsc-0.2.0 against 1.75.0 for beta-1.76-1
[INFO] extracting crate bsc 0.2.0 into /workspace/builds/worker-7-tc1/source
[INFO] validating manifest of crates.io crate bsc 0.2.0 on toolchain 1.75.0
[INFO] running `Command { std: CARGO_HOME="/workspace/cargo-home" RUSTUP_HOME="/workspace/rustup-home" "/workspace/cargo-home/bin/cargo" "+1.75.0" "metadata" "--manifest-path" "Cargo.toml" "--no-deps", kill_on_drop: false }`
[INFO] started tweaking crates.io crate bsc 0.2.0
[INFO] finished tweaking crates.io crate bsc 0.2.0
[INFO] tweaked toml for crates.io crate bsc 0.2.0 written to /workspace/builds/worker-7-tc1/source/Cargo.toml
[INFO] running `Command { std: CARGO_HOME="/workspace/cargo-home" RUSTUP_HOME="/workspace/rustup-home" "/workspace/cargo-home/bin/cargo" "+1.75.0" "generate-lockfile" "--manifest-path" "Cargo.toml", kill_on_drop: false }`
[INFO] [stderr]     Updating crates.io index
[INFO] running `Command { std: CARGO_HOME="/workspace/cargo-home" RUSTUP_HOME="/workspace/rustup-home" "/workspace/cargo-home/bin/cargo" "+1.75.0" "fetch" "--manifest-path" "Cargo.toml", kill_on_drop: false }`
[INFO] running `Command { std: "docker" "create" "-v" "/var/lib/crater-agent-workspace/builds/worker-7-tc1/target:/opt/rustwide/target:rw,Z" "-v" "/var/lib/crater-agent-workspace/builds/worker-7-tc1/source:/opt/rustwide/workdir:ro,Z" "-v" "/var/lib/crater-agent-workspace/cargo-home:/opt/rustwide/cargo-home:ro,Z" "-v" "/var/lib/crater-agent-workspace/rustup-home:/opt/rustwide/rustup-home:ro,Z" "-e" "SOURCE_DIR=/opt/rustwide/workdir" "-e" "CARGO_TARGET_DIR=/opt/rustwide/target" "-e" "CARGO_HOME=/opt/rustwide/cargo-home" "-e" "RUSTUP_HOME=/opt/rustwide/rustup-home" "-w" "/opt/rustwide/workdir" "-m" "1610612736" "--user" "0:0" "--network" "none" "ghcr.io/rust-lang/crates-build-env/linux@sha256:2788e3201cd34a07e3172128adcd8b3090168a8e3bcc40d7c032b9dda1df7d1c" "/opt/rustwide/cargo-home/bin/cargo" "+1.75.0" "metadata" "--no-deps" "--format-version=1", kill_on_drop: false }`
[INFO] [stdout] f5b37ba9e9ce5043f56a0594b7c07021b86decb481d92fa4a3976e0c475f5d9c
[INFO] running `Command { std: "docker" "start" "-a" "f5b37ba9e9ce5043f56a0594b7c07021b86decb481d92fa4a3976e0c475f5d9c", kill_on_drop: false }`
[INFO] running `Command { std: "docker" "inspect" "f5b37ba9e9ce5043f56a0594b7c07021b86decb481d92fa4a3976e0c475f5d9c", kill_on_drop: false }`
[INFO] running `Command { std: "docker" "rm" "-f" "f5b37ba9e9ce5043f56a0594b7c07021b86decb481d92fa4a3976e0c475f5d9c", kill_on_drop: false }`
[INFO] [stdout] f5b37ba9e9ce5043f56a0594b7c07021b86decb481d92fa4a3976e0c475f5d9c
[INFO] running `Command { std: "docker" "create" "-v" "/var/lib/crater-agent-workspace/builds/worker-7-tc1/target:/opt/rustwide/target:rw,Z" "-v" "/var/lib/crater-agent-workspace/builds/worker-7-tc1/source:/opt/rustwide/workdir:ro,Z" "-v" "/var/lib/crater-agent-workspace/cargo-home:/opt/rustwide/cargo-home:ro,Z" "-v" "/var/lib/crater-agent-workspace/rustup-home:/opt/rustwide/rustup-home:ro,Z" "-e" "SOURCE_DIR=/opt/rustwide/workdir" "-e" "CARGO_TARGET_DIR=/opt/rustwide/target" "-e" "CARGO_INCREMENTAL=0" "-e" "RUST_BACKTRACE=full" "-e" "RUSTFLAGS=--cap-lints=warn" "-e" "RUSTDOCFLAGS=--cap-lints=warn" "-e" "CARGO_HOME=/opt/rustwide/cargo-home" "-e" "RUSTUP_HOME=/opt/rustwide/rustup-home" "-w" "/opt/rustwide/workdir" "-m" "1610612736" "--user" "0:0" "--network" "none" "ghcr.io/rust-lang/crates-build-env/linux@sha256:2788e3201cd34a07e3172128adcd8b3090168a8e3bcc40d7c032b9dda1df7d1c" "/opt/rustwide/cargo-home/bin/cargo" "+1.75.0" "build" "--frozen" "--message-format=json", kill_on_drop: false }`
[INFO] [stdout] 84cbfa92024a1129f51e0d43333f96ac651aeea7eb0a5b14c9f930ca91e17587
[INFO] running `Command { std: "docker" "start" "-a" "84cbfa92024a1129f51e0d43333f96ac651aeea7eb0a5b14c9f930ca91e17587", kill_on_drop: false }`
[INFO] [stderr]    Compiling unsafe-libyaml v0.2.10
[INFO] [stderr]    Compiling serde_yaml v0.9.30
[INFO] [stderr]    Compiling bsc v0.2.0 (/opt/rustwide/workdir)
[INFO] [stderr]     Finished dev [unoptimized + debuginfo] target(s) in 3.74s
[INFO] running `Command { std: "docker" "inspect" "84cbfa92024a1129f51e0d43333f96ac651aeea7eb0a5b14c9f930ca91e17587", kill_on_drop: false }`
[INFO] running `Command { std: "docker" "rm" "-f" "84cbfa92024a1129f51e0d43333f96ac651aeea7eb0a5b14c9f930ca91e17587", kill_on_drop: false }`
[INFO] [stdout] 84cbfa92024a1129f51e0d43333f96ac651aeea7eb0a5b14c9f930ca91e17587
[INFO] running `Command { std: "docker" "create" "-v" "/var/lib/crater-agent-workspace/builds/worker-7-tc1/target:/opt/rustwide/target:rw,Z" "-v" "/var/lib/crater-agent-workspace/builds/worker-7-tc1/source:/opt/rustwide/workdir:ro,Z" "-v" "/var/lib/crater-agent-workspace/cargo-home:/opt/rustwide/cargo-home:ro,Z" "-v" "/var/lib/crater-agent-workspace/rustup-home:/opt/rustwide/rustup-home:ro,Z" "-e" "SOURCE_DIR=/opt/rustwide/workdir" "-e" "CARGO_TARGET_DIR=/opt/rustwide/target" "-e" "CARGO_INCREMENTAL=0" "-e" "RUST_BACKTRACE=full" "-e" "RUSTFLAGS=--cap-lints=warn" "-e" "RUSTDOCFLAGS=--cap-lints=warn" "-e" "CARGO_HOME=/opt/rustwide/cargo-home" "-e" "RUSTUP_HOME=/opt/rustwide/rustup-home" "-w" "/opt/rustwide/workdir" "-m" "1610612736" "--user" "0:0" "--network" "none" "ghcr.io/rust-lang/crates-build-env/linux@sha256:2788e3201cd34a07e3172128adcd8b3090168a8e3bcc40d7c032b9dda1df7d1c" "/opt/rustwide/cargo-home/bin/cargo" "+1.75.0" "test" "--frozen" "--no-run" "--message-format=json", kill_on_drop: false }`
[INFO] [stdout] eaaa7fab3f518c85793e814b7233de1fdf9cc52bd549e32fea775e34e55a853a
[INFO] running `Command { std: "docker" "start" "-a" "eaaa7fab3f518c85793e814b7233de1fdf9cc52bd549e32fea775e34e55a853a", kill_on_drop: false }`
[INFO] [stderr]    Compiling bsc v0.2.0 (/opt/rustwide/workdir)
[INFO] [stderr]     Finished test [unoptimized + debuginfo] target(s) in 0.87s
[INFO] running `Command { std: "docker" "inspect" "eaaa7fab3f518c85793e814b7233de1fdf9cc52bd549e32fea775e34e55a853a", kill_on_drop: false }`
[INFO] running `Command { std: "docker" "rm" "-f" "eaaa7fab3f518c85793e814b7233de1fdf9cc52bd549e32fea775e34e55a853a", kill_on_drop: false }`
[INFO] [stdout] eaaa7fab3f518c85793e814b7233de1fdf9cc52bd549e32fea775e34e55a853a
[INFO] running `Command { std: "docker" "create" "-v" "/var/lib/crater-agent-workspace/builds/worker-7-tc1/target:/opt/rustwide/target:rw,Z" "-v" "/var/lib/crater-agent-workspace/builds/worker-7-tc1/source:/opt/rustwide/workdir:ro,Z" "-v" "/var/lib/crater-agent-workspace/cargo-home:/opt/rustwide/cargo-home:ro,Z" "-v" "/var/lib/crater-agent-workspace/rustup-home:/opt/rustwide/rustup-home:ro,Z" "-e" "SOURCE_DIR=/opt/rustwide/workdir" "-e" "CARGO_TARGET_DIR=/opt/rustwide/target" "-e" "CARGO_INCREMENTAL=0" "-e" "RUST_BACKTRACE=full" "-e" "RUSTFLAGS=--cap-lints=warn" "-e" "RUSTDOCFLAGS=--cap-lints=warn" "-e" "CARGO_HOME=/opt/rustwide/cargo-home" "-e" "RUSTUP_HOME=/opt/rustwide/rustup-home" "-w" "/opt/rustwide/workdir" "-m" "1610612736" "--user" "0:0" "--network" "none" "ghcr.io/rust-lang/crates-build-env/linux@sha256:2788e3201cd34a07e3172128adcd8b3090168a8e3bcc40d7c032b9dda1df7d1c" "/opt/rustwide/cargo-home/bin/cargo" "+1.75.0" "test" "--frozen", kill_on_drop: false }`
[INFO] [stdout] 38b728be636c805c71774b45e11529d1c0cad0f579911333a49d690bf5ef4e90
[INFO] running `Command { std: "docker" "start" "-a" "38b728be636c805c71774b45e11529d1c0cad0f579911333a49d690bf5ef4e90", kill_on_drop: false }`
[INFO] [stderr]     Finished test [unoptimized + debuginfo] target(s) in 0.02s
[INFO] [stdout] 
[INFO] [stderr]      Running unittests src/lib.rs (/opt/rustwide/target/debug/deps/bsc-6899914db12cd0d7)
[INFO] [stdout] running 0 tests
[INFO] [stdout] 
[INFO] [stdout] test result: ok. 0 passed; 0 failed; 0 ignored; 0 measured; 0 filtered out; finished in 0.00s
[INFO] [stdout] 
[INFO] [stderr]    Doc-tests bsc
[INFO] [stdout] 
[INFO] [stdout] running 24 tests
[INFO] [stdout] test src/beanstalk.rs - beanstalk::Beanstalk::delete (line 211) ... FAILED
[INFO] [stdout] test src/beanstalk.rs - beanstalk::Beanstalk::bury (line 263) ... FAILED
[INFO] [stdout] test src/beanstalk.rs - beanstalk::Beanstalk::ignore (line 343) ... FAILED
[INFO] [stdout] test src/beanstalk.rs - beanstalk::Beanstalk::kick (line 428) ... FAILED
[INFO] [stdout] test src/beanstalk.rs - beanstalk::Beanstalk::kick_job (line 458) ... FAILED
[INFO] [stdout] test src/beanstalk.rs - beanstalk::Beanstalk::list_tube_used (line 574) ... FAILED
[INFO] [stdout] test src/beanstalk.rs - beanstalk::Beanstalk::list_tube_watched (line 593) ... FAILED
[INFO] [stdout] test src/beanstalk.rs - beanstalk::Beanstalk::list_tubes (line 553) ... FAILED
[INFO] [stdout] test src/beanstalk.rs - beanstalk::Beanstalk::kick (line 435) ... FAILED
[INFO] [stdout] test src/beanstalk.rs - beanstalk::Beanstalk::put (line 32) ... FAILED
[INFO] [stdout] test src/beanstalk.rs - beanstalk::Beanstalk::quit (line 636) ... FAILED
[INFO] [stdout] test src/beanstalk.rs - beanstalk::Beanstalk::pause_tube (line 613) ... FAILED
[INFO] [stdout] test src/beanstalk.rs - beanstalk::Beanstalk::release (line 233) ... FAILED
[INFO] [stdout] test src/beanstalk.rs - beanstalk::Beanstalk::reserve (line 127) ... FAILED
[INFO] [stdout] test src/beanstalk.rs - beanstalk::Beanstalk::reserve (line 131) ... FAILED
[INFO] [stdout] test src/beanstalk.rs - beanstalk::Beanstalk::stats_job (line 479) ... FAILED
[INFO] [stdout] test src/beanstalk.rs - beanstalk::Beanstalk::reserve_by_id (line 182) ... FAILED
[INFO] [stdout] test src/beanstalk.rs - beanstalk::Beanstalk::stats (line 533) ... FAILED
[INFO] [stdout] test src/beanstalk.rs - beanstalk::Beanstalk::touch (line 292) ... FAILED
[INFO] [stdout] test src/beanstalk.rs - beanstalk::Beanstalk::stats_tube (line 506) ... FAILED
[INFO] [stdout] test src/beanstalk.rs - beanstalk::Beanstalk::watch (line 322) ... FAILED
[INFO] [stdout] test src/beanstalk.rs - beanstalk::Beanstalk::use_ (line 99) ... FAILED
[INFO] [stdout] test src/beanstalk.rs - beanstalk::Beanstalk::use_ (line 106) ... FAILED
[INFO] [stdout] test src/beanstalk.rs - beanstalk::Beanstalk::watch (line 315) ... FAILED
[INFO] [stdout] 
[INFO] [stdout] failures:
[INFO] [stderr] error: doctest failed, to rerun pass `--doc`
[INFO] [stdout] 
[INFO] [stdout] ---- src/beanstalk.rs - beanstalk::Beanstalk::delete (line 211) stdout ----
[INFO] [stdout] error: unknown start of token: \
[INFO] [stdout]  --> src/beanstalk.rs:212:12
[INFO] [stdout]   |
[INFO] [stdout] 3 | delete <id>\r\n
[INFO] [stdout]   |            ^
[INFO] [stdout] 
[INFO] [stdout] error: unknown start of token: \
[INFO] [stdout]  --> src/beanstalk.rs:212:14
[INFO] [stdout]   |
[INFO] [stdout] 3 | delete <id>\r\n
[INFO] [stdout]   |              ^
[INFO] [stdout] 
[INFO] [stdout] error: comparison operators cannot be chained
[INFO] [stdout]  --> src/beanstalk.rs:212:8
[INFO] [stdout]   |
[INFO] [stdout] 3 | delete <id>\r\n
[INFO] [stdout]   |        ^  ^
[INFO] [stdout]   |
[INFO] [stdout]   = help: use `::<...>` instead of `<...>` to specify lifetime, type, or const arguments
[INFO] [stdout]   = help: or use `(...)` if you meant to specify fn arguments
[INFO] [stdout] 
[INFO] [stdout] error: aborting due to 3 previous errors
[INFO] [stdout] 
[INFO] [stdout] Couldn't compile the test.
[INFO] [stdout] ---- src/beanstalk.rs - beanstalk::Beanstalk::bury (line 263) stdout ----
[INFO] [stdout] error: unknown start of token: \
[INFO] [stdout]  --> src/beanstalk.rs:264:16
[INFO] [stdout]   |
[INFO] [stdout] 3 | bury <id> <pri>\r\n
[INFO] [stdout]   |                ^
[INFO] [stdout] 
[INFO] [stdout] error: unknown start of token: \
[INFO] [stdout]  --> src/beanstalk.rs:264:18
[INFO] [stdout]   |
[INFO] [stdout] 3 | bury <id> <pri>\r\n
[INFO] [stdout]   |                  ^
[INFO] [stdout] 
[INFO] [stdout] error: comparison operators cannot be chained
[INFO] [stdout]  --> src/beanstalk.rs:264:6
[INFO] [stdout]   |
[INFO] [stdout] 3 | bury <id> <pri>\r\n
[INFO] [stdout]   |      ^  ^
[INFO] [stdout]   |
[INFO] [stdout]   = help: use `::<...>` instead of `<...>` to specify lifetime, type, or const arguments
[INFO] [stdout]   = help: or use `(...)` if you meant to specify fn arguments
[INFO] [stdout] 
[INFO] [stdout] error: aborting due to 3 previous errors
[INFO] [stdout] 
[INFO] [stdout] Couldn't compile the test.
[INFO] [stdout] ---- src/beanstalk.rs - beanstalk::Beanstalk::ignore (line 343) stdout ----
[INFO] [stdout] error: unknown start of token: \
[INFO] [stdout]  --> src/beanstalk.rs:344:14
[INFO] [stdout]   |
[INFO] [stdout] 3 | ignore <tube>\r\n
[INFO] [stdout]   |              ^
[INFO] [stdout] 
[INFO] [stdout] error: unknown start of token: \
[INFO] [stdout]  --> src/beanstalk.rs:344:16
[INFO] [stdout]   |
[INFO] [stdout] 3 | ignore <tube>\r\n
[INFO] [stdout]   |                ^
[INFO] [stdout] 
[INFO] [stdout] error: comparison operators cannot be chained
[INFO] [stdout]  --> src/beanstalk.rs:344:8
[INFO] [stdout]   |
[INFO] [stdout] 3 | ignore <tube>\r\n
[INFO] [stdout]   |        ^    ^
[INFO] [stdout]   |
[INFO] [stdout]   = help: use `::<...>` instead of `<...>` to specify lifetime, type, or const arguments
[INFO] [stdout]   = help: or use `(...)` if you meant to specify fn arguments
[INFO] [stdout] 
[INFO] [stdout] error: aborting due to 3 previous errors
[INFO] [stdout] 
[INFO] [stdout] Couldn't compile the test.
[INFO] [stdout] ---- src/beanstalk.rs - beanstalk::Beanstalk::kick (line 428) stdout ----
[INFO] [stdout] error: unknown start of token: \
[INFO] [stdout]  --> src/beanstalk.rs:429:13
[INFO] [stdout]   |
[INFO] [stdout] 3 | kick <bound>\r\n
[INFO] [stdout]   |             ^
[INFO] [stdout] 
[INFO] [stdout] error: unknown start of token: \
[INFO] [stdout]  --> src/beanstalk.rs:429:15
[INFO] [stdout]   |
[INFO] [stdout] 3 | kick <bound>\r\n
[INFO] [stdout]   |               ^
[INFO] [stdout] 
[INFO] [stdout] error: comparison operators cannot be chained
[INFO] [stdout]  --> src/beanstalk.rs:429:6
[INFO] [stdout]   |
[INFO] [stdout] 3 | kick <bound>\r\n
[INFO] [stdout]   |      ^     ^
[INFO] [stdout]   |
[INFO] [stdout]   = help: use `::<...>` instead of `<...>` to specify lifetime, type, or const arguments
[INFO] [stdout]   = help: or use `(...)` if you meant to specify fn arguments
[INFO] [stdout] 
[INFO] [stdout] error: aborting due to 3 previous errors
[INFO] [stdout] 
[INFO] [stdout] Couldn't compile the test.
[INFO] [stdout] ---- src/beanstalk.rs - beanstalk::Beanstalk::kick_job (line 458) stdout ----
[INFO] [stdout] error: unknown start of token: \
[INFO] [stdout]  --> src/beanstalk.rs:459:14
[INFO] [stdout]   |
[INFO] [stdout] 3 | kick-job <id>\r\n
[INFO] [stdout]   |              ^
[INFO] [stdout] 
[INFO] [stdout] error: unknown start of token: \
[INFO] [stdout]  --> src/beanstalk.rs:459:16
[INFO] [stdout]   |
[INFO] [stdout] 3 | kick-job <id>\r\n
[INFO] [stdout]   |                ^
[INFO] [stdout] 
[INFO] [stdout] error: comparison operators cannot be chained
[INFO] [stdout]  --> src/beanstalk.rs:459:10
[INFO] [stdout]   |
[INFO] [stdout] 3 | kick-job <id>\r\n
[INFO] [stdout]   |          ^  ^
[INFO] [stdout]   |
[INFO] [stdout]   = help: use `::<...>` instead of `<...>` to specify lifetime, type, or const arguments
[INFO] [stdout]   = help: or use `(...)` if you meant to specify fn arguments
[INFO] [stdout] 
[INFO] [stdout] error: aborting due to 3 previous errors
[INFO] [stdout] 
[INFO] [stdout] Couldn't compile the test.
[INFO] [stdout] ---- src/beanstalk.rs - beanstalk::Beanstalk::list_tube_used (line 574) stdout ----
[INFO] [stdout] error: unknown start of token: \
[INFO] [stdout]  --> src/beanstalk.rs:575:15
[INFO] [stdout]   |
[INFO] [stdout] 3 | list-tube-used\r\n
[INFO] [stdout]   |               ^
[INFO] [stdout] 
[INFO] [stdout] error: unknown start of token: \
[INFO] [stdout]  --> src/beanstalk.rs:575:17
[INFO] [stdout]   |
[INFO] [stdout] 3 | list-tube-used\r\n
[INFO] [stdout]   |                 ^
[INFO] [stdout] 
[INFO] [stdout] error: expected one of `!`, `.`, `::`, `;`, `?`, `{`, `}`, or an operator, found `r`
[INFO] [stdout]  --> src/beanstalk.rs:575:16
[INFO] [stdout]   |
[INFO] [stdout] 3 | list-tube-used\r\n
[INFO] [stdout]   |                ^ expected one of 8 possible tokens
[INFO] [stdout] 
[INFO] [stdout] error: aborting due to 3 previous errors
[INFO] [stdout] 
[INFO] [stdout] Couldn't compile the test.
[INFO] [stdout] ---- src/beanstalk.rs - beanstalk::Beanstalk::list_tube_watched (line 593) stdout ----
[INFO] [stdout] error: unknown start of token: \
[INFO] [stdout]  --> src/beanstalk.rs:594:19
[INFO] [stdout]   |
[INFO] [stdout] 3 | list-tubes-watched\r\n
[INFO] [stdout]   |                   ^
[INFO] [stdout] 
[INFO] [stdout] error: unknown start of token: \
[INFO] [stdout]  --> src/beanstalk.rs:594:21
[INFO] [stdout]   |
[INFO] [stdout] 3 | list-tubes-watched\r\n
[INFO] [stdout]   |                     ^
[INFO] [stdout] 
[INFO] [stdout] error: expected one of `!`, `.`, `::`, `;`, `?`, `{`, `}`, or an operator, found `r`
[INFO] [stdout]  --> src/beanstalk.rs:594:20
[INFO] [stdout]   |
[INFO] [stdout] 3 | list-tubes-watched\r\n
[INFO] [stdout]   |                    ^ expected one of 8 possible tokens
[INFO] [stdout] 
[INFO] [stdout] error: aborting due to 3 previous errors
[INFO] [stdout] 
[INFO] [stdout] Couldn't compile the test.
[INFO] [stdout] ---- src/beanstalk.rs - beanstalk::Beanstalk::list_tubes (line 553) stdout ----
[INFO] [stdout] error: unknown start of token: \
[INFO] [stdout]  --> src/beanstalk.rs:554:11
[INFO] [stdout]   |
[INFO] [stdout] 3 | list-tubes\r\n
[INFO] [stdout]   |           ^
[INFO] [stdout] 
[INFO] [stdout] error: unknown start of token: \
[INFO] [stdout]  --> src/beanstalk.rs:554:13
[INFO] [stdout]   |
[INFO] [stdout] 3 | list-tubes\r\n
[INFO] [stdout]   |             ^
[INFO] [stdout] 
[INFO] [stdout] error: expected one of `!`, `.`, `::`, `;`, `?`, `{`, `}`, or an operator, found `r`
[INFO] [stdout]  --> src/beanstalk.rs:554:12
[INFO] [stdout]   |
[INFO] [stdout] 3 | list-tubes\r\n
[INFO] [stdout]   |            ^ expected one of 8 possible tokens
[INFO] [stdout] 
[INFO] [stdout] error: aborting due to 3 previous errors
[INFO] [stdout] 
[INFO] [stdout] Couldn't compile the test.
[INFO] [stdout] ---- src/beanstalk.rs - beanstalk::Beanstalk::kick (line 435) stdout ----
[INFO] [stdout] error: unknown start of token: \
[INFO] [stdout]  --> src/beanstalk.rs:436:15
[INFO] [stdout]   |
[INFO] [stdout] 3 | KICKED <count>\r\n
[INFO] [stdout]   |               ^
[INFO] [stdout] 
[INFO] [stdout] error: unknown start of token: \
[INFO] [stdout]  --> src/beanstalk.rs:436:17
[INFO] [stdout]   |
[INFO] [stdout] 3 | KICKED <count>\r\n
[INFO] [stdout]   |                 ^
[INFO] [stdout] 
[INFO] [stdout] error: comparison operators cannot be chained
[INFO] [stdout]  --> src/beanstalk.rs:436:8
[INFO] [stdout]   |
[INFO] [stdout] 3 | KICKED <count>\r\n
[INFO] [stdout]   |        ^     ^
[INFO] [stdout]   |
[INFO] [stdout]   = help: use `::<...>` instead of `<...>` to specify lifetime, type, or const arguments
[INFO] [stdout]   = help: or use `(...)` if you meant to specify fn arguments
[INFO] [stdout] 
[INFO] [stdout] error: aborting due to 3 previous errors
[INFO] [stdout] 
[INFO] [stdout] Couldn't compile the test.
[INFO] [stdout] ---- src/beanstalk.rs - beanstalk::Beanstalk::put (line 32) stdout ----
[INFO] [stdout] error: unknown start of token: \
[INFO] [stdout]  --> src/beanstalk.rs:33:32
[INFO] [stdout]   |
[INFO] [stdout] 3 | put <pri> <delay> <ttr> <bytes>\r\n
[INFO] [stdout]   |                                ^
[INFO] [stdout] 
[INFO] [stdout] error: unknown start of token: \
[INFO] [stdout]  --> src/beanstalk.rs:33:34
[INFO] [stdout]   |
[INFO] [stdout] 3 | put <pri> <delay> <ttr> <bytes>\r\n
[INFO] [stdout]   |                                  ^
[INFO] [stdout] 
[INFO] [stdout] error: unknown start of token: \
[INFO] [stdout]  --> src/beanstalk.rs:34:7
[INFO] [stdout]   |
[INFO] [stdout] 4 | <data>\r\n
[INFO] [stdout]   |       ^
[INFO] [stdout] 
[INFO] [stdout] error: unknown start of token: \
[INFO] [stdout]  --> src/beanstalk.rs:34:9
[INFO] [stdout]   |
[INFO] [stdout] 4 | <data>\r\n
[INFO] [stdout]   |         ^
[INFO] [stdout] 
[INFO] [stdout] error: comparison operators cannot be chained
[INFO] [stdout]  --> src/beanstalk.rs:33:5
[INFO] [stdout]   |
[INFO] [stdout] 3 | put <pri> <delay> <ttr> <bytes>\r\n
[INFO] [stdout]   |     ^   ^
[INFO] [stdout]   |
[INFO] [stdout]   = help: use `::<...>` instead of `<...>` to specify lifetime, type, or const arguments
[INFO] [stdout]   = help: or use `(...)` if you meant to specify fn arguments
[INFO] [stdout] 
[INFO] [stdout] error: aborting due to 5 previous errors
[INFO] [stdout] 
[INFO] [stdout] Couldn't compile the test.
[INFO] [stdout] ---- src/beanstalk.rs - beanstalk::Beanstalk::quit (line 636) stdout ----
[INFO] [stdout] error: unknown start of token: \
[INFO] [stdout]  --> src/beanstalk.rs:637:5
[INFO] [stdout]   |
[INFO] [stdout] 3 | quit\r\n
[INFO] [stdout]   |     ^
[INFO] [stdout] 
[INFO] [stdout] error: unknown start of token: \
[INFO] [stdout]  --> src/beanstalk.rs:637:7
[INFO] [stdout]   |
[INFO] [stdout] 3 | quit\r\n
[INFO] [stdout]   |       ^
[INFO] [stdout] 
[INFO] [stdout] error: expected one of `!`, `.`, `::`, `;`, `?`, `{`, `}`, or an operator, found `r`
[INFO] [stdout]  --> src/beanstalk.rs:637:6
[INFO] [stdout]   |
[INFO] [stdout] 3 | quit\r\n
[INFO] [stdout]   |      ^ expected one of 8 possible tokens
[INFO] [stdout] 
[INFO] [stdout] error: aborting due to 3 previous errors
[INFO] [stdout] 
[INFO] [stdout] Couldn't compile the test.
[INFO] [stdout] ---- src/beanstalk.rs - beanstalk::Beanstalk::pause_tube (line 613) stdout ----
[INFO] [stdout] error: unknown start of token: \
[INFO] [stdout]  --> src/beanstalk.rs:614:31
[INFO] [stdout]   |
[INFO] [stdout] 3 | pause-tube <tube-name> <delay>\r\n
[INFO] [stdout]   |                               ^
[INFO] [stdout] 
[INFO] [stdout] error: unknown start of token: \
[INFO] [stdout]  --> src/beanstalk.rs:614:33
[INFO] [stdout]   |
[INFO] [stdout] 3 | pause-tube <tube-name> <delay>\r\n
[INFO] [stdout]   |                                 ^
[INFO] [stdout] 
[INFO] [stdout] error: comparison operators cannot be chained
[INFO] [stdout]  --> src/beanstalk.rs:614:12
[INFO] [stdout]   |
[INFO] [stdout] 3 | pause-tube <tube-name> <delay>\r\n
[INFO] [stdout]   |            ^         ^
[INFO] [stdout]   |
[INFO] [stdout]   = help: use `::<...>` instead of `<...>` to specify lifetime, type, or const arguments
[INFO] [stdout]   = help: or use `(...)` if you meant to specify fn arguments
[INFO] [stdout] 
[INFO] [stdout] error: aborting due to 3 previous errors
[INFO] [stdout] 
[INFO] [stdout] Couldn't compile the test.
[INFO] [stdout] ---- src/beanstalk.rs - beanstalk::Beanstalk::release (line 233) stdout ----
[INFO] [stdout] error: unknown start of token: \
[INFO] [stdout]  --> src/beanstalk.rs:234:27
[INFO] [stdout]   |
[INFO] [stdout] 3 | release <id> <pri> <delay>\r\n
[INFO] [stdout]   |                           ^
[INFO] [stdout] 
[INFO] [stdout] error: unknown start of token: \
[INFO] [stdout]  --> src/beanstalk.rs:234:29
[INFO] [stdout]   |
[INFO] [stdout] 3 | release <id> <pri> <delay>\r\n
[INFO] [stdout]   |                             ^
[INFO] [stdout] 
[INFO] [stdout] error: comparison operators cannot be chained
[INFO] [stdout]  --> src/beanstalk.rs:234:9
[INFO] [stdout]   |
[INFO] [stdout] 3 | release <id> <pri> <delay>\r\n
[INFO] [stdout]   |         ^  ^
[INFO] [stdout]   |
[INFO] [stdout]   = help: use `::<...>` instead of `<...>` to specify lifetime, type, or const arguments
[INFO] [stdout]   = help: or use `(...)` if you meant to specify fn arguments
[INFO] [stdout] 
[INFO] [stdout] error: aborting due to 3 previous errors
[INFO] [stdout] 
[INFO] [stdout] Couldn't compile the test.
[INFO] [stdout] ---- src/beanstalk.rs - beanstalk::Beanstalk::reserve (line 127) stdout ----
[INFO] [stdout] error: unknown start of token: \
[INFO] [stdout]  --> src/beanstalk.rs:128:8
[INFO] [stdout]   |
[INFO] [stdout] 3 | reserve\r\n
[INFO] [stdout]   |        ^
[INFO] [stdout] 
[INFO] [stdout] error: unknown start of token: \
[INFO] [stdout]  --> src/beanstalk.rs:128:10
[INFO] [stdout]   |
[INFO] [stdout] 3 | reserve\r\n
[INFO] [stdout]   |          ^
[INFO] [stdout] 
[INFO] [stdout] error: expected one of `!`, `.`, `::`, `;`, `?`, `{`, `}`, or an operator, found `r`
[INFO] [stdout]  --> src/beanstalk.rs:128:9
[INFO] [stdout]   |
[INFO] [stdout] 3 | reserve\r\n
[INFO] [stdout]   |         ^ expected one of 8 possible tokens
[INFO] [stdout] 
[INFO] [stdout] error: aborting due to 3 previous errors
[INFO] [stdout] 
[INFO] [stdout] Couldn't compile the test.
[INFO] [stdout] ---- src/beanstalk.rs - beanstalk::Beanstalk::reserve (line 131) stdout ----
[INFO] [stdout] error: unknown start of token: \
[INFO] [stdout]  --> src/beanstalk.rs:132:31
[INFO] [stdout]   |
[INFO] [stdout] 3 | reserve-with-timeout <seconds>\r\n
[INFO] [stdout]   |                               ^
[INFO] [stdout] 
[INFO] [stdout] error: unknown start of token: \
[INFO] [stdout]  --> src/beanstalk.rs:132:33
[INFO] [stdout]   |
[INFO] [stdout] 3 | reserve-with-timeout <seconds>\r\n
[INFO] [stdout]   |                                 ^
[INFO] [stdout] 
[INFO] [stdout] error: comparison operators cannot be chained
[INFO] [stdout]  --> src/beanstalk.rs:132:22
[INFO] [stdout]   |
[INFO] [stdout] 3 | reserve-with-timeout <seconds>\r\n
[INFO] [stdout]   |                      ^       ^
[INFO] [stdout]   |
[INFO] [stdout]   = help: use `::<...>` instead of `<...>` to specify lifetime, type, or const arguments
[INFO] [stdout]   = help: or use `(...)` if you meant to specify fn arguments
[INFO] [stdout] 
[INFO] [stdout] error: aborting due to 3 previous errors
[INFO] [stdout] 
[INFO] [stdout] Couldn't compile the test.
[INFO] [stdout] ---- src/beanstalk.rs - beanstalk::Beanstalk::stats_job (line 479) stdout ----
[INFO] [stdout] error: unknown start of token: \
[INFO] [stdout]  --> src/beanstalk.rs:480:15
[INFO] [stdout]   |
[INFO] [stdout] 3 | stats-job <id>\r\n
[INFO] [stdout]   |               ^
[INFO] [stdout] 
[INFO] [stdout] error: unknown start of token: \
[INFO] [stdout]  --> src/beanstalk.rs:480:17
[INFO] [stdout]   |
[INFO] [stdout] 3 | stats-job <id>\r\n
[INFO] [stdout]   |                 ^
[INFO] [stdout] 
[INFO] [stdout] error: comparison operators cannot be chained
[INFO] [stdout]  --> src/beanstalk.rs:480:11
[INFO] [stdout]   |
[INFO] [stdout] 3 | stats-job <id>\r\n
[INFO] [stdout]   |           ^  ^
[INFO] [stdout]   |
[INFO] [stdout]   = help: use `::<...>` instead of `<...>` to specify lifetime, type, or const arguments
[INFO] [stdout]   = help: or use `(...)` if you meant to specify fn arguments
[INFO] [stdout] 
[INFO] [stdout] error: aborting due to 3 previous errors
[INFO] [stdout] 
[INFO] [stdout] Couldn't compile the test.
[INFO] [stdout] ---- src/beanstalk.rs - beanstalk::Beanstalk::reserve_by_id (line 182) stdout ----
[INFO] [stdout] error: unknown start of token: \
[INFO] [stdout]  --> src/beanstalk.rs:183:17
[INFO] [stdout]   |
[INFO] [stdout] 3 | reserve-job <id>\r\n
[INFO] [stdout]   |                 ^
[INFO] [stdout] 
[INFO] [stdout] error: unknown start of token: \
[INFO] [stdout]  --> src/beanstalk.rs:183:19
[INFO] [stdout]   |
[INFO] [stdout] 3 | reserve-job <id>\r\n
[INFO] [stdout]   |                   ^
[INFO] [stdout] 
[INFO] [stdout] error: comparison operators cannot be chained
[INFO] [stdout]  --> src/beanstalk.rs:183:13
[INFO] [stdout]   |
[INFO] [stdout] 3 | reserve-job <id>\r\n
[INFO] [stdout]   |             ^  ^
[INFO] [stdout]   |
[INFO] [stdout]   = help: use `::<...>` instead of `<...>` to specify lifetime, type, or const arguments
[INFO] [stdout]   = help: or use `(...)` if you meant to specify fn arguments
[INFO] [stdout] 
[INFO] [stdout] error: aborting due to 3 previous errors
[INFO] [stdout] 
[INFO] [stdout] Couldn't compile the test.
[INFO] [stdout] ---- src/beanstalk.rs - beanstalk::Beanstalk::stats (line 533) stdout ----
[INFO] [stdout] error: unknown start of token: \
[INFO] [stdout]  --> src/beanstalk.rs:534:6
[INFO] [stdout]   |
[INFO] [stdout] 3 | stats\r\n
[INFO] [stdout]   |      ^
[INFO] [stdout] 
[INFO] [stdout] error: unknown start of token: \
[INFO] [stdout]  --> src/beanstalk.rs:534:8
[INFO] [stdout]   |
[INFO] [stdout] 3 | stats\r\n
[INFO] [stdout]   |        ^
[INFO] [stdout] 
[INFO] [stdout] error: expected one of `!`, `.`, `::`, `;`, `?`, `{`, `}`, or an operator, found `r`
[INFO] [stdout]  --> src/beanstalk.rs:534:7
[INFO] [stdout]   |
[INFO] [stdout] 3 | stats\r\n
[INFO] [stdout]   |       ^ expected one of 8 possible tokens
[INFO] [stdout] 
[INFO] [stdout] error: aborting due to 3 previous errors
[INFO] [stdout] 
[INFO] [stdout] Couldn't compile the test.
[INFO] [stdout] ---- src/beanstalk.rs - beanstalk::Beanstalk::touch (line 292) stdout ----
[INFO] [stdout] error: unknown start of token: \
[INFO] [stdout]  --> src/beanstalk.rs:293:11
[INFO] [stdout]   |
[INFO] [stdout] 3 | touch <id>\r\n
[INFO] [stdout]   |           ^
[INFO] [stdout] 
[INFO] [stdout] error: unknown start of token: \
[INFO] [stdout]  --> src/beanstalk.rs:293:13
[INFO] [stdout]   |
[INFO] [stdout] 3 | touch <id>\r\n
[INFO] [stdout]   |             ^
[INFO] [stdout] 
[INFO] [stdout] error: comparison operators cannot be chained
[INFO] [stdout]  --> src/beanstalk.rs:293:7
[INFO] [stdout]   |
[INFO] [stdout] 3 | touch <id>\r\n
[INFO] [stdout]   |       ^  ^
[INFO] [stdout]   |
[INFO] [stdout]   = help: use `::<...>` instead of `<...>` to specify lifetime, type, or const arguments
[INFO] [stdout]   = help: or use `(...)` if you meant to specify fn arguments
[INFO] [stdout] 
[INFO] [stdout] error: aborting due to 3 previous errors
[INFO] [stdout] 
[INFO] [stdout] Couldn't compile the test.
[INFO] [stdout] ---- src/beanstalk.rs - beanstalk::Beanstalk::stats_tube (line 506) stdout ----
[INFO] [stdout] error: unknown start of token: \
[INFO] [stdout]  --> src/beanstalk.rs:507:18
[INFO] [stdout]   |
[INFO] [stdout] 3 | stats-tube <tube>\r\n
[INFO] [stdout]   |                  ^
[INFO] [stdout] 
[INFO] [stdout] error: unknown start of token: \
[INFO] [stdout]  --> src/beanstalk.rs:507:20
[INFO] [stdout]   |
[INFO] [stdout] 3 | stats-tube <tube>\r\n
[INFO] [stdout]   |                    ^
[INFO] [stdout] 
[INFO] [stdout] error: comparison operators cannot be chained
[INFO] [stdout]  --> src/beanstalk.rs:507:12
[INFO] [stdout]   |
[INFO] [stdout] 3 | stats-tube <tube>\r\n
[INFO] [stdout]   |            ^    ^
[INFO] [stdout]   |
[INFO] [stdout]   = help: use `::<...>` instead of `<...>` to specify lifetime, type, or const arguments
[INFO] [stdout]   = help: or use `(...)` if you meant to specify fn arguments
[INFO] [stdout] 
[INFO] [stdout] error: aborting due to 3 previous errors
[INFO] [stdout] 
[INFO] [stdout] Couldn't compile the test.
[INFO] [stdout] ---- src/beanstalk.rs - beanstalk::Beanstalk::watch (line 322) stdout ----
[INFO] [stdout] error: unknown start of token: \
[INFO] [stdout]  --> src/beanstalk.rs:323:17
[INFO] [stdout]   |
[INFO] [stdout] 3 | WATCHING <count>\r\n
[INFO] [stdout]   |                 ^
[INFO] [stdout] 
[INFO] [stdout] error: unknown start of token: \
[INFO] [stdout]  --> src/beanstalk.rs:323:19
[INFO] [stdout]   |
[INFO] [stdout] 3 | WATCHING <count>\r\n
[INFO] [stdout]   |                   ^
[INFO] [stdout] 
[INFO] [stdout] error: comparison operators cannot be chained
[INFO] [stdout]  --> src/beanstalk.rs:323:10
[INFO] [stdout]   |
[INFO] [stdout] 3 | WATCHING <count>\r\n
[INFO] [stdout]   |          ^     ^
[INFO] [stdout]   |
[INFO] [stdout]   = help: use `::<...>` instead of `<...>` to specify lifetime, type, or const arguments
[INFO] [stdout]   = help: or use `(...)` if you meant to specify fn arguments
[INFO] [stdout] 
[INFO] [stdout] error: aborting due to 3 previous errors
[INFO] [stdout] 
[INFO] [stdout] Couldn't compile the test.
[INFO] [stdout] ---- src/beanstalk.rs - beanstalk::Beanstalk::use_ (line 99) stdout ----
[INFO] [stdout] error: unknown start of token: \
[INFO] [stdout]  --> src/beanstalk.rs:100:11
[INFO] [stdout]   |
[INFO] [stdout] 3 | use <tube>\r\n
[INFO] [stdout]   |           ^
[INFO] [stdout] 
[INFO] [stdout] error: unknown start of token: \
[INFO] [stdout]  --> src/beanstalk.rs:100:13
[INFO] [stdout]   |
[INFO] [stdout] 3 | use <tube>\r\n
[INFO] [stdout]   |             ^
[INFO] [stdout] 
[INFO] [stdout] error: expected identifier, found `<`
[INFO] [stdout]  --> src/beanstalk.rs:100:5
[INFO] [stdout]   |
[INFO] [stdout] 3 | use <tube>\r\n
[INFO] [stdout]   |     ^ expected identifier
[INFO] [stdout] 
[INFO] [stdout] error: aborting due to 3 previous errors
[INFO] [stdout] 
[INFO] [stdout] Couldn't compile the test.
[INFO] [stdout] ---- src/beanstalk.rs - beanstalk::Beanstalk::use_ (line 106) stdout ----
[INFO] [stdout] error: unknown start of token: \
[INFO] [stdout]  --> src/beanstalk.rs:107:13
[INFO] [stdout]   |
[INFO] [stdout] 3 | USING <tube>\r\n
[INFO] [stdout]   |             ^
[INFO] [stdout] 
[INFO] [stdout] error: unknown start of token: \
[INFO] [stdout]  --> src/beanstalk.rs:107:15
[INFO] [stdout]   |
[INFO] [stdout] 3 | USING <tube>\r\n
[INFO] [stdout]   |               ^
[INFO] [stdout] 
[INFO] [stdout] error: comparison operators cannot be chained
[INFO] [stdout]  --> src/beanstalk.rs:107:7
[INFO] [stdout]   |
[INFO] [stdout] 3 | USING <tube>\r\n
[INFO] [stdout]   |       ^    ^
[INFO] [stdout]   |
[INFO] [stdout]   = help: use `::<...>` instead of `<...>` to specify lifetime, type, or const arguments
[INFO] [stdout]   = help: or use `(...)` if you meant to specify fn arguments
[INFO] [stdout] 
[INFO] [stdout] error: aborting due to 3 previous errors
[INFO] [stdout] 
[INFO] [stdout] Couldn't compile the test.
[INFO] [stdout] ---- src/beanstalk.rs - beanstalk::Beanstalk::watch (line 315) stdout ----
[INFO] [stdout] error: unknown start of token: \
[INFO] [stdout]  --> src/beanstalk.rs:316:13
[INFO] [stdout]   |
[INFO] [stdout] 3 | watch <tube>\r\n
[INFO] [stdout]   |             ^
[INFO] [stdout] 
[INFO] [stdout] error: unknown start of token: \
[INFO] [stdout]  --> src/beanstalk.rs:316:15
[INFO] [stdout]   |
[INFO] [stdout] 3 | watch <tube>\r\n
[INFO] [stdout]   |               ^
[INFO] [stdout] 
[INFO] [stdout] error: comparison operators cannot be chained
[INFO] [stdout]  --> src/beanstalk.rs:316:7
[INFO] [stdout]   |
[INFO] [stdout] 3 | watch <tube>\r\n
[INFO] [stdout]   |       ^    ^
[INFO] [stdout]   |
[INFO] [stdout]   = help: use `::<...>` instead of `<...>` to specify lifetime, type, or const arguments
[INFO] [stdout]   = help: or use `(...)` if you meant to specify fn arguments
[INFO] [stdout] 
[INFO] [stdout] error: aborting due to 3 previous errors
[INFO] [stdout] 
[INFO] [stdout] Couldn't compile the test.
[INFO] [stdout] 
[INFO] [stdout] failures:
[INFO] [stdout]     src/beanstalk.rs - beanstalk::Beanstalk::bury (line 263)
[INFO] [stdout]     src/beanstalk.rs - beanstalk::Beanstalk::delete (line 211)
[INFO] [stdout]     src/beanstalk.rs - beanstalk::Beanstalk::ignore (line 343)
[INFO] [stdout]     src/beanstalk.rs - beanstalk::Beanstalk::kick (line 428)
[INFO] [stdout]     src/beanstalk.rs - beanstalk::Beanstalk::kick (line 435)
[INFO] [stdout]     src/beanstalk.rs - beanstalk::Beanstalk::kick_job (line 458)
[INFO] [stdout]     src/beanstalk.rs - beanstalk::Beanstalk::list_tube_used (line 574)
[INFO] [stdout]     src/beanstalk.rs - beanstalk::Beanstalk::list_tube_watched (line 593)
[INFO] [stdout]     src/beanstalk.rs - beanstalk::Beanstalk::list_tubes (line 553)
[INFO] [stdout]     src/beanstalk.rs - beanstalk::Beanstalk::pause_tube (line 613)
[INFO] [stdout]     src/beanstalk.rs - beanstalk::Beanstalk::put (line 32)
[INFO] [stdout]     src/beanstalk.rs - beanstalk::Beanstalk::quit (line 636)
[INFO] [stdout]     src/beanstalk.rs - beanstalk::Beanstalk::release (line 233)
[INFO] [stdout]     src/beanstalk.rs - beanstalk::Beanstalk::reserve (line 127)
[INFO] [stdout]     src/beanstalk.rs - beanstalk::Beanstalk::reserve (line 131)
[INFO] [stdout]     src/beanstalk.rs - beanstalk::Beanstalk::reserve_by_id (line 182)
[INFO] [stdout]     src/beanstalk.rs - beanstalk::Beanstalk::stats (line 533)
[INFO] [stdout]     src/beanstalk.rs - beanstalk::Beanstalk::stats_job (line 479)
[INFO] [stdout]     src/beanstalk.rs - beanstalk::Beanstalk::stats_tube (line 506)
[INFO] [stdout]     src/beanstalk.rs - beanstalk::Beanstalk::touch (line 292)
[INFO] [stdout]     src/beanstalk.rs - beanstalk::Beanstalk::use_ (line 106)
[INFO] [stdout]     src/beanstalk.rs - beanstalk::Beanstalk::use_ (line 99)
[INFO] [stdout]     src/beanstalk.rs - beanstalk::Beanstalk::watch (line 315)
[INFO] [stdout]     src/beanstalk.rs - beanstalk::Beanstalk::watch (line 322)
[INFO] [stdout] 
[INFO] [stdout] test result: FAILED. 0 passed; 24 failed; 0 ignored; 0 measured; 0 filtered out; finished in 0.55s
[INFO] [stdout] 
[INFO] running `Command { std: "docker" "inspect" "38b728be636c805c71774b45e11529d1c0cad0f579911333a49d690bf5ef4e90", kill_on_drop: false }`
[INFO] running `Command { std: "docker" "rm" "-f" "38b728be636c805c71774b45e11529d1c0cad0f579911333a49d690bf5ef4e90", kill_on_drop: false }`
[INFO] [stdout] 38b728be636c805c71774b45e11529d1c0cad0f579911333a49d690bf5ef4e90
[INFO] testing bsc-0.2.0 against beta-2023-12-22 for beta-1.76-1
[INFO] extracting crate bsc 0.2.0 into /workspace/builds/worker-7-tc2/source
[INFO] validating manifest of crates.io crate bsc 0.2.0 on toolchain beta-2023-12-22
[INFO] running `Command { std: CARGO_HOME="/workspace/cargo-home" RUSTUP_HOME="/workspace/rustup-home" "/workspace/cargo-home/bin/cargo" "+beta-2023-12-22" "metadata" "--manifest-path" "Cargo.toml" "--no-deps", kill_on_drop: false }`
[INFO] started tweaking crates.io crate bsc 0.2.0
[INFO] finished tweaking crates.io crate bsc 0.2.0
[INFO] tweaked toml for crates.io crate bsc 0.2.0 written to /workspace/builds/worker-7-tc2/source/Cargo.toml
[INFO] running `Command { std: CARGO_HOME="/workspace/cargo-home" RUSTUP_HOME="/workspace/rustup-home" "/workspace/cargo-home/bin/cargo" "+beta-2023-12-22" "generate-lockfile" "--manifest-path" "Cargo.toml", kill_on_drop: false }`
[INFO] [stderr]     Updating crates.io index
[INFO] running `Command { std: CARGO_HOME="/workspace/cargo-home" RUSTUP_HOME="/workspace/rustup-home" "/workspace/cargo-home/bin/cargo" "+beta-2023-12-22" "fetch" "--manifest-path" "Cargo.toml", kill_on_drop: false }`
[INFO] running `Command { std: "docker" "create" "-v" "/var/lib/crater-agent-workspace/builds/worker-7-tc2/target:/opt/rustwide/target:rw,Z" "-v" "/var/lib/crater-agent-workspace/builds/worker-7-tc2/source:/opt/rustwide/workdir:ro,Z" "-v" "/var/lib/crater-agent-workspace/cargo-home:/opt/rustwide/cargo-home:ro,Z" "-v" "/var/lib/crater-agent-workspace/rustup-home:/opt/rustwide/rustup-home:ro,Z" "-e" "SOURCE_DIR=/opt/rustwide/workdir" "-e" "CARGO_TARGET_DIR=/opt/rustwide/target" "-e" "CARGO_HOME=/opt/rustwide/cargo-home" "-e" "RUSTUP_HOME=/opt/rustwide/rustup-home" "-w" "/opt/rustwide/workdir" "-m" "1610612736" "--user" "0:0" "--network" "none" "ghcr.io/rust-lang/crates-build-env/linux@sha256:2788e3201cd34a07e3172128adcd8b3090168a8e3bcc40d7c032b9dda1df7d1c" "/opt/rustwide/cargo-home/bin/cargo" "+beta-2023-12-22" "metadata" "--no-deps" "--format-version=1", kill_on_drop: false }`
[INFO] [stdout] 49479efae5ebe94772c1e45a11d596128d61585cdd83c78c4a726997b6ea505f
[INFO] running `Command { std: "docker" "start" "-a" "49479efae5ebe94772c1e45a11d596128d61585cdd83c78c4a726997b6ea505f", kill_on_drop: false }`
[INFO] running `Command { std: "docker" "inspect" "49479efae5ebe94772c1e45a11d596128d61585cdd83c78c4a726997b6ea505f", kill_on_drop: false }`
[INFO] running `Command { std: "docker" "rm" "-f" "49479efae5ebe94772c1e45a11d596128d61585cdd83c78c4a726997b6ea505f", kill_on_drop: false }`
[INFO] [stdout] 49479efae5ebe94772c1e45a11d596128d61585cdd83c78c4a726997b6ea505f
[INFO] running `Command { std: "docker" "create" "-v" "/var/lib/crater-agent-workspace/builds/worker-7-tc2/target:/opt/rustwide/target:rw,Z" "-v" "/var/lib/crater-agent-workspace/builds/worker-7-tc2/source:/opt/rustwide/workdir:ro,Z" "-v" "/var/lib/crater-agent-workspace/cargo-home:/opt/rustwide/cargo-home:ro,Z" "-v" "/var/lib/crater-agent-workspace/rustup-home:/opt/rustwide/rustup-home:ro,Z" "-e" "SOURCE_DIR=/opt/rustwide/workdir" "-e" "CARGO_TARGET_DIR=/opt/rustwide/target" "-e" "CARGO_INCREMENTAL=0" "-e" "RUST_BACKTRACE=full" "-e" "RUSTFLAGS=--cap-lints=warn" "-e" "RUSTDOCFLAGS=--cap-lints=warn" "-e" "CARGO_HOME=/opt/rustwide/cargo-home" "-e" "RUSTUP_HOME=/opt/rustwide/rustup-home" "-w" "/opt/rustwide/workdir" "-m" "1610612736" "--user" "0:0" "--network" "none" "ghcr.io/rust-lang/crates-build-env/linux@sha256:2788e3201cd34a07e3172128adcd8b3090168a8e3bcc40d7c032b9dda1df7d1c" "/opt/rustwide/cargo-home/bin/cargo" "+beta-2023-12-22" "build" "--frozen" "--message-format=json", kill_on_drop: false }`
[INFO] [stdout] 5ac3c2e28088d9d3d5c395ce8a52a98dcb382184f1f9cc163f737f7d0cdebdc8
[INFO] running `Command { std: "docker" "start" "-a" "5ac3c2e28088d9d3d5c395ce8a52a98dcb382184f1f9cc163f737f7d0cdebdc8", kill_on_drop: false }`
[INFO] [stderr]    Compiling unsafe-libyaml v0.2.10
[INFO] [stderr]    Compiling serde_yaml v0.9.30
[INFO] [stderr]    Compiling bsc v0.2.0 (/opt/rustwide/workdir)
[INFO] [stderr]     Finished dev [unoptimized + debuginfo] target(s) in 4.24s
[INFO] running `Command { std: "docker" "inspect" "5ac3c2e28088d9d3d5c395ce8a52a98dcb382184f1f9cc163f737f7d0cdebdc8", kill_on_drop: false }`
[INFO] running `Command { std: "docker" "rm" "-f" "5ac3c2e28088d9d3d5c395ce8a52a98dcb382184f1f9cc163f737f7d0cdebdc8", kill_on_drop: false }`
[INFO] [stdout] 5ac3c2e28088d9d3d5c395ce8a52a98dcb382184f1f9cc163f737f7d0cdebdc8
[INFO] running `Command { std: "docker" "create" "-v" "/var/lib/crater-agent-workspace/builds/worker-7-tc2/target:/opt/rustwide/target:rw,Z" "-v" "/var/lib/crater-agent-workspace/builds/worker-7-tc2/source:/opt/rustwide/workdir:ro,Z" "-v" "/var/lib/crater-agent-workspace/cargo-home:/opt/rustwide/cargo-home:ro,Z" "-v" "/var/lib/crater-agent-workspace/rustup-home:/opt/rustwide/rustup-home:ro,Z" "-e" "SOURCE_DIR=/opt/rustwide/workdir" "-e" "CARGO_TARGET_DIR=/opt/rustwide/target" "-e" "CARGO_INCREMENTAL=0" "-e" "RUST_BACKTRACE=full" "-e" "RUSTFLAGS=--cap-lints=warn" "-e" "RUSTDOCFLAGS=--cap-lints=warn" "-e" "CARGO_HOME=/opt/rustwide/cargo-home" "-e" "RUSTUP_HOME=/opt/rustwide/rustup-home" "-w" "/opt/rustwide/workdir" "-m" "1610612736" "--user" "0:0" "--network" "none" "ghcr.io/rust-lang/crates-build-env/linux@sha256:2788e3201cd34a07e3172128adcd8b3090168a8e3bcc40d7c032b9dda1df7d1c" "/opt/rustwide/cargo-home/bin/cargo" "+beta-2023-12-22" "test" "--frozen" "--no-run" "--message-format=json", kill_on_drop: false }`
[INFO] [stdout] da70b2727095d96ac794a261e00835cf7346794c8890b012ea511e516fc3f39c
[INFO] running `Command { std: "docker" "start" "-a" "da70b2727095d96ac794a261e00835cf7346794c8890b012ea511e516fc3f39c", kill_on_drop: false }`
[INFO] [stderr]    Compiling bsc v0.2.0 (/opt/rustwide/workdir)
[INFO] [stderr]     Finished test [unoptimized + debuginfo] target(s) in 0.87s
[INFO] running `Command { std: "docker" "inspect" "da70b2727095d96ac794a261e00835cf7346794c8890b012ea511e516fc3f39c", kill_on_drop: false }`
[INFO] running `Command { std: "docker" "rm" "-f" "da70b2727095d96ac794a261e00835cf7346794c8890b012ea511e516fc3f39c", kill_on_drop: false }`
[INFO] [stdout] da70b2727095d96ac794a261e00835cf7346794c8890b012ea511e516fc3f39c
[INFO] running `Command { std: "docker" "create" "-v" "/var/lib/crater-agent-workspace/builds/worker-7-tc2/target:/opt/rustwide/target:rw,Z" "-v" "/var/lib/crater-agent-workspace/builds/worker-7-tc2/source:/opt/rustwide/workdir:ro,Z" "-v" "/var/lib/crater-agent-workspace/cargo-home:/opt/rustwide/cargo-home:ro,Z" "-v" "/var/lib/crater-agent-workspace/rustup-home:/opt/rustwide/rustup-home:ro,Z" "-e" "SOURCE_DIR=/opt/rustwide/workdir" "-e" "CARGO_TARGET_DIR=/opt/rustwide/target" "-e" "CARGO_INCREMENTAL=0" "-e" "RUST_BACKTRACE=full" "-e" "RUSTFLAGS=--cap-lints=warn" "-e" "RUSTDOCFLAGS=--cap-lints=warn" "-e" "CARGO_HOME=/opt/rustwide/cargo-home" "-e" "RUSTUP_HOME=/opt/rustwide/rustup-home" "-w" "/opt/rustwide/workdir" "-m" "1610612736" "--user" "0:0" "--network" "none" "ghcr.io/rust-lang/crates-build-env/linux@sha256:2788e3201cd34a07e3172128adcd8b3090168a8e3bcc40d7c032b9dda1df7d1c" "/opt/rustwide/cargo-home/bin/cargo" "+beta-2023-12-22" "test" "--frozen", kill_on_drop: false }`
[INFO] [stdout] 1eb61cc2e29a927d8bd450fd292595266ec89979c2dd5df349aefbf80bdc3102
[INFO] running `Command { std: "docker" "start" "-a" "1eb61cc2e29a927d8bd450fd292595266ec89979c2dd5df349aefbf80bdc3102", kill_on_drop: false }`
[INFO] [stderr]     Finished test [unoptimized + debuginfo] target(s) in 0.03s
[INFO] [stderr]      Running unittests src/lib.rs (/opt/rustwide/target/debug/deps/bsc-be1924dac8301db6)
[INFO] [stdout] 
[INFO] [stdout] running 0 tests
[INFO] [stdout] 
[INFO] [stdout] test result: ok. 0 passed; 0 failed; 0 ignored; 0 measured; 0 filtered out; finished in 0.00s
[INFO] [stdout] 
[INFO] [stderr]    Doc-tests bsc
[INFO] [stdout] 
[INFO] [stdout] running 24 tests
[INFO] [stdout] test src/beanstalk.rs - beanstalk::Beanstalk::kick (line 435) ... FAILED
[INFO] [stdout] test src/beanstalk.rs - beanstalk::Beanstalk::bury (line 263) ... FAILED
[INFO] [stdout] test src/beanstalk.rs - beanstalk::Beanstalk::kick (line 428) ... FAILED
[INFO] [stdout] test src/beanstalk.rs - beanstalk::Beanstalk::kick_job (line 458) ... FAILED
[INFO] [stdout] test src/beanstalk.rs - beanstalk::Beanstalk::ignore (line 343) ... FAILED
[INFO] [stdout] test src/beanstalk.rs - beanstalk::Beanstalk::list_tube_used (line 574) ... FAILED
[INFO] [stdout] test src/beanstalk.rs - beanstalk::Beanstalk::list_tube_watched (line 593) ... FAILED
[INFO] [stdout] test src/beanstalk.rs - beanstalk::Beanstalk::delete (line 211) ... FAILED
[INFO] [stdout] test src/beanstalk.rs - beanstalk::Beanstalk::list_tubes (line 553) ... FAILED
[INFO] [stdout] test src/beanstalk.rs - beanstalk::Beanstalk::reserve_by_id (line 182) ... FAILED
[INFO] [stdout] test src/beanstalk.rs - beanstalk::Beanstalk::pause_tube (line 613) ... FAILED
[INFO] [stdout] test src/beanstalk.rs - beanstalk::Beanstalk::release (line 233) ... FAILED
[INFO] [stdout] test src/beanstalk.rs - beanstalk::Beanstalk::reserve (line 127) ... FAILED
[INFO] [stdout] test src/beanstalk.rs - beanstalk::Beanstalk::reserve (line 131) ... FAILED
[INFO] [stdout] test src/beanstalk.rs - beanstalk::Beanstalk::put (line 32) ... FAILED
[INFO] [stdout] test src/beanstalk.rs - beanstalk::Beanstalk::quit (line 636) ... FAILED
[INFO] [stdout] test src/beanstalk.rs - beanstalk::Beanstalk::stats_job (line 479) ... FAILED
[INFO] [stdout] test src/beanstalk.rs - beanstalk::Beanstalk::stats (line 533) ... FAILED
[INFO] [stdout] test src/beanstalk.rs - beanstalk::Beanstalk::touch (line 292) ... FAILED
[INFO] [stdout] test src/beanstalk.rs - beanstalk::Beanstalk::watch (line 322) ... FAILED
[INFO] [stdout] test src/beanstalk.rs - beanstalk::Beanstalk::use_ (line 106) ... FAILED
[INFO] [stdout] test src/beanstalk.rs - beanstalk::Beanstalk::stats_tube (line 506) ... FAILED
[INFO] [stdout] test src/beanstalk.rs - beanstalk::Beanstalk::watch (line 315) ... FAILED
[INFO] [stderr] error: doctest failed, to rerun pass `--doc`
[INFO] [stdout] test src/beanstalk.rs - beanstalk::Beanstalk::use_ (line 99) ... FAILED
[INFO] [stdout] 
[INFO] [stdout] failures:
[INFO] [stdout] 
[INFO] [stdout] ---- src/beanstalk.rs - beanstalk::Beanstalk::kick (line 435) stdout ----
[INFO] [stdout] error: unknown start of token: \
[INFO] [stdout]  --> src/beanstalk.rs:436:15
[INFO] [stdout]   |
[INFO] [stdout] 3 | KICKED <count>\r\n
[INFO] [stdout]   |               ^
[INFO] [stdout] 
[INFO] [stdout] error: unknown start of token: \
[INFO] [stdout]  --> src/beanstalk.rs:436:17
[INFO] [stdout]   |
[INFO] [stdout] 3 | KICKED <count>\r\n
[INFO] [stdout]   |                 ^
[INFO] [stdout] 
[INFO] [stdout] error: comparison operators cannot be chained
[INFO] [stdout]  --> src/beanstalk.rs:436:8
[INFO] [stdout]   |
[INFO] [stdout] 3 | KICKED <count>\r\n
[INFO] [stdout]   |        ^     ^
[INFO] [stdout]   |
[INFO] [stdout]   = help: use `::<...>` instead of `<...>` to specify lifetime, type, or const arguments
[INFO] [stdout]   = help: or use `(...)` if you meant to specify fn arguments
[INFO] [stdout] 
[INFO] [stdout] error: aborting due to 3 previous errors
[INFO] [stdout] 
[INFO] [stdout] Couldn't compile the test.
[INFO] [stdout] ---- src/beanstalk.rs - beanstalk::Beanstalk::bury (line 263) stdout ----
[INFO] [stdout] error: unknown start of token: \
[INFO] [stdout]  --> src/beanstalk.rs:264:16
[INFO] [stdout]   |
[INFO] [stdout] 3 | bury <id> <pri>\r\n
[INFO] [stdout]   |                ^
[INFO] [stdout] 
[INFO] [stdout] error: unknown start of token: \
[INFO] [stdout]  --> src/beanstalk.rs:264:18
[INFO] [stdout]   |
[INFO] [stdout] 3 | bury <id> <pri>\r\n
[INFO] [stdout]   |                  ^
[INFO] [stdout] 
[INFO] [stdout] error: comparison operators cannot be chained
[INFO] [stdout]  --> src/beanstalk.rs:264:6
[INFO] [stdout]   |
[INFO] [stdout] 3 | bury <id> <pri>\r\n
[INFO] [stdout]   |      ^  ^
[INFO] [stdout]   |
[INFO] [stdout]   = help: use `::<...>` instead of `<...>` to specify lifetime, type, or const arguments
[INFO] [stdout]   = help: or use `(...)` if you meant to specify fn arguments
[INFO] [stdout] 
[INFO] [stdout] error: aborting due to 3 previous errors
[INFO] [stdout] 
[INFO] [stdout] Couldn't compile the test.
[INFO] [stdout] ---- src/beanstalk.rs - beanstalk::Beanstalk::kick (line 428) stdout ----
[INFO] [stdout] error: unknown start of token: \
[INFO] [stdout]  --> src/beanstalk.rs:429:13
[INFO] [stdout]   |
[INFO] [stdout] 3 | kick <bound>\r\n
[INFO] [stdout]   |             ^
[INFO] [stdout] 
[INFO] [stdout] error: unknown start of token: \
[INFO] [stdout]  --> src/beanstalk.rs:429:15
[INFO] [stdout]   |
[INFO] [stdout] 3 | kick <bound>\r\n
[INFO] [stdout]   |               ^
[INFO] [stdout] 
[INFO] [stdout] error: comparison operators cannot be chained
[INFO] [stdout]  --> src/beanstalk.rs:429:6
[INFO] [stdout]   |
[INFO] [stdout] 3 | kick <bound>\r\n
[INFO] [stdout]   |      ^     ^
[INFO] [stdout]   |
[INFO] [stdout]   = help: use `::<...>` instead of `<...>` to specify lifetime, type, or const arguments
[INFO] [stdout]   = help: or use `(...)` if you meant to specify fn arguments
[INFO] [stdout] 
[INFO] [stdout] error: aborting due to 3 previous errors
[INFO] [stdout] 
[INFO] [stdout] Couldn't compile the test.
[INFO] [stdout] ---- src/beanstalk.rs - beanstalk::Beanstalk::kick_job (line 458) stdout ----
[INFO] [stdout] error: unknown start of token: \
[INFO] [stdout]  --> src/beanstalk.rs:459:14
[INFO] [stdout]   |
[INFO] [stdout] 3 | kick-job <id>\r\n
[INFO] [stdout]   |              ^
[INFO] [stdout] 
[INFO] [stdout] error: unknown start of token: \
[INFO] [stdout]  --> src/beanstalk.rs:459:16
[INFO] [stdout]   |
[INFO] [stdout] 3 | kick-job <id>\r\n
[INFO] [stdout]   |                ^
[INFO] [stdout] 
[INFO] [stdout] error: comparison operators cannot be chained
[INFO] [stdout]  --> src/beanstalk.rs:459:10
[INFO] [stdout]   |
[INFO] [stdout] 3 | kick-job <id>\r\n
[INFO] [stdout]   |          ^  ^
[INFO] [stdout]   |
[INFO] [stdout]   = help: use `::<...>` instead of `<...>` to specify lifetime, type, or const arguments
[INFO] [stdout]   = help: or use `(...)` if you meant to specify fn arguments
[INFO] [stdout] 
[INFO] [stdout] error: aborting due to 3 previous errors
[INFO] [stdout] 
[INFO] [stdout] Couldn't compile the test.
[INFO] [stdout] ---- src/beanstalk.rs - beanstalk::Beanstalk::ignore (line 343) stdout ----
[INFO] [stdout] error: unknown start of token: \
[INFO] [stdout]  --> src/beanstalk.rs:344:14
[INFO] [stdout]   |
[INFO] [stdout] 3 | ignore <tube>\r\n
[INFO] [stdout]   |              ^
[INFO] [stdout] 
[INFO] [stdout] error: unknown start of token: \
[INFO] [stdout]  --> src/beanstalk.rs:344:16
[INFO] [stdout]   |
[INFO] [stdout] 3 | ignore <tube>\r\n
[INFO] [stdout]   |                ^
[INFO] [stdout] 
[INFO] [stdout] error: comparison operators cannot be chained
[INFO] [stdout]  --> src/beanstalk.rs:344:8
[INFO] [stdout]   |
[INFO] [stdout] 3 | ignore <tube>\r\n
[INFO] [stdout]   |        ^    ^
[INFO] [stdout]   |
[INFO] [stdout]   = help: use `::<...>` instead of `<...>` to specify lifetime, type, or const arguments
[INFO] [stdout]   = help: or use `(...)` if you meant to specify fn arguments
[INFO] [stdout] 
[INFO] [stdout] error: aborting due to 3 previous errors
[INFO] [stdout] 
[INFO] [stdout] Couldn't compile the test.
[INFO] [stdout] ---- src/beanstalk.rs - beanstalk::Beanstalk::list_tube_used (line 574) stdout ----
[INFO] [stdout] error: unknown start of token: \
[INFO] [stdout]  --> src/beanstalk.rs:575:15
[INFO] [stdout]   |
[INFO] [stdout] 3 | list-tube-used\r\n
[INFO] [stdout]   |               ^
[INFO] [stdout] 
[INFO] [stdout] error: unknown start of token: \
[INFO] [stdout]  --> src/beanstalk.rs:575:17
[INFO] [stdout]   |
[INFO] [stdout] 3 | list-tube-used\r\n
[INFO] [stdout]   |                 ^
[INFO] [stdout] 
[INFO] [stdout] error: expected one of `!`, `.`, `::`, `;`, `?`, `{`, `}`, or an operator, found `r`
[INFO] [stdout]  --> src/beanstalk.rs:575:16
[INFO] [stdout]   |
[INFO] [stdout] 3 | list-tube-used\r\n
[INFO] [stdout]   |                ^ expected one of 8 possible tokens
[INFO] [stdout] 
[INFO] [stdout] error: aborting due to 3 previous errors
[INFO] [stdout] 
[INFO] [stdout] Couldn't compile the test.
[INFO] [stdout] ---- src/beanstalk.rs - beanstalk::Beanstalk::list_tube_watched (line 593) stdout ----
[INFO] [stdout] error: unknown start of token: \
[INFO] [stdout]  --> src/beanstalk.rs:594:19
[INFO] [stdout]   |
[INFO] [stdout] 3 | list-tubes-watched\r\n
[INFO] [stdout]   |                   ^
[INFO] [stdout] 
[INFO] [stdout] error: unknown start of token: \
[INFO] [stdout]  --> src/beanstalk.rs:594:21
[INFO] [stdout]   |
[INFO] [stdout] 3 | list-tubes-watched\r\n
[INFO] [stdout]   |                     ^
[INFO] [stdout] 
[INFO] [stdout] error: expected one of `!`, `.`, `::`, `;`, `?`, `{`, `}`, or an operator, found `r`
[INFO] [stdout]  --> src/beanstalk.rs:594:20
[INFO] [stdout]   |
[INFO] [stdout] 3 | list-tubes-watched\r\n
[INFO] [stdout]   |                    ^ expected one of 8 possible tokens
[INFO] [stdout] 
[INFO] [stdout] error: aborting due to 3 previous errors
[INFO] [stdout] 
[INFO] [stdout] Couldn't compile the test.
[INFO] [stdout] ---- src/beanstalk.rs - beanstalk::Beanstalk::delete (line 211) stdout ----
[INFO] [stdout] error: unknown start of token: \
[INFO] [stdout]  --> src/beanstalk.rs:212:12
[INFO] [stdout]   |
[INFO] [stdout] 3 | delete <id>\r\n
[INFO] [stdout]   |            ^
[INFO] [stdout] 
[INFO] [stdout] error: unknown start of token: \
[INFO] [stdout]  --> src/beanstalk.rs:212:14
[INFO] [stdout]   |
[INFO] [stdout] 3 | delete <id>\r\n
[INFO] [stdout]   |              ^
[INFO] [stdout] 
[INFO] [stdout] error: comparison operators cannot be chained
[INFO] [stdout]  --> src/beanstalk.rs:212:8
[INFO] [stdout]   |
[INFO] [stdout] 3 | delete <id>\r\n
[INFO] [stdout]   |        ^  ^
[INFO] [stdout]   |
[INFO] [stdout]   = help: use `::<...>` instead of `<...>` to specify lifetime, type, or const arguments
[INFO] [stdout]   = help: or use `(...)` if you meant to specify fn arguments
[INFO] [stdout] 
[INFO] [stdout] error: aborting due to 3 previous errors
[INFO] [stdout] 
[INFO] [stdout] Couldn't compile the test.
[INFO] [stdout] ---- src/beanstalk.rs - beanstalk::Beanstalk::list_tubes (line 553) stdout ----
[INFO] [stdout] error: unknown start of token: \
[INFO] [stdout]  --> src/beanstalk.rs:554:11
[INFO] [stdout]   |
[INFO] [stdout] 3 | list-tubes\r\n
[INFO] [stdout]   |           ^
[INFO] [stdout] 
[INFO] [stdout] error: unknown start of token: \
[INFO] [stdout]  --> src/beanstalk.rs:554:13
[INFO] [stdout]   |
[INFO] [stdout] 3 | list-tubes\r\n
[INFO] [stdout]   |             ^
[INFO] [stdout] 
[INFO] [stdout] error: expected one of `!`, `.`, `::`, `;`, `?`, `{`, `}`, or an operator, found `r`
[INFO] [stdout]  --> src/beanstalk.rs:554:12
[INFO] [stdout]   |
[INFO] [stdout] 3 | list-tubes\r\n
[INFO] [stdout]   |            ^ expected one of 8 possible tokens
[INFO] [stdout] 
[INFO] [stdout] error: aborting due to 3 previous errors
[INFO] [stdout] 
[INFO] [stdout] Couldn't compile the test.
[INFO] [stdout] ---- src/beanstalk.rs - beanstalk::Beanstalk::reserve_by_id (line 182) stdout ----
[INFO] [stdout] error: unknown start of token: \
[INFO] [stdout]  --> src/beanstalk.rs:183:17
[INFO] [stdout]   |
[INFO] [stdout] 3 | reserve-job <id>\r\n
[INFO] [stdout]   |                 ^
[INFO] [stdout] 
[INFO] [stdout] error: unknown start of token: \
[INFO] [stdout]  --> src/beanstalk.rs:183:19
[INFO] [stdout]   |
[INFO] [stdout] 3 | reserve-job <id>\r\n
[INFO] [stdout]   |                   ^
[INFO] [stdout] 
[INFO] [stdout] error: comparison operators cannot be chained
[INFO] [stdout]  --> src/beanstalk.rs:183:13
[INFO] [stdout]   |
[INFO] [stdout] 3 | reserve-job <id>\r\n
[INFO] [stdout]   |             ^  ^
[INFO] [stdout]   |
[INFO] [stdout]   = help: use `::<...>` instead of `<...>` to specify lifetime, type, or const arguments
[INFO] [stdout]   = help: or use `(...)` if you meant to specify fn arguments
[INFO] [stdout] 
[INFO] [stdout] error: aborting due to 3 previous errors
[INFO] [stdout] 
[INFO] [stdout] Couldn't compile the test.
[INFO] [stdout] ---- src/beanstalk.rs - beanstalk::Beanstalk::pause_tube (line 613) stdout ----
[INFO] [stdout] error: unknown start of token: \
[INFO] [stdout]  --> src/beanstalk.rs:614:31
[INFO] [stdout]   |
[INFO] [stdout] 3 | pause-tube <tube-name> <delay>\r\n
[INFO] [stdout]   |                               ^
[INFO] [stdout] 
[INFO] [stdout] error: unknown start of token: \
[INFO] [stdout]  --> src/beanstalk.rs:614:33
[INFO] [stdout]   |
[INFO] [stdout] 3 | pause-tube <tube-name> <delay>\r\n
[INFO] [stdout]   |                                 ^
[INFO] [stdout] 
[INFO] [stdout] error: comparison operators cannot be chained
[INFO] [stdout]  --> src/beanstalk.rs:614:12
[INFO] [stdout]   |
[INFO] [stdout] 3 | pause-tube <tube-name> <delay>\r\n
[INFO] [stdout]   |            ^         ^
[INFO] [stdout]   |
[INFO] [stdout]   = help: use `::<...>` instead of `<...>` to specify lifetime, type, or const arguments
[INFO] [stdout]   = help: or use `(...)` if you meant to specify fn arguments
[INFO] [stdout] 
[INFO] [stdout] error: aborting due to 3 previous errors
[INFO] [stdout] 
[INFO] [stdout] Couldn't compile the test.
[INFO] [stdout] ---- src/beanstalk.rs - beanstalk::Beanstalk::release (line 233) stdout ----
[INFO] [stdout] error: unknown start of token: \
[INFO] [stdout]  --> src/beanstalk.rs:234:27
[INFO] [stdout]   |
[INFO] [stdout] 3 | release <id> <pri> <delay>\r\n
[INFO] [stdout]   |                           ^
[INFO] [stdout] 
[INFO] [stdout] error: unknown start of token: \
[INFO] [stdout]  --> src/beanstalk.rs:234:29
[INFO] [stdout]   |
[INFO] [stdout] 3 | release <id> <pri> <delay>\r\n
[INFO] [stdout]   |                             ^
[INFO] [stdout] 
[INFO] [stdout] error: comparison operators cannot be chained
[INFO] [stdout]  --> src/beanstalk.rs:234:9
[INFO] [stdout]   |
[INFO] [stdout] 3 | release <id> <pri> <delay>\r\n
[INFO] [stdout]   |         ^  ^
[INFO] [stdout]   |
[INFO] [stdout]   = help: use `::<...>` instead of `<...>` to specify lifetime, type, or const arguments
[INFO] [stdout]   = help: or use `(...)` if you meant to specify fn arguments
[INFO] [stdout] 
[INFO] [stdout] error: aborting due to 3 previous errors
[INFO] [stdout] 
[INFO] [stdout] Couldn't compile the test.
[INFO] [stdout] ---- src/beanstalk.rs - beanstalk::Beanstalk::reserve (line 127) stdout ----
[INFO] [stdout] error: unknown start of token: \
[INFO] [stdout]  --> src/beanstalk.rs:128:8
[INFO] [stdout]   |
[INFO] [stdout] 3 | reserve\r\n
[INFO] [stdout]   |        ^
[INFO] [stdout] 
[INFO] [stdout] error: unknown start of token: \
[INFO] [stdout]  --> src/beanstalk.rs:128:10
[INFO] [stdout]   |
[INFO] [stdout] 3 | reserve\r\n
[INFO] [stdout]   |          ^
[INFO] [stdout] 
[INFO] [stdout] error: expected one of `!`, `.`, `::`, `;`, `?`, `{`, `}`, or an operator, found `r`
[INFO] [stdout]  --> src/beanstalk.rs:128:9
[INFO] [stdout]   |
[INFO] [stdout] 3 | reserve\r\n
[INFO] [stdout]   |         ^ expected one of 8 possible tokens
[INFO] [stdout] 
[INFO] [stdout] error: aborting due to 3 previous errors
[INFO] [stdout] 
[INFO] [stdout] Couldn't compile the test.
[INFO] [stdout] ---- src/beanstalk.rs - beanstalk::Beanstalk::reserve (line 131) stdout ----
[INFO] [stdout] error: unknown start of token: \
[INFO] [stdout]  --> src/beanstalk.rs:132:31
[INFO] [stdout]   |
[INFO] [stdout] 3 | reserve-with-timeout <seconds>\r\n
[INFO] [stdout]   |                               ^
[INFO] [stdout] 
[INFO] [stdout] error: unknown start of token: \
[INFO] [stdout]  --> src/beanstalk.rs:132:33
[INFO] [stdout]   |
[INFO] [stdout] 3 | reserve-with-timeout <seconds>\r\n
[INFO] [stdout]   |                                 ^
[INFO] [stdout] 
[INFO] [stdout] error: comparison operators cannot be chained
[INFO] [stdout]  --> src/beanstalk.rs:132:22
[INFO] [stdout]   |
[INFO] [stdout] 3 | reserve-with-timeout <seconds>\r\n
[INFO] [stdout]   |                      ^       ^
[INFO] [stdout]   |
[INFO] [stdout]   = help: use `::<...>` instead of `<...>` to specify lifetime, type, or const arguments
[INFO] [stdout]   = help: or use `(...)` if you meant to specify fn arguments
[INFO] [stdout] 
[INFO] [stdout] error: aborting due to 3 previous errors
[INFO] [stdout] 
[INFO] [stdout] Couldn't compile the test.
[INFO] [stdout] ---- src/beanstalk.rs - beanstalk::Beanstalk::put (line 32) stdout ----
[INFO] [stdout] error: unknown start of token: \
[INFO] [stdout]  --> src/beanstalk.rs:33:32
[INFO] [stdout]   |
[INFO] [stdout] 3 | put <pri> <delay> <ttr> <bytes>\r\n
[INFO] [stdout]   |                                ^
[INFO] [stdout] 
[INFO] [stdout] error: unknown start of token: \
[INFO] [stdout]  --> src/beanstalk.rs:33:34
[INFO] [stdout]   |
[INFO] [stdout] 3 | put <pri> <delay> <ttr> <bytes>\r\n
[INFO] [stdout]   |                                  ^
[INFO] [stdout] 
[INFO] [stdout] error: unknown start of token: \
[INFO] [stdout]  --> src/beanstalk.rs:34:7
[INFO] [stdout]   |
[INFO] [stdout] 4 | <data>\r\n
[INFO] [stdout]   |       ^
[INFO] [stdout] 
[INFO] [stdout] error: unknown start of token: \
[INFO] [stdout]  --> src/beanstalk.rs:34:9
[INFO] [stdout]   |
[INFO] [stdout] 4 | <data>\r\n
[INFO] [stdout]   |         ^
[INFO] [stdout] 
[INFO] [stdout] error: comparison operators cannot be chained
[INFO] [stdout]  --> src/beanstalk.rs:33:5
[INFO] [stdout]   |
[INFO] [stdout] 3 | put <pri> <delay> <ttr> <bytes>\r\n
[INFO] [stdout]   |     ^   ^
[INFO] [stdout]   |
[INFO] [stdout]   = help: use `::<...>` instead of `<...>` to specify lifetime, type, or const arguments
[INFO] [stdout]   = help: or use `(...)` if you meant to specify fn arguments
[INFO] [stdout] 
[INFO] [stdout] error: aborting due to 5 previous errors
[INFO] [stdout] 
[INFO] [stdout] Couldn't compile the test.
[INFO] [stdout] ---- src/beanstalk.rs - beanstalk::Beanstalk::quit (line 636) stdout ----
[INFO] [stdout] error: unknown start of token: \
[INFO] [stdout]  --> src/beanstalk.rs:637:5
[INFO] [stdout]   |
[INFO] [stdout] 3 | quit\r\n
[INFO] [stdout]   |     ^
[INFO] [stdout] 
[INFO] [stdout] error: unknown start of token: \
[INFO] [stdout]  --> src/beanstalk.rs:637:7
[INFO] [stdout]   |
[INFO] [stdout] 3 | quit\r\n
[INFO] [stdout]   |       ^
[INFO] [stdout] 
[INFO] [stdout] error: expected one of `!`, `.`, `::`, `;`, `?`, `{`, `}`, or an operator, found `r`
[INFO] [stdout]  --> src/beanstalk.rs:637:6
[INFO] [stdout]   |
[INFO] [stdout] 3 | quit\r\n
[INFO] [stdout]   |      ^ expected one of 8 possible tokens
[INFO] [stdout] 
[INFO] [stdout] error: aborting due to 3 previous errors
[INFO] [stdout] 
[INFO] [stdout] Couldn't compile the test.
[INFO] [stdout] ---- src/beanstalk.rs - beanstalk::Beanstalk::stats_job (line 479) stdout ----
[INFO] [stdout] error: unknown start of token: \
[INFO] [stdout]  --> src/beanstalk.rs:480:15
[INFO] [stdout]   |
[INFO] [stdout] 3 | stats-job <id>\r\n
[INFO] [stdout]   |               ^
[INFO] [stdout] 
[INFO] [stdout] error: unknown start of token: \
[INFO] [stdout]  --> src/beanstalk.rs:480:17
[INFO] [stdout]   |
[INFO] [stdout] 3 | stats-job <id>\r\n
[INFO] [stdout]   |                 ^
[INFO] [stdout] 
[INFO] [stdout] error: comparison operators cannot be chained
[INFO] [stdout]  --> src/beanstalk.rs:480:11
[INFO] [stdout]   |
[INFO] [stdout] 3 | stats-job <id>\r\n
[INFO] [stdout]   |           ^  ^
[INFO] [stdout]   |
[INFO] [stdout]   = help: use `::<...>` instead of `<...>` to specify lifetime, type, or const arguments
[INFO] [stdout]   = help: or use `(...)` if you meant to specify fn arguments
[INFO] [stdout] 
[INFO] [stdout] error: aborting due to 3 previous errors
[INFO] [stdout] 
[INFO] [stdout] Couldn't compile the test.
[INFO] [stdout] ---- src/beanstalk.rs - beanstalk::Beanstalk::stats (line 533) stdout ----
[INFO] [stdout] error: unknown start of token: \
[INFO] [stdout]  --> src/beanstalk.rs:534:6
[INFO] [stdout]   |
[INFO] [stdout] 3 | stats\r\n
[INFO] [stdout]   |      ^
[INFO] [stdout] 
[INFO] [stdout] error: unknown start of token: \
[INFO] [stdout]  --> src/beanstalk.rs:534:8
[INFO] [stdout]   |
[INFO] [stdout] 3 | stats\r\n
[INFO] [stdout]   |        ^
[INFO] [stdout] 
[INFO] [stdout] error: expected one of `!`, `.`, `::`, `;`, `?`, `{`, `}`, or an operator, found `r`
[INFO] [stdout]  --> src/beanstalk.rs:534:7
[INFO] [stdout]   |
[INFO] [stdout] 3 | stats\r\n
[INFO] [stdout]   |       ^ expected one of 8 possible tokens
[INFO] [stdout] 
[INFO] [stdout] error: aborting due to 3 previous errors
[INFO] [stdout] 
[INFO] [stdout] Couldn't compile the test.
[INFO] [stdout] ---- src/beanstalk.rs - beanstalk::Beanstalk::touch (line 292) stdout ----
[INFO] [stdout] error: unknown start of token: \
[INFO] [stdout]  --> src/beanstalk.rs:293:11
[INFO] [stdout]   |
[INFO] [stdout] 3 | touch <id>\r\n
[INFO] [stdout]   |           ^
[INFO] [stdout] 
[INFO] [stdout] error: unknown start of token: \
[INFO] [stdout]  --> src/beanstalk.rs:293:13
[INFO] [stdout]   |
[INFO] [stdout] 3 | touch <id>\r\n
[INFO] [stdout]   |             ^
[INFO] [stdout] 
[INFO] [stdout] error: comparison operators cannot be chained
[INFO] [stdout]  --> src/beanstalk.rs:293:7
[INFO] [stdout]   |
[INFO] [stdout] 3 | touch <id>\r\n
[INFO] [stdout]   |       ^  ^
[INFO] [stdout]   |
[INFO] [stdout]   = help: use `::<...>` instead of `<...>` to specify lifetime, type, or const arguments
[INFO] [stdout]   = help: or use `(...)` if you meant to specify fn arguments
[INFO] [stdout] 
[INFO] [stdout] error: aborting due to 3 previous errors
[INFO] [stdout] 
[INFO] [stdout] Couldn't compile the test.
[INFO] [stdout] ---- src/beanstalk.rs - beanstalk::Beanstalk::watch (line 322) stdout ----
[INFO] [stdout] error: unknown start of token: \
[INFO] [stdout]  --> src/beanstalk.rs:323:17
[INFO] [stdout]   |
[INFO] [stdout] 3 | WATCHING <count>\r\n
[INFO] [stdout]   |                 ^
[INFO] [stdout] 
[INFO] [stdout] error: unknown start of token: \
[INFO] [stdout]  --> src/beanstalk.rs:323:19
[INFO] [stdout]   |
[INFO] [stdout] 3 | WATCHING <count>\r\n
[INFO] [stdout]   |                   ^
[INFO] [stdout] 
[INFO] [stdout] error: comparison operators cannot be chained
[INFO] [stdout]  --> src/beanstalk.rs:323:10
[INFO] [stdout]   |
[INFO] [stdout] 3 | WATCHING <count>\r\n
[INFO] [stdout]   |          ^     ^
[INFO] [stdout]   |
[INFO] [stdout]   = help: use `::<...>` instead of `<...>` to specify lifetime, type, or const arguments
[INFO] [stdout]   = help: or use `(...)` if you meant to specify fn arguments
[INFO] [stdout] 
[INFO] [stdout] error: aborting due to 3 previous errors
[INFO] [stdout] 
[INFO] [stdout] Couldn't compile the test.
[INFO] [stdout] ---- src/beanstalk.rs - beanstalk::Beanstalk::use_ (line 106) stdout ----
[INFO] [stdout] error: unknown start of token: \
[INFO] [stdout]  --> src/beanstalk.rs:107:13
[INFO] [stdout]   |
[INFO] [stdout] 3 | USING <tube>\r\n
[INFO] [stdout]   |             ^
[INFO] [stdout] 
[INFO] [stdout] error: unknown start of token: \
[INFO] [stdout]  --> src/beanstalk.rs:107:15
[INFO] [stdout]   |
[INFO] [stdout] 3 | USING <tube>\r\n
[INFO] [stdout]   |               ^
[INFO] [stdout] 
[INFO] [stdout] error: comparison operators cannot be chained
[INFO] [stdout]  --> src/beanstalk.rs:107:7
[INFO] [stdout]   |
[INFO] [stdout] 3 | USING <tube>\r\n
[INFO] [stdout]   |       ^    ^
[INFO] [stdout]   |
[INFO] [stdout]   = help: use `::<...>` instead of `<...>` to specify lifetime, type, or const arguments
[INFO] [stdout]   = help: or use `(...)` if you meant to specify fn arguments
[INFO] [stdout] 
[INFO] [stdout] error: aborting due to 3 previous errors
[INFO] [stdout] 
[INFO] [stdout] Couldn't compile the test.
[INFO] [stdout] ---- src/beanstalk.rs - beanstalk::Beanstalk::stats_tube (line 506) stdout ----
[INFO] [stdout] error: unknown start of token: \
[INFO] [stdout]  --> src/beanstalk.rs:507:18
[INFO] [stdout]   |
[INFO] [stdout] 3 | stats-tube <tube>\r\n
[INFO] [stdout]   |                  ^
[INFO] [stdout] 
[INFO] [stdout] error: unknown start of token: \
[INFO] [stdout]  --> src/beanstalk.rs:507:20
[INFO] [stdout]   |
[INFO] [stdout] 3 | stats-tube <tube>\r\n
[INFO] [stdout]   |                    ^
[INFO] [stdout] 
[INFO] [stdout] error: comparison operators cannot be chained
[INFO] [stdout]  --> src/beanstalk.rs:507:12
[INFO] [stdout]   |
[INFO] [stdout] 3 | stats-tube <tube>\r\n
[INFO] [stdout]   |            ^    ^
[INFO] [stdout]   |
[INFO] [stdout]   = help: use `::<...>` instead of `<...>` to specify lifetime, type, or const arguments
[INFO] [stdout]   = help: or use `(...)` if you meant to specify fn arguments
[INFO] [stdout] 
[INFO] [stdout] error: aborting due to 3 previous errors
[INFO] [stdout] 
[INFO] [stdout] Couldn't compile the test.
[INFO] [stdout] ---- src/beanstalk.rs - beanstalk::Beanstalk::watch (line 315) stdout ----
[INFO] [stdout] error: unknown start of token: \
[INFO] [stdout]  --> src/beanstalk.rs:316:13
[INFO] [stdout]   |
[INFO] [stdout] 3 | watch <tube>\r\n
[INFO] [stdout]   |             ^
[INFO] [stdout] 
[INFO] [stdout] error: unknown start of token: \
[INFO] [stdout]  --> src/beanstalk.rs:316:15
[INFO] [stdout]   |
[INFO] [stdout] 3 | watch <tube>\r\n
[INFO] [stdout]   |               ^
[INFO] [stdout] 
[INFO] [stdout] error: comparison operators cannot be chained
[INFO] [stdout]  --> src/beanstalk.rs:316:7
[INFO] [stdout]   |
[INFO] [stdout] 3 | watch <tube>\r\n
[INFO] [stdout]   |       ^    ^
[INFO] [stdout]   |
[INFO] [stdout]   = help: use `::<...>` instead of `<...>` to specify lifetime, type, or const arguments
[INFO] [stdout]   = help: or use `(...)` if you meant to specify fn arguments
[INFO] [stdout] 
[INFO] [stdout] error: aborting due to 3 previous errors
[INFO] [stdout] 
[INFO] [stdout] Couldn't compile the test.
[INFO] [stdout] ---- src/beanstalk.rs - beanstalk::Beanstalk::use_ (line 99) stdout ----
[INFO] [stdout] error: unknown start of token: \
[INFO] [stdout]  --> src/beanstalk.rs:100:11
[INFO] [stdout]   |
[INFO] [stdout] 3 | use <tube>\r\n
[INFO] [stdout]   |           ^
[INFO] [stdout] 
[INFO] [stdout] error: unknown start of token: \
[INFO] [stdout]  --> src/beanstalk.rs:100:13
[INFO] [stdout]   |
[INFO] [stdout] 3 | use <tube>\r\n
[INFO] [stdout]   |             ^
[INFO] [stdout] 
[INFO] [stdout] error: expected identifier, found `<`
[INFO] [stdout]  --> src/beanstalk.rs:100:5
[INFO] [stdout]   |
[INFO] [stdout] 3 | use <tube>\r\n
[INFO] [stdout]   |     ^ expected identifier
[INFO] [stdout] 
[INFO] [stdout] error: aborting due to 3 previous errors
[INFO] [stdout] 
[INFO] [stdout] Couldn't compile the test.
[INFO] [stdout] 
[INFO] [stdout] failures:
[INFO] [stdout]     src/beanstalk.rs - beanstalk::Beanstalk::bury (line 263)
[INFO] [stdout]     src/beanstalk.rs - beanstalk::Beanstalk::delete (line 211)
[INFO] [stdout]     src/beanstalk.rs - beanstalk::Beanstalk::ignore (line 343)
[INFO] [stdout]     src/beanstalk.rs - beanstalk::Beanstalk::kick (line 428)
[INFO] [stdout]     src/beanstalk.rs - beanstalk::Beanstalk::kick (line 435)
[INFO] [stdout]     src/beanstalk.rs - beanstalk::Beanstalk::kick_job (line 458)
[INFO] [stdout]     src/beanstalk.rs - beanstalk::Beanstalk::list_tube_used (line 574)
[INFO] [stdout]     src/beanstalk.rs - beanstalk::Beanstalk::list_tube_watched (line 593)
[INFO] [stdout]     src/beanstalk.rs - beanstalk::Beanstalk::list_tubes (line 553)
[INFO] [stdout]     src/beanstalk.rs - beanstalk::Beanstalk::pause_tube (line 613)
[INFO] [stdout]     src/beanstalk.rs - beanstalk::Beanstalk::put (line 32)
[INFO] [stdout]     src/beanstalk.rs - beanstalk::Beanstalk::quit (line 636)
[INFO] [stdout]     src/beanstalk.rs - beanstalk::Beanstalk::release (line 233)
[INFO] [stdout]     src/beanstalk.rs - beanstalk::Beanstalk::reserve (line 127)
[INFO] [stdout]     src/beanstalk.rs - beanstalk::Beanstalk::reserve (line 131)
[INFO] [stdout]     src/beanstalk.rs - beanstalk::Beanstalk::reserve_by_id (line 182)
[INFO] [stdout]     src/beanstalk.rs - beanstalk::Beanstalk::stats (line 533)
[INFO] [stdout]     src/beanstalk.rs - beanstalk::Beanstalk::stats_job (line 479)
[INFO] [stdout]     src/beanstalk.rs - beanstalk::Beanstalk::stats_tube (line 506)
[INFO] [stdout]     src/beanstalk.rs - beanstalk::Beanstalk::touch (line 292)
[INFO] [stdout]     src/beanstalk.rs - beanstalk::Beanstalk::use_ (line 106)
[INFO] [stdout]     src/beanstalk.rs - beanstalk::Beanstalk::use_ (line 99)
[INFO] [stdout]     src/beanstalk.rs - beanstalk::Beanstalk::watch (line 315)
[INFO] [stdout]     src/beanstalk.rs - beanstalk::Beanstalk::watch (line 322)
[INFO] [stdout] 
[INFO] [stdout] test result: FAILED. 0 passed; 24 failed; 0 ignored; 0 measured; 0 filtered out; finished in 0.71s
[INFO] [stdout] 
[INFO] running `Command { std: "docker" "inspect" "1eb61cc2e29a927d8bd450fd292595266ec89979c2dd5df349aefbf80bdc3102", kill_on_drop: false }`
[INFO] running `Command { std: "docker" "rm" "-f" "1eb61cc2e29a927d8bd450fd292595266ec89979c2dd5df349aefbf80bdc3102", kill_on_drop: false }`
[INFO] [stdout] 1eb61cc2e29a927d8bd450fd292595266ec89979c2dd5df349aefbf80bdc3102
