[INFO] fetching crate brug 0.2.1...
[INFO] testing brug-0.2.1 against 1.75.0 for beta-1.76-1
[INFO] extracting crate brug 0.2.1 into /workspace/builds/worker-2-tc1/source
[INFO] validating manifest of crates.io crate brug 0.2.1 on toolchain 1.75.0
[INFO] running `Command { std: CARGO_HOME="/workspace/cargo-home" RUSTUP_HOME="/workspace/rustup-home" "/workspace/cargo-home/bin/cargo" "+1.75.0" "metadata" "--manifest-path" "Cargo.toml" "--no-deps", kill_on_drop: false }`
[INFO] started tweaking crates.io crate brug 0.2.1
[INFO] finished tweaking crates.io crate brug 0.2.1
[INFO] tweaked toml for crates.io crate brug 0.2.1 written to /workspace/builds/worker-2-tc1/source/Cargo.toml
[INFO] running `Command { std: CARGO_HOME="/workspace/cargo-home" RUSTUP_HOME="/workspace/rustup-home" "/workspace/cargo-home/bin/cargo" "+1.75.0" "generate-lockfile" "--manifest-path" "Cargo.toml", kill_on_drop: false }`
[INFO] [stderr]     Updating crates.io index
[INFO] running `Command { std: CARGO_HOME="/workspace/cargo-home" RUSTUP_HOME="/workspace/rustup-home" "/workspace/cargo-home/bin/cargo" "+1.75.0" "fetch" "--manifest-path" "Cargo.toml", kill_on_drop: false }`
[INFO] [stderr]  Downloading crates ...
[INFO] [stderr]   Downloaded kanal v0.1.0-pre8
[INFO] [stderr]   Downloaded brug-macros v0.1.1
[INFO] running `Command { std: "docker" "create" "-v" "/var/lib/crater-agent-workspace/builds/worker-2-tc1/target:/opt/rustwide/target:rw,Z" "-v" "/var/lib/crater-agent-workspace/builds/worker-2-tc1/source:/opt/rustwide/workdir:ro,Z" "-v" "/var/lib/crater-agent-workspace/cargo-home:/opt/rustwide/cargo-home:ro,Z" "-v" "/var/lib/crater-agent-workspace/rustup-home:/opt/rustwide/rustup-home:ro,Z" "-e" "SOURCE_DIR=/opt/rustwide/workdir" "-e" "CARGO_TARGET_DIR=/opt/rustwide/target" "-e" "CARGO_HOME=/opt/rustwide/cargo-home" "-e" "RUSTUP_HOME=/opt/rustwide/rustup-home" "-w" "/opt/rustwide/workdir" "-m" "1610612736" "--user" "0:0" "--network" "none" "ghcr.io/rust-lang/crates-build-env/linux@sha256:2788e3201cd34a07e3172128adcd8b3090168a8e3bcc40d7c032b9dda1df7d1c" "/opt/rustwide/cargo-home/bin/cargo" "+1.75.0" "metadata" "--no-deps" "--format-version=1", kill_on_drop: false }`
[INFO] [stdout] 6dd42038880dbd1581d4177e73baa3cee17c57cb92516032a1b9acf32cb939bd
[INFO] running `Command { std: "docker" "start" "-a" "6dd42038880dbd1581d4177e73baa3cee17c57cb92516032a1b9acf32cb939bd", kill_on_drop: false }`
[INFO] running `Command { std: "docker" "inspect" "6dd42038880dbd1581d4177e73baa3cee17c57cb92516032a1b9acf32cb939bd", kill_on_drop: false }`
[INFO] running `Command { std: "docker" "rm" "-f" "6dd42038880dbd1581d4177e73baa3cee17c57cb92516032a1b9acf32cb939bd", kill_on_drop: false }`
[INFO] [stdout] 6dd42038880dbd1581d4177e73baa3cee17c57cb92516032a1b9acf32cb939bd
[INFO] running `Command { std: "docker" "create" "-v" "/var/lib/crater-agent-workspace/builds/worker-2-tc1/target:/opt/rustwide/target:rw,Z" "-v" "/var/lib/crater-agent-workspace/builds/worker-2-tc1/source:/opt/rustwide/workdir:ro,Z" "-v" "/var/lib/crater-agent-workspace/cargo-home:/opt/rustwide/cargo-home:ro,Z" "-v" "/var/lib/crater-agent-workspace/rustup-home:/opt/rustwide/rustup-home:ro,Z" "-e" "SOURCE_DIR=/opt/rustwide/workdir" "-e" "CARGO_TARGET_DIR=/opt/rustwide/target" "-e" "CARGO_INCREMENTAL=0" "-e" "RUST_BACKTRACE=full" "-e" "RUSTFLAGS=--cap-lints=warn" "-e" "RUSTDOCFLAGS=--cap-lints=warn" "-e" "CARGO_HOME=/opt/rustwide/cargo-home" "-e" "RUSTUP_HOME=/opt/rustwide/rustup-home" "-w" "/opt/rustwide/workdir" "-m" "1610612736" "--user" "0:0" "--network" "none" "ghcr.io/rust-lang/crates-build-env/linux@sha256:2788e3201cd34a07e3172128adcd8b3090168a8e3bcc40d7c032b9dda1df7d1c" "/opt/rustwide/cargo-home/bin/cargo" "+1.75.0" "build" "--frozen" "--message-format=json", kill_on_drop: false }`
[INFO] [stdout] 2bece04be8d02a52997de07b39aa5aebe8bcdf879eb0499749d1c9ac8e2ec7df
[INFO] running `Command { std: "docker" "start" "-a" "2bece04be8d02a52997de07b39aa5aebe8bcdf879eb0499749d1c9ac8e2ec7df", kill_on_drop: false }`
[INFO] [stderr]    Compiling async-trait v0.1.77
[INFO] [stderr]    Compiling syn v2.0.48
[INFO] [stderr]    Compiling brug v0.2.1 (/opt/rustwide/workdir)
[INFO] [stderr]     Finished dev [unoptimized + debuginfo] target(s) in 4.84s
[INFO] running `Command { std: "docker" "inspect" "2bece04be8d02a52997de07b39aa5aebe8bcdf879eb0499749d1c9ac8e2ec7df", kill_on_drop: false }`
[INFO] running `Command { std: "docker" "rm" "-f" "2bece04be8d02a52997de07b39aa5aebe8bcdf879eb0499749d1c9ac8e2ec7df", kill_on_drop: false }`
[INFO] [stdout] 2bece04be8d02a52997de07b39aa5aebe8bcdf879eb0499749d1c9ac8e2ec7df
[INFO] running `Command { std: "docker" "create" "-v" "/var/lib/crater-agent-workspace/builds/worker-2-tc1/target:/opt/rustwide/target:rw,Z" "-v" "/var/lib/crater-agent-workspace/builds/worker-2-tc1/source:/opt/rustwide/workdir:ro,Z" "-v" "/var/lib/crater-agent-workspace/cargo-home:/opt/rustwide/cargo-home:ro,Z" "-v" "/var/lib/crater-agent-workspace/rustup-home:/opt/rustwide/rustup-home:ro,Z" "-e" "SOURCE_DIR=/opt/rustwide/workdir" "-e" "CARGO_TARGET_DIR=/opt/rustwide/target" "-e" "CARGO_INCREMENTAL=0" "-e" "RUST_BACKTRACE=full" "-e" "RUSTFLAGS=--cap-lints=warn" "-e" "RUSTDOCFLAGS=--cap-lints=warn" "-e" "CARGO_HOME=/opt/rustwide/cargo-home" "-e" "RUSTUP_HOME=/opt/rustwide/rustup-home" "-w" "/opt/rustwide/workdir" "-m" "1610612736" "--user" "0:0" "--network" "none" "ghcr.io/rust-lang/crates-build-env/linux@sha256:2788e3201cd34a07e3172128adcd8b3090168a8e3bcc40d7c032b9dda1df7d1c" "/opt/rustwide/cargo-home/bin/cargo" "+1.75.0" "test" "--frozen" "--no-run" "--message-format=json", kill_on_drop: false }`
[INFO] [stdout] 7bd50bd17b37ba1712721627b2c61d8801e617e2a3f31255b35160e507b95a16
[INFO] running `Command { std: "docker" "start" "-a" "7bd50bd17b37ba1712721627b2c61d8801e617e2a3f31255b35160e507b95a16", kill_on_drop: false }`
[INFO] [stderr]    Compiling brug v0.2.1 (/opt/rustwide/workdir)
[INFO] [stderr]     Finished test [unoptimized + debuginfo] target(s) in 0.34s
[INFO] running `Command { std: "docker" "inspect" "7bd50bd17b37ba1712721627b2c61d8801e617e2a3f31255b35160e507b95a16", kill_on_drop: false }`
[INFO] running `Command { std: "docker" "rm" "-f" "7bd50bd17b37ba1712721627b2c61d8801e617e2a3f31255b35160e507b95a16", kill_on_drop: false }`
[INFO] [stdout] 7bd50bd17b37ba1712721627b2c61d8801e617e2a3f31255b35160e507b95a16
[INFO] running `Command { std: "docker" "create" "-v" "/var/lib/crater-agent-workspace/builds/worker-2-tc1/target:/opt/rustwide/target:rw,Z" "-v" "/var/lib/crater-agent-workspace/builds/worker-2-tc1/source:/opt/rustwide/workdir:ro,Z" "-v" "/var/lib/crater-agent-workspace/cargo-home:/opt/rustwide/cargo-home:ro,Z" "-v" "/var/lib/crater-agent-workspace/rustup-home:/opt/rustwide/rustup-home:ro,Z" "-e" "SOURCE_DIR=/opt/rustwide/workdir" "-e" "CARGO_TARGET_DIR=/opt/rustwide/target" "-e" "CARGO_INCREMENTAL=0" "-e" "RUST_BACKTRACE=full" "-e" "RUSTFLAGS=--cap-lints=warn" "-e" "RUSTDOCFLAGS=--cap-lints=warn" "-e" "CARGO_HOME=/opt/rustwide/cargo-home" "-e" "RUSTUP_HOME=/opt/rustwide/rustup-home" "-w" "/opt/rustwide/workdir" "-m" "1610612736" "--user" "0:0" "--network" "none" "ghcr.io/rust-lang/crates-build-env/linux@sha256:2788e3201cd34a07e3172128adcd8b3090168a8e3bcc40d7c032b9dda1df7d1c" "/opt/rustwide/cargo-home/bin/cargo" "+1.75.0" "test" "--frozen", kill_on_drop: false }`
[INFO] [stdout] dec869850062569a8e1343764b19b93d9152fa3ef487b8146c91808b49e7b612
[INFO] running `Command { std: "docker" "start" "-a" "dec869850062569a8e1343764b19b93d9152fa3ef487b8146c91808b49e7b612", kill_on_drop: false }`
[INFO] [stderr]     Finished test [unoptimized + debuginfo] target(s) in 0.02s
[INFO] [stderr]      Running unittests src/lib.rs (/opt/rustwide/target/debug/deps/brug-bb22f5c1ff002821)
[INFO] [stdout] 
[INFO] [stdout] running 0 tests
[INFO] [stdout] 
[INFO] [stdout] test result: ok. 0 passed; 0 failed; 0 ignored; 0 measured; 0 filtered out; finished in 0.00s
[INFO] [stdout] 
[INFO] [stderr]    Doc-tests brug
[INFO] [stdout] 
[INFO] [stdout] running 1 test
[INFO] [stdout] test src/lib.rs - (line 9) ... FAILED
[INFO] [stderr] error: doctest failed, to rerun pass `--doc`
[INFO] [stdout] 
[INFO] [stdout] failures:
[INFO] [stdout] 
[INFO] [stdout] ---- src/lib.rs - (line 9) stdout ----
[INFO] [stdout] error[E0432]: unresolved import `brug::tokio`
[INFO] [stdout]  --> src/lib.rs:11:23
[INFO] [stdout]   |
[INFO] [stdout] 4 | use brug::{Performer, tokio::OneShot};
[INFO] [stdout]   |                       ^^^^^ could not find `tokio` in `brug`
[INFO] [stdout] 
[INFO] [stdout] error[E0433]: failed to resolve: could not find `performer` in `brug`
[INFO] [stdout]  --> src/lib.rs:15:9
[INFO] [stdout]   |
[INFO] [stdout] 8 | #[brug::performer]
[INFO] [stdout]   |         ^^^^^^^^^ could not find `performer` in `brug`
[INFO] [stdout]   |
[INFO] [stdout] note: found an item that was configured out
[INFO] [stdout]  --> /opt/rustwide/workdir/src/lib.rs:6:22
[INFO] [stdout]   |
[INFO] [stdout] 6 | pub use brug_macros::performer;
[INFO] [stdout]   |                      ^^^^^^^^^
[INFO] [stdout]   = note: the item is gated behind the `macros` feature
[INFO] [stdout] 
[INFO] [stdout] error[E0107]: missing generics for enum `MyStructCommand`
[INFO] [stdout]   --> src/lib.rs:37:24
[INFO] [stdout]    |
[INFO] [stdout] 30 | impl ::brug::Performer<MyStructCommand> for MyStruct {
[INFO] [stdout]    |                        ^^^^^^^^^^^^^^^ expected 1 generic argument
[INFO] [stdout]    |
[INFO] [stdout] note: enum defined here, with 1 generic parameter: `T`
[INFO] [stdout]   --> src/lib.rs:32:10
[INFO] [stdout]    |
[INFO] [stdout] 25 | pub enum MyStructCommand<T: ::brug::Transport> {
[INFO] [stdout]    |          ^^^^^^^^^^^^^^^ -
[INFO] [stdout] help: add missing generic argument
[INFO] [stdout]    |
[INFO] [stdout] 30 | impl ::brug::Performer<MyStructCommand<T>> for MyStruct {
[INFO] [stdout]    |                                       +++
[INFO] [stdout] 
[INFO] [stdout] error[E0107]: missing generics for enum `MyStructCommand`
[INFO] [stdout]   --> src/lib.rs:38:40
[INFO] [stdout]    |
[INFO] [stdout] 31 |   async fn perform(&mut self, command: MyStructCommand) {
[INFO] [stdout]    |                                        ^^^^^^^^^^^^^^^ expected 1 generic argument
[INFO] [stdout]    |
[INFO] [stdout] note: enum defined here, with 1 generic parameter: `T`
[INFO] [stdout]   --> src/lib.rs:32:10
[INFO] [stdout]    |
[INFO] [stdout] 25 | pub enum MyStructCommand<T: ::brug::Transport> {
[INFO] [stdout]    |          ^^^^^^^^^^^^^^^ -
[INFO] [stdout] help: add missing generic argument
[INFO] [stdout]    |
[INFO] [stdout] 31 |   async fn perform(&mut self, command: MyStructCommand<T>) {
[INFO] [stdout]    |                                                       +++
[INFO] [stdout] 
[INFO] [stdout] error: aborting due to 4 previous errors
[INFO] [stdout] 
[INFO] [stdout] Some errors have detailed explanations: E0107, E0432, E0433.
[INFO] [stdout] For more information about an error, try `rustc --explain E0107`.
[INFO] [stdout] Couldn't compile the test.
[INFO] [stdout] 
[INFO] [stdout] failures:
[INFO] [stdout]     src/lib.rs - (line 9)
[INFO] [stdout] 
[INFO] [stdout] test result: FAILED. 0 passed; 1 failed; 0 ignored; 0 measured; 0 filtered out; finished in 0.10s
[INFO] [stdout] 
[INFO] running `Command { std: "docker" "inspect" "dec869850062569a8e1343764b19b93d9152fa3ef487b8146c91808b49e7b612", kill_on_drop: false }`
[INFO] running `Command { std: "docker" "rm" "-f" "dec869850062569a8e1343764b19b93d9152fa3ef487b8146c91808b49e7b612", kill_on_drop: false }`
[INFO] [stdout] dec869850062569a8e1343764b19b93d9152fa3ef487b8146c91808b49e7b612
