[INFO] fetching crate brod 0.1.3...
[INFO] testing brod-0.1.3 against 1.75.0 for beta-1.76-1
[INFO] extracting crate brod 0.1.3 into /workspace/builds/worker-4-tc1/source
[INFO] validating manifest of crates.io crate brod 0.1.3 on toolchain 1.75.0
[INFO] running `Command { std: CARGO_HOME="/workspace/cargo-home" RUSTUP_HOME="/workspace/rustup-home" "/workspace/cargo-home/bin/cargo" "+1.75.0" "metadata" "--manifest-path" "Cargo.toml" "--no-deps", kill_on_drop: false }`
[INFO] started tweaking crates.io crate brod 0.1.3
[INFO] finished tweaking crates.io crate brod 0.1.3
[INFO] tweaked toml for crates.io crate brod 0.1.3 written to /workspace/builds/worker-4-tc1/source/Cargo.toml
[INFO] crate crates.io crate brod 0.1.3 already has a lockfile, it will not be regenerated
[INFO] running `Command { std: CARGO_HOME="/workspace/cargo-home" RUSTUP_HOME="/workspace/rustup-home" "/workspace/cargo-home/bin/cargo" "+1.75.0" "fetch" "--manifest-path" "Cargo.toml", kill_on_drop: false }`
[INFO] [stderr]     Updating crates.io index
[INFO] [stderr]  Downloading crates ...
[INFO] [stderr]   Downloaded rdkafka v0.25.0
[INFO] [stderr]   Downloaded serde_derive v1.0.160
[INFO] [stderr]   Downloaded serde v1.0.160
[INFO] [stderr]   Downloaded winnow v0.4.6
[INFO] [stderr]   Downloaded tokio v1.28.0
[INFO] [stderr]   Downloaded libz-sys v1.1.9
[INFO] [stderr]   Downloaded syn v2.0.15
[INFO] [stderr]   Downloaded rdkafka-sys v3.0.0+1.6.0
[INFO] running `Command { std: "docker" "create" "-v" "/var/lib/crater-agent-workspace/builds/worker-4-tc1/target:/opt/rustwide/target:rw,Z" "-v" "/var/lib/crater-agent-workspace/builds/worker-4-tc1/source:/opt/rustwide/workdir:ro,Z" "-v" "/var/lib/crater-agent-workspace/cargo-home:/opt/rustwide/cargo-home:ro,Z" "-v" "/var/lib/crater-agent-workspace/rustup-home:/opt/rustwide/rustup-home:ro,Z" "-e" "SOURCE_DIR=/opt/rustwide/workdir" "-e" "CARGO_TARGET_DIR=/opt/rustwide/target" "-e" "CARGO_HOME=/opt/rustwide/cargo-home" "-e" "RUSTUP_HOME=/opt/rustwide/rustup-home" "-w" "/opt/rustwide/workdir" "-m" "1610612736" "--user" "0:0" "--network" "none" "ghcr.io/rust-lang/crates-build-env/linux@sha256:2788e3201cd34a07e3172128adcd8b3090168a8e3bcc40d7c032b9dda1df7d1c" "/opt/rustwide/cargo-home/bin/cargo" "+1.75.0" "metadata" "--no-deps" "--format-version=1", kill_on_drop: false }`
[INFO] [stdout] 951719df0fd813a8ee6de80cb44251bdea830e42a658fa43d59a47d24654765a
[INFO] running `Command { std: "docker" "start" "-a" "951719df0fd813a8ee6de80cb44251bdea830e42a658fa43d59a47d24654765a", kill_on_drop: false }`
[INFO] running `Command { std: "docker" "inspect" "951719df0fd813a8ee6de80cb44251bdea830e42a658fa43d59a47d24654765a", kill_on_drop: false }`
[INFO] running `Command { std: "docker" "rm" "-f" "951719df0fd813a8ee6de80cb44251bdea830e42a658fa43d59a47d24654765a", kill_on_drop: false }`
[INFO] [stdout] 951719df0fd813a8ee6de80cb44251bdea830e42a658fa43d59a47d24654765a
[INFO] running `Command { std: "docker" "create" "-v" "/var/lib/crater-agent-workspace/builds/worker-4-tc1/target:/opt/rustwide/target:rw,Z" "-v" "/var/lib/crater-agent-workspace/builds/worker-4-tc1/source:/opt/rustwide/workdir:ro,Z" "-v" "/var/lib/crater-agent-workspace/cargo-home:/opt/rustwide/cargo-home:ro,Z" "-v" "/var/lib/crater-agent-workspace/rustup-home:/opt/rustwide/rustup-home:ro,Z" "-e" "SOURCE_DIR=/opt/rustwide/workdir" "-e" "CARGO_TARGET_DIR=/opt/rustwide/target" "-e" "CARGO_INCREMENTAL=0" "-e" "RUST_BACKTRACE=full" "-e" "RUSTFLAGS=--cap-lints=warn" "-e" "RUSTDOCFLAGS=--cap-lints=warn" "-e" "CARGO_HOME=/opt/rustwide/cargo-home" "-e" "RUSTUP_HOME=/opt/rustwide/rustup-home" "-w" "/opt/rustwide/workdir" "-m" "1610612736" "--user" "0:0" "--network" "none" "ghcr.io/rust-lang/crates-build-env/linux@sha256:2788e3201cd34a07e3172128adcd8b3090168a8e3bcc40d7c032b9dda1df7d1c" "/opt/rustwide/cargo-home/bin/cargo" "+1.75.0" "build" "--frozen" "--message-format=json", kill_on_drop: false }`
[INFO] [stdout] 3e317af577c1ba488a7ed4b0241722b2c542ffdb177608c06b59c7bdcb2e01b5
[INFO] running `Command { std: "docker" "start" "-a" "3e317af577c1ba488a7ed4b0241722b2c542ffdb177608c06b59c7bdcb2e01b5", kill_on_drop: false }`
[INFO] [stderr]    Compiling autocfg v1.1.0
[INFO] [stderr]    Compiling proc-macro2 v1.0.56
[INFO] [stderr]    Compiling unicode-ident v1.0.8
[INFO] [stderr]    Compiling quote v1.0.26
[INFO] [stderr]    Compiling libc v0.2.142
[INFO] [stderr]    Compiling futures-core v0.3.28
[INFO] [stderr]    Compiling memchr v2.5.0
[INFO] [stderr]    Compiling cfg-if v1.0.0
[INFO] [stderr]    Compiling log v0.4.17
[INFO] [stderr]    Compiling cc v1.0.79
[INFO] [stderr]    Compiling pin-project-lite v0.2.9
[INFO] [stderr]    Compiling hashbrown v0.12.3
[INFO] [stderr]    Compiling parking_lot_core v0.9.7
[INFO] [stderr]    Compiling indexmap v1.9.3
[INFO] [stderr]    Compiling lock_api v0.4.9
[INFO] [stderr]    Compiling pkg-config v0.3.27
[INFO] [stderr]    Compiling slab v0.4.8
[INFO] [stderr]    Compiling winnow v0.4.6
[INFO] [stderr]    Compiling syn v1.0.109
[INFO] [stderr]    Compiling syn v2.0.15
[INFO] [stderr]    Compiling scopeguard v1.1.0
[INFO] [stderr]    Compiling futures-channel v0.3.28
[INFO] [stderr]    Compiling futures-task v0.3.28
[INFO] [stderr]    Compiling toml_datetime v0.6.1
[INFO] [stderr]    Compiling smallvec v1.10.0
[INFO] [stderr]    Compiling libz-sys v1.1.9
[INFO] [stderr]    Compiling tokio v1.28.0
[INFO] [stderr]    Compiling serde_derive v1.0.160
[INFO] [stderr]    Compiling futures-util v0.3.28
[INFO] [stderr]    Compiling once_cell v1.17.1
[INFO] [stderr]    Compiling futures-sink v0.3.28
[INFO] [stderr]    Compiling parking_lot v0.12.1
[INFO] [stderr]    Compiling num_cpus v1.15.0
[INFO] [stderr]    Compiling socket2 v0.4.9
[INFO] [stderr]    Compiling signal-hook-registry v1.4.1
[INFO] [stderr]    Compiling mio v0.8.6
[INFO] [stderr]    Compiling cmake v0.1.50
[INFO] [stderr]    Compiling serde v1.0.160
[INFO] [stderr]    Compiling bytes v1.4.0
[INFO] [stderr]    Compiling pin-utils v0.1.0
[INFO] [stderr]    Compiling futures-io v0.3.28
[INFO] [stderr]    Compiling toml_edit v0.19.8
[INFO] [stderr]    Compiling aho-corasick v1.0.1
[INFO] [stderr]    Compiling serde_json v1.0.96
[INFO] [stderr]    Compiling quick-error v1.2.3
[INFO] [stderr]    Compiling regex-syntax v0.7.1
[INFO] [stderr]    Compiling rdkafka-sys v3.0.0+1.6.0
[INFO] [stderr]    Compiling humantime v1.3.0
[INFO] [stderr]    Compiling atty v0.2.14
[INFO] [stderr]    Compiling ryu v1.0.13
[INFO] [stderr]    Compiling termcolor v1.2.0
[INFO] [stderr]    Compiling itoa v1.0.6
[INFO] [stderr]    Compiling proc-macro-crate v1.3.1
[INFO] [stderr]    Compiling regex v1.8.1
[INFO] [stderr]    Compiling futures-macro v0.3.28
[INFO] [stderr]    Compiling tokio-macros v2.1.0
[INFO] [stderr]    Compiling num_enum_derive v0.5.11
[INFO] [stderr]    Compiling async-stream-impl v0.3.5
[INFO] [stderr]    Compiling env_logger v0.7.1
[INFO] [stderr]    Compiling async-stream v0.3.5
[INFO] [stderr]    Compiling pretty_env_logger v0.4.0
[INFO] [stderr]    Compiling num_enum v0.5.11
[INFO] [stderr]    Compiling futures-executor v0.3.28
[INFO] [stderr]    Compiling futures v0.3.28
[INFO] [stderr]    Compiling tokio-stream v0.1.14
[INFO] [stderr]    Compiling tokio-test v0.4.2
[INFO] [stderr]    Compiling rdkafka v0.25.0
[INFO] [stderr]    Compiling brod v0.1.3 (/opt/rustwide/workdir)
[INFO] [stdout] warning: call to `.clone()` on a reference in this situation does nothing
[INFO] [stdout]   --> src/async_prod.rs:99:34
[INFO] [stdout]    |
[INFO] [stdout] 99 |                 let topic = topic.clone();
[INFO] [stdout]    |                                  ^^^^^^^^ help: remove this redundant call
[INFO] [stdout]    |
[INFO] [stdout]    = note: the type `str` does not implement `Clone`, so calling `clone` on `&str` copies the reference, which does not do anything and can be removed
[INFO] [stdout]    = note: `#[warn(noop_method_call)]` on by default
[INFO] [stdout] 
[INFO] [stdout] 
[INFO] [stdout] warning: call to `.clone()` on a reference in this situation does nothing
[INFO] [stdout]   --> src/sync_prod.rs:55:26
[INFO] [stdout]    |
[INFO] [stdout] 55 |         let topic = topic.clone();
[INFO] [stdout]    |                          ^^^^^^^^ help: remove this redundant call
[INFO] [stdout]    |
[INFO] [stdout]    = note: the type `str` does not implement `Clone`, so calling `clone` on `&str` copies the reference, which does not do anything and can be removed
[INFO] [stdout] 
[INFO] [stdout] 
[INFO] [stdout] warning: 2 warnings emitted
[INFO] [stdout] 
[INFO] [stdout] 
[INFO] [stderr]     Finished dev [unoptimized + debuginfo] target(s) in 21.40s
[INFO] running `Command { std: "docker" "inspect" "3e317af577c1ba488a7ed4b0241722b2c542ffdb177608c06b59c7bdcb2e01b5", kill_on_drop: false }`
[INFO] running `Command { std: "docker" "rm" "-f" "3e317af577c1ba488a7ed4b0241722b2c542ffdb177608c06b59c7bdcb2e01b5", kill_on_drop: false }`
[INFO] [stdout] 3e317af577c1ba488a7ed4b0241722b2c542ffdb177608c06b59c7bdcb2e01b5
[INFO] running `Command { std: "docker" "create" "-v" "/var/lib/crater-agent-workspace/builds/worker-4-tc1/target:/opt/rustwide/target:rw,Z" "-v" "/var/lib/crater-agent-workspace/builds/worker-4-tc1/source:/opt/rustwide/workdir:ro,Z" "-v" "/var/lib/crater-agent-workspace/cargo-home:/opt/rustwide/cargo-home:ro,Z" "-v" "/var/lib/crater-agent-workspace/rustup-home:/opt/rustwide/rustup-home:ro,Z" "-e" "SOURCE_DIR=/opt/rustwide/workdir" "-e" "CARGO_TARGET_DIR=/opt/rustwide/target" "-e" "CARGO_INCREMENTAL=0" "-e" "RUST_BACKTRACE=full" "-e" "RUSTFLAGS=--cap-lints=warn" "-e" "RUSTDOCFLAGS=--cap-lints=warn" "-e" "CARGO_HOME=/opt/rustwide/cargo-home" "-e" "RUSTUP_HOME=/opt/rustwide/rustup-home" "-w" "/opt/rustwide/workdir" "-m" "1610612736" "--user" "0:0" "--network" "none" "ghcr.io/rust-lang/crates-build-env/linux@sha256:2788e3201cd34a07e3172128adcd8b3090168a8e3bcc40d7c032b9dda1df7d1c" "/opt/rustwide/cargo-home/bin/cargo" "+1.75.0" "test" "--frozen" "--no-run" "--message-format=json", kill_on_drop: false }`
[INFO] [stdout] a8b0a779ac4087d61acaa521a9a3346e74a40cae4e9ae3467b676da36188a3dc
[INFO] running `Command { std: "docker" "start" "-a" "a8b0a779ac4087d61acaa521a9a3346e74a40cae4e9ae3467b676da36188a3dc", kill_on_drop: false }`
[INFO] [stdout] warning: call to `.clone()` on a reference in this situation does nothing
[INFO] [stdout]   --> src/async_prod.rs:99:34
[INFO] [stdout]    |
[INFO] [stdout] 99 |                 let topic = topic.clone();
[INFO] [stdout]    |                                  ^^^^^^^^ help: remove this redundant call
[INFO] [stdout]    |
[INFO] [stdout]    = note: the type `str` does not implement `Clone`, so calling `clone` on `&str` copies the reference, which does not do anything and can be removed
[INFO] [stdout]    = note: `#[warn(noop_method_call)]` on by default
[INFO] [stdout] 
[INFO] [stdout] 
[INFO] [stdout] warning: call to `.clone()` on a reference in this situation does nothing
[INFO] [stdout]   --> src/sync_prod.rs:55:26
[INFO] [stdout]    |
[INFO] [stdout] 55 |         let topic = topic.clone();
[INFO] [stdout]    |                          ^^^^^^^^ help: remove this redundant call
[INFO] [stdout]    |
[INFO] [stdout]    = note: the type `str` does not implement `Clone`, so calling `clone` on `&str` copies the reference, which does not do anything and can be removed
[INFO] [stdout] 
[INFO] [stdout] 
[INFO] [stdout] warning: 2 warnings emitted
[INFO] [stdout] 
[INFO] [stdout] 
[INFO] [stderr]    Compiling brod v0.1.3 (/opt/rustwide/workdir)
[INFO] [stdout] warning: calls to `std::mem::drop` with a reference instead of an owned value does nothing
[INFO] [stdout]   --> examples/basic_sync_producer.rs:68:5
[INFO] [stdout]    |
[INFO] [stdout] 68 |     drop(producer);
[INFO] [stdout]    |     ^^^^^--------^
[INFO] [stdout]    |          |
[INFO] [stdout]    |          argument has type `&BaseProducer`
[INFO] [stdout]    |
[INFO] [stdout]    = note: use `let _ = ...` to ignore the expression or result
[INFO] [stdout]    = note: `#[warn(dropping_references)]` on by default
[INFO] [stdout] 
[INFO] [stdout] 
[INFO] [stdout] warning: calls to `std::mem::drop` with a reference instead of an owned value does nothing
[INFO] [stdout]   --> examples/type_erased_sync_producer.rs:66:5
[INFO] [stdout]    |
[INFO] [stdout] 66 |     drop(producer);
[INFO] [stdout]    |     ^^^^^--------^
[INFO] [stdout]    |          |
[INFO] [stdout]    |          argument has type `&BaseProducer`
[INFO] [stdout]    |
[INFO] [stdout]    = note: use `let _ = ...` to ignore the expression or result
[INFO] [stdout]    = note: `#[warn(dropping_references)]` on by default
[INFO] [stdout] 
[INFO] [stdout] 
[INFO] [stdout] warning: call to `.clone()` on a reference in this situation does nothing
[INFO] [stdout]   --> src/async_prod.rs:99:34
[INFO] [stdout]    |
[INFO] [stdout] 99 |                 let topic = topic.clone();
[INFO] [stdout]    |                                  ^^^^^^^^ help: remove this redundant call
[INFO] [stdout]    |
[INFO] [stdout]    = note: the type `str` does not implement `Clone`, so calling `clone` on `&str` copies the reference, which does not do anything and can be removed
[INFO] [stdout]    = note: `#[warn(noop_method_call)]` on by default
[INFO] [stdout] 
[INFO] [stdout] 
[INFO] [stdout] warning: call to `.clone()` on a reference in this situation does nothing
[INFO] [stdout]   --> src/sync_prod.rs:55:26
[INFO] [stdout]    |
[INFO] [stdout] 55 |         let topic = topic.clone();
[INFO] [stdout]    |                          ^^^^^^^^ help: remove this redundant call
[INFO] [stdout]    |
[INFO] [stdout]    = note: the type `str` does not implement `Clone`, so calling `clone` on `&str` copies the reference, which does not do anything and can be removed
[INFO] [stdout] 
[INFO] [stdout] 
[INFO] [stdout] warning: 1 warning emitted
[INFO] [stdout] 
[INFO] [stdout] 
[INFO] [stdout] warning: 1 warning emitted
[INFO] [stdout] 
[INFO] [stdout] 
[INFO] [stdout] warning: 2 warnings emitted
[INFO] [stdout] 
[INFO] [stdout] 
[INFO] [stderr]     Finished test [unoptimized + debuginfo] target(s) in 6.22s
[INFO] running `Command { std: "docker" "inspect" "a8b0a779ac4087d61acaa521a9a3346e74a40cae4e9ae3467b676da36188a3dc", kill_on_drop: false }`
[INFO] running `Command { std: "docker" "rm" "-f" "a8b0a779ac4087d61acaa521a9a3346e74a40cae4e9ae3467b676da36188a3dc", kill_on_drop: false }`
[INFO] [stdout] a8b0a779ac4087d61acaa521a9a3346e74a40cae4e9ae3467b676da36188a3dc
[INFO] running `Command { std: "docker" "create" "-v" "/var/lib/crater-agent-workspace/builds/worker-4-tc1/target:/opt/rustwide/target:rw,Z" "-v" "/var/lib/crater-agent-workspace/builds/worker-4-tc1/source:/opt/rustwide/workdir:ro,Z" "-v" "/var/lib/crater-agent-workspace/cargo-home:/opt/rustwide/cargo-home:ro,Z" "-v" "/var/lib/crater-agent-workspace/rustup-home:/opt/rustwide/rustup-home:ro,Z" "-e" "SOURCE_DIR=/opt/rustwide/workdir" "-e" "CARGO_TARGET_DIR=/opt/rustwide/target" "-e" "CARGO_INCREMENTAL=0" "-e" "RUST_BACKTRACE=full" "-e" "RUSTFLAGS=--cap-lints=warn" "-e" "RUSTDOCFLAGS=--cap-lints=warn" "-e" "CARGO_HOME=/opt/rustwide/cargo-home" "-e" "RUSTUP_HOME=/opt/rustwide/rustup-home" "-w" "/opt/rustwide/workdir" "-m" "1610612736" "--user" "0:0" "--network" "none" "ghcr.io/rust-lang/crates-build-env/linux@sha256:2788e3201cd34a07e3172128adcd8b3090168a8e3bcc40d7c032b9dda1df7d1c" "/opt/rustwide/cargo-home/bin/cargo" "+1.75.0" "test" "--frozen", kill_on_drop: false }`
[INFO] [stdout] da25eecd8fd2f39f34357dc484fa3815a011f0caf412c7b3cbd8aad2c3758c07
[INFO] running `Command { std: "docker" "start" "-a" "da25eecd8fd2f39f34357dc484fa3815a011f0caf412c7b3cbd8aad2c3758c07", kill_on_drop: false }`
[INFO] [stderr] warning: call to `.clone()` on a reference in this situation does nothing
[INFO] [stderr]   --> src/async_prod.rs:99:34
[INFO] [stderr]    |
[INFO] [stderr] 99 |                 let topic = topic.clone();
[INFO] [stderr]    |                                  ^^^^^^^^ help: remove this redundant call
[INFO] [stderr]    |
[INFO] [stderr]    = note: the type `str` does not implement `Clone`, so calling `clone` on `&str` copies the reference, which does not do anything and can be removed
[INFO] [stderr]    = note: `#[warn(noop_method_call)]` on by default
[INFO] [stderr] 
[INFO] [stderr] warning: call to `.clone()` on a reference in this situation does nothing
[INFO] [stderr]   --> src/sync_prod.rs:55:26
[INFO] [stderr]    |
[INFO] [stderr] 55 |         let topic = topic.clone();
[INFO] [stderr]    |                          ^^^^^^^^ help: remove this redundant call
[INFO] [stderr]    |
[INFO] [stderr]    = note: the type `str` does not implement `Clone`, so calling `clone` on `&str` copies the reference, which does not do anything and can be removed
[INFO] [stderr] 
[INFO] [stderr] warning: `brod` (lib) generated 2 warnings (run `cargo fix --lib -p brod` to apply 2 suggestions)
[INFO] [stderr] warning: calls to `std::mem::drop` with a reference instead of an owned value does nothing
[INFO] [stderr]   --> examples/basic_sync_producer.rs:68:5
[INFO] [stderr]    |
[INFO] [stderr] 68 |     drop(producer);
[INFO] [stderr]    |     ^^^^^--------^
[INFO] [stderr]    |          |
[INFO] [stderr]    |          argument has type `&BaseProducer`
[INFO] [stderr]    |
[INFO] [stderr]    = note: use `let _ = ...` to ignore the expression or result
[INFO] [stderr]    = note: `#[warn(dropping_references)]` on by default
[INFO] [stderr] 
[INFO] [stderr] warning: `brod` (example "basic_sync_producer") generated 1 warning
[INFO] [stderr] warning: calls to `std::mem::drop` with a reference instead of an owned value does nothing
[INFO] [stderr]   --> examples/type_erased_sync_producer.rs:66:5
[INFO] [stderr]    |
[INFO] [stderr] 66 |     drop(producer);
[INFO] [stderr]    |     ^^^^^--------^
[INFO] [stderr]    |          |
[INFO] [stderr]    |          argument has type `&BaseProducer`
[INFO] [stderr]    |
[INFO] [stderr]    = note: use `let _ = ...` to ignore the expression or result
[INFO] [stderr]    = note: `#[warn(dropping_references)]` on by default
[INFO] [stderr] 
[INFO] [stderr] warning: `brod` (example "type_erased_sync_producer") generated 1 warning
[INFO] [stderr] warning: `brod` (lib test) generated 2 warnings (2 duplicates)
[INFO] [stderr]     Finished test [unoptimized + debuginfo] target(s) in 0.08s
[INFO] [stderr]      Running unittests src/lib.rs (/opt/rustwide/target/debug/deps/brod-05be4e55ef430b27)
[INFO] [stdout] 
[INFO] [stdout] running 12 tests
[INFO] [stdout] test async_prod::tests::test_produce_in_parallel_returns_error_on_invalid_producer_config ... ok
[INFO] [stdout] test prod_utils::tests::test_validate_producer_config_valid ... ok
[INFO] [stdout] test async_prod::tests::test_produce_in_parallel_returns_error_on_invalid_topic ... ok
[INFO] [stdout] test prod_utils::tests::test_type_erase_args_valid ... ok
[INFO] [stdout] test prod_utils::tests::test_validate_producer_config_invalid ... ok
[INFO] [stdout] test async_prod::tests::test_produce_in_parallel_returns_error_on_invalid_num_threads ... ok
[INFO] [stdout] test sync_prod::tests::test_produce_in_parallel_returns_err ... ok
[INFO] [stderr]  ERROR librdkafka > librdkafka: FAIL [thrd:localhost:9092/bootstrap]: localhost:9092/bootstrap: Connect to ipv4#127.0.0.1:9092 failed: Connection refused (after 1ms in state CONNECT)
[INFO] [stdout] test prod_utils::tests::test_produce_default_config ... ok
[INFO] [stderr]  ERROR librdkafka > librdkafka: FAIL [thrd:localhost:9092/bootstrap]: localhost:9092/bootstrap: Failed to connect to broker at [localhost]:9092: Cannot assign requested address (after 0ms in state CONNECT)
[INFO] [stderr]  ERROR librdkafka > librdkafka: FAIL [thrd:localhost:9092/bootstrap]: localhost:9092/bootstrap: Failed to connect to broker at [localhost]:9092: Cannot assign requested address (after 0ms in state CONNECT)
[INFO] [stderr]  ERROR rdkafka::client > librdkafka: Global error: BrokerTransportFailure (Local: Broker transport failure): localhost:9092/bootstrap: Connect to ipv4#127.0.0.1:9092 failed: Connection refused (after 1ms in state CONNECT)
[INFO] [stderr]  ERROR rdkafka::client > librdkafka: Global error: AllBrokersDown (Local: All broker connections are down): 1/1 brokers are down
[INFO] [stderr]  ERROR rdkafka::client > librdkafka: Global error: BrokerTransportFailure (Local: Broker transport failure): localhost:9092/bootstrap: Failed to connect to broker at [localhost]:9092: Cannot assign requested address (after 0ms in state CONNECT)
[INFO] [stderr]  ERROR rdkafka::client > librdkafka: Global error: AllBrokersDown (Local: All broker connections are down): 1/1 brokers are down
[INFO] [stderr]  ERROR librdkafka      > librdkafka: FAIL [thrd:localhost:9092/bootstrap]: localhost:9092/bootstrap: Failed to connect to broker at [localhost]:9092: Cannot assign requested address (after 6ms in state CONNECT)
[INFO] [stderr]  ERROR rdkafka::client > librdkafka: Global error: BrokerTransportFailure (Local: Broker transport failure): localhost:9092/bootstrap: Failed to connect to broker at [localhost]:9092: Cannot assign requested address (after 6ms in state CONNECT)
[INFO] [stderr]  ERROR rdkafka::client > librdkafka: Global error: AllBrokersDown (Local: All broker connections are down): 1/1 brokers are down
[INFO] [stderr]  ERROR librdkafka      > librdkafka: FAIL [thrd:localhost:9092/bootstrap]: localhost:9092/bootstrap: Failed to connect to broker at [localhost]:9092: Cannot assign requested address (after 0ms in state CONNECT)
[INFO] [stderr]  ERROR librdkafka      > librdkafka: FAIL [thrd:localhost:9092/bootstrap]: localhost:9092/bootstrap: Connect to ipv4#127.0.0.1:9092 failed: Connection refused (after 6ms in state CONNECT)
[INFO] [stderr]  ERROR librdkafka      > librdkafka: FAIL [thrd:localhost:9092/bootstrap]: localhost:9092/bootstrap: Connect to ipv4#127.0.0.1:9092 failed: Connection refused (after 0ms in state CONNECT)
[INFO] [stderr]  ERROR rdkafka::client > librdkafka: Global error: BrokerTransportFailure (Local: Broker transport failure): localhost:9092/bootstrap: Connect to ipv4#127.0.0.1:9092 failed: Connection refused (after 0ms in state CONNECT)
[INFO] [stderr]  ERROR rdkafka::client > librdkafka: Global error: AllBrokersDown (Local: All broker connections are down): 1/1 brokers are down
[INFO] [stderr]  ERROR rdkafka::client > librdkafka: Global error: BrokerTransportFailure (Local: Broker transport failure): localhost:9092/bootstrap: Connect to ipv4#127.0.0.1:9092 failed: Connection refused (after 6ms in state CONNECT)
[INFO] [stderr]  ERROR rdkafka::client > librdkafka: Global error: AllBrokersDown (Local: All broker connections are down): 1/1 brokers are down
[INFO] [stderr]  ERROR librdkafka      > librdkafka: FAIL [thrd:localhost:9092/bootstrap]: localhost:9092/bootstrap: Connect to ipv4#127.0.0.1:9092 failed: Connection refused (after 0ms in state CONNECT)
[INFO] [stderr]  ERROR rdkafka::client > librdkafka: Global error: BrokerTransportFailure (Local: Broker transport failure): localhost:9092/bootstrap: Connect to ipv4#127.0.0.1:9092 failed: Connection refused (after 0ms in state CONNECT)
[INFO] [stderr]  ERROR rdkafka::client > librdkafka: Global error: AllBrokersDown (Local: All broker connections are down): 1/1 brokers are down
[INFO] [stdout] test sync_prod::tests::test_produce_in_parallel_returns_none ... ok
[INFO] [stderr]  ERROR librdkafka      > librdkafka: FAIL [thrd:localhost:9092/bootstrap]: localhost:9092/bootstrap: Connect to ipv4#127.0.0.1:9092 failed: Connection refused (after 0ms in state CONNECT)
[INFO] [stderr]  ERROR rdkafka::client > librdkafka: Global error: BrokerTransportFailure (Local: Broker transport failure): localhost:9092/bootstrap: Connect to ipv4#127.0.0.1:9092 failed: Connection refused (after 0ms in state CONNECT)
[INFO] [stderr]  ERROR librdkafka      > librdkafka: FAIL [thrd:localhost:9092/bootstrap]: localhost:9092/bootstrap: Connect to ipv4#127.0.0.1:9092 failed: Connection refused (after 0ms in state CONNECT)
[INFO] [stderr]  ERROR rdkafka::client > librdkafka: Global error: AllBrokersDown (Local: All broker connections are down): 1/1 brokers are down
[INFO] [stderr]  ERROR librdkafka      > librdkafka: FAIL [thrd:localhost:9092/bootstrap]: localhost:9092/bootstrap: Connect to ipv4#127.0.0.1:9092 failed: Connection refused (after 0ms in state CONNECT)
[INFO] [stderr]  ERROR rdkafka::client > librdkafka: Global error: BrokerTransportFailure (Local: Broker transport failure): localhost:9092/bootstrap: Connect to ipv4#127.0.0.1:9092 failed: Connection refused (after 0ms in state CONNECT)
[INFO] [stdout] test sync_prod::tests::test_produce_in_parallel_returns_correct_values ... ok
[INFO] [stderr]  ERROR rdkafka::client > librdkafka: Global error: AllBrokersDown (Local: All broker connections are down): 1/1 brokers are down
[INFO] [stdout] test async_prod::tests::test_produce_in_parallel_returns_correct_values ... ok
[INFO] [stderr]  ERROR librdkafka      > librdkafka: FAIL [thrd:localhost:9092/bootstrap]: localhost:9092/bootstrap: Failed to connect to broker at [localhost]:9092: Cannot assign requested address (after 0ms in state CONNECT)
[INFO] [stderr]  ERROR rdkafka::client > librdkafka: Global error: BrokerTransportFailure (Local: Broker transport failure): localhost:9092/bootstrap: Failed to connect to broker at [localhost]:9092: Cannot assign requested address (after 0ms in state CONNECT)
[INFO] [stderr]  ERROR librdkafka      > librdkafka: FAIL [thrd:localhost:9092/bootstrap]: localhost:9092/bootstrap: Failed to connect to broker at [localhost]:9092: Cannot assign requested address (after 0ms in state CONNECT)
[INFO] [stderr]  ERROR rdkafka::client > librdkafka: Global error: BrokerTransportFailure (Local: Broker transport failure): localhost:9092/bootstrap: Failed to connect to broker at [localhost]:9092: Cannot assign requested address (after 0ms in state CONNECT)
[INFO] [stderr]  ERROR librdkafka      > librdkafka: FAIL [thrd:localhost:9092/bootstrap]: localhost:9092/bootstrap: Failed to connect to broker at [localhost]:9092: Cannot assign requested address (after 0ms in state CONNECT)
[INFO] [stderr]  ERROR rdkafka::client > librdkafka: Global error: BrokerTransportFailure (Local: Broker transport failure): localhost:9092/bootstrap: Failed to connect to broker at [localhost]:9092: Cannot assign requested address (after 0ms in state CONNECT)
[INFO] [stderr]  ERROR librdkafka      > librdkafka: FAIL [thrd:localhost:9092/bootstrap]: localhost:9092/bootstrap: Connect to ipv4#127.0.0.1:9092 failed: Connection refused (after 0ms in state CONNECT)
[INFO] [stderr]  ERROR rdkafka::client > librdkafka: Global error: BrokerTransportFailure (Local: Broker transport failure): localhost:9092/bootstrap: Connect to ipv4#127.0.0.1:9092 failed: Connection refused (after 0ms in state CONNECT)
[INFO] [stderr]  ERROR librdkafka      > librdkafka: FAIL [thrd:localhost:9092/bootstrap]: localhost:9092/bootstrap: Connect to ipv4#127.0.0.1:9092 failed: Connection refused (after 0ms in state CONNECT)
[INFO] [stderr]  ERROR rdkafka::client > librdkafka: Global error: BrokerTransportFailure (Local: Broker transport failure): localhost:9092/bootstrap: Connect to ipv4#127.0.0.1:9092 failed: Connection refused (after 0ms in state CONNECT)
[INFO] [stderr]  ERROR librdkafka      > librdkafka: FAIL [thrd:localhost:9092/bootstrap]: localhost:9092/bootstrap: Connect to ipv4#127.0.0.1:9092 failed: Connection refused (after 0ms in state CONNECT)
[INFO] [stderr]  ERROR rdkafka::client > librdkafka: Global error: BrokerTransportFailure (Local: Broker transport failure): localhost:9092/bootstrap: Connect to ipv4#127.0.0.1:9092 failed: Connection refused (after 0ms in state CONNECT)
[INFO] [stderr]  ERROR librdkafka      > librdkafka: FAIL [thrd:localhost:9092/bootstrap]: localhost:9092/bootstrap: Failed to connect to broker at [localhost]:9092: Cannot assign requested address (after 0ms in state CONNECT)
[INFO] [stderr]  ERROR rdkafka::client > librdkafka: Global error: BrokerTransportFailure (Local: Broker transport failure): localhost:9092/bootstrap: Failed to connect to broker at [localhost]:9092: Cannot assign requested address (after 0ms in state CONNECT)
[INFO] [stderr]  ERROR librdkafka      > librdkafka: FAIL [thrd:localhost:9092/bootstrap]: localhost:9092/bootstrap: Connect to ipv4#127.0.0.1:9092 failed: Connection refused (after 0ms in state CONNECT)
[INFO] [stderr]  ERROR rdkafka::client > librdkafka: Global error: BrokerTransportFailure (Local: Broker transport failure): localhost:9092/bootstrap: Connect to ipv4#127.0.0.1:9092 failed: Connection refused (after 0ms in state CONNECT)
[INFO] [stderr]  ERROR librdkafka      > librdkafka: FAIL [thrd:localhost:9092/bootstrap]: localhost:9092/bootstrap: Failed to connect to broker at [localhost]:9092: Cannot assign requested address (after 0ms in state CONNECT)
[INFO] [stderr]  ERROR rdkafka::client > librdkafka: Global error: BrokerTransportFailure (Local: Broker transport failure): localhost:9092/bootstrap: Failed to connect to broker at [localhost]:9092: Cannot assign requested address (after 0ms in state CONNECT)
[INFO] [stderr]  ERROR librdkafka      > librdkafka: FAIL [thrd:localhost:9092/bootstrap]: localhost:9092/bootstrap: Failed to connect to broker at [localhost]:9092: Cannot assign requested address (after 0ms in state CONNECT)
[INFO] [stderr]  ERROR rdkafka::client > librdkafka: Global error: BrokerTransportFailure (Local: Broker transport failure): localhost:9092/bootstrap: Failed to connect to broker at [localhost]:9092: Cannot assign requested address (after 0ms in state CONNECT)
[INFO] [stderr]  ERROR librdkafka      > librdkafka: FAIL [thrd:localhost:9092/bootstrap]: localhost:9092/bootstrap: Connect to ipv4#127.0.0.1:9092 failed: Connection refused (after 0ms in state CONNECT)
[INFO] [stderr]  ERROR rdkafka::client > librdkafka: Global error: BrokerTransportFailure (Local: Broker transport failure): localhost:9092/bootstrap: Connect to ipv4#127.0.0.1:9092 failed: Connection refused (after 0ms in state CONNECT)
[INFO] [stderr]  ERROR librdkafka      > librdkafka: FAIL [thrd:localhost:9092/bootstrap]: localhost:9092/bootstrap: Connect to ipv4#127.0.0.1:9092 failed: Connection refused (after 0ms in state CONNECT)
[INFO] [stderr]  ERROR rdkafka::client > librdkafka: Global error: BrokerTransportFailure (Local: Broker transport failure): localhost:9092/bootstrap: Connect to ipv4#127.0.0.1:9092 failed: Connection refused (after 0ms in state CONNECT)
[INFO] [stderr]  ERROR librdkafka      > librdkafka: FAIL [thrd:localhost:9092/bootstrap]: localhost:9092/bootstrap: Failed to connect to broker at [localhost]:9092: Cannot assign requested address (after 0ms in state CONNECT, 1 identical error(s) suppressed)
[INFO] [stderr]  ERROR rdkafka::client > librdkafka: Global error: BrokerTransportFailure (Local: Broker transport failure): localhost:9092/bootstrap: Failed to connect to broker at [localhost]:9092: Cannot assign requested address (after 0ms in state CONNECT, 1 identical error(s) suppressed)
[INFO] [stderr]  ERROR librdkafka      > librdkafka: FAIL [thrd:localhost:9092/bootstrap]: localhost:9092/bootstrap: Failed to connect to broker at [localhost]:9092: Cannot assign requested address (after 0ms in state CONNECT)
[INFO] [stderr]  ERROR rdkafka::client > librdkafka: Global error: BrokerTransportFailure (Local: Broker transport failure): localhost:9092/bootstrap: Failed to connect to broker at [localhost]:9092: Cannot assign requested address (after 0ms in state CONNECT)
[INFO] [stderr]  ERROR librdkafka      > librdkafka: FAIL [thrd:localhost:9092/bootstrap]: localhost:9092/bootstrap: Connect to ipv4#127.0.0.1:9092 failed: Connection refused (after 0ms in state CONNECT, 1 identical error(s) suppressed)
[INFO] [stderr]  ERROR rdkafka::client > librdkafka: Global error: BrokerTransportFailure (Local: Broker transport failure): localhost:9092/bootstrap: Connect to ipv4#127.0.0.1:9092 failed: Connection refused (after 0ms in state CONNECT, 1 identical error(s) suppressed)
[INFO] [stderr]  ERROR librdkafka      > librdkafka: FAIL [thrd:localhost:9092/bootstrap]: localhost:9092/bootstrap: Connect to ipv4#127.0.0.1:9092 failed: Connection refused (after 0ms in state CONNECT, 1 identical error(s) suppressed)
[INFO] [stderr]  ERROR rdkafka::client > librdkafka: Global error: BrokerTransportFailure (Local: Broker transport failure): localhost:9092/bootstrap: Connect to ipv4#127.0.0.1:9092 failed: Connection refused (after 0ms in state CONNECT, 1 identical error(s) suppressed)
[INFO] [stderr]  ERROR librdkafka      > librdkafka: FAIL [thrd:localhost:9092/bootstrap]: localhost:9092/bootstrap: Failed to connect to broker at [localhost]:9092: Cannot assign requested address (after 0ms in state CONNECT)
[INFO] [stderr]  ERROR rdkafka::client > librdkafka: Global error: BrokerTransportFailure (Local: Broker transport failure): localhost:9092/bootstrap: Failed to connect to broker at [localhost]:9092: Cannot assign requested address (after 0ms in state CONNECT)
[INFO] [stderr]  ERROR librdkafka      > librdkafka: FAIL [thrd:localhost:9092/bootstrap]: localhost:9092/bootstrap: Failed to connect to broker at [localhost]:9092: Cannot assign requested address (after 0ms in state CONNECT)
[INFO] [stderr]  ERROR rdkafka::client > librdkafka: Global error: BrokerTransportFailure (Local: Broker transport failure): localhost:9092/bootstrap: Failed to connect to broker at [localhost]:9092: Cannot assign requested address (after 0ms in state CONNECT)
[INFO] [stderr]  ERROR librdkafka      > librdkafka: FAIL [thrd:localhost:9092/bootstrap]: localhost:9092/bootstrap: Connect to ipv4#127.0.0.1:9092 failed: Connection refused (after 0ms in state CONNECT)
[INFO] [stderr]  ERROR rdkafka::client > librdkafka: Global error: BrokerTransportFailure (Local: Broker transport failure): localhost:9092/bootstrap: Connect to ipv4#127.0.0.1:9092 failed: Connection refused (after 0ms in state CONNECT)
[INFO] [stderr]  ERROR librdkafka      > librdkafka: FAIL [thrd:localhost:9092/bootstrap]: localhost:9092/bootstrap: Connect to ipv4#127.0.0.1:9092 failed: Connection refused (after 0ms in state CONNECT)
[INFO] [stderr]  ERROR rdkafka::client > librdkafka: Global error: BrokerTransportFailure (Local: Broker transport failure): localhost:9092/bootstrap: Connect to ipv4#127.0.0.1:9092 failed: Connection refused (after 0ms in state CONNECT)
[INFO] [stderr]  ERROR librdkafka      > librdkafka: FAIL [thrd:localhost:9092/bootstrap]: localhost:9092/bootstrap: Failed to connect to broker at [localhost]:9092: Cannot assign requested address (after 0ms in state CONNECT)
[INFO] [stderr]  ERROR rdkafka::client > librdkafka: Global error: BrokerTransportFailure (Local: Broker transport failure): localhost:9092/bootstrap: Failed to connect to broker at [localhost]:9092: Cannot assign requested address (after 0ms in state CONNECT)
[INFO] [stderr]  ERROR brod::async_prod::tests > Error sending message: (KafkaError (Message production error: MessageTimedOut (Local: Message timed out)), OwnedMessage { payload: Some([77, 101, 115, 115, 97, 103, 101, 32, 48]), key: Some([75, 101, 121, 32, 48]), topic: "test-topic", timestamp: NotAvailable, partition: -1, offset: -1001, headers: None })
[INFO] [stderr]  ERROR librdkafka              > librdkafka: FAIL [thrd:localhost:9092/bootstrap]: localhost:9092/bootstrap: Failed to connect to broker at [localhost]:9092: Cannot assign requested address (after 0ms in state CONNECT)
[INFO] [stderr]  ERROR rdkafka::client         > librdkafka: Global error: BrokerTransportFailure (Local: Broker transport failure): localhost:9092/bootstrap: Failed to connect to broker at [localhost]:9092: Cannot assign requested address (after 0ms in state CONNECT)
[INFO] [stderr]  ERROR brod::async_prod::tests > Error sending message: (KafkaError (Message production error: MessageTimedOut (Local: Message timed out)), OwnedMessage { payload: Some([77, 101, 115, 115, 97, 103, 101, 32, 48]), key: Some([75, 101, 121, 32, 48]), topic: "test-topic", timestamp: NotAvailable, partition: -1, offset: -1001, headers: None })
[INFO] [stderr]  ERROR librdkafka              > librdkafka: FAIL [thrd:localhost:9092/bootstrap]: localhost:9092/bootstrap: Connect to ipv4#127.0.0.1:9092 failed: Connection refused (after 0ms in state CONNECT)
[INFO] [stderr]  ERROR rdkafka::client         > librdkafka: Global error: BrokerTransportFailure (Local: Broker transport failure): localhost:9092/bootstrap: Connect to ipv4#127.0.0.1:9092 failed: Connection refused (after 0ms in state CONNECT)
[INFO] [stderr]  ERROR brod::async_prod::tests > Error sending message: (KafkaError (Message production error: MessageTimedOut (Local: Message timed out)), OwnedMessage { payload: Some([77, 101, 115, 115, 97, 103, 101, 32, 48]), key: Some([75, 101, 121, 32, 48]), topic: "test-topic", timestamp: NotAvailable, partition: -1, offset: -1001, headers: None })
[INFO] [stderr]  ERROR brod::async_prod::tests > Error sending message: (KafkaError (Message production error: MessageTimedOut (Local: Message timed out)), OwnedMessage { payload: Some([77, 101, 115, 115, 97, 103, 101, 32, 48]), key: Some([75, 101, 121, 32, 48]), topic: "test-topic", timestamp: NotAvailable, partition: -1, offset: -1001, headers: None })
[INFO] [stdout] test async_prod::tests::test_produce_in_parallel_sends_messages ... FAILED
[INFO] [stdout] 
[INFO] [stdout] failures:
[INFO] [stdout] 
[INFO] [stdout] ---- async_prod::tests::test_produce_in_parallel_sends_messages stdout ----
[INFO] [stdout] thread 'async_prod::tests::test_produce_in_parallel_sends_messages' panicked at src/async_prod.rs:322:13:
[INFO] [stdout] assertion failed: res.is_ok()
[INFO] [stdout] stack backtrace:
[INFO] [stdout]    0:     0x55fdbfe9b7cc - std::backtrace_rs::backtrace::libunwind::trace::ha637c64ce894333a
[INFO] [stderr] error: test failed, to rerun pass `--lib`
[INFO] [stdout]                                at /rustc/82e1608dfa6e0b5569232559e3d385fea5a93112/library/std/src/../../backtrace/src/backtrace/libunwind.rs:104:5
[INFO] [stdout]    1:     0x55fdbfe9b7cc - std::backtrace_rs::backtrace::trace_unsynchronized::h47f62dea28e0c88d
[INFO] [stdout]                                at /rustc/82e1608dfa6e0b5569232559e3d385fea5a93112/library/std/src/../../backtrace/src/backtrace/mod.rs:66:5
[INFO] [stdout]    2:     0x55fdbfe9b7cc - std::sys_common::backtrace::_print_fmt::h9eef0abe20ede486
[INFO] [stdout]                                at /rustc/82e1608dfa6e0b5569232559e3d385fea5a93112/library/std/src/sys_common/backtrace.rs:67:5
[INFO] [stdout]    3:     0x55fdbfe9b7cc - <std::sys_common::backtrace::_print::DisplayBacktrace as core::fmt::Display>::fmt::hed7f999df88cc644
[INFO] [stdout]                                at /rustc/82e1608dfa6e0b5569232559e3d385fea5a93112/library/std/src/sys_common/backtrace.rs:44:22
[INFO] [stdout]    4:     0x55fdbfec5f90 - core::fmt::rt::Argument::fmt::h1539a9308b8d058d
[INFO] [stdout]                                at /rustc/82e1608dfa6e0b5569232559e3d385fea5a93112/library/core/src/fmt/rt.rs:142:9
[INFO] [stdout]    5:     0x55fdbfec5f90 - core::fmt::write::h3a39390d8560d9c9
[INFO] [stdout]                                at /rustc/82e1608dfa6e0b5569232559e3d385fea5a93112/library/core/src/fmt/mod.rs:1120:17
[INFO] [stdout]    6:     0x55fdbfe98e2f - std::io::Write::write_fmt::h040b369f3a0f9cbc
[INFO] [stdout]                                at /rustc/82e1608dfa6e0b5569232559e3d385fea5a93112/library/std/src/io/mod.rs:1762:15
[INFO] [stdout]    7:     0x55fdbfe9b5b4 - std::sys_common::backtrace::_print::h894006fb5c6f3d45
[INFO] [stdout]                                at /rustc/82e1608dfa6e0b5569232559e3d385fea5a93112/library/std/src/sys_common/backtrace.rs:47:5
[INFO] [stdout]    8:     0x55fdbfe9b5b4 - std::sys_common::backtrace::print::h23a2d212c6fff936
[INFO] [stdout]                                at /rustc/82e1608dfa6e0b5569232559e3d385fea5a93112/library/std/src/sys_common/backtrace.rs:34:9
[INFO] [stdout]    9:     0x55fdbfe9d277 - std::panicking::default_hook::{{closure}}::h8a1d2ee00185001a
[INFO] [stdout]   10:     0x55fdbfe9cf63 - std::panicking::default_hook::h6038f2eba384e475
[INFO] [stdout]                                at /rustc/82e1608dfa6e0b5569232559e3d385fea5a93112/library/std/src/panicking.rs:289:9
[INFO] [stdout]   11:     0x55fdbfbdb267 - <alloc::boxed::Box<F,A> as core::ops::function::Fn<Args>>::call::h0ad024c9bdc6d768
[INFO] [stdout]                                at /rustc/82e1608dfa6e0b5569232559e3d385fea5a93112/library/alloc/src/boxed.rs:2021:9
[INFO] [stdout]   12:     0x55fdbfbdb267 - test::test_main::{{closure}}::h7500b54257359db6
[INFO] [stdout]                                at /rustc/82e1608dfa6e0b5569232559e3d385fea5a93112/library/test/src/lib.rs:138:21
[INFO] [stdout]   13:     0x55fdbfe9d888 - <alloc::boxed::Box<F,A> as core::ops::function::Fn<Args>>::call::h1f8f335eaa9cfaee
[INFO] [stdout]                                at /rustc/82e1608dfa6e0b5569232559e3d385fea5a93112/library/alloc/src/boxed.rs:2021:9
[INFO] [stdout]   14:     0x55fdbfe9d888 - std::panicking::rust_panic_with_hook::h2b5517d590cab22e
[INFO] [stdout]                                at /rustc/82e1608dfa6e0b5569232559e3d385fea5a93112/library/std/src/panicking.rs:783:13
[INFO] [stdout]   15:     0x55fdbfe9d5a9 - std::panicking::begin_panic_handler::{{closure}}::h233112c06e0ef43e
[INFO] [stdout]                                at /rustc/82e1608dfa6e0b5569232559e3d385fea5a93112/library/std/src/panicking.rs:649:13
[INFO] [stdout]   16:     0x55fdbfe9bc96 - std::sys_common::backtrace::__rust_end_short_backtrace::h6e893f24d7ebbff8
[INFO] [stdout]                                at /rustc/82e1608dfa6e0b5569232559e3d385fea5a93112/library/std/src/sys_common/backtrace.rs:170:18
[INFO] [stdout]   17:     0x55fdbfe9d342 - rust_begin_unwind
[INFO] [stdout]                                at /rustc/82e1608dfa6e0b5569232559e3d385fea5a93112/library/std/src/panicking.rs:645:5
[INFO] [stdout]   18:     0x55fdbf986a15 - core::panicking::panic_fmt::hbf0e066aabfa482c
[INFO] [stdout]                                at /rustc/82e1608dfa6e0b5569232559e3d385fea5a93112/library/core/src/panicking.rs:72:14
[INFO] [stdout]   19:     0x55fdbf986ab3 - core::panicking::panic::h195fc2a96298d4c3
[INFO] [stdout]                                at /rustc/82e1608dfa6e0b5569232559e3d385fea5a93112/library/core/src/panicking.rs:127:5
[INFO] [stdout]   20:     0x55fdbf9a7869 - brod::async_prod::tests::test_produce_in_parallel_sends_messages::h5e7aa0605c510369
[INFO] [stdout]                                at /opt/rustwide/workdir/src/async_prod.rs:322:13
[INFO] [stdout]   21:     0x55fdbf9a73b7 - brod::async_prod::tests::test_produce_in_parallel_sends_messages::{{closure}}::hefce344a1daad18d
[INFO] [stdout]                                at /opt/rustwide/workdir/src/async_prod.rs:297:49
[INFO] [stdout]   22:     0x55fdbf9ed186 - core::ops::function::FnOnce::call_once::h619e6f1131fe77c6
[INFO] [stdout]                                at /rustc/82e1608dfa6e0b5569232559e3d385fea5a93112/library/core/src/ops/function.rs:250:5
[INFO] [stdout]   23:     0x55fdbfbe08bf - core::ops::function::FnOnce::call_once::h2b5d431d5046312d
[INFO] [stdout]                                at /rustc/82e1608dfa6e0b5569232559e3d385fea5a93112/library/core/src/ops/function.rs:250:5
[INFO] [stdout]   24:     0x55fdbfbe08bf - test::__rust_begin_short_backtrace::h7714669af176e207
[INFO] [stdout]                                at /rustc/82e1608dfa6e0b5569232559e3d385fea5a93112/library/test/src/lib.rs:628:18
[INFO] [stdout]   25:     0x55fdbfbdf8d5 - test::run_test_in_process::{{closure}}::h85218797dcbcec12
[INFO] [stdout]                                at /rustc/82e1608dfa6e0b5569232559e3d385fea5a93112/library/test/src/lib.rs:651:60
[INFO] [stdout]   26:     0x55fdbfbdf8d5 - <core::panic::unwind_safe::AssertUnwindSafe<F> as core::ops::function::FnOnce<()>>::call_once::h76c106ea31c14d7b
[INFO] [stdout]                                at /rustc/82e1608dfa6e0b5569232559e3d385fea5a93112/library/core/src/panic/unwind_safe.rs:272:9
[INFO] [stdout]   27:     0x55fdbfbdf8d5 - std::panicking::try::do_call::h3bd5d0f6620ee946
[INFO] [stdout]                                at /rustc/82e1608dfa6e0b5569232559e3d385fea5a93112/library/std/src/panicking.rs:552:40
[INFO] [stdout]   28:     0x55fdbfbdf8d5 - std::panicking::try::h232e535e4744fe31
[INFO] [stdout]                                at /rustc/82e1608dfa6e0b5569232559e3d385fea5a93112/library/std/src/panicking.rs:516:19
[INFO] [stdout]   29:     0x55fdbfbdf8d5 - std::panic::catch_unwind::h3ce3bd6ca8dbac68
[INFO] [stdout]                                at /rustc/82e1608dfa6e0b5569232559e3d385fea5a93112/library/std/src/panic.rs:142:14
[INFO] [stdout]   30:     0x55fdbfbdf8d5 - test::run_test_in_process::hc97b257c9621286a
[INFO] [stdout]                                at /rustc/82e1608dfa6e0b5569232559e3d385fea5a93112/library/test/src/lib.rs:651:27
[INFO] [stdout]   31:     0x55fdbfbdf8d5 - test::run_test::{{closure}}::h2aa798823a438d38
[INFO] [stdout]                                at /rustc/82e1608dfa6e0b5569232559e3d385fea5a93112/library/test/src/lib.rs:574:43
[INFO] [stdout]   32:     0x55fdbfba7b96 - test::run_test::{{closure}}::h87d231c78fb59832
[INFO] [stdout]                                at /rustc/82e1608dfa6e0b5569232559e3d385fea5a93112/library/test/src/lib.rs:602:41
[INFO] [stdout]   33:     0x55fdbfba7b96 - std::sys_common::backtrace::__rust_begin_short_backtrace::he6df152596625789
[INFO] [stdout]                                at /rustc/82e1608dfa6e0b5569232559e3d385fea5a93112/library/std/src/sys_common/backtrace.rs:154:18
[INFO] [stdout]   34:     0x55fdbfbacc47 - std::thread::Builder::spawn_unchecked_::{{closure}}::{{closure}}::ha94be15d1e0acf36
[INFO] [stdout]                                at /rustc/82e1608dfa6e0b5569232559e3d385fea5a93112/library/std/src/thread/mod.rs:529:17
[INFO] [stdout]   35:     0x55fdbfbacc47 - <core::panic::unwind_safe::AssertUnwindSafe<F> as core::ops::function::FnOnce<()>>::call_once::h9dc6bd6372f16606
[INFO] [stdout]                                at /rustc/82e1608dfa6e0b5569232559e3d385fea5a93112/library/core/src/panic/unwind_safe.rs:272:9
[INFO] [stdout]   36:     0x55fdbfbacc47 - std::panicking::try::do_call::h9057517f80303cd4
[INFO] [stdout]                                at /rustc/82e1608dfa6e0b5569232559e3d385fea5a93112/library/std/src/panicking.rs:552:40
[INFO] [stdout]   37:     0x55fdbfbacc47 - std::panicking::try::he3a30b11ee45340c
[INFO] [stdout]                                at /rustc/82e1608dfa6e0b5569232559e3d385fea5a93112/library/std/src/panicking.rs:516:19
[INFO] [stdout]   38:     0x55fdbfbacc47 - std::panic::catch_unwind::h410458cfd3528b8b
[INFO] [stdout]                                at /rustc/82e1608dfa6e0b5569232559e3d385fea5a93112/library/std/src/panic.rs:142:14
[INFO] [stdout]   39:     0x55fdbfbacc47 - std::thread::Builder::spawn_unchecked_::{{closure}}::h72ac3bdb567b737b
[INFO] [stdout]                                at /rustc/82e1608dfa6e0b5569232559e3d385fea5a93112/library/std/src/thread/mod.rs:528:30
[INFO] [stdout]   40:     0x55fdbfbacc47 - core::ops::function::FnOnce::call_once{{vtable.shim}}::h38f34da3654a8344
[INFO] [stdout]                                at /rustc/82e1608dfa6e0b5569232559e3d385fea5a93112/library/core/src/ops/function.rs:250:5
[INFO] [stdout]   41:     0x55fdbfea2495 - <alloc::boxed::Box<F,A> as core::ops::function::FnOnce<Args>>::call_once::hc7eafaff61e32df9
[INFO] [stdout]                                at /rustc/82e1608dfa6e0b5569232559e3d385fea5a93112/library/alloc/src/boxed.rs:2007:9
[INFO] [stdout]   42:     0x55fdbfea2495 - <alloc::boxed::Box<F,A> as core::ops::function::FnOnce<Args>>::call_once::h6ba4a5de48dd2304
[INFO] [stdout]                                at /rustc/82e1608dfa6e0b5569232559e3d385fea5a93112/library/alloc/src/boxed.rs:2007:9
[INFO] [stdout]   43:     0x55fdbfea2495 - std::sys::unix::thread::Thread::new::thread_start::he469335aef763e45
[INFO] [stdout]                                at /rustc/82e1608dfa6e0b5569232559e3d385fea5a93112/library/std/src/sys/unix/thread.rs:108:17
[INFO] [stdout]   44:     0x7f728ca35ac3 - <unknown>
[INFO] [stdout]   45:     0x7f728cac6bf4 - __clone
[INFO] [stdout]   46:                0x0 - <unknown>
[INFO] [stdout] 
[INFO] [stdout] 
[INFO] [stdout] failures:
[INFO] [stdout]     async_prod::tests::test_produce_in_parallel_sends_messages
[INFO] [stdout] 
[INFO] [stdout] test result: FAILED. 11 passed; 1 failed; 0 ignored; 0 measured; 0 filtered out; finished in 6.39s
[INFO] [stdout] 
[INFO] running `Command { std: "docker" "inspect" "da25eecd8fd2f39f34357dc484fa3815a011f0caf412c7b3cbd8aad2c3758c07", kill_on_drop: false }`
[INFO] running `Command { std: "docker" "rm" "-f" "da25eecd8fd2f39f34357dc484fa3815a011f0caf412c7b3cbd8aad2c3758c07", kill_on_drop: false }`
[INFO] [stdout] da25eecd8fd2f39f34357dc484fa3815a011f0caf412c7b3cbd8aad2c3758c07
