[INFO] fetching crate breakpad-symbols 0.19.1...
[INFO] testing breakpad-symbols-0.19.1 against 1.75.0 for beta-1.76-1
[INFO] extracting crate breakpad-symbols 0.19.1 into /workspace/builds/worker-4-tc1/source
[INFO] validating manifest of crates.io crate breakpad-symbols 0.19.1 on toolchain 1.75.0
[INFO] running `Command { std: CARGO_HOME="/workspace/cargo-home" RUSTUP_HOME="/workspace/rustup-home" "/workspace/cargo-home/bin/cargo" "+1.75.0" "metadata" "--manifest-path" "Cargo.toml" "--no-deps", kill_on_drop: false }`
[INFO] started tweaking crates.io crate breakpad-symbols 0.19.1
[INFO] finished tweaking crates.io crate breakpad-symbols 0.19.1
[INFO] tweaked toml for crates.io crate breakpad-symbols 0.19.1 written to /workspace/builds/worker-4-tc1/source/Cargo.toml
[INFO] running `Command { std: CARGO_HOME="/workspace/cargo-home" RUSTUP_HOME="/workspace/rustup-home" "/workspace/cargo-home/bin/cargo" "+1.75.0" "generate-lockfile" "--manifest-path" "Cargo.toml", kill_on_drop: false }`
[INFO] [stderr]     Updating crates.io index
[INFO] running `Command { std: CARGO_HOME="/workspace/cargo-home" RUSTUP_HOME="/workspace/rustup-home" "/workspace/cargo-home/bin/cargo" "+1.75.0" "fetch" "--manifest-path" "Cargo.toml", kill_on_drop: false }`
[INFO] [stderr]  Downloading crates ...
[INFO] [stderr]   Downloaded symbolic-ppdb v12.8.0
[INFO] [stderr]   Downloaded memmap2 v0.9.3
[INFO] [stderr]   Downloaded circular v0.3.0
[INFO] [stderr]   Downloaded symbolic v12.8.0
[INFO] [stderr]   Downloaded symbolic-cfi v12.8.0
[INFO] [stderr]   Downloaded cachemap2 v0.2.0
[INFO] [stderr]   Downloaded inplace-vec-builder v0.1.1
[INFO] [stderr]   Downloaded scroll_derive v0.11.1
[INFO] [stderr]   Downloaded msvc-demangler v0.9.0
[INFO] [stderr]   Downloaded num-derive v0.4.1
[INFO] [stderr]   Downloaded brownstone v3.0.0
[INFO] [stderr]   Downloaded elsa v1.10.0
[INFO] [stderr]   Downloaded binary-merge v0.1.2
[INFO] [stderr]   Downloaded range-map v0.2.0
[INFO] [stderr]   Downloaded cab v0.4.1
[INFO] [stderr]   Downloaded elementtree v1.2.3
[INFO] [stderr]   Downloaded symbolic-debuginfo v12.8.0
[INFO] [stderr]   Downloaded pdb v0.8.0
[INFO] [stderr]   Downloaded wasmparser v0.118.1
[INFO] [stderr]   Downloaded async-compression v0.4.5
[INFO] [stderr]   Downloaded cpp_demangle v0.4.3
[INFO] [stderr]   Downloaded dump_syms v2.2.2
[INFO] [stderr]   Downloaded goblin v0.7.1
[INFO] [stderr]   Downloaded symbolic-demangle v12.8.0
[INFO] [stderr]   Downloaded minidump-common v0.19.1
[INFO] [stderr]   Downloaded lzma-rs v0.3.0
[INFO] [stderr]   Downloaded pdb-addr2line v0.10.4
[INFO] [stderr]   Downloaded nom-supreme v0.8.0
[INFO] [stderr]   Downloaded scroll v0.11.0
[INFO] [stderr]   Downloaded joinery v2.1.0
[INFO] [stderr]   Downloaded symbolic-common v12.8.0
[INFO] [stderr]   Downloaded debugid v0.8.0
[INFO] [stderr]   Downloaded dmsort v1.0.2
[INFO] [stderr]   Downloaded indent_write v2.2.0
[INFO] [stderr]   Downloaded smart-default v0.7.1
[INFO] [stderr]   Downloaded watto v0.1.0
[INFO] [stderr]   Downloaded range-collections v0.2.4
[INFO] [stderr]   Downloaded lzxd v0.1.4
[INFO] [stderr]   Downloaded fallible-iterator v0.3.0
[INFO] running `Command { std: "docker" "create" "-v" "/var/lib/crater-agent-workspace/builds/worker-4-tc1/target:/opt/rustwide/target:rw,Z" "-v" "/var/lib/crater-agent-workspace/builds/worker-4-tc1/source:/opt/rustwide/workdir:ro,Z" "-v" "/var/lib/crater-agent-workspace/cargo-home:/opt/rustwide/cargo-home:ro,Z" "-v" "/var/lib/crater-agent-workspace/rustup-home:/opt/rustwide/rustup-home:ro,Z" "-e" "SOURCE_DIR=/opt/rustwide/workdir" "-e" "CARGO_TARGET_DIR=/opt/rustwide/target" "-e" "CARGO_HOME=/opt/rustwide/cargo-home" "-e" "RUSTUP_HOME=/opt/rustwide/rustup-home" "-w" "/opt/rustwide/workdir" "-m" "1610612736" "--user" "0:0" "--network" "none" "ghcr.io/rust-lang/crates-build-env/linux@sha256:2788e3201cd34a07e3172128adcd8b3090168a8e3bcc40d7c032b9dda1df7d1c" "/opt/rustwide/cargo-home/bin/cargo" "+1.75.0" "metadata" "--no-deps" "--format-version=1", kill_on_drop: false }`
[INFO] [stdout] cb0af0e07ba9836fcf6d4961965a3b1763d0ad5c526e8cff04d5e6fd35415b99
[INFO] running `Command { std: "docker" "start" "-a" "cb0af0e07ba9836fcf6d4961965a3b1763d0ad5c526e8cff04d5e6fd35415b99", kill_on_drop: false }`
[INFO] running `Command { std: "docker" "inspect" "cb0af0e07ba9836fcf6d4961965a3b1763d0ad5c526e8cff04d5e6fd35415b99", kill_on_drop: false }`
[INFO] running `Command { std: "docker" "rm" "-f" "cb0af0e07ba9836fcf6d4961965a3b1763d0ad5c526e8cff04d5e6fd35415b99", kill_on_drop: false }`
[INFO] [stdout] cb0af0e07ba9836fcf6d4961965a3b1763d0ad5c526e8cff04d5e6fd35415b99
[INFO] running `Command { std: "docker" "create" "-v" "/var/lib/crater-agent-workspace/builds/worker-4-tc1/target:/opt/rustwide/target:rw,Z" "-v" "/var/lib/crater-agent-workspace/builds/worker-4-tc1/source:/opt/rustwide/workdir:ro,Z" "-v" "/var/lib/crater-agent-workspace/cargo-home:/opt/rustwide/cargo-home:ro,Z" "-v" "/var/lib/crater-agent-workspace/rustup-home:/opt/rustwide/rustup-home:ro,Z" "-e" "SOURCE_DIR=/opt/rustwide/workdir" "-e" "CARGO_TARGET_DIR=/opt/rustwide/target" "-e" "CARGO_INCREMENTAL=0" "-e" "RUST_BACKTRACE=full" "-e" "RUSTFLAGS=--cap-lints=warn" "-e" "RUSTDOCFLAGS=--cap-lints=warn" "-e" "CARGO_HOME=/opt/rustwide/cargo-home" "-e" "RUSTUP_HOME=/opt/rustwide/rustup-home" "-w" "/opt/rustwide/workdir" "-m" "1610612736" "--user" "0:0" "--network" "none" "ghcr.io/rust-lang/crates-build-env/linux@sha256:2788e3201cd34a07e3172128adcd8b3090168a8e3bcc40d7c032b9dda1df7d1c" "/opt/rustwide/cargo-home/bin/cargo" "+1.75.0" "build" "--frozen" "--message-format=json", kill_on_drop: false }`
[INFO] [stdout] 0b8d4599f783e5bba57da58e5ae180a778885431e513323999dfb6cd17d3f46d
[INFO] running `Command { std: "docker" "start" "-a" "0b8d4599f783e5bba57da58e5ae180a778885431e513323999dfb6cd17d3f46d", kill_on_drop: false }`
[INFO] [stderr]    Compiling uuid v1.6.1
[INFO] [stderr]    Compiling num-traits v0.2.17
[INFO] [stderr]    Compiling bitflags v2.4.1
[INFO] [stderr]    Compiling minimal-lexical v0.2.1
[INFO] [stderr]    Compiling futures-core v0.3.30
[INFO] [stderr]    Compiling memchr v2.7.1
[INFO] [stderr]    Compiling cachemap2 v0.2.0
[INFO] [stderr]    Compiling circular v0.3.0
[INFO] [stderr]    Compiling scroll_derive v0.11.1
[INFO] [stderr]    Compiling num-derive v0.4.1
[INFO] [stderr]    Compiling smart-default v0.7.1
[INFO] [stderr]    Compiling futures-util v0.3.30
[INFO] [stderr]    Compiling debugid v0.8.0
[INFO] [stderr]    Compiling nom v7.1.3
[INFO] [stderr]    Compiling scroll v0.11.0
[INFO] [stderr]    Compiling range-map v0.2.0
[INFO] [stderr]    Compiling minidump-common v0.19.1
[INFO] [stderr]    Compiling breakpad-symbols v0.19.1 (/opt/rustwide/workdir)
[INFO] [stderr]     Finished dev [unoptimized + debuginfo] target(s) in 6.81s
[INFO] running `Command { std: "docker" "inspect" "0b8d4599f783e5bba57da58e5ae180a778885431e513323999dfb6cd17d3f46d", kill_on_drop: false }`
[INFO] running `Command { std: "docker" "rm" "-f" "0b8d4599f783e5bba57da58e5ae180a778885431e513323999dfb6cd17d3f46d", kill_on_drop: false }`
[INFO] [stdout] 0b8d4599f783e5bba57da58e5ae180a778885431e513323999dfb6cd17d3f46d
[INFO] running `Command { std: "docker" "create" "-v" "/var/lib/crater-agent-workspace/builds/worker-4-tc1/target:/opt/rustwide/target:rw,Z" "-v" "/var/lib/crater-agent-workspace/builds/worker-4-tc1/source:/opt/rustwide/workdir:ro,Z" "-v" "/var/lib/crater-agent-workspace/cargo-home:/opt/rustwide/cargo-home:ro,Z" "-v" "/var/lib/crater-agent-workspace/rustup-home:/opt/rustwide/rustup-home:ro,Z" "-e" "SOURCE_DIR=/opt/rustwide/workdir" "-e" "CARGO_TARGET_DIR=/opt/rustwide/target" "-e" "CARGO_INCREMENTAL=0" "-e" "RUST_BACKTRACE=full" "-e" "RUSTFLAGS=--cap-lints=warn" "-e" "RUSTDOCFLAGS=--cap-lints=warn" "-e" "CARGO_HOME=/opt/rustwide/cargo-home" "-e" "RUSTUP_HOME=/opt/rustwide/rustup-home" "-w" "/opt/rustwide/workdir" "-m" "1610612736" "--user" "0:0" "--network" "none" "ghcr.io/rust-lang/crates-build-env/linux@sha256:2788e3201cd34a07e3172128adcd8b3090168a8e3bcc40d7c032b9dda1df7d1c" "/opt/rustwide/cargo-home/bin/cargo" "+1.75.0" "test" "--frozen" "--no-run" "--message-format=json", kill_on_drop: false }`
[INFO] [stdout] 3775d4c045d545bd2e4459f176bf954c22b87d092f07e4b117daeb77e77c1e0c
[INFO] running `Command { std: "docker" "start" "-a" "3775d4c045d545bd2e4459f176bf954c22b87d092f07e4b117daeb77e77c1e0c", kill_on_drop: false }`
[INFO] [stderr]    Compiling rustix v0.38.28
[INFO] [stderr]    Compiling fastrand v2.0.1
[INFO] [stderr]    Compiling minidump-common v0.19.1
[INFO] [stderr]    Compiling tempfile v3.9.0
[INFO] [stderr]    Compiling breakpad-symbols v0.19.1 (/opt/rustwide/workdir)
[INFO] [stderr]     Finished test [unoptimized + debuginfo] target(s) in 6.86s
[INFO] running `Command { std: "docker" "inspect" "3775d4c045d545bd2e4459f176bf954c22b87d092f07e4b117daeb77e77c1e0c", kill_on_drop: false }`
[INFO] running `Command { std: "docker" "rm" "-f" "3775d4c045d545bd2e4459f176bf954c22b87d092f07e4b117daeb77e77c1e0c", kill_on_drop: false }`
[INFO] [stdout] 3775d4c045d545bd2e4459f176bf954c22b87d092f07e4b117daeb77e77c1e0c
[INFO] running `Command { std: "docker" "create" "-v" "/var/lib/crater-agent-workspace/builds/worker-4-tc1/target:/opt/rustwide/target:rw,Z" "-v" "/var/lib/crater-agent-workspace/builds/worker-4-tc1/source:/opt/rustwide/workdir:ro,Z" "-v" "/var/lib/crater-agent-workspace/cargo-home:/opt/rustwide/cargo-home:ro,Z" "-v" "/var/lib/crater-agent-workspace/rustup-home:/opt/rustwide/rustup-home:ro,Z" "-e" "SOURCE_DIR=/opt/rustwide/workdir" "-e" "CARGO_TARGET_DIR=/opt/rustwide/target" "-e" "CARGO_INCREMENTAL=0" "-e" "RUST_BACKTRACE=full" "-e" "RUSTFLAGS=--cap-lints=warn" "-e" "RUSTDOCFLAGS=--cap-lints=warn" "-e" "CARGO_HOME=/opt/rustwide/cargo-home" "-e" "RUSTUP_HOME=/opt/rustwide/rustup-home" "-w" "/opt/rustwide/workdir" "-m" "1610612736" "--user" "0:0" "--network" "none" "ghcr.io/rust-lang/crates-build-env/linux@sha256:2788e3201cd34a07e3172128adcd8b3090168a8e3bcc40d7c032b9dda1df7d1c" "/opt/rustwide/cargo-home/bin/cargo" "+1.75.0" "test" "--frozen", kill_on_drop: false }`
[INFO] [stdout] 8b3128c88ad6f7934869823e8aa7b1312ae5ad4ec79b034201efb7dce8a96103
[INFO] running `Command { std: "docker" "start" "-a" "8b3128c88ad6f7934869823e8aa7b1312ae5ad4ec79b034201efb7dce8a96103", kill_on_drop: false }`
[INFO] [stderr]     Finished test [unoptimized + debuginfo] target(s) in 0.07s
[INFO] [stderr]      Running unittests src/lib.rs (/opt/rustwide/target/debug/deps/breakpad_symbols-5fb11587304ba468)
[INFO] [stdout] 
[INFO] [stdout] running 50 tests
[INFO] [stdout] test sym_file::parser::test_file_line ... ok
[INFO] [stdout] test sym_file::parser::test_file_line_spaces ... ok
[INFO] [stdout] test sym_file::parser::test_func_lines_no_lines ... ok
[INFO] [stdout] test sym_file::parser::test_info_line ... ok
[INFO] [stdout] test sym_file::parser::test_info_line2 ... ok
[INFO] [stdout] test sym_file::parser::test_info_url ... ok
[INFO] [stdout] test sym_file::parser::test_func_with_m ... ok
[INFO] [stdout] test sym_file::parser::test_inline_line_multiple_ranges ... ok
[INFO] [stdout] test sym_file::parser::address_size_overflow ... ok
[INFO] [stdout] test sym_file::parser::test_func_lines_and_lines ... ok
[INFO] [stdout] test sym_file::parser::test_inline_line_single_range ... ok
[INFO] [stdout] test sym_file::parser::test_module_line ... ok
[INFO] [stdout] test sym_file::parser::test_module_line_crcrlf ... ok
[INFO] [stdout] test sym_file::parser::test_module_line_filename_spaces ... ok
[INFO] [stdout] test sym_file::parser::test_public_with_m ... ok
[INFO] [stdout] test sym_file::parser::test_stack_cfi_init ... ok
[INFO] [stdout] test sym_file::parser::test_stack_win_line_frame_data ... ok
[INFO] [stdout] test sym_file::parser::test_public_line ... ok
[INFO] [stdout] test sym_file::parser::test_stack_cfi ... ok
[INFO] [stdout] test sym_file::parser::test_nested_inlines ... ok
[INFO] [stdout] test sym_file::parser::test_stack_win_line_program_string ... ok
[INFO] [stdout] test sym_file::parser::test_truncated_func ... ok
[INFO] [stdout] test sym_file::parser::test_parse_with_overlap ... ok
[INFO] [stdout] test sym_file::parser::test_parse_stack_win_inconsistent ... ok
[INFO] [stdout] test sym_file::test::test_symbolfile_from_bytes_with_crlf ... ok
[INFO] [stdout] test sym_file::parser::test_parse_symbol_bytes ... ok
[INFO] [stdout] test sym_file::walker::test::test_stack_cfi_corners ... ok
[INFO] [stdout] test sym_file::walker::test::test_stack_win_errors ... ok
[INFO] [stdout] test sym_file::walker::test::test_stack_win_leftover_return_address ... ok
[INFO] [stdout] test sym_file::walker::test::test_stack_cfi_arm ... ok
[INFO] [stdout] test sym_file::walker::test::test_stack_cfi_errors ... ok
[INFO] [stdout] test sym_file::walker::test::test_stack_win_equal_fixup ... ok
[INFO] [stdout] test sym_file::walker::test::test_stack_win_negative_division ... ignored
[INFO] [stdout] test sym_file::parser::test_stack_cfi_lines ... ok
[INFO] [stdout] test sym_file::walker::test::test_stack_cfi_doc_example ... ok
[INFO] [stdout] test sym_file::walker::test::test_stack_win_doc_example ... ok
[INFO] [stdout] test sym_file::walker::test::test_stack_cfi_ops ... ok
[INFO] [stdout] test sym_file::walker::test::test_stack_win_corners ... ok
[INFO] [stdout] test test_leafname ... ok
[INFO] [stdout] test sym_file::parser::test_parse_symbol_bytes_malformed ... ok
[INFO] [stdout] test sym_file::test::test_symbolfile_from_bytes_with_lf ... ok
[INFO] [stdout] test test_replace_or_add_extension ... ok
[INFO] [stdout] test sym_file::walker::test::test_stack_win_ops ... ok
[INFO] [stdout] test test::test_code_info_breakpad_sym_lookup ... ok
[INFO] [stdout] test test::test_relative_symbol_path_abs_paths ... ok
[INFO] [stdout] test test::test_relative_symbol_path ... ok
[INFO] [stdout] test test::test_symbolizer ... ok
[INFO] [stdout] test test::test_simple_symbol_supplier ... ok
[INFO] [stdout] test sym_file::test::test_symbolfile_from_crlf_file ... FAILED
[INFO] [stdout] test sym_file::test::test_symbolfile_from_lf_file ... FAILED
[INFO] [stdout] 
[INFO] [stdout] failures:
[INFO] [stdout] 
[INFO] [stdout] ---- sym_file::test::test_symbolfile_from_crlf_file stdout ----
[INFO] [stdout] thread 'sym_file::test::test_symbolfile_from_crlf_file' panicked at src/sym_file/mod.rs:540:48:
[INFO] [stdout] called `Result::unwrap()` on an `Err` value: LoadError(Os { code: 2, kind: NotFound, message: "No such file or directory" })
[INFO] [stdout] stack backtrace:
[INFO] [stdout]    0:     0x557b35b176bc - std::backtrace_rs::backtrace::libunwind::trace::ha637c64ce894333a
[INFO] [stdout]                                at /rustc/82e1608dfa6e0b5569232559e3d385fea5a93112/library/std/src/../../backtrace/src/backtrace/libunwind.rs:104:5
[INFO] [stdout]    1:     0x557b35b176bc - std::backtrace_rs::backtrace::trace_unsynchronized::h47f62dea28e0c88d
[INFO] [stdout]                                at /rustc/82e1608dfa6e0b5569232559e3d385fea5a93112/library/std/src/../../backtrace/src/backtrace/mod.rs:66:5
[INFO] [stdout]    2:     0x557b35b176bc - std::sys_common::backtrace::_print_fmt::h9eef0abe20ede486
[INFO] [stdout]                                at /rustc/82e1608dfa6e0b5569232559e3d385fea5a93112/library/std/src/sys_common/backtrace.rs:67:5
[INFO] [stdout]    3:     0x557b35b176bc - <std::sys_common::backtrace::_print::DisplayBacktrace as core::fmt::Display>::fmt::hed7f999df88cc644
[INFO] [stdout]                                at /rustc/82e1608dfa6e0b5569232559e3d385fea5a93112/library/std/src/sys_common/backtrace.rs:44:22
[INFO] [stdout]    4:     0x557b35b438b0 - core::fmt::rt::Argument::fmt::h1539a9308b8d058d
[INFO] [stdout]                                at /rustc/82e1608dfa6e0b5569232559e3d385fea5a93112/library/core/src/fmt/rt.rs:142:9
[INFO] [stdout]    5:     0x557b35b438b0 - core::fmt::write::h3a39390d8560d9c9
[INFO] [stdout]                                at /rustc/82e1608dfa6e0b5569232559e3d385fea5a93112/library/core/src/fmt/mod.rs:1120:17
[INFO] [stdout]    6:     0x557b35b14c4f - std::io::Write::write_fmt::h040b369f3a0f9cbc
[INFO] [stdout]                                at /rustc/82e1608dfa6e0b5569232559e3d385fea5a93112/library/std/src/io/mod.rs:1762:15
[INFO] [stdout]    7:     0x557b35b174a4 - std::sys_common::backtrace::_print::h894006fb5c6f3d45
[INFO] [stdout]                                at /rustc/82e1608dfa6e0b5569232559e3d385fea5a93112/library/std/src/sys_common/backtrace.rs:47:5
[INFO] [stdout]    8:     0x557b35b174a4 - std::sys_common::backtrace::print::h23a2d212c6fff936
[INFO] [stdout]                                at /rustc/82e1608dfa6e0b5569232559e3d385fea5a93112/library/std/src/sys_common/backtrace.rs:34:9
[INFO] [stdout]    9:     0x557b35b19167 - std::panicking::default_hook::{{closure}}::h8a1d2ee00185001a
[INFO] [stdout]   10:     0x557b35b18e53 - std::panicking::default_hook::h6038f2eba384e475
[INFO] [stdout]                                at /rustc/82e1608dfa6e0b5569232559e3d385fea5a93112/library/std/src/panicking.rs:289:9
[INFO] [stdout]   11:     0x557b35ac8ab7 - <alloc::boxed::Box<F,A> as core::ops::function::Fn<Args>>::call::h0ad024c9bdc6d768
[INFO] [stdout]                                at /rustc/82e1608dfa6e0b5569232559e3d385fea5a93112/library/alloc/src/boxed.rs:2021:9
[INFO] [stdout]   12:     0x557b35ac8ab7 - test::test_main::{{closure}}::h7500b54257359db6
[INFO] [stdout]                                at /rustc/82e1608dfa6e0b5569232559e3d385fea5a93112/library/test/src/lib.rs:138:21
[INFO] [stdout]   13:     0x557b35b19778 - <alloc::boxed::Box<F,A> as core::ops::function::Fn<Args>>::call::h1f8f335eaa9cfaee
[INFO] [stdout]                                at /rustc/82e1608dfa6e0b5569232559e3d385fea5a93112/library/alloc/src/boxed.rs:2021:9
[INFO] [stdout]   14:     0x557b35b19778 - std::panicking::rust_panic_with_hook::h2b5517d590cab22e
[INFO] [stdout]                                at /rustc/82e1608dfa6e0b5569232559e3d385fea5a93112/library/std/src/panicking.rs:783:13
[INFO] [stdout]   15:     0x557b35b194ce - std::panicking::begin_panic_handler::{{closure}}::h233112c06e0ef43e
[INFO] [stdout]                                at /rustc/82e1608dfa6e0b5569232559e3d385fea5a93112/library/std/src/panicking.rs:657:13
[INFO] [stdout]   16:     0x557b35b17b86 - std::sys_common::backtrace::__rust_end_short_backtrace::h6e893f24d7ebbff8
[INFO] [stdout]                                at /rustc/82e1608dfa6e0b5569232559e3d385fea5a93112/library/std/src/sys_common/backtrace.rs:170:18
[INFO] [stdout]   17:     0x557b35b19232 - rust_begin_unwind
[INFO] [stdout]                                at /rustc/82e1608dfa6e0b5569232559e3d385fea5a93112/library/std/src/panicking.rs:645:5
[INFO] [stdout]   18:     0x557b358e1135 - core::panicking::panic_fmt::hbf0e066aabfa482c
[INFO] [stdout]                                at /rustc/82e1608dfa6e0b5569232559e3d385fea5a93112/library/core/src/panicking.rs:72:14
[INFO] [stdout]   19:     0x557b358e1763 - core::result::unwrap_failed::hddb4fea594200c52
[INFO] [stdout]                                at /rustc/82e1608dfa6e0b5569232559e3d385fea5a93112/library/core/src/result.rs:1653:5
[INFO] [stdout]   20:     0x557b3599c459 - core::result::Result<T,E>::unwrap::h7b9a02b56f02e8ce
[INFO] [stdout]                                at /rustc/82e1608dfa6e0b5569232559e3d385fea5a93112/library/core/src/result.rs:1077:23
[INFO] [stdout]   21:     0x557b3597c752 - breakpad_symbols::sym_file::test::test_symbolfile_from_file::h391a173ed1655c1b
[INFO] [stdout]                                at /opt/rustwide/workdir/src/sym_file/mod.rs:540:19
[INFO] [stdout]   22:     0x557b3597d8e2 - breakpad_symbols::sym_file::test::test_symbolfile_from_crlf_file::hbec38b3fc01c02c6
[INFO] [stdout]                                at /opt/rustwide/workdir/src/sym_file/mod.rs:580:9
[INFO] [stdout]   23:     0x557b3597d8b7 - breakpad_symbols::sym_file::test::test_symbolfile_from_crlf_file::{{closure}}::h3340388751f573f4
[INFO] [stdout]                                at /opt/rustwide/workdir/src/sym_file/mod.rs:579:40
[INFO] [stdout]   24:     0x557b359526d6 - core::ops::function::FnOnce::call_once::hf28949bf2c9b9112
[INFO] [stdout]                                at /rustc/82e1608dfa6e0b5569232559e3d385fea5a93112/library/core/src/ops/function.rs:250:5
[INFO] [stdout]   25:     0x557b35ace10f - core::ops::function::FnOnce::call_once::h2b5d431d5046312d
[INFO] [stdout]                                at /rustc/82e1608dfa6e0b5569232559e3d385fea5a93112/library/core/src/ops/function.rs:250:5
[INFO] [stdout]   26:     0x557b35ace10f - test::__rust_begin_short_backtrace::h7714669af176e207
[INFO] [stdout]                                at /rustc/82e1608dfa6e0b5569232559e3d385fea5a93112/library/test/src/lib.rs:628:18
[INFO] [stdout]   27:     0x557b35acd125 - test::run_test_in_process::{{closure}}::h85218797dcbcec12
[INFO] [stdout]                                at /rustc/82e1608dfa6e0b5569232559e3d385fea5a93112/library/test/src/lib.rs:651:60
[INFO] [stdout]   28:     0x557b35acd125 - <core::panic::unwind_safe::AssertUnwindSafe<F> as core::ops::function::FnOnce<()>>::call_once::h76c106ea31c14d7b
[INFO] [stdout]                                at /rustc/82e1608dfa6e0b5569232559e3d385fea5a93112/library/core/src/panic/unwind_safe.rs:272:9
[INFO] [stdout]   29:     0x557b35acd125 - std::panicking::try::do_call::h3bd5d0f6620ee946
[INFO] [stdout]                                at /rustc/82e1608dfa6e0b5569232559e3d385fea5a93112/library/std/src/panicking.rs:552:40
[INFO] [stdout]   30:     0x557b35acd125 - std::panicking::try::h232e535e4744fe31
[INFO] [stdout]                                at /rustc/82e1608dfa6e0b5569232559e3d385fea5a93112/library/std/src/panicking.rs:516:19
[INFO] [stdout]   31:     0x557b35acd125 - std::panic::catch_unwind::h3ce3bd6ca8dbac68
[INFO] [stdout]                                at /rustc/82e1608dfa6e0b5569232559e3d385fea5a93112/library/std/src/panic.rs:142:14
[INFO] [stdout]   32:     0x557b35acd125 - test::run_test_in_process::hc97b257c9621286a
[INFO] [stdout]                                at /rustc/82e1608dfa6e0b5569232559e3d385fea5a93112/library/test/src/lib.rs:651:27
[INFO] [stdout]   33:     0x557b35acd125 - test::run_test::{{closure}}::h2aa798823a438d38
[INFO] [stdout]                                at /rustc/82e1608dfa6e0b5569232559e3d385fea5a93112/library/test/src/lib.rs:574:43
[INFO] [stdout]   34:     0x557b35a953e6 - test::run_test::{{closure}}::h87d231c78fb59832
[INFO] [stdout]                                at /rustc/82e1608dfa6e0b5569232559e3d385fea5a93112/library/test/src/lib.rs:602:41
[INFO] [stdout]   35:     0x557b35a953e6 - std::sys_common::backtrace::__rust_begin_short_backtrace::he6df152596625789
[INFO] [stdout]                                at /rustc/82e1608dfa6e0b5569232559e3d385fea5a93112/library/std/src/sys_common/backtrace.rs:154:18
[INFO] [stdout]   36:     0x557b35a9a497 - std::thread::Builder::spawn_unchecked_::{{closure}}::{{closure}}::ha94be15d1e0acf36
[INFO] [stdout]                                at /rustc/82e1608dfa6e0b5569232559e3d385fea5a93112/library/std/src/thread/mod.rs:529:17
[INFO] [stdout]   37:     0x557b35a9a497 - <core::panic::unwind_safe::AssertUnwindSafe<F> as core::ops::function::FnOnce<()>>::call_once::h9dc6bd6372f16606
[INFO] [stdout]                                at /rustc/82e1608dfa6e0b5569232559e3d385fea5a93112/library/core/src/panic/unwind_safe.rs:272:9
[INFO] [stdout]   38:     0x557b35a9a497 - std::panicking::try::do_call::h9057517f80303cd4
[INFO] [stdout]                                at /rustc/82e1608dfa6e0b5569232559e3d385fea5a93112/library/std/src/panicking.rs:552:40
[INFO] [stdout]   39:     0x557b35a9a497 - std::panicking::try::he3a30b11ee45340c
[INFO] [stdout]                                at /rustc/82e1608dfa6e0b5569232559e3d385fea5a93112/library/std/src/panicking.rs:516:19
[INFO] [stdout]   40:     0x557b35a9a497 - std::panic::catch_unwind::h410458cfd3528b8b
[INFO] [stdout]                                at /rustc/82e1608dfa6e0b5569232559e3d385fea5a93112/library/std/src/panic.rs:142:14
[INFO] [stdout]   41:     0x557b35a9a497 - std::thread::Builder::spawn_unchecked_::{{closure}}::h72ac3bdb567b737b
[INFO] [stdout]                                at /rustc/82e1608dfa6e0b5569232559e3d385fea5a93112/library/std/src/thread/mod.rs:528:30
[INFO] [stdout]   42:     0x557b35a9a497 - core::ops::function::FnOnce::call_once{{vtable.shim}}::h38f34da3654a8344
[INFO] [stdout]                                at /rustc/82e1608dfa6e0b5569232559e3d385fea5a93112/library/core/src/ops/function.rs:250:5
[INFO] [stdout]   43:     0x557b35b1ecf5 - <alloc::boxed::Box<F,A> as core::ops::function::FnOnce<Args>>::call_once::hc7eafaff61e32df9
[INFO] [stdout]                                at /rustc/82e1608dfa6e0b5569232559e3d385fea5a93112/library/alloc/src/boxed.rs:2007:9
[INFO] [stdout]   44:     0x557b35b1ecf5 - <alloc::boxed::Box<F,A> as core::ops::function::FnOnce<Args>>::call_once::h6ba4a5de48dd2304
[INFO] [stdout]                                at /rustc/82e1608dfa6e0b5569232559e3d385fea5a93112/library/alloc/src/boxed.rs:2007:9
[INFO] [stdout]   45:     0x557b35b1ecf5 - std::sys::unix::thread::Thread::new::thread_start::he469335aef763e45
[INFO] [stdout]                                at /rustc/82e1608dfa6e0b5569232559e3d385fea5a93112/library/std/src/sys/unix/thread.rs:108:17
[INFO] [stdout]   46:     0x7fdbeb469ac3 - <unknown>
[INFO] [stdout]   47:     0x7fdbeb4fabf4 - __clone
[INFO] [stdout]   48:                0x0 - <unknown>
[INFO] [stdout] 
[INFO] [stdout] ---- sym_file::test::test_symbolfile_from_lf_file stdout ----
[INFO] [stdout] thread 'sym_file::test::test_symbolfile_from_lf_file' panicked at src/sym_file/mod.rs:540:48:
[INFO] [stdout] called `Result::unwrap()` on an `Err` value: LoadError(Os { code: 2, kind: NotFound, message: "No such file or directory" })
[INFO] [stdout] stack backtrace:
[INFO] [stdout]    0:     0x557b35b176bc - std::backtrace_rs::backtrace::libunwind::trace::ha637c64ce894333a
[INFO] [stdout]                                at /rustc/82e1608dfa6e0b5569232559e3d385fea5a93112/library/std/src/../../backtrace/src/backtrace/libunwind.rs:104:5
[INFO] [stdout]    1:     0x557b35b176bc - std::backtrace_rs::backtrace::trace_unsynchronized::h47f62dea28e0c88d
[INFO] [stdout]                                at /rustc/82e1608dfa6e0b5569232559e3d385fea5a93112/library/std/src/../../backtrace/src/backtrace/mod.rs:66:5
[INFO] [stdout]    2:     0x557b35b176bc - std::sys_common::backtrace::_print_fmt::h9eef0abe20ede486
[INFO] [stdout]                                at /rustc/82e1608dfa6e0b5569232559e3d385fea5a93112/library/std/src/sys_common/backtrace.rs:67:5
[INFO] [stdout]    3:     0x557b35b176bc - <std::sys_common::backtrace::_print::DisplayBacktrace as core::fmt::Display>::fmt::hed7f999df88cc644
[INFO] [stdout]                                at /rustc/82e1608dfa6e0b5569232559e3d385fea5a93112/library/std/src/sys_common/backtrace.rs:44:22
[INFO] [stdout]    4:     0x557b35b438b0 - core::fmt::rt::Argument::fmt::h1539a9308b8d058d
[INFO] [stdout]                                at /rustc/82e1608dfa6e0b5569232559e3d385fea5a93112/library/core/src/fmt/rt.rs:142:9
[INFO] [stdout]    5:     0x557b35b438b0 - core::fmt::write::h3a39390d8560d9c9
[INFO] [stdout]                                at /rustc/82e1608dfa6e0b5569232559e3d385fea5a93112/library/core/src/fmt/mod.rs:1120:17
[INFO] [stdout]    6:     0x557b35b14c4f - std::io::Write::write_fmt::h040b369f3a0f9cbc
[INFO] [stdout]                                at /rustc/82e1608dfa6e0b5569232559e3d385fea5a93112/library/std/src/io/mod.rs:1762:15
[INFO] [stdout]    7:     0x557b35b174a4 - std::sys_common::backtrace::_print::h894006fb5c6f3d45
[INFO] [stdout]                                at /rustc/82e1608dfa6e0b5569232559e3d385fea5a93112/library/std/src/sys_common/backtrace.rs:47:5
[INFO] [stdout]    8:     0x557b35b174a4 - std::sys_common::backtrace::print::h23a2d212c6fff936
[INFO] [stdout]                                at /rustc/82e1608dfa6e0b5569232559e3d385fea5a93112/library/std/src/sys_common/backtrace.rs:34:9
[INFO] [stdout]    9:     0x557b35b19167 - std::panicking::default_hook::{{closure}}::h8a1d2ee00185001a
[INFO] [stdout]   10:     0x557b35b18e53 - std::panicking::default_hook::h6038f2eba384e475
[INFO] [stdout]                                at /rustc/82e1608dfa6e0b5569232559e3d385fea5a93112/library/std/src/panicking.rs:289:9
[INFO] [stdout]   11:     0x557b35ac8ab7 - <alloc::boxed::Box<F,A> as core::ops::function::Fn<Args>>::call::h0ad024c9bdc6d768
[INFO] [stdout]                                at /rustc/82e1608dfa6e0b5569232559e3d385fea5a93112/library/alloc/src/boxed.rs:2021:9
[INFO] [stdout]   12:     0x557b35ac8ab7 - test::test_main::{{closure}}::h7500b54257359db6
[INFO] [stdout]                                at /rustc/82e1608dfa6e0b5569232559e3d385fea5a93112/library/test/src/lib.rs:138:21
[INFO] [stdout]   13:     0x557b35b19778 - <alloc::boxed::Box<F,A> as core::ops::function::Fn<Args>>::call::h1f8f335eaa9cfaee
[INFO] [stdout]                                at /rustc/82e1608dfa6e0b5569232559e3d385fea5a93112/library/alloc/src/boxed.rs:2021:9
[INFO] [stdout]   14:     0x557b35b19778 - std::panicking::rust_panic_with_hook::h2b5517d590cab22e
[INFO] [stdout]                                at /rustc/82e1608dfa6e0b5569232559e3d385fea5a93112/library/std/src/panicking.rs:783:13
[INFO] [stdout]   15:     0x557b35b194ce - std::panicking::begin_panic_handler::{{closure}}::h233112c06e0ef43e
[INFO] [stdout]                                at /rustc/82e1608dfa6e0b5569232559e3d385fea5a93112/library/std/src/panicking.rs:657:13
[INFO] [stdout]   16:     0x557b35b17b86 - std::sys_common::backtrace::__rust_end_short_backtrace::h6e893f24d7ebbff8
[INFO] [stdout]                                at /rustc/82e1608dfa6e0b5569232559e3d385fea5a93112/library/std/src/sys_common/backtrace.rs:170:18
[INFO] [stdout]   17:     0x557b35b19232 - rust_begin_unwind
[INFO] [stdout]                                at /rustc/82e1608dfa6e0b5569232559e3d385fea5a93112/library/std/src/panicking.rs:645:5
[INFO] [stdout]   18:     0x557b358e1135 - core::panicking::panic_fmt::hbf0e066aabfa482c
[INFO] [stdout]                                at /rustc/82e1608dfa6e0b5569232559e3d385fea5a93112/library/core/src/panicking.rs:72:14
[INFO] [stdout]   19:     0x557b358e1763 - core::result::unwrap_failed::hddb4fea594200c52
[INFO] [stdout]                                at /rustc/82e1608dfa6e0b5569232559e3d385fea5a93112/library/core/src/result.rs:1653:5
[INFO] [stdout]   20:     0x557b3599c459 - core::result::Result<T,E>::unwrap::h7b9a02b56f02e8ce
[INFO] [stdout]                                at /rustc/82e1608dfa6e0b5569232559e3d385fea5a93112/library/core/src/result.rs:1077:23
[INFO] [stdout]   21:     0x557b3597c752 - breakpad_symbols::sym_file::test::test_symbolfile_from_file::h391a173ed1655c1b
[INFO] [stdout]                                at /opt/rustwide/workdir/src/sym_file/mod.rs:540:19
[INFO] [stdout]   22:     0x557b3597d892 - breakpad_symbols::sym_file::test::test_symbolfile_from_lf_file::h186c957f48c01ec3
[INFO] [stdout]                                at /opt/rustwide/workdir/src/sym_file/mod.rs:573:9
[INFO] [stdout]   23:     0x557b3597d867 - breakpad_symbols::sym_file::test::test_symbolfile_from_lf_file::{{closure}}::ha39ca22ddd8328be
[INFO] [stdout]                                at /opt/rustwide/workdir/src/sym_file/mod.rs:572:38
[INFO] [stdout]   24:     0x557b359524f6 - core::ops::function::FnOnce::call_once::hd2e1bbdcefb8dcde
[INFO] [stdout]                                at /rustc/82e1608dfa6e0b5569232559e3d385fea5a93112/library/core/src/ops/function.rs:250:5
[INFO] [stdout]   25:     0x557b35ace10f - core::ops::function::FnOnce::call_once::h2b5d431d5046312d
[INFO] [stdout]                                at /rustc/82e1608dfa6e0b5569232559e3d385fea5a93112/library/core/src/ops/function.rs:250:5
[INFO] [stdout]   26:     0x557b35ace10f - test::__rust_begin_short_backtrace::h7714669af176e207
[INFO] [stdout]                                at /rustc/82e1608dfa6e0b5569232559e3d385fea5a93112/library/test/src/lib.rs:628:18
[INFO] [stdout]   27:     0x557b35acd125 - test::run_test_in_process::{{closure}}::h85218797dcbcec12
[INFO] [stdout]                                at /rustc/82e1608dfa6e0b5569232559e3d385fea5a93112/library/test/src/lib.rs:651:60
[INFO] [stdout]   28:     0x557b35acd125 - <core::panic::unwind_safe::AssertUnwindSafe<F> as core::ops::function::FnOnce<()>>::call_once::h76c106ea31c14d7b
[INFO] [stdout]                                at /rustc/82e1608dfa6e0b5569232559e3d385fea5a93112/library/core/src/panic/unwind_safe.rs:272:9
[INFO] [stdout]   29:     0x557b35acd125 - std::panicking::try::do_call::h3bd5d0f6620ee946
[INFO] [stdout]                                at /rustc/82e1608dfa6e0b5569232559e3d385fea5a93112/library/std/src/panicking.rs:552:40
[INFO] [stdout]   30:     0x557b35acd125 - std::panicking::try::h232e535e4744fe31
[INFO] [stdout]                                at /rustc/82e1608dfa6e0b5569232559e3d385fea5a93112/library/std/src/panicking.rs:516:19
[INFO] [stdout]   31:     0x557b35acd125 - std::panic::catch_unwind::h3ce3bd6ca8dbac68
[INFO] [stdout]                                at /rustc/82e1608dfa6e0b5569232559e3d385fea5a93112/library/std/src/panic.rs:142:14
[INFO] [stdout]   32:     0x557b35acd125 - test::run_test_in_process::hc97b257c9621286a
[INFO] [stdout]                                at /rustc/82e1608dfa6e0b5569232559e3d385fea5a93112/library/test/src/lib.rs:651:27
[INFO] [stdout]   33:     0x557b35acd125 - test::run_test::{{closure}}::h2aa798823a438d38
[INFO] [stdout]                                at /rustc/82e1608dfa6e0b5569232559e3d385fea5a93112/library/test/src/lib.rs:574:43
[INFO] [stdout]   34:     0x557b35a953e6 - test::run_test::{{closure}}::h87d231c78fb59832
[INFO] [stdout]                                at /rustc/82e1608dfa6e0b5569232559e3d385fea5a93112/library/test/src/lib.rs:602:41
[INFO] [stdout]   35:     0x557b35a953e6 - std::sys_common::backtrace::__rust_begin_short_backtrace::he6df152596625789
[INFO] [stdout]                                at /rustc/82e1608dfa6e0b5569232559e3d385fea5a93112/library/std/src/sys_common/backtrace.rs:154:18
[INFO] [stdout]   36:     0x557b35a9a497 - std::thread::Builder::spawn_unchecked_::{{closure}}::{{closure}}::ha94be15d1e0acf36
[INFO] [stdout]                                at /rustc/82e1608dfa6e0b5569232559e3d385fea5a93112/library/std/src/thread/mod.rs:529:17
[INFO] [stdout]   37:     0x557b35a9a497 - <core::panic::unwind_safe::AssertUnwindSafe<F> as core::ops::function::FnOnce<()>>::call_once::h9dc6bd6372f16606
[INFO] [stdout]                                at /rustc/82e1608dfa6e0b5569232559e3d385fea5a93112/library/core/src/panic/unwind_safe.rs:272:9
[INFO] [stdout]   38:     0x557b35a9a497 - std::panicking::try::do_call::h9057517f80303cd4
[INFO] [stdout]                                at /rustc/82e1608dfa6e0b5569232559e3d385fea5a93112/library/std/src/panicking.rs:552:40
[INFO] [stdout]   39:     0x557b35a9a497 - std::panicking::try::he3a30b11ee45340c
[INFO] [stdout]                                at /rustc/82e1608dfa6e0b5569232559e3d385fea5a93112/library/std/src/panicking.rs:516:19
[INFO] [stdout]   40:     0x557b35a9a497 - std::panic::catch_unwind::h410458cfd3528b8b
[INFO] [stdout]                                at /rustc/82e1608dfa6e0b5569232559e3d385fea5a93112/library/std/src/panic.rs:142:14
[INFO] [stdout]   41:     0x557b35a9a497 - std::thread::Builder::spawn_unchecked_::{{closure}}::h72ac3bdb567b737b
[INFO] [stdout]                                at /rustc/82e1608dfa6e0b5569232559e3d385fea5a93112/library/std/src/thread/mod.rs:528:30
[INFO] [stdout]   42:     0x557b35a9a497 - core::ops::function::FnOnce::call_once{{vtable.shim}}::h38f34da3654a8344
[INFO] [stdout]                                at /rustc/82e1608dfa6e0b5569232559e3d385fea5a93112/library/core/src/ops/function.rs:250:5
[INFO] [stdout]   43:     0x557b35b1ecf5 - <alloc::boxed::Box<F,A> as core::ops::function::FnOnce<Args>>::call_once::hc7eafaff61e32df9
[INFO] [stdout]                                at /rustc/82e1608dfa6e0b5569232559e3d385fea5a93112/library/alloc/src/boxed.rs:2007:9
[INFO] [stdout]   44:     0x557b35b1ecf5 - <alloc::boxed::Box<F,A> as core::ops::function::FnOnce<Args>>::call_once::h6ba4a5de48dd2304
[INFO] [stdout]                                at /rustc/82e1608dfa6e0b5569232559e3d385fea5a93112/library/alloc/src/boxed.rs:2007:9
[INFO] [stdout]   45:     0x557b35b1ecf5 - std::sys::unix::thread::Thread::new::thread_start::he469335aef763e45
[INFO] [stdout]                                at /rustc/82e1608dfa6e0b5569232559e3d385fea5a93112/library/std/src/sys/unix/thread.rs:108:17
[INFO] [stdout]   46:     0x7fdbeb469ac3 - <unknown>
[INFO] [stdout]   47:     0x7fdbeb4fabf4 - __clone
[INFO] [stdout]   48:                0x0 - <unknown>
[INFO] [stdout] 
[INFO] [stdout] 
[INFO] [stdout] failures:
[INFO] [stdout]     sym_file::test::test_symbolfile_from_crlf_file
[INFO] [stdout]     sym_file::test::test_symbolfile_from_lf_file
[INFO] [stdout] 
[INFO] [stdout] test result: FAILED. 47 passed; 2 failed; 1 ignored; 0 measured; 0 filtered out; finished in 0.02s
[INFO] [stdout] 
[INFO] [stderr] error: test failed, to rerun pass `--lib`
[INFO] running `Command { std: "docker" "inspect" "8b3128c88ad6f7934869823e8aa7b1312ae5ad4ec79b034201efb7dce8a96103", kill_on_drop: false }`
[INFO] running `Command { std: "docker" "rm" "-f" "8b3128c88ad6f7934869823e8aa7b1312ae5ad4ec79b034201efb7dce8a96103", kill_on_drop: false }`
[INFO] [stdout] 8b3128c88ad6f7934869823e8aa7b1312ae5ad4ec79b034201efb7dce8a96103
