[INFO] fetching crate bowling 0.0.1...
[INFO] testing bowling-0.0.1 against 1.75.0 for beta-1.76-1
[INFO] extracting crate bowling 0.0.1 into /workspace/builds/worker-5-tc1/source
[INFO] validating manifest of crates.io crate bowling 0.0.1 on toolchain 1.75.0
[INFO] running `Command { std: CARGO_HOME="/workspace/cargo-home" RUSTUP_HOME="/workspace/rustup-home" "/workspace/cargo-home/bin/cargo" "+1.75.0" "metadata" "--manifest-path" "Cargo.toml" "--no-deps", kill_on_drop: false }`
[INFO] started tweaking crates.io crate bowling 0.0.1
[INFO] finished tweaking crates.io crate bowling 0.0.1
[INFO] tweaked toml for crates.io crate bowling 0.0.1 written to /workspace/builds/worker-5-tc1/source/Cargo.toml
[INFO] running `Command { std: CARGO_HOME="/workspace/cargo-home" RUSTUP_HOME="/workspace/rustup-home" "/workspace/cargo-home/bin/cargo" "+1.75.0" "generate-lockfile" "--manifest-path" "Cargo.toml", kill_on_drop: false }`
[INFO] [stderr]     Blocking waiting for file lock on package cache
[INFO] [stderr]     Updating crates.io index
[INFO] running `Command { std: CARGO_HOME="/workspace/cargo-home" RUSTUP_HOME="/workspace/rustup-home" "/workspace/cargo-home/bin/cargo" "+1.75.0" "fetch" "--manifest-path" "Cargo.toml", kill_on_drop: false }`
[INFO] [stderr]     Blocking waiting for file lock on package cache
[INFO] [stderr]     Blocking waiting for file lock on package cache
[INFO] running `Command { std: "docker" "create" "-v" "/var/lib/crater-agent-workspace/builds/worker-5-tc1/target:/opt/rustwide/target:rw,Z" "-v" "/var/lib/crater-agent-workspace/builds/worker-5-tc1/source:/opt/rustwide/workdir:ro,Z" "-v" "/var/lib/crater-agent-workspace/cargo-home:/opt/rustwide/cargo-home:ro,Z" "-v" "/var/lib/crater-agent-workspace/rustup-home:/opt/rustwide/rustup-home:ro,Z" "-e" "SOURCE_DIR=/opt/rustwide/workdir" "-e" "CARGO_TARGET_DIR=/opt/rustwide/target" "-e" "CARGO_HOME=/opt/rustwide/cargo-home" "-e" "RUSTUP_HOME=/opt/rustwide/rustup-home" "-w" "/opt/rustwide/workdir" "-m" "1610612736" "--user" "0:0" "--network" "none" "ghcr.io/rust-lang/crates-build-env/linux@sha256:2788e3201cd34a07e3172128adcd8b3090168a8e3bcc40d7c032b9dda1df7d1c" "/opt/rustwide/cargo-home/bin/cargo" "+1.75.0" "metadata" "--no-deps" "--format-version=1", kill_on_drop: false }`
[INFO] [stdout] f40e4ab67189605cf99dd1b2dac28d75df1ca8a93ac2085fba10bcb84bf845e9
[INFO] running `Command { std: "docker" "start" "-a" "f40e4ab67189605cf99dd1b2dac28d75df1ca8a93ac2085fba10bcb84bf845e9", kill_on_drop: false }`
[INFO] running `Command { std: "docker" "inspect" "f40e4ab67189605cf99dd1b2dac28d75df1ca8a93ac2085fba10bcb84bf845e9", kill_on_drop: false }`
[INFO] running `Command { std: "docker" "rm" "-f" "f40e4ab67189605cf99dd1b2dac28d75df1ca8a93ac2085fba10bcb84bf845e9", kill_on_drop: false }`
[INFO] [stdout] f40e4ab67189605cf99dd1b2dac28d75df1ca8a93ac2085fba10bcb84bf845e9
[INFO] running `Command { std: "docker" "create" "-v" "/var/lib/crater-agent-workspace/builds/worker-5-tc1/target:/opt/rustwide/target:rw,Z" "-v" "/var/lib/crater-agent-workspace/builds/worker-5-tc1/source:/opt/rustwide/workdir:ro,Z" "-v" "/var/lib/crater-agent-workspace/cargo-home:/opt/rustwide/cargo-home:ro,Z" "-v" "/var/lib/crater-agent-workspace/rustup-home:/opt/rustwide/rustup-home:ro,Z" "-e" "SOURCE_DIR=/opt/rustwide/workdir" "-e" "CARGO_TARGET_DIR=/opt/rustwide/target" "-e" "CARGO_INCREMENTAL=0" "-e" "RUST_BACKTRACE=full" "-e" "RUSTFLAGS=--cap-lints=warn" "-e" "RUSTDOCFLAGS=--cap-lints=warn" "-e" "CARGO_HOME=/opt/rustwide/cargo-home" "-e" "RUSTUP_HOME=/opt/rustwide/rustup-home" "-w" "/opt/rustwide/workdir" "-m" "1610612736" "--user" "0:0" "--network" "none" "ghcr.io/rust-lang/crates-build-env/linux@sha256:2788e3201cd34a07e3172128adcd8b3090168a8e3bcc40d7c032b9dda1df7d1c" "/opt/rustwide/cargo-home/bin/cargo" "+1.75.0" "build" "--frozen" "--message-format=json", kill_on_drop: false }`
[INFO] [stdout] 96585fdacdcfe4a7346852b235573456704f98cf7d3edff53b7f05b075707268
[INFO] running `Command { std: "docker" "start" "-a" "96585fdacdcfe4a7346852b235573456704f98cf7d3edff53b7f05b075707268", kill_on_drop: false }`
[INFO] [stderr]    Compiling libc v0.2.151
[INFO] [stderr]    Compiling syn v1.0.109
[INFO] [stderr]    Compiling memchr v2.7.1
[INFO] [stderr]    Compiling gimli v0.28.1
[INFO] [stderr]    Compiling failure_derive v0.1.8
[INFO] [stderr]    Compiling unicode-xid v0.2.4
[INFO] [stderr]    Compiling miniz_oxide v0.7.1
[INFO] [stderr]    Compiling rustc-demangle v0.1.23
[INFO] [stderr]    Compiling object v0.32.2
[INFO] [stderr]    Compiling cc v1.0.83
[INFO] [stderr]    Compiling backtrace v0.3.69
[INFO] [stderr]    Compiling addr2line v0.21.0
[INFO] [stderr]    Compiling synstructure v0.12.6
[INFO] [stderr]    Compiling failure v0.1.8
[INFO] [stderr]    Compiling bowling v0.0.1 (/opt/rustwide/workdir)
[INFO] [stdout] warning: variants `MaxThrows` and `UnexpectedStrike` are never constructed
[INFO] [stdout]   --> src/gamestate/player.rs:14:5
[INFO] [stdout]    |
[INFO] [stdout] 12 | enum ThrowError {
[INFO] [stdout]    |      ---------- variants in this enum
[INFO] [stdout] 13 |     #[fail(display = "max throws for frame reached")]
[INFO] [stdout] 14 |     MaxThrows,
[INFO] [stdout]    |     ^^^^^^^^^
[INFO] [stdout] 15 |     #[fail(display = "unexpected strike")]
[INFO] [stdout] 16 |     UnexpectedStrike,
[INFO] [stdout]    |     ^^^^^^^^^^^^^^^^
[INFO] [stdout]    |
[INFO] [stdout]    = note: `ThrowError` has a derived impl for the trait `Debug`, but this is intentionally ignored during dead code analysis
[INFO] [stdout]    = note: `#[warn(dead_code)]` on by default
[INFO] [stdout] 
[INFO] [stdout] 
[INFO] [stdout] warning: 1 warning emitted
[INFO] [stdout] 
[INFO] [stdout] 
[INFO] [stderr]     Finished dev [unoptimized + debuginfo] target(s) in 7.48s
[INFO] running `Command { std: "docker" "inspect" "96585fdacdcfe4a7346852b235573456704f98cf7d3edff53b7f05b075707268", kill_on_drop: false }`
[INFO] running `Command { std: "docker" "rm" "-f" "96585fdacdcfe4a7346852b235573456704f98cf7d3edff53b7f05b075707268", kill_on_drop: false }`
[INFO] [stdout] 96585fdacdcfe4a7346852b235573456704f98cf7d3edff53b7f05b075707268
[INFO] running `Command { std: "docker" "create" "-v" "/var/lib/crater-agent-workspace/builds/worker-5-tc1/target:/opt/rustwide/target:rw,Z" "-v" "/var/lib/crater-agent-workspace/builds/worker-5-tc1/source:/opt/rustwide/workdir:ro,Z" "-v" "/var/lib/crater-agent-workspace/cargo-home:/opt/rustwide/cargo-home:ro,Z" "-v" "/var/lib/crater-agent-workspace/rustup-home:/opt/rustwide/rustup-home:ro,Z" "-e" "SOURCE_DIR=/opt/rustwide/workdir" "-e" "CARGO_TARGET_DIR=/opt/rustwide/target" "-e" "CARGO_INCREMENTAL=0" "-e" "RUST_BACKTRACE=full" "-e" "RUSTFLAGS=--cap-lints=warn" "-e" "RUSTDOCFLAGS=--cap-lints=warn" "-e" "CARGO_HOME=/opt/rustwide/cargo-home" "-e" "RUSTUP_HOME=/opt/rustwide/rustup-home" "-w" "/opt/rustwide/workdir" "-m" "1610612736" "--user" "0:0" "--network" "none" "ghcr.io/rust-lang/crates-build-env/linux@sha256:2788e3201cd34a07e3172128adcd8b3090168a8e3bcc40d7c032b9dda1df7d1c" "/opt/rustwide/cargo-home/bin/cargo" "+1.75.0" "test" "--frozen" "--no-run" "--message-format=json", kill_on_drop: false }`
[INFO] [stdout] 8ab98fd25c1d40dd15094c2ee1a1c465e810bbd846a9c986adb337451a24b5c1
[INFO] running `Command { std: "docker" "start" "-a" "8ab98fd25c1d40dd15094c2ee1a1c465e810bbd846a9c986adb337451a24b5c1", kill_on_drop: false }`
[INFO] [stdout] warning: variants `MaxThrows` and `UnexpectedStrike` are never constructed
[INFO] [stdout]   --> src/gamestate/player.rs:14:5
[INFO] [stdout]    |
[INFO] [stdout] 12 | enum ThrowError {
[INFO] [stdout]    |      ---------- variants in this enum
[INFO] [stdout] 13 |     #[fail(display = "max throws for frame reached")]
[INFO] [stdout] 14 |     MaxThrows,
[INFO] [stdout]    |     ^^^^^^^^^
[INFO] [stdout] 15 |     #[fail(display = "unexpected strike")]
[INFO] [stdout] 16 |     UnexpectedStrike,
[INFO] [stdout]    |     ^^^^^^^^^^^^^^^^
[INFO] [stdout]    |
[INFO] [stdout]    = note: `ThrowError` has a derived impl for the trait `Debug`, but this is intentionally ignored during dead code analysis
[INFO] [stdout]    = note: `#[warn(dead_code)]` on by default
[INFO] [stdout] 
[INFO] [stdout] 
[INFO] [stdout] warning: 1 warning emitted
[INFO] [stdout] 
[INFO] [stdout] 
[INFO] [stderr]    Compiling bowling v0.0.1 (/opt/rustwide/workdir)
[INFO] [stdout] warning: unused import: `bowling::gamestate::*`
[INFO] [stdout]  --> tests/player.rs:2:5
[INFO] [stdout]   |
[INFO] [stdout] 2 | use bowling::gamestate::*;
[INFO] [stdout]   |     ^^^^^^^^^^^^^^^^^^^^^
[INFO] [stdout]   |
[INFO] [stdout]   = note: `#[warn(unused_imports)]` on by default
[INFO] [stdout] 
[INFO] [stdout] 
[INFO] [stdout] warning: unused variable: `frame`
[INFO] [stdout]  --> tests/frame.rs:6:9
[INFO] [stdout]   |
[INFO] [stdout] 6 |     let frame = Frame::new();
[INFO] [stdout]   |         ^^^^^ help: if this is intentional, prefix it with an underscore: `_frame`
[INFO] [stdout]   |
[INFO] [stdout]   = note: `#[warn(unused_variables)]` on by default
[INFO] [stdout] 
[INFO] [stdout] 
[INFO] [stdout] warning: use of deprecated method `failure::error::Error::cause`: please use 'as_fail()' method instead
[INFO] [stdout]  --> tests/throw.rs:7:53
[INFO] [stdout]   |
[INFO] [stdout] 7 |                Throw::try_from_str("").unwrap_err().cause().to_string());
[INFO] [stdout]   |                                                     ^^^^^
[INFO] [stdout]   |
[INFO] [stdout]   = note: `#[warn(deprecated)]` on by default
[INFO] [stdout] 
[INFO] [stdout] 
[INFO] [stdout] warning: use of deprecated method `failure::error::Error::cause`: please use 'as_fail()' method instead
[INFO] [stdout]  --> tests/throw.rs:9:74
[INFO] [stdout]   |
[INFO] [stdout] 9 |                Throw::try_from_str("1 0 1 0 1 0 0 0 0 0 1").unwrap_err().cause().to_string());
[INFO] [stdout]   |                                                                          ^^^^^
[INFO] [stdout] 
[INFO] [stdout] 
[INFO] [stdout] warning: use of deprecated method `failure::error::Error::cause`: please use 'as_fail()' method instead
[INFO] [stdout]   --> tests/throw.rs:11:65
[INFO] [stdout]    |
[INFO] [stdout] 11 |                Throw::try_from_str("not a number").unwrap_err().cause().to_string());
[INFO] [stdout]    |                                                                 ^^^^^
[INFO] [stdout] 
[INFO] [stdout] 
[INFO] [stdout] warning: variants `MaxThrows` and `UnexpectedStrike` are never constructed
[INFO] [stdout]   --> src/gamestate/player.rs:14:5
[INFO] [stdout]    |
[INFO] [stdout] 12 | enum ThrowError {
[INFO] [stdout]    |      ---------- variants in this enum
[INFO] [stdout] 13 |     #[fail(display = "max throws for frame reached")]
[INFO] [stdout] 14 |     MaxThrows,
[INFO] [stdout]    |     ^^^^^^^^^
[INFO] [stdout] 15 |     #[fail(display = "unexpected strike")]
[INFO] [stdout] 16 |     UnexpectedStrike,
[INFO] [stdout]    |     ^^^^^^^^^^^^^^^^
[INFO] [stdout]    |
[INFO] [stdout]    = note: `ThrowError` has a derived impl for the trait `Debug`, but this is intentionally ignored during dead code analysis
[INFO] [stdout]    = note: `#[warn(dead_code)]` on by default
[INFO] [stdout] 
[INFO] [stdout] 
[INFO] [stdout] warning: 1 warning emitted
[INFO] [stdout] 
[INFO] [stdout] 
[INFO] [stdout] warning: 1 warning emitted
[INFO] [stdout] 
[INFO] [stdout] 
[INFO] [stdout] warning: 1 warning emitted
[INFO] [stdout] 
[INFO] [stdout] 
[INFO] [stdout] warning: 3 warnings emitted
[INFO] [stdout] 
[INFO] [stdout] 
[INFO] [stderr]     Finished test [unoptimized + debuginfo] target(s) in 0.82s
[INFO] running `Command { std: "docker" "inspect" "8ab98fd25c1d40dd15094c2ee1a1c465e810bbd846a9c986adb337451a24b5c1", kill_on_drop: false }`
[INFO] running `Command { std: "docker" "rm" "-f" "8ab98fd25c1d40dd15094c2ee1a1c465e810bbd846a9c986adb337451a24b5c1", kill_on_drop: false }`
[INFO] [stdout] 8ab98fd25c1d40dd15094c2ee1a1c465e810bbd846a9c986adb337451a24b5c1
[INFO] running `Command { std: "docker" "create" "-v" "/var/lib/crater-agent-workspace/builds/worker-5-tc1/target:/opt/rustwide/target:rw,Z" "-v" "/var/lib/crater-agent-workspace/builds/worker-5-tc1/source:/opt/rustwide/workdir:ro,Z" "-v" "/var/lib/crater-agent-workspace/cargo-home:/opt/rustwide/cargo-home:ro,Z" "-v" "/var/lib/crater-agent-workspace/rustup-home:/opt/rustwide/rustup-home:ro,Z" "-e" "SOURCE_DIR=/opt/rustwide/workdir" "-e" "CARGO_TARGET_DIR=/opt/rustwide/target" "-e" "CARGO_INCREMENTAL=0" "-e" "RUST_BACKTRACE=full" "-e" "RUSTFLAGS=--cap-lints=warn" "-e" "RUSTDOCFLAGS=--cap-lints=warn" "-e" "CARGO_HOME=/opt/rustwide/cargo-home" "-e" "RUSTUP_HOME=/opt/rustwide/rustup-home" "-w" "/opt/rustwide/workdir" "-m" "1610612736" "--user" "0:0" "--network" "none" "ghcr.io/rust-lang/crates-build-env/linux@sha256:2788e3201cd34a07e3172128adcd8b3090168a8e3bcc40d7c032b9dda1df7d1c" "/opt/rustwide/cargo-home/bin/cargo" "+1.75.0" "test" "--frozen", kill_on_drop: false }`
[INFO] [stdout] 0d43ff6485e9dd3ccd0bbb93f48bc42afb20b6493f1b717b3e7a73a5a9af8824
[INFO] running `Command { std: "docker" "start" "-a" "0d43ff6485e9dd3ccd0bbb93f48bc42afb20b6493f1b717b3e7a73a5a9af8824", kill_on_drop: false }`
[INFO] [stderr] warning: variants `MaxThrows` and `UnexpectedStrike` are never constructed
[INFO] [stderr]   --> src/gamestate/player.rs:14:5
[INFO] [stderr]    |
[INFO] [stderr] 12 | enum ThrowError {
[INFO] [stderr]    |      ---------- variants in this enum
[INFO] [stderr] 13 |     #[fail(display = "max throws for frame reached")]
[INFO] [stderr] 14 |     MaxThrows,
[INFO] [stderr]    |     ^^^^^^^^^
[INFO] [stderr] 15 |     #[fail(display = "unexpected strike")]
[INFO] [stderr] 16 |     UnexpectedStrike,
[INFO] [stderr]    |     ^^^^^^^^^^^^^^^^
[INFO] [stderr]    |
[INFO] [stderr]    = note: `ThrowError` has a derived impl for the trait `Debug`, but this is intentionally ignored during dead code analysis
[INFO] [stderr]    = note: `#[warn(dead_code)]` on by default
[INFO] [stderr] 
[INFO] [stderr] warning: `bowling` (lib) generated 1 warning
[INFO] [stderr] warning: unused variable: `frame`
[INFO] [stderr]  --> tests/frame.rs:6:9
[INFO] [stderr]   |
[INFO] [stderr] 6 |     let frame = Frame::new();
[INFO] [stderr]   |         ^^^^^ help: if this is intentional, prefix it with an underscore: `_frame`
[INFO] [stderr]   |
[INFO] [stderr]   = note: `#[warn(unused_variables)]` on by default
[INFO] [stderr] 
[INFO] [stderr] warning: `bowling` (test "frame") generated 1 warning (run `cargo fix --test "frame"` to apply 1 suggestion)
[INFO] [stderr] warning: unused import: `bowling::gamestate::*`
[INFO] [stderr]  --> tests/player.rs:2:5
[INFO] [stderr]   |
[INFO] [stderr] 2 | use bowling::gamestate::*;
[INFO] [stderr]   |     ^^^^^^^^^^^^^^^^^^^^^
[INFO] [stderr]   |
[INFO] [stderr]   = note: `#[warn(unused_imports)]` on by default
[INFO] [stderr] 
[INFO] [stderr] warning: `bowling` (test "player") generated 1 warning (run `cargo fix --test "player"` to apply 1 suggestion)
[INFO] [stderr] warning: use of deprecated method `failure::error::Error::cause`: please use 'as_fail()' method instead
[INFO] [stderr]  --> tests/throw.rs:7:53
[INFO] [stderr]   |
[INFO] [stderr] 7 |                Throw::try_from_str("").unwrap_err().cause().to_string());
[INFO] [stderr]   |                                                     ^^^^^
[INFO] [stderr]   |
[INFO] [stderr]   = note: `#[warn(deprecated)]` on by default
[INFO] [stderr] 
[INFO] [stderr] warning: use of deprecated method `failure::error::Error::cause`: please use 'as_fail()' method instead
[INFO] [stderr]  --> tests/throw.rs:9:74
[INFO] [stderr]   |
[INFO] [stderr] 9 |                Throw::try_from_str("1 0 1 0 1 0 0 0 0 0 1").unwrap_err().cause().to_string());
[INFO] [stderr]   |                                                                          ^^^^^
[INFO] [stderr] 
[INFO] [stderr] warning: use of deprecated method `failure::error::Error::cause`: please use 'as_fail()' method instead
[INFO] [stderr]   --> tests/throw.rs:11:65
[INFO] [stderr]    |
[INFO] [stderr] 11 |                Throw::try_from_str("not a number").unwrap_err().cause().to_string());
[INFO] [stderr]    |                                                                 ^^^^^
[INFO] [stderr] 
[INFO] [stderr] warning: `bowling` (test "throw") generated 3 warnings
[INFO] [stderr] warning: `bowling` (lib test) generated 1 warning (1 duplicate)
[INFO] [stderr]     Finished test [unoptimized + debuginfo] target(s) in 0.02s
[INFO] [stdout] 
[INFO] [stderr]      Running unittests src/lib.rs (/opt/rustwide/target/debug/deps/bowling-4a1f82b71967ce4a)
[INFO] [stdout] running 0 tests
[INFO] [stdout] 
[INFO] [stdout] test result: ok. 0 passed; 0 failed; 0 ignored; 0 measured; 0 filtered out; finished in 0.00s
[INFO] [stdout] 
[INFO] [stderr]      Running tests/frame.rs (/opt/rustwide/target/debug/deps/frame-3475fea9e9583f87)
[INFO] [stdout] 
[INFO] [stdout] running 1 test
[INFO] [stdout] test new_frame ... FAILED
[INFO] [stdout] 
[INFO] [stdout] failures:
[INFO] [stdout] 
[INFO] [stdout] ---- new_frame stdout ----
[INFO] [stdout] thread 'new_frame' panicked at tests/frame.rs:7:5:
[INFO] [stdout] assertion `left == right` failed
[INFO] [stdout]   left: true
[INFO] [stdout]  right: false
[INFO] [stdout] stack backtrace:
[INFO] [stdout]    0:     0x55f682cf651c - std::backtrace_rs::backtrace::libunwind::trace::ha637c64ce894333a
[INFO] [stdout]                                at /rustc/82e1608dfa6e0b5569232559e3d385fea5a93112/library/std/src/../../backtrace/src/backtrace/libunwind.rs:104:5
[INFO] [stdout]    1:     0x55f682cf651c - std::backtrace_rs::backtrace::trace_unsynchronized::h47f62dea28e0c88d
[INFO] [stdout]                                at /rustc/82e1608dfa6e0b5569232559e3d385fea5a93112/library/std/src/../../backtrace/src/backtrace/mod.rs:66:5
[INFO] [stdout]    2:     0x55f682cf651c - std::sys_common::backtrace::_print_fmt::h9eef0abe20ede486
[INFO] [stdout]                                at /rustc/82e1608dfa6e0b5569232559e3d385fea5a93112/library/std/src/sys_common/backtrace.rs:67:5
[INFO] [stdout]    3:     0x55f682cf651c - <std::sys_common::backtrace::_print::DisplayBacktrace as core::fmt::Display>::fmt::hed7f999df88cc644
[INFO] [stdout]                                at /rustc/82e1608dfa6e0b5569232559e3d385fea5a93112/library/std/src/sys_common/backtrace.rs:44:22
[INFO] [stdout]    4:     0x55f682d20060 - core::fmt::rt::Argument::fmt::h1539a9308b8d058d
[INFO] [stdout]                                at /rustc/82e1608dfa6e0b5569232559e3d385fea5a93112/library/core/src/fmt/rt.rs:142:9
[INFO] [stdout]    5:     0x55f682d20060 - core::fmt::write::h3a39390d8560d9c9
[INFO] [stdout]                                at /rustc/82e1608dfa6e0b5569232559e3d385fea5a93112/library/core/src/fmt/mod.rs:1120:17
[INFO] [stdout]    6:     0x55f682cf3ecf - std::io::Write::write_fmt::h040b369f3a0f9cbc
[INFO] [stdout]                                at /rustc/82e1608dfa6e0b5569232559e3d385fea5a93112/library/std/src/io/mod.rs:1762:15
[INFO] [stdout]    7:     0x55f682cf6304 - std::sys_common::backtrace::_print::h894006fb5c6f3d45
[INFO] [stdout]                                at /rustc/82e1608dfa6e0b5569232559e3d385fea5a93112/library/std/src/sys_common/backtrace.rs:47:5
[INFO] [stdout]    8:     0x55f682cf6304 - std::sys_common::backtrace::print::h23a2d212c6fff936
[INFO] [stdout]                                at /rustc/82e1608dfa6e0b5569232559e3d385fea5a93112/library/std/src/sys_common/backtrace.rs:34:9
[INFO] [stdout]    9:     0x55f682cf7fc7 - std::panicking::default_hook::{{closure}}::h8a1d2ee00185001a
[INFO] [stdout]   10:     0x55f682cf7cb3 - std::panicking::default_hook::h6038f2eba384e475
[INFO] [stdout]                                at /rustc/82e1608dfa6e0b5569232559e3d385fea5a93112/library/std/src/panicking.rs:289:9
[INFO] [stdout]   11:     0x55f682cc7497 - <alloc::boxed::Box<F,A> as core::ops::function::Fn<Args>>::call::h0ad024c9bdc6d768
[INFO] [stdout]                                at /rustc/82e1608dfa6e0b5569232559e3d385fea5a93112/library/alloc/src/boxed.rs:2021:9
[INFO] [stdout]   12:     0x55f682cc7497 - test::test_main::{{closure}}::h7500b54257359db6
[INFO] [stdout]                                at /rustc/82e1608dfa6e0b5569232559e3d385fea5a93112/library/test/src/lib.rs:138:21
[INFO] [stdout]   13:     0x55f682cf85d8 - <alloc::boxed::Box<F,A> as core::ops::function::Fn<Args>>::call::h1f8f335eaa9cfaee
[INFO] [stdout]                                at /rustc/82e1608dfa6e0b5569232559e3d385fea5a93112/library/alloc/src/boxed.rs:2021:9
[INFO] [stdout]   14:     0x55f682cf85d8 - std::panicking::rust_panic_with_hook::h2b5517d590cab22e
[INFO] [stdout]                                at /rustc/82e1608dfa6e0b5569232559e3d385fea5a93112/library/std/src/panicking.rs:783:13
[INFO] [stdout]   15:     0x55f682cf832e - std::panicking::begin_panic_handler::{{closure}}::h233112c06e0ef43e
[INFO] [stdout]                                at /rustc/82e1608dfa6e0b5569232559e3d385fea5a93112/library/std/src/panicking.rs:657:13
[INFO] [stdout]   16:     0x55f682cf69e6 - std::sys_common::backtrace::__rust_end_short_backtrace::h6e893f24d7ebbff8
[INFO] [stdout]                                at /rustc/82e1608dfa6e0b5569232559e3d385fea5a93112/library/std/src/sys_common/backtrace.rs:170:18
[INFO] [stdout]   17:     0x55f682cf8092 - rust_begin_unwind
[INFO] [stdout]                                at /rustc/82e1608dfa6e0b5569232559e3d385fea5a93112/library/std/src/panicking.rs:645:5
[INFO] [stdout]   18:     0x55f682c92ce5 - core::panicking::panic_fmt::hbf0e066aabfa482c
[INFO] [stdout]                                at /rustc/82e1608dfa6e0b5569232559e3d385fea5a93112/library/core/src/panicking.rs:72:14
[INFO] [stdout]   19:     0x55f682c9300b - core::panicking::assert_failed_inner::h0bba8b7c26ee4492
[INFO] [stdout]   20:     0x55f682c937ee - core::panicking::assert_failed::h846d1b498bf76c2d
[INFO] [stdout]                                at /rustc/82e1608dfa6e0b5569232559e3d385fea5a93112/library/core/src/panicking.rs:279:5
[INFO] [stdout]   21:     0x55f682c93a74 - frame::new_frame::hb5e3faa2fc11916b
[INFO] [stdout]                                at /opt/rustwide/workdir/tests/frame.rs:7:5
[INFO] [stdout]   22:     0x55f682c939d7 - frame::new_frame::{{closure}}::h2f5b09384c08724f
[INFO] [stdout]                                at /opt/rustwide/workdir/tests/frame.rs:5:15
[INFO] [stdout]   23:     0x55f682c93716 - core::ops::function::FnOnce::call_once::h39cba3b7b075736b
[INFO] [stdout]                                at /rustc/82e1608dfa6e0b5569232559e3d385fea5a93112/library/core/src/ops/function.rs:250:5
[INFO] [stdout]   24:     0x55f682cccaef - core::ops::function::FnOnce::call_once::h2b5d431d5046312d
[INFO] [stdout]                                at /rustc/82e1608dfa6e0b5569232559e3d385fea5a93112/library/core/src/ops/function.rs:250:5
[INFO] [stdout]   25:     0x55f682cccaef - test::__rust_begin_short_backtrace::h7714669af176e207
[INFO] [stdout]                                at /rustc/82e1608dfa6e0b5569232559e3d385fea5a93112/library/test/src/lib.rs:628:18
[INFO] [stdout]   26:     0x55f682ccbb05 - test::run_test_in_process::{{closure}}::h85218797dcbcec12
[INFO] [stdout]                                at /rustc/82e1608dfa6e0b5569232559e3d385fea5a93112/library/test/src/lib.rs:651:60
[INFO] [stdout]   27:     0x55f682ccbb05 - <core::panic::unwind_safe::AssertUnwindSafe<F> as core::ops::function::FnOnce<()>>::call_once::h76c106ea31c14d7b
[INFO] [stdout]                                at /rustc/82e1608dfa6e0b5569232559e3d385fea5a93112/library/core/src/panic/unwind_safe.rs:272:9
[INFO] [stdout]   28:     0x55f682ccbb05 - std::panicking::try::do_call::h3bd5d0f6620ee946
[INFO] [stdout]                                at /rustc/82e1608dfa6e0b5569232559e3d385fea5a93112/library/std/src/panicking.rs:552:40
[INFO] [stdout]   29:     0x55f682ccbb05 - std::panicking::try::h232e535e4744fe31
[INFO] [stdout]                                at /rustc/82e1608dfa6e0b5569232559e3d385fea5a93112/library/std/src/panicking.rs:516:19
[INFO] [stdout]   30:     0x55f682ccbb05 - std::panic::catch_unwind::h3ce3bd6ca8dbac68
[INFO] [stdout]                                at /rustc/82e1608dfa6e0b5569232559e3d385fea5a93112/library/std/src/panic.rs:142:14
[INFO] [stdout]   31:     0x55f682ccbb05 - test::run_test_in_process::hc97b257c9621286a
[INFO] [stdout]                                at /rustc/82e1608dfa6e0b5569232559e3d385fea5a93112/library/test/src/lib.rs:651:27
[INFO] [stdout]   32:     0x55f682ccbb05 - test::run_test::{{closure}}::h2aa798823a438d38
[INFO] [stdout]                                at /rustc/82e1608dfa6e0b5569232559e3d385fea5a93112/library/test/src/lib.rs:574:43
[INFO] [stdout]   33:     0x55f682c93dc6 - test::run_test::{{closure}}::h87d231c78fb59832
[INFO] [stdout]                                at /rustc/82e1608dfa6e0b5569232559e3d385fea5a93112/library/test/src/lib.rs:602:41
[INFO] [stdout]   34:     0x55f682c93dc6 - std::sys_common::backtrace::__rust_begin_short_backtrace::he6df152596625789
[INFO] [stdout]                                at /rustc/82e1608dfa6e0b5569232559e3d385fea5a93112/library/std/src/sys_common/backtrace.rs:154:18
[INFO] [stdout]   35:     0x55f682c98e77 - std::thread::Builder::spawn_unchecked_::{{closure}}::{{closure}}::ha94be15d1e0acf36
[INFO] [stdout]                                at /rustc/82e1608dfa6e0b5569232559e3d385fea5a93112/library/std/src/thread/mod.rs:529:17
[INFO] [stdout]   36:     0x55f682c98e77 - <core::panic::unwind_safe::AssertUnwindSafe<F> as core::ops::function::FnOnce<()>>::call_once::h9dc6bd6372f16606
[INFO] [stdout]                                at /rustc/82e1608dfa6e0b5569232559e3d385fea5a93112/library/core/src/panic/unwind_safe.rs:272:9
[INFO] [stdout]   37:     0x55f682c98e77 - std::panicking::try::do_call::h9057517f80303cd4
[INFO] [stdout]                                at /rustc/82e1608dfa6e0b5569232559e3d385fea5a93112/library/std/src/panicking.rs:552:40
[INFO] [stdout]   38:     0x55f682c98e77 - std::panicking::try::he3a30b11ee45340c
[INFO] [stdout]                                at /rustc/82e1608dfa6e0b5569232559e3d385fea5a93112/library/std/src/panicking.rs:516:19
[INFO] [stdout]   39:     0x55f682c98e77 - std::panic::catch_unwind::h410458cfd3528b8b
[INFO] [stdout]                                at /rustc/82e1608dfa6e0b5569232559e3d385fea5a93112/library/std/src/panic.rs:142:14
[INFO] [stdout]   40:     0x55f682c98e77 - std::thread::Builder::spawn_unchecked_::{{closure}}::h72ac3bdb567b737b
[INFO] [stdout]                                at /rustc/82e1608dfa6e0b5569232559e3d385fea5a93112/library/std/src/thread/mod.rs:528:30
[INFO] [stdout]   41:     0x55f682c98e77 - core::ops::function::FnOnce::call_once{{vtable.shim}}::h38f34da3654a8344
[INFO] [stdout]                                at /rustc/82e1608dfa6e0b5569232559e3d385fea5a93112/library/core/src/ops/function.rs:250:5
[INFO] [stdout]   42:     0x55f682cfd065 - <alloc::boxed::Box<F,A> as core::ops::function::FnOnce<Args>>::call_once::hc7eafaff61e32df9
[INFO] [stdout]                                at /rustc/82e1608dfa6e0b5569232559e3d385fea5a93112/library/alloc/src/boxed.rs:2007:9
[INFO] [stdout]   43:     0x55f682cfd065 - <alloc::boxed::Box<F,A> as core::ops::function::FnOnce<Args>>::call_once::h6ba4a5de48dd2304
[INFO] [stdout]                                at /rustc/82e1608dfa6e0b5569232559e3d385fea5a93112/library/alloc/src/boxed.rs:2007:9
[INFO] [stdout]   44:     0x55f682cfd065 - std::sys::unix::thread::Thread::new::thread_start::he469335aef763e45
[INFO] [stdout]                                at /rustc/82e1608dfa6e0b5569232559e3d385fea5a93112/library/std/src/sys/unix/thread.rs:108:17
[INFO] [stdout]   45:     0x7fe164770ac3 - <unknown>
[INFO] [stdout]   46:     0x7fe164801bf4 - __clone
[INFO] [stdout]   47:                0x0 - <unknown>
[INFO] [stdout] 
[INFO] [stdout] 
[INFO] [stdout] failures:
[INFO] [stdout]     new_frame
[INFO] [stdout] 
[INFO] [stdout] test result: FAILED. 0 passed; 1 failed; 0 ignored; 0 measured; 0 filtered out; finished in 0.02s
[INFO] [stdout] 
[INFO] [stderr] error: test failed, to rerun pass `--test frame`
[INFO] running `Command { std: "docker" "inspect" "0d43ff6485e9dd3ccd0bbb93f48bc42afb20b6493f1b717b3e7a73a5a9af8824", kill_on_drop: false }`
[INFO] running `Command { std: "docker" "rm" "-f" "0d43ff6485e9dd3ccd0bbb93f48bc42afb20b6493f1b717b3e7a73a5a9af8824", kill_on_drop: false }`
[INFO] [stdout] 0d43ff6485e9dd3ccd0bbb93f48bc42afb20b6493f1b717b3e7a73a5a9af8824
[INFO] testing bowling-0.0.1 against beta-2023-12-22 for beta-1.76-1
[INFO] extracting crate bowling 0.0.1 into /workspace/builds/worker-5-tc2/source
[INFO] validating manifest of crates.io crate bowling 0.0.1 on toolchain beta-2023-12-22
[INFO] running `Command { std: CARGO_HOME="/workspace/cargo-home" RUSTUP_HOME="/workspace/rustup-home" "/workspace/cargo-home/bin/cargo" "+beta-2023-12-22" "metadata" "--manifest-path" "Cargo.toml" "--no-deps", kill_on_drop: false }`
[INFO] started tweaking crates.io crate bowling 0.0.1
[INFO] finished tweaking crates.io crate bowling 0.0.1
[INFO] tweaked toml for crates.io crate bowling 0.0.1 written to /workspace/builds/worker-5-tc2/source/Cargo.toml
[INFO] running `Command { std: CARGO_HOME="/workspace/cargo-home" RUSTUP_HOME="/workspace/rustup-home" "/workspace/cargo-home/bin/cargo" "+beta-2023-12-22" "generate-lockfile" "--manifest-path" "Cargo.toml", kill_on_drop: false }`
[INFO] [stderr]     Updating crates.io index
[INFO] running `Command { std: CARGO_HOME="/workspace/cargo-home" RUSTUP_HOME="/workspace/rustup-home" "/workspace/cargo-home/bin/cargo" "+beta-2023-12-22" "fetch" "--manifest-path" "Cargo.toml", kill_on_drop: false }`
[INFO] running `Command { std: "docker" "create" "-v" "/var/lib/crater-agent-workspace/builds/worker-5-tc2/target:/opt/rustwide/target:rw,Z" "-v" "/var/lib/crater-agent-workspace/builds/worker-5-tc2/source:/opt/rustwide/workdir:ro,Z" "-v" "/var/lib/crater-agent-workspace/cargo-home:/opt/rustwide/cargo-home:ro,Z" "-v" "/var/lib/crater-agent-workspace/rustup-home:/opt/rustwide/rustup-home:ro,Z" "-e" "SOURCE_DIR=/opt/rustwide/workdir" "-e" "CARGO_TARGET_DIR=/opt/rustwide/target" "-e" "CARGO_HOME=/opt/rustwide/cargo-home" "-e" "RUSTUP_HOME=/opt/rustwide/rustup-home" "-w" "/opt/rustwide/workdir" "-m" "1610612736" "--user" "0:0" "--network" "none" "ghcr.io/rust-lang/crates-build-env/linux@sha256:2788e3201cd34a07e3172128adcd8b3090168a8e3bcc40d7c032b9dda1df7d1c" "/opt/rustwide/cargo-home/bin/cargo" "+beta-2023-12-22" "metadata" "--no-deps" "--format-version=1", kill_on_drop: false }`
[INFO] [stdout] 5b322213f2316874c07da2e0942abfde9d6baa82d0b1c4f1b5f7f95918bb085a
[INFO] running `Command { std: "docker" "start" "-a" "5b322213f2316874c07da2e0942abfde9d6baa82d0b1c4f1b5f7f95918bb085a", kill_on_drop: false }`
[INFO] running `Command { std: "docker" "inspect" "5b322213f2316874c07da2e0942abfde9d6baa82d0b1c4f1b5f7f95918bb085a", kill_on_drop: false }`
[INFO] running `Command { std: "docker" "rm" "-f" "5b322213f2316874c07da2e0942abfde9d6baa82d0b1c4f1b5f7f95918bb085a", kill_on_drop: false }`
[INFO] [stdout] 5b322213f2316874c07da2e0942abfde9d6baa82d0b1c4f1b5f7f95918bb085a
[INFO] running `Command { std: "docker" "create" "-v" "/var/lib/crater-agent-workspace/builds/worker-5-tc2/target:/opt/rustwide/target:rw,Z" "-v" "/var/lib/crater-agent-workspace/builds/worker-5-tc2/source:/opt/rustwide/workdir:ro,Z" "-v" "/var/lib/crater-agent-workspace/cargo-home:/opt/rustwide/cargo-home:ro,Z" "-v" "/var/lib/crater-agent-workspace/rustup-home:/opt/rustwide/rustup-home:ro,Z" "-e" "SOURCE_DIR=/opt/rustwide/workdir" "-e" "CARGO_TARGET_DIR=/opt/rustwide/target" "-e" "CARGO_INCREMENTAL=0" "-e" "RUST_BACKTRACE=full" "-e" "RUSTFLAGS=--cap-lints=warn" "-e" "RUSTDOCFLAGS=--cap-lints=warn" "-e" "CARGO_HOME=/opt/rustwide/cargo-home" "-e" "RUSTUP_HOME=/opt/rustwide/rustup-home" "-w" "/opt/rustwide/workdir" "-m" "1610612736" "--user" "0:0" "--network" "none" "ghcr.io/rust-lang/crates-build-env/linux@sha256:2788e3201cd34a07e3172128adcd8b3090168a8e3bcc40d7c032b9dda1df7d1c" "/opt/rustwide/cargo-home/bin/cargo" "+beta-2023-12-22" "build" "--frozen" "--message-format=json", kill_on_drop: false }`
[INFO] [stdout] 81b6245e77f8ddf96cd63645e849eb78eb14fe8c26a60c51b16522f34ae3689b
[INFO] running `Command { std: "docker" "start" "-a" "81b6245e77f8ddf96cd63645e849eb78eb14fe8c26a60c51b16522f34ae3689b", kill_on_drop: false }`
[INFO] [stderr]    Compiling libc v0.2.151
[INFO] [stderr]    Compiling syn v1.0.109
[INFO] [stderr]    Compiling memchr v2.7.1
[INFO] [stderr]    Compiling gimli v0.28.1
[INFO] [stderr]    Compiling unicode-xid v0.2.4
[INFO] [stderr]    Compiling failure_derive v0.1.8
[INFO] [stderr]    Compiling miniz_oxide v0.7.1
[INFO] [stderr]    Compiling rustc-demangle v0.1.23
[INFO] [stderr]    Compiling object v0.32.2
[INFO] [stderr]    Compiling cc v1.0.83
[INFO] [stderr]    Compiling backtrace v0.3.69
[INFO] [stderr]    Compiling addr2line v0.21.0
[INFO] [stderr]    Compiling synstructure v0.12.6
[INFO] [stderr]    Compiling failure v0.1.8
[INFO] [stderr]    Compiling bowling v0.0.1 (/opt/rustwide/workdir)
[INFO] [stdout] warning: variants `MaxThrows` and `UnexpectedStrike` are never constructed
[INFO] [stdout]   --> src/gamestate/player.rs:14:5
[INFO] [stdout]    |
[INFO] [stdout] 12 | enum ThrowError {
[INFO] [stdout]    |      ---------- variants in this enum
[INFO] [stdout] 13 |     #[fail(display = "max throws for frame reached")]
[INFO] [stdout] 14 |     MaxThrows,
[INFO] [stdout]    |     ^^^^^^^^^
[INFO] [stdout] 15 |     #[fail(display = "unexpected strike")]
[INFO] [stdout] 16 |     UnexpectedStrike,
[INFO] [stdout]    |     ^^^^^^^^^^^^^^^^
[INFO] [stdout]    |
[INFO] [stdout]    = note: `ThrowError` has a derived impl for the trait `Debug`, but this is intentionally ignored during dead code analysis
[INFO] [stdout]    = note: `#[warn(dead_code)]` on by default
[INFO] [stdout] 
[INFO] [stdout] 
[INFO] [stdout] warning: 1 warning emitted
[INFO] [stdout] 
[INFO] [stdout] 
[INFO] [stderr]     Finished dev [unoptimized + debuginfo] target(s) in 5.18s
[INFO] running `Command { std: "docker" "inspect" "81b6245e77f8ddf96cd63645e849eb78eb14fe8c26a60c51b16522f34ae3689b", kill_on_drop: false }`
[INFO] running `Command { std: "docker" "rm" "-f" "81b6245e77f8ddf96cd63645e849eb78eb14fe8c26a60c51b16522f34ae3689b", kill_on_drop: false }`
[INFO] [stdout] 81b6245e77f8ddf96cd63645e849eb78eb14fe8c26a60c51b16522f34ae3689b
[INFO] running `Command { std: "docker" "create" "-v" "/var/lib/crater-agent-workspace/builds/worker-5-tc2/target:/opt/rustwide/target:rw,Z" "-v" "/var/lib/crater-agent-workspace/builds/worker-5-tc2/source:/opt/rustwide/workdir:ro,Z" "-v" "/var/lib/crater-agent-workspace/cargo-home:/opt/rustwide/cargo-home:ro,Z" "-v" "/var/lib/crater-agent-workspace/rustup-home:/opt/rustwide/rustup-home:ro,Z" "-e" "SOURCE_DIR=/opt/rustwide/workdir" "-e" "CARGO_TARGET_DIR=/opt/rustwide/target" "-e" "CARGO_INCREMENTAL=0" "-e" "RUST_BACKTRACE=full" "-e" "RUSTFLAGS=--cap-lints=warn" "-e" "RUSTDOCFLAGS=--cap-lints=warn" "-e" "CARGO_HOME=/opt/rustwide/cargo-home" "-e" "RUSTUP_HOME=/opt/rustwide/rustup-home" "-w" "/opt/rustwide/workdir" "-m" "1610612736" "--user" "0:0" "--network" "none" "ghcr.io/rust-lang/crates-build-env/linux@sha256:2788e3201cd34a07e3172128adcd8b3090168a8e3bcc40d7c032b9dda1df7d1c" "/opt/rustwide/cargo-home/bin/cargo" "+beta-2023-12-22" "test" "--frozen" "--no-run" "--message-format=json", kill_on_drop: false }`
[INFO] [stdout] 629dc4d96b39ea0f586e7469d3e43be24c40524b11e2b824fa4d1d7179068db1
[INFO] running `Command { std: "docker" "start" "-a" "629dc4d96b39ea0f586e7469d3e43be24c40524b11e2b824fa4d1d7179068db1", kill_on_drop: false }`
[INFO] [stdout] warning: variants `MaxThrows` and `UnexpectedStrike` are never constructed
[INFO] [stdout]   --> src/gamestate/player.rs:14:5
[INFO] [stdout]    |
[INFO] [stdout] 12 | enum ThrowError {
[INFO] [stdout]    |      ---------- variants in this enum
[INFO] [stdout] 13 |     #[fail(display = "max throws for frame reached")]
[INFO] [stdout] 14 |     MaxThrows,
[INFO] [stdout]    |     ^^^^^^^^^
[INFO] [stdout] 15 |     #[fail(display = "unexpected strike")]
[INFO] [stdout] 16 |     UnexpectedStrike,
[INFO] [stdout]    |     ^^^^^^^^^^^^^^^^
[INFO] [stdout]    |
[INFO] [stdout]    = note: `ThrowError` has a derived impl for the trait `Debug`, but this is intentionally ignored during dead code analysis
[INFO] [stdout]    = note: `#[warn(dead_code)]` on by default
[INFO] [stdout] 
[INFO] [stdout] 
[INFO] [stdout] warning: 1 warning emitted
[INFO] [stdout] 
[INFO] [stdout] 
[INFO] [stderr]    Compiling bowling v0.0.1 (/opt/rustwide/workdir)
[INFO] [stdout] warning: unused import: `bowling::gamestate::*`
[INFO] [stdout]  --> tests/player.rs:2:5
[INFO] [stdout]   |
[INFO] [stdout] 2 | use bowling::gamestate::*;
[INFO] [stdout]   |     ^^^^^^^^^^^^^^^^^^^^^
[INFO] [stdout]   |
[INFO] [stdout]   = note: `#[warn(unused_imports)]` on by default
[INFO] [stdout] 
[INFO] [stdout] 
[INFO] [stdout] warning: unused variable: `frame`
[INFO] [stdout]  --> tests/frame.rs:6:9
[INFO] [stdout]   |
[INFO] [stdout] 6 |     let frame = Frame::new();
[INFO] [stdout]   |         ^^^^^ help: if this is intentional, prefix it with an underscore: `_frame`
[INFO] [stdout]   |
[INFO] [stdout]   = note: `#[warn(unused_variables)]` on by default
[INFO] [stdout] 
[INFO] [stdout] 
[INFO] [stdout] warning: use of deprecated method `failure::error::Error::cause`: please use 'as_fail()' method instead
[INFO] [stdout]  --> tests/throw.rs:7:53
[INFO] [stdout]   |
[INFO] [stdout] 7 |                Throw::try_from_str("").unwrap_err().cause().to_string());
[INFO] [stdout]   |                                                     ^^^^^
[INFO] [stdout]   |
[INFO] [stdout]   = note: `#[warn(deprecated)]` on by default
[INFO] [stdout] 
[INFO] [stdout] 
[INFO] [stdout] warning: use of deprecated method `failure::error::Error::cause`: please use 'as_fail()' method instead
[INFO] [stdout]  --> tests/throw.rs:9:74
[INFO] [stdout]   |
[INFO] [stdout] 9 |                Throw::try_from_str("1 0 1 0 1 0 0 0 0 0 1").unwrap_err().cause().to_string());
[INFO] [stdout]   |                                                                          ^^^^^
[INFO] [stdout] 
[INFO] [stdout] 
[INFO] [stdout] warning: use of deprecated method `failure::error::Error::cause`: please use 'as_fail()' method instead
[INFO] [stdout]   --> tests/throw.rs:11:65
[INFO] [stdout]    |
[INFO] [stdout] 11 |                Throw::try_from_str("not a number").unwrap_err().cause().to_string());
[INFO] [stdout]    |                                                                 ^^^^^
[INFO] [stdout] 
[INFO] [stdout] 
[INFO] [stdout] warning: variants `MaxThrows` and `UnexpectedStrike` are never constructed
[INFO] [stdout]   --> src/gamestate/player.rs:14:5
[INFO] [stdout]    |
[INFO] [stdout] 12 | enum ThrowError {
[INFO] [stdout]    |      ---------- variants in this enum
[INFO] [stdout] 13 |     #[fail(display = "max throws for frame reached")]
[INFO] [stdout] 14 |     MaxThrows,
[INFO] [stdout]    |     ^^^^^^^^^
[INFO] [stdout] 15 |     #[fail(display = "unexpected strike")]
[INFO] [stdout] 16 |     UnexpectedStrike,
[INFO] [stdout]    |     ^^^^^^^^^^^^^^^^
[INFO] [stdout]    |
[INFO] [stdout]    = note: `ThrowError` has a derived impl for the trait `Debug`, but this is intentionally ignored during dead code analysis
[INFO] [stdout]    = note: `#[warn(dead_code)]` on by default
[INFO] [stdout] 
[INFO] [stdout] 
[INFO] [stdout] warning: 1 warning emitted
[INFO] [stdout] 
[INFO] [stdout] 
[INFO] [stdout] warning: 1 warning emitted
[INFO] [stdout] 
[INFO] [stdout] 
[INFO] [stdout] warning: 1 warning emitted
[INFO] [stdout] 
[INFO] [stdout] 
[INFO] [stdout] warning: 3 warnings emitted
[INFO] [stdout] 
[INFO] [stdout] 
[INFO] [stderr]     Finished test [unoptimized + debuginfo] target(s) in 0.55s
[INFO] running `Command { std: "docker" "inspect" "629dc4d96b39ea0f586e7469d3e43be24c40524b11e2b824fa4d1d7179068db1", kill_on_drop: false }`
[INFO] running `Command { std: "docker" "rm" "-f" "629dc4d96b39ea0f586e7469d3e43be24c40524b11e2b824fa4d1d7179068db1", kill_on_drop: false }`
[INFO] [stdout] 629dc4d96b39ea0f586e7469d3e43be24c40524b11e2b824fa4d1d7179068db1
[INFO] running `Command { std: "docker" "create" "-v" "/var/lib/crater-agent-workspace/builds/worker-5-tc2/target:/opt/rustwide/target:rw,Z" "-v" "/var/lib/crater-agent-workspace/builds/worker-5-tc2/source:/opt/rustwide/workdir:ro,Z" "-v" "/var/lib/crater-agent-workspace/cargo-home:/opt/rustwide/cargo-home:ro,Z" "-v" "/var/lib/crater-agent-workspace/rustup-home:/opt/rustwide/rustup-home:ro,Z" "-e" "SOURCE_DIR=/opt/rustwide/workdir" "-e" "CARGO_TARGET_DIR=/opt/rustwide/target" "-e" "CARGO_INCREMENTAL=0" "-e" "RUST_BACKTRACE=full" "-e" "RUSTFLAGS=--cap-lints=warn" "-e" "RUSTDOCFLAGS=--cap-lints=warn" "-e" "CARGO_HOME=/opt/rustwide/cargo-home" "-e" "RUSTUP_HOME=/opt/rustwide/rustup-home" "-w" "/opt/rustwide/workdir" "-m" "1610612736" "--user" "0:0" "--network" "none" "ghcr.io/rust-lang/crates-build-env/linux@sha256:2788e3201cd34a07e3172128adcd8b3090168a8e3bcc40d7c032b9dda1df7d1c" "/opt/rustwide/cargo-home/bin/cargo" "+beta-2023-12-22" "test" "--frozen", kill_on_drop: false }`
[INFO] [stdout] eb344f9bfaeb2aacb65c4a3888d8d5bc58d42a21b1d7ecff60c962b37b3abbd0
[INFO] running `Command { std: "docker" "start" "-a" "eb344f9bfaeb2aacb65c4a3888d8d5bc58d42a21b1d7ecff60c962b37b3abbd0", kill_on_drop: false }`
[INFO] [stderr] warning: variants `MaxThrows` and `UnexpectedStrike` are never constructed
[INFO] [stderr]   --> src/gamestate/player.rs:14:5
[INFO] [stderr]    |
[INFO] [stderr] 12 | enum ThrowError {
[INFO] [stderr]    |      ---------- variants in this enum
[INFO] [stderr] 13 |     #[fail(display = "max throws for frame reached")]
[INFO] [stderr] 14 |     MaxThrows,
[INFO] [stderr]    |     ^^^^^^^^^
[INFO] [stderr] 15 |     #[fail(display = "unexpected strike")]
[INFO] [stderr] 16 |     UnexpectedStrike,
[INFO] [stderr]    |     ^^^^^^^^^^^^^^^^
[INFO] [stderr]    |
[INFO] [stderr]    = note: `ThrowError` has a derived impl for the trait `Debug`, but this is intentionally ignored during dead code analysis
[INFO] [stderr]    = note: `#[warn(dead_code)]` on by default
[INFO] [stderr] 
[INFO] [stderr] warning: `bowling` (lib) generated 1 warning
[INFO] [stderr] warning: `bowling` (lib test) generated 1 warning (1 duplicate)
[INFO] [stderr] warning: unused import: `bowling::gamestate::*`
[INFO] [stderr]  --> tests/player.rs:2:5
[INFO] [stderr]   |
[INFO] [stderr] 2 | use bowling::gamestate::*;
[INFO] [stderr]   |     ^^^^^^^^^^^^^^^^^^^^^
[INFO] [stderr]   |
[INFO] [stderr]   = note: `#[warn(unused_imports)]` on by default
[INFO] [stderr] 
[INFO] [stderr] warning: use of deprecated method `failure::error::Error::cause`: please use 'as_fail()' method instead
[INFO] [stderr]  --> tests/throw.rs:7:53
[INFO] [stderr]   |
[INFO] [stderr] 7 |                Throw::try_from_str("").unwrap_err().cause().to_string());
[INFO] [stderr]   |                                                     ^^^^^
[INFO] [stderr]   |
[INFO] [stderr]   = note: `#[warn(deprecated)]` on by default
[INFO] [stderr] 
[INFO] [stderr] warning: use of deprecated method `failure::error::Error::cause`: please use 'as_fail()' method instead
[INFO] [stderr]  --> tests/throw.rs:9:74
[INFO] [stderr]   |
[INFO] [stderr] 9 |                Throw::try_from_str("1 0 1 0 1 0 0 0 0 0 1").unwrap_err().cause().to_string());
[INFO] [stderr]   |                                                                          ^^^^^
[INFO] [stderr] 
[INFO] [stderr] warning: use of deprecated method `failure::error::Error::cause`: please use 'as_fail()' method instead
[INFO] [stderr]   --> tests/throw.rs:11:65
[INFO] [stderr]    |
[INFO] [stderr] 11 |                Throw::try_from_str("not a number").unwrap_err().cause().to_string());
[INFO] [stderr]    |                                                                 ^^^^^
[INFO] [stderr] 
[INFO] [stderr] warning: unused variable: `frame`
[INFO] [stderr]  --> tests/frame.rs:6:9
[INFO] [stderr]   |
[INFO] [stderr] 6 |     let frame = Frame::new();
[INFO] [stderr]   |         ^^^^^ help: if this is intentional, prefix it with an underscore: `_frame`
[INFO] [stderr]   |
[INFO] [stderr]   = note: `#[warn(unused_variables)]` on by default
[INFO] [stderr] 
[INFO] [stderr] warning: `bowling` (test "player") generated 1 warning (run `cargo fix --test "player"` to apply 1 suggestion)
[INFO] [stderr] warning: `bowling` (test "throw") generated 3 warnings
[INFO] [stderr] warning: `bowling` (test "frame") generated 1 warning (run `cargo fix --test "frame"` to apply 1 suggestion)
[INFO] [stderr]     Finished test [unoptimized + debuginfo] target(s) in 0.02s
[INFO] [stderr]      Running unittests src/lib.rs (/opt/rustwide/target/debug/deps/bowling-6bd1e9b01aec47e0)
[INFO] [stdout] 
[INFO] [stdout] running 0 tests
[INFO] [stdout] 
[INFO] [stdout] test result: ok. 0 passed; 0 failed; 0 ignored; 0 measured; 0 filtered out; finished in 0.00s
[INFO] [stdout] 
[INFO] [stderr]      Running tests/frame.rs (/opt/rustwide/target/debug/deps/frame-15295746af1146ec)
[INFO] [stdout] 
[INFO] [stdout] running 1 test
[INFO] [stdout] test new_frame ... FAILED
[INFO] [stdout] 
[INFO] [stdout] failures:
[INFO] [stdout] 
[INFO] [stdout] ---- new_frame stdout ----
[INFO] [stdout] thread 'new_frame' panicked at tests/frame.rs:7:5:
[INFO] [stdout] assertion `left == right` failed
[INFO] [stdout]   left: true
[INFO] [stdout]  right: false
[INFO] [stdout] stack backtrace:
[INFO] [stdout]    0:     0x55edb7bd6c36 - std::backtrace_rs::backtrace::libunwind::trace::h261606ad26a499c1
[INFO] [stdout]                                at /rustc/0e09125c6c3c2fd70d7de961bcf0e51575235fad/library/std/src/../../backtrace/src/backtrace/libunwind.rs:104:5
[INFO] [stdout]    1:     0x55edb7bd6c36 - std::backtrace_rs::backtrace::trace_unsynchronized::hd183f0625477fb28
[INFO] [stdout]                                at /rustc/0e09125c6c3c2fd70d7de961bcf0e51575235fad/library/std/src/../../backtrace/src/backtrace/mod.rs:66:5
[INFO] [stdout]    2:     0x55edb7bd6c36 - std::sys_common::backtrace::_print_fmt::hd7f8fef21b4eda67
[INFO] [stdout]                                at /rustc/0e09125c6c3c2fd70d7de961bcf0e51575235fad/library/std/src/sys_common/backtrace.rs:68:5
[INFO] [stdout]    3:     0x55edb7bd6c36 - <std::sys_common::backtrace::_print::DisplayBacktrace as core::fmt::Display>::fmt::h623d9b51f2f453f1
[INFO] [stdout]                                at /rustc/0e09125c6c3c2fd70d7de961bcf0e51575235fad/library/std/src/sys_common/backtrace.rs:44:22
[INFO] [stdout]    4:     0x55edb7bffa80 - core::fmt::rt::Argument::fmt::h9f417ac76a86f368
[INFO] [stdout]                                at /rustc/0e09125c6c3c2fd70d7de961bcf0e51575235fad/library/core/src/fmt/rt.rs:142:9
[INFO] [stdout]    5:     0x55edb7bffa80 - core::fmt::write::hc9b6faf4ac2aeff7
[INFO] [stdout]                                at /rustc/0e09125c6c3c2fd70d7de961bcf0e51575235fad/library/core/src/fmt/mod.rs:1120:17
[INFO] [stdout]    6:     0x55edb7bd469f - std::io::Write::write_fmt::he04625a3a989fec3
[INFO] [stdout]                                at /rustc/0e09125c6c3c2fd70d7de961bcf0e51575235fad/library/std/src/io/mod.rs:1810:15
[INFO] [stdout]    7:     0x55edb7bd6a14 - std::sys_common::backtrace::_print::hd5d66399c7df88a2
[INFO] [stdout]                                at /rustc/0e09125c6c3c2fd70d7de961bcf0e51575235fad/library/std/src/sys_common/backtrace.rs:47:5
[INFO] [stdout]    8:     0x55edb7bd6a14 - std::sys_common::backtrace::print::he81ed2da642d37e5
[INFO] [stdout]                                at /rustc/0e09125c6c3c2fd70d7de961bcf0e51575235fad/library/std/src/sys_common/backtrace.rs:34:9
[INFO] [stdout]    9:     0x55edb7bd8787 - std::panicking::default_hook::{{closure}}::h85773f4fa117163d
[INFO] [stdout]   10:     0x55edb7bd846d - std::panicking::default_hook::h6a1694a91d09b278
[INFO] [stdout]                                at /rustc/0e09125c6c3c2fd70d7de961bcf0e51575235fad/library/std/src/panicking.rs:289:9
[INFO] [stdout]   11:     0x55edb7ba7437 - <alloc::boxed::Box<F,A> as core::ops::function::Fn<Args>>::call::h616ac37fa3cd6c8f
[INFO] [stdout]                                at /rustc/0e09125c6c3c2fd70d7de961bcf0e51575235fad/library/alloc/src/boxed.rs:2029:9
[INFO] [stdout]   12:     0x55edb7ba7437 - test::test_main::{{closure}}::h00d84697cefdcbb6
[INFO] [stdout]                                at /rustc/0e09125c6c3c2fd70d7de961bcf0e51575235fad/library/test/src/lib.rs:138:21
[INFO] [stdout]   13:     0x55edb7bd8da6 - <alloc::boxed::Box<F,A> as core::ops::function::Fn<Args>>::call::hcb3fe3b9bb537ba8
[INFO] [stdout]                                at /rustc/0e09125c6c3c2fd70d7de961bcf0e51575235fad/library/alloc/src/boxed.rs:2029:9
[INFO] [stdout]   14:     0x55edb7bd8da6 - std::panicking::rust_panic_with_hook::h0a7ad96e90f7145b
[INFO] [stdout]                                at /rustc/0e09125c6c3c2fd70d7de961bcf0e51575235fad/library/std/src/panicking.rs:783:13
[INFO] [stdout]   15:     0x55edb7bd8af2 - std::panicking::begin_panic_handler::{{closure}}::h7919090525c6485e
[INFO] [stdout]                                at /rustc/0e09125c6c3c2fd70d7de961bcf0e51575235fad/library/std/src/panicking.rs:657:13
[INFO] [stdout]   16:     0x55edb7bd7136 - std::sys_common::backtrace::__rust_end_short_backtrace::hf3289479464f7dfe
[INFO] [stdout]                                at /rustc/0e09125c6c3c2fd70d7de961bcf0e51575235fad/library/std/src/sys_common/backtrace.rs:171:18
[INFO] [stdout]   17:     0x55edb7bd8850 - rust_begin_unwind
[INFO] [stdout]                                at /rustc/0e09125c6c3c2fd70d7de961bcf0e51575235fad/library/std/src/panicking.rs:645:5
[INFO] [stdout]   18:     0x55edb7b71cc5 - core::panicking::panic_fmt::hcc9f77c5c132af55
[INFO] [stdout]                                at /rustc/0e09125c6c3c2fd70d7de961bcf0e51575235fad/library/core/src/panicking.rs:72:14
[INFO] [stdout]   19:     0x55edb7b7200b - core::panicking::assert_failed_inner::h9f13e27dd63c3a08
[INFO] [stdout]                                at /rustc/0e09125c6c3c2fd70d7de961bcf0e51575235fad/library/core/src/panicking.rs:342:17
[INFO] [stdout]   20:     0x55edb7b727de - core::panicking::assert_failed::h2b1bf044b986f14f
[INFO] [stdout]                                at /rustc/0e09125c6c3c2fd70d7de961bcf0e51575235fad/library/core/src/panicking.rs:297:5
[INFO] [stdout]   21:     0x55edb7b72a74 - frame::new_frame::h9d9738a748fdade3
[INFO] [stdout]                                at /opt/rustwide/workdir/tests/frame.rs:7:5
[INFO] [stdout]   22:     0x55edb7b729d7 - frame::new_frame::{{closure}}::h35f94f6850369017
[INFO] [stdout]                                at /opt/rustwide/workdir/tests/frame.rs:5:15
[INFO] [stdout]   23:     0x55edb7b72756 - core::ops::function::FnOnce::call_once::h564b027efa041a3c
[INFO] [stdout]                                at /rustc/0e09125c6c3c2fd70d7de961bcf0e51575235fad/library/core/src/ops/function.rs:250:5
[INFO] [stdout]   24:     0x55edb7bacd0f - core::ops::function::FnOnce::call_once::hd64d26f405258157
[INFO] [stdout]                                at /rustc/0e09125c6c3c2fd70d7de961bcf0e51575235fad/library/core/src/ops/function.rs:250:5
[INFO] [stdout]   25:     0x55edb7bacd0f - test::__rust_begin_short_backtrace::he21b0b7a6d731bf9
[INFO] [stdout]                                at /rustc/0e09125c6c3c2fd70d7de961bcf0e51575235fad/library/test/src/lib.rs:627:18
[INFO] [stdout]   26:     0x55edb7baba91 - test::run_test_in_process::{{closure}}::hf5c73986d7bdfde2
[INFO] [stdout]                                at /rustc/0e09125c6c3c2fd70d7de961bcf0e51575235fad/library/test/src/lib.rs:650:60
[INFO] [stdout]   27:     0x55edb7baba91 - <core::panic::unwind_safe::AssertUnwindSafe<F> as core::ops::function::FnOnce<()>>::call_once::h330011ad032aadc0
[INFO] [stdout]                                at /rustc/0e09125c6c3c2fd70d7de961bcf0e51575235fad/library/core/src/panic/unwind_safe.rs:272:9
[INFO] [stdout]   28:     0x55edb7baba91 - std::panicking::try::do_call::he61b0a958b795a41
[INFO] [stdout]                                at /rustc/0e09125c6c3c2fd70d7de961bcf0e51575235fad/library/std/src/panicking.rs:552:40
[INFO] [stdout]   29:     0x55edb7baba91 - std::panicking::try::h7309da130f906eb7
[INFO] [stdout]                                at /rustc/0e09125c6c3c2fd70d7de961bcf0e51575235fad/library/std/src/panicking.rs:516:19
[INFO] [stdout]   30:     0x55edb7baba91 - std::panic::catch_unwind::hc5c3a06fdaf0a92a
[INFO] [stdout]                                at /rustc/0e09125c6c3c2fd70d7de961bcf0e51575235fad/library/std/src/panic.rs:142:14
[INFO] [stdout]   31:     0x55edb7baba91 - test::run_test_in_process::h7e7b7c71c3324e0f
[INFO] [stdout]                                at /rustc/0e09125c6c3c2fd70d7de961bcf0e51575235fad/library/test/src/lib.rs:650:27
[INFO] [stdout]   32:     0x55edb7baba91 - test::run_test::{{closure}}::h1f509f28f5cf20b1
[INFO] [stdout]                                at /rustc/0e09125c6c3c2fd70d7de961bcf0e51575235fad/library/test/src/lib.rs:573:43
[INFO] [stdout]   33:     0x55edb7b72dc6 - test::run_test::{{closure}}::h1754218abf443f6d
[INFO] [stdout]                                at /rustc/0e09125c6c3c2fd70d7de961bcf0e51575235fad/library/test/src/lib.rs:601:41
[INFO] [stdout]   34:     0x55edb7b72dc6 - std::sys_common::backtrace::__rust_begin_short_backtrace::h2ee174b9d5954948
[INFO] [stdout]                                at /rustc/0e09125c6c3c2fd70d7de961bcf0e51575235fad/library/std/src/sys_common/backtrace.rs:155:18
[INFO] [stdout]   35:     0x55edb7b77e27 - std::thread::Builder::spawn_unchecked_::{{closure}}::{{closure}}::hf60bee9c1a17ef09
[INFO] [stdout]                                at /rustc/0e09125c6c3c2fd70d7de961bcf0e51575235fad/library/std/src/thread/mod.rs:529:17
[INFO] [stdout]   36:     0x55edb7b77e27 - <core::panic::unwind_safe::AssertUnwindSafe<F> as core::ops::function::FnOnce<()>>::call_once::h33d0dddec5216160
[INFO] [stdout]                                at /rustc/0e09125c6c3c2fd70d7de961bcf0e51575235fad/library/core/src/panic/unwind_safe.rs:272:9
[INFO] [stdout]   37:     0x55edb7b77e27 - std::panicking::try::do_call::h144b3048b546f835
[INFO] [stdout]                                at /rustc/0e09125c6c3c2fd70d7de961bcf0e51575235fad/library/std/src/panicking.rs:552:40
[INFO] [stdout]   38:     0x55edb7b77e27 - std::panicking::try::h978244d04646189f
[INFO] [stdout]                                at /rustc/0e09125c6c3c2fd70d7de961bcf0e51575235fad/library/std/src/panicking.rs:516:19
[INFO] [stdout]   39:     0x55edb7b77e27 - std::panic::catch_unwind::hdf436369d188fe86
[INFO] [stdout]                                at /rustc/0e09125c6c3c2fd70d7de961bcf0e51575235fad/library/std/src/panic.rs:142:14
[INFO] [stdout]   40:     0x55edb7b77e27 - std::thread::Builder::spawn_unchecked_::{{closure}}::h87329cbdd33c79ec
[INFO] [stdout]                                at /rustc/0e09125c6c3c2fd70d7de961bcf0e51575235fad/library/std/src/thread/mod.rs:528:30
[INFO] [stdout]   41:     0x55edb7b77e27 - core::ops::function::FnOnce::call_once{{vtable.shim}}::h401abbe67897d450
[INFO] [stdout]                                at /rustc/0e09125c6c3c2fd70d7de961bcf0e51575235fad/library/core/src/ops/function.rs:250:5
[INFO] [stdout]   42:     0x55edb7bdd855 - <alloc::boxed::Box<F,A> as core::ops::function::FnOnce<Args>>::call_once::h5d7c8f150ab9c84c
[INFO] [stdout]                                at /rustc/0e09125c6c3c2fd70d7de961bcf0e51575235fad/library/alloc/src/boxed.rs:2015:9
[INFO] [stdout]   43:     0x55edb7bdd855 - <alloc::boxed::Box<F,A> as core::ops::function::FnOnce<Args>>::call_once::h570d5b005c242c15
[INFO] [stdout]                                at /rustc/0e09125c6c3c2fd70d7de961bcf0e51575235fad/library/alloc/src/boxed.rs:2015:9
[INFO] [stdout]   44:     0x55edb7bdd855 - std::sys::unix::thread::Thread::new::thread_start::h36b0a20c0b2361ad
[INFO] [stdout]                                at /rustc/0e09125c6c3c2fd70d7de961bcf0e51575235fad/library/std/src/sys/unix/thread.rs:108:17
[INFO] [stdout]   45:     0x7f6345381ac3 - <unknown>
[INFO] [stdout]   46:     0x7f6345412bf4 - __clone
[INFO] [stdout]   47:                0x0 - <unknown>
[INFO] [stdout] 
[INFO] [stdout] 
[INFO] [stdout] failures:
[INFO] [stdout]     new_frame
[INFO] [stdout] 
[INFO] [stdout] test result: FAILED. 0 passed; 1 failed; 0 ignored; 0 measured; 0 filtered out; finished in 0.02s
[INFO] [stdout] 
[INFO] [stderr] error: test failed, to rerun pass `--test frame`
[INFO] running `Command { std: "docker" "inspect" "eb344f9bfaeb2aacb65c4a3888d8d5bc58d42a21b1d7ecff60c962b37b3abbd0", kill_on_drop: false }`
[INFO] running `Command { std: "docker" "rm" "-f" "eb344f9bfaeb2aacb65c4a3888d8d5bc58d42a21b1d7ecff60c962b37b3abbd0", kill_on_drop: false }`
[INFO] [stdout] eb344f9bfaeb2aacb65c4a3888d8d5bc58d42a21b1d7ecff60c962b37b3abbd0
