[INFO] fetching crate bounded-static 0.7.0...
[INFO] testing bounded-static-0.7.0 against 1.75.0 for beta-1.76-1
[INFO] extracting crate bounded-static 0.7.0 into /workspace/builds/worker-3-tc1/source
[INFO] validating manifest of crates.io crate bounded-static 0.7.0 on toolchain 1.75.0
[INFO] running `Command { std: CARGO_HOME="/workspace/cargo-home" RUSTUP_HOME="/workspace/rustup-home" "/workspace/cargo-home/bin/cargo" "+1.75.0" "metadata" "--manifest-path" "Cargo.toml" "--no-deps", kill_on_drop: false }`
[INFO] started tweaking crates.io crate bounded-static 0.7.0
[INFO] finished tweaking crates.io crate bounded-static 0.7.0
[INFO] tweaked toml for crates.io crate bounded-static 0.7.0 written to /workspace/builds/worker-3-tc1/source/Cargo.toml
[INFO] running `Command { std: CARGO_HOME="/workspace/cargo-home" RUSTUP_HOME="/workspace/rustup-home" "/workspace/cargo-home/bin/cargo" "+1.75.0" "generate-lockfile" "--manifest-path" "Cargo.toml", kill_on_drop: false }`
[INFO] [stderr]     Updating crates.io index
[INFO] running `Command { std: CARGO_HOME="/workspace/cargo-home" RUSTUP_HOME="/workspace/rustup-home" "/workspace/cargo-home/bin/cargo" "+1.75.0" "fetch" "--manifest-path" "Cargo.toml", kill_on_drop: false }`
[INFO] [stderr]  Downloading crates ...
[INFO] [stderr]   Downloaded smartstring v1.0.1
[INFO] [stderr]   Downloaded bounded-static-derive v0.7.0
[INFO] running `Command { std: "docker" "create" "-v" "/var/lib/crater-agent-workspace/builds/worker-3-tc1/target:/opt/rustwide/target:rw,Z" "-v" "/var/lib/crater-agent-workspace/builds/worker-3-tc1/source:/opt/rustwide/workdir:ro,Z" "-v" "/var/lib/crater-agent-workspace/cargo-home:/opt/rustwide/cargo-home:ro,Z" "-v" "/var/lib/crater-agent-workspace/rustup-home:/opt/rustwide/rustup-home:ro,Z" "-e" "SOURCE_DIR=/opt/rustwide/workdir" "-e" "CARGO_TARGET_DIR=/opt/rustwide/target" "-e" "CARGO_HOME=/opt/rustwide/cargo-home" "-e" "RUSTUP_HOME=/opt/rustwide/rustup-home" "-w" "/opt/rustwide/workdir" "-m" "1610612736" "--user" "0:0" "--network" "none" "ghcr.io/rust-lang/crates-build-env/linux@sha256:2788e3201cd34a07e3172128adcd8b3090168a8e3bcc40d7c032b9dda1df7d1c" "/opt/rustwide/cargo-home/bin/cargo" "+1.75.0" "metadata" "--no-deps" "--format-version=1", kill_on_drop: false }`
[INFO] [stdout] 0e802adb277eae6514a8ffc50396773ef48bb6981dd6d0f40bf1930697f4dbeb
[INFO] running `Command { std: "docker" "start" "-a" "0e802adb277eae6514a8ffc50396773ef48bb6981dd6d0f40bf1930697f4dbeb", kill_on_drop: false }`
[INFO] running `Command { std: "docker" "inspect" "0e802adb277eae6514a8ffc50396773ef48bb6981dd6d0f40bf1930697f4dbeb", kill_on_drop: false }`
[INFO] running `Command { std: "docker" "rm" "-f" "0e802adb277eae6514a8ffc50396773ef48bb6981dd6d0f40bf1930697f4dbeb", kill_on_drop: false }`
[INFO] [stdout] 0e802adb277eae6514a8ffc50396773ef48bb6981dd6d0f40bf1930697f4dbeb
[INFO] running `Command { std: "docker" "create" "-v" "/var/lib/crater-agent-workspace/builds/worker-3-tc1/target:/opt/rustwide/target:rw,Z" "-v" "/var/lib/crater-agent-workspace/builds/worker-3-tc1/source:/opt/rustwide/workdir:ro,Z" "-v" "/var/lib/crater-agent-workspace/cargo-home:/opt/rustwide/cargo-home:ro,Z" "-v" "/var/lib/crater-agent-workspace/rustup-home:/opt/rustwide/rustup-home:ro,Z" "-e" "SOURCE_DIR=/opt/rustwide/workdir" "-e" "CARGO_TARGET_DIR=/opt/rustwide/target" "-e" "CARGO_INCREMENTAL=0" "-e" "RUST_BACKTRACE=full" "-e" "RUSTFLAGS=--cap-lints=warn" "-e" "RUSTDOCFLAGS=--cap-lints=warn" "-e" "CARGO_HOME=/opt/rustwide/cargo-home" "-e" "RUSTUP_HOME=/opt/rustwide/rustup-home" "-w" "/opt/rustwide/workdir" "-m" "1610612736" "--user" "0:0" "--network" "none" "ghcr.io/rust-lang/crates-build-env/linux@sha256:2788e3201cd34a07e3172128adcd8b3090168a8e3bcc40d7c032b9dda1df7d1c" "/opt/rustwide/cargo-home/bin/cargo" "+1.75.0" "build" "--frozen" "--message-format=json", kill_on_drop: false }`
[INFO] [stdout] 65a0b886ce4b2b1296bc1b5dfcd0ca43ac959a3dc9bbd40541c80e85cd8d44fa
[INFO] running `Command { std: "docker" "start" "-a" "65a0b886ce4b2b1296bc1b5dfcd0ca43ac959a3dc9bbd40541c80e85cd8d44fa", kill_on_drop: false }`
[INFO] [stderr]    Compiling bounded-static v0.7.0 (/opt/rustwide/workdir)
[INFO] [stderr]     Finished dev [unoptimized + debuginfo] target(s) in 0.11s
[INFO] running `Command { std: "docker" "inspect" "65a0b886ce4b2b1296bc1b5dfcd0ca43ac959a3dc9bbd40541c80e85cd8d44fa", kill_on_drop: false }`
[INFO] running `Command { std: "docker" "rm" "-f" "65a0b886ce4b2b1296bc1b5dfcd0ca43ac959a3dc9bbd40541c80e85cd8d44fa", kill_on_drop: false }`
[INFO] [stdout] 65a0b886ce4b2b1296bc1b5dfcd0ca43ac959a3dc9bbd40541c80e85cd8d44fa
[INFO] running `Command { std: "docker" "create" "-v" "/var/lib/crater-agent-workspace/builds/worker-3-tc1/target:/opt/rustwide/target:rw,Z" "-v" "/var/lib/crater-agent-workspace/builds/worker-3-tc1/source:/opt/rustwide/workdir:ro,Z" "-v" "/var/lib/crater-agent-workspace/cargo-home:/opt/rustwide/cargo-home:ro,Z" "-v" "/var/lib/crater-agent-workspace/rustup-home:/opt/rustwide/rustup-home:ro,Z" "-e" "SOURCE_DIR=/opt/rustwide/workdir" "-e" "CARGO_TARGET_DIR=/opt/rustwide/target" "-e" "CARGO_INCREMENTAL=0" "-e" "RUST_BACKTRACE=full" "-e" "RUSTFLAGS=--cap-lints=warn" "-e" "RUSTDOCFLAGS=--cap-lints=warn" "-e" "CARGO_HOME=/opt/rustwide/cargo-home" "-e" "RUSTUP_HOME=/opt/rustwide/rustup-home" "-w" "/opt/rustwide/workdir" "-m" "1610612736" "--user" "0:0" "--network" "none" "ghcr.io/rust-lang/crates-build-env/linux@sha256:2788e3201cd34a07e3172128adcd8b3090168a8e3bcc40d7c032b9dda1df7d1c" "/opt/rustwide/cargo-home/bin/cargo" "+1.75.0" "test" "--frozen" "--no-run" "--message-format=json", kill_on_drop: false }`
[INFO] [stdout] 33c898756e133c76af49b29abb51276fde4b4a03488a8a1d1071d26ed26fb393
[INFO] running `Command { std: "docker" "start" "-a" "33c898756e133c76af49b29abb51276fde4b4a03488a8a1d1071d26ed26fb393", kill_on_drop: false }`
[INFO] [stderr]    Compiling bounded-static v0.7.0 (/opt/rustwide/workdir)
[INFO] [stderr]     Finished test [unoptimized + debuginfo] target(s) in 0.79s
[INFO] running `Command { std: "docker" "inspect" "33c898756e133c76af49b29abb51276fde4b4a03488a8a1d1071d26ed26fb393", kill_on_drop: false }`
[INFO] running `Command { std: "docker" "rm" "-f" "33c898756e133c76af49b29abb51276fde4b4a03488a8a1d1071d26ed26fb393", kill_on_drop: false }`
[INFO] [stdout] 33c898756e133c76af49b29abb51276fde4b4a03488a8a1d1071d26ed26fb393
[INFO] running `Command { std: "docker" "create" "-v" "/var/lib/crater-agent-workspace/builds/worker-3-tc1/target:/opt/rustwide/target:rw,Z" "-v" "/var/lib/crater-agent-workspace/builds/worker-3-tc1/source:/opt/rustwide/workdir:ro,Z" "-v" "/var/lib/crater-agent-workspace/cargo-home:/opt/rustwide/cargo-home:ro,Z" "-v" "/var/lib/crater-agent-workspace/rustup-home:/opt/rustwide/rustup-home:ro,Z" "-e" "SOURCE_DIR=/opt/rustwide/workdir" "-e" "CARGO_TARGET_DIR=/opt/rustwide/target" "-e" "CARGO_INCREMENTAL=0" "-e" "RUST_BACKTRACE=full" "-e" "RUSTFLAGS=--cap-lints=warn" "-e" "RUSTDOCFLAGS=--cap-lints=warn" "-e" "CARGO_HOME=/opt/rustwide/cargo-home" "-e" "RUSTUP_HOME=/opt/rustwide/rustup-home" "-w" "/opt/rustwide/workdir" "-m" "1610612736" "--user" "0:0" "--network" "none" "ghcr.io/rust-lang/crates-build-env/linux@sha256:2788e3201cd34a07e3172128adcd8b3090168a8e3bcc40d7c032b9dda1df7d1c" "/opt/rustwide/cargo-home/bin/cargo" "+1.75.0" "test" "--frozen", kill_on_drop: false }`
[INFO] [stdout] be1b3e05f94849fa8781fe8c27e177864100ab0bd57344cebd3e07f7933d4017
[INFO] running `Command { std: "docker" "start" "-a" "be1b3e05f94849fa8781fe8c27e177864100ab0bd57344cebd3e07f7933d4017", kill_on_drop: false }`
[INFO] [stderr]     Finished test [unoptimized + debuginfo] target(s) in 0.01s
[INFO] [stderr]      Running unittests src/lib.rs (/opt/rustwide/target/debug/deps/bounded_static-6518bf6b2e05d08c)
[INFO] [stdout] 
[INFO] [stdout] running 69 tests
[INFO] [stdout] test alloc_tests::test_box ... ok
[INFO] [stdout] test alloc_tests::test_array_into ... ok
[INFO] [stdout] test alloc_tests::test_array ... ok
[INFO] [stdout] test alloc_tests::test_box_cow ... ok
[INFO] [stdout] test alloc_tests::test_box_vec_cow ... ok
[INFO] [stdout] test alloc_tests::test_cow_borrowed_str ... ok
[INFO] [stdout] test alloc_tests::test_cow_box ... ok
[INFO] [stdout] test alloc_tests::test_cow_cow ... ok
[INFO] [stdout] test alloc_tests::test_cow_into_static ... ok
[INFO] [stdout] test alloc_tests::test_cow_owned_string ... ok
[INFO] [stdout] test alloc_tests::test_cow_struct ... ok
[INFO] [stdout] test alloc_tests::test_cow_struct_of_cow ... ok
[INFO] [stdout] test alloc_tests::test_cow_to_static ... ok
[INFO] [stdout] test alloc_tests::test_option_none ... ok
[INFO] [stdout] test alloc_tests::test_option_some ... ok
[INFO] [stdout] test alloc_tests::test_string ... ok
[INFO] [stdout] test alloc_tests::test_struct_cow_borrowed_str ... ok
[INFO] [stdout] test alloc_tests::test_struct_cow_owned_string ... ok
[INFO] [stdout] test alloc_tests::test_struct_mixed ... ok
[INFO] [stdout] test alloc_tests::test_struct_multi ... ok
[INFO] [stdout] test alloc_tests::test_vec_box_cow ... ok
[INFO] [stdout] test alloc_tests::test_vec1 ... ok
[INFO] [stdout] test collections_tests::test_binary_heap ... ok
[INFO] [stdout] test alloc_tests::test_vec2 ... ok
[INFO] [stdout] test collections_tests::test_btree_set ... ok
[INFO] [stdout] test core_tests::test_array ... ok
[INFO] [stdout] test collections_tests::test_vec_deque ... ok
[INFO] [stdout] test collections_tests::test_linked_list ... ok
[INFO] [stdout] test core_tests::test_bool ... ok
[INFO] [stdout] test core_tests::test_char ... ok
[INFO] [stdout] test core_tests::test_f32 ... ok
[INFO] [stdout] test collections_tests::test_btree_map ... ok
[INFO] [stdout] test core_tests::test_f64 ... ok
[INFO] [stdout] test core_tests::test_i32 ... ok
[INFO] [stdout] test core_tests::test_i64 ... ok
[INFO] [stdout] test core_tests::test_i128 ... ok
[INFO] [stdout] test core_tests::test_i8 ... ok
[INFO] [stdout] test core_tests::test_isize ... ok
[INFO] [stdout] test core_tests::test_i16 ... ok
[INFO] [stdout] test core_tests::test_non_zero_i128 ... ok
[INFO] [stdout] test core_tests::test_non_zero_i16 ... ok
[INFO] [stdout] test core_tests::test_non_zero_i8 ... ok
[INFO] [stdout] test core_tests::test_non_zero_i32 ... ok
[INFO] [stdout] test core_tests::test_non_zero_isize ... ok
[INFO] [stdout] test core_tests::test_non_zero_u128 ... ok
[INFO] [stdout] test core_tests::test_non_zero_u32 ... ok
[INFO] [stdout] test core_tests::test_non_zero_u16 ... ok
[INFO] [stdout] test core_tests::test_non_zero_i64 ... ok
[INFO] [stdout] test core_tests::test_non_zero_u8 ... ok
[INFO] [stdout] test core_tests::test_non_zero_usize ... ok
[INFO] [stdout] test core_tests::test_result ... ok
[INFO] [stdout] test core_tests::test_option_some ... ok
[INFO] [stdout] test core_tests::test_non_zero_u64 ... ok
[INFO] [stdout] test core_tests::test_str ... ok
[INFO] [stdout] test core_tests::test_option_none ... ok
[INFO] [stdout] test core_tests::test_tuple11 ... ok
[INFO] [stdout] test core_tests::test_u8 ... ok
[INFO] [stdout] test core_tests::test_unit ... ok
[INFO] [stdout] test core_tests::test_usize ... ok
[INFO] [stdout] test core_tests::test_tuple2 ... ok
[INFO] [stdout] test std_tests::test_custom_random_state ... ok
[INFO] [stdout] test core_tests::test_u128 ... ok
[INFO] [stdout] test std_tests::test_hashmap1 ... ok
[INFO] [stdout] test std_tests::test_hashmap2 ... ok
[INFO] [stdout] test core_tests::test_u16 ... ok
[INFO] [stdout] test core_tests::test_u32 ... ok
[INFO] [stdout] test std_tests::test_hashmap3 ... ok
[INFO] [stdout] test core_tests::test_u64 ... ok
[INFO] [stdout] test std_tests::test_hashset ... ok
[INFO] [stdout] 
[INFO] [stdout] test result: ok. 69 passed; 0 failed; 0 ignored; 0 measured; 0 filtered out; finished in 0.01s
[INFO] [stdout] 
[INFO] [stderr]    Doc-tests bounded-static
[INFO] [stdout] 
[INFO] [stdout] running 5 tests
[INFO] [stdout] test src/lib.rs - (line 126) ... FAILED
[INFO] [stdout] test src/lib.rs - (line 12) ... ok
[INFO] [stdout] test src/lib.rs - (line 83) ... ok
[INFO] [stdout] test src/lib.rs - (line 71) ... ok
[INFO] [stdout] test src/lib.rs - (line 101) ... ok
[INFO] [stdout] 
[INFO] [stdout] failures:
[INFO] [stdout] 
[INFO] [stdout] ---- src/lib.rs - (line 126) stdout ----
[INFO] [stdout] error[E0432]: unresolved import `bounded_static::ToStatic`
[INFO] [stdout]    --> src/lib.rs:130:5
[INFO] [stdout]     |
[INFO] [stdout] 7   | use bounded_static::ToStatic;
[INFO] [stdout]     |     ^^^^^^^^^^^^^^^^^^^^^^^^ no `ToStatic` in the root
[INFO] [stdout]     |
[INFO] [stdout] note: found an item that was configured out
[INFO] [stdout]    --> /opt/rustwide/workdir/src/lib.rs:179:32
[INFO] [stdout]     |
[INFO] [stdout] 179 | pub use bounded_static_derive::ToStatic;
[INFO] [stdout]     |                                ^^^^^^^^
[INFO] [stdout]     = note: the item is gated behind the `derive` feature
[INFO] [stdout] 
[INFO] [stdout] error: cannot determine resolution for the derive macro `ToStatic`
[INFO] [stdout]   --> src/lib.rs:147:10
[INFO] [stdout]    |
[INFO] [stdout] 24 | #[derive(ToStatic)]
[INFO] [stdout]    |          ^^^^^^^^
[INFO] [stdout]    |
[INFO] [stdout]    = note: import resolution is stuck, try simplifying macro imports
[INFO] [stdout] 
[INFO] [stdout] error: cannot determine resolution for the derive macro `ToStatic`
[INFO] [stdout]   --> src/lib.rs:144:10
[INFO] [stdout]    |
[INFO] [stdout] 21 | #[derive(ToStatic)]
[INFO] [stdout]    |          ^^^^^^^^
[INFO] [stdout]    |
[INFO] [stdout]    = note: import resolution is stuck, try simplifying macro imports
[INFO] [stdout] 
[INFO] [stdout] error: cannot determine resolution for the derive macro `ToStatic`
[INFO] [stdout]   --> src/lib.rs:140:10
[INFO] [stdout]    |
[INFO] [stdout] 17 | #[derive(ToStatic)]
[INFO] [stdout]    |          ^^^^^^^^
[INFO] [stdout]    |
[INFO] [stdout]    = note: import resolution is stuck, try simplifying macro imports
[INFO] [stdout] 
[INFO] [stdout] error: cannot determine resolution for the derive macro `ToStatic`
[INFO] [stdout]  --> src/lib.rs:132:10
[INFO] [stdout]   |
[INFO] [stdout] 9 | #[derive(ToStatic)]
[INFO] [stdout]   |          ^^^^^^^^
[INFO] [stdout]   |
[INFO] [stdout]   = note: import resolution is stuck, try simplifying macro imports
[INFO] [stdout] 
[INFO] [stdout] error: aborting due to 5 previous errors
[INFO] [stdout] 
[INFO] [stdout] For more information about this error, try `rustc --explain E0432`.
[INFO] [stdout] Couldn't compile the test.
[INFO] [stdout] 
[INFO] [stdout] failures:
[INFO] [stdout]     src/lib.rs - (line 126)
[INFO] [stdout] 
[INFO] [stdout] test result: FAILED. 4 passed; 1 failed; 0 ignored; 0 measured; 0 filtered out; finished in 0.17s
[INFO] [stdout] 
[INFO] [stderr] error: doctest failed, to rerun pass `--doc`
[INFO] running `Command { std: "docker" "inspect" "be1b3e05f94849fa8781fe8c27e177864100ab0bd57344cebd3e07f7933d4017", kill_on_drop: false }`
[INFO] running `Command { std: "docker" "rm" "-f" "be1b3e05f94849fa8781fe8c27e177864100ab0bd57344cebd3e07f7933d4017", kill_on_drop: false }`
[INFO] [stdout] be1b3e05f94849fa8781fe8c27e177864100ab0bd57344cebd3e07f7933d4017
