[INFO] fetching crate borsh-v 0.7.3...
[INFO] testing borsh-v-0.7.3 against 1.75.0 for beta-1.76-1
[INFO] extracting crate borsh-v 0.7.3 into /workspace/builds/worker-2-tc1/source
[INFO] validating manifest of crates.io crate borsh-v 0.7.3 on toolchain 1.75.0
[INFO] running `Command { std: CARGO_HOME="/workspace/cargo-home" RUSTUP_HOME="/workspace/rustup-home" "/workspace/cargo-home/bin/cargo" "+1.75.0" "metadata" "--manifest-path" "Cargo.toml" "--no-deps", kill_on_drop: false }`
[INFO] started tweaking crates.io crate borsh-v 0.7.3
[INFO] finished tweaking crates.io crate borsh-v 0.7.3
[INFO] tweaked toml for crates.io crate borsh-v 0.7.3 written to /workspace/builds/worker-2-tc1/source/Cargo.toml
[INFO] crate crates.io crate borsh-v 0.7.3 already has a lockfile, it will not be regenerated
[INFO] running `Command { std: CARGO_HOME="/workspace/cargo-home" RUSTUP_HOME="/workspace/rustup-home" "/workspace/cargo-home/bin/cargo" "+1.75.0" "fetch" "--manifest-path" "Cargo.toml", kill_on_drop: false }`
[INFO] [stderr]  Downloading crates ...
[INFO] [stderr]   Downloaded borsh-derive v0.7.1
[INFO] [stderr]   Downloaded borsh-schema-derive-internal v0.7.1
[INFO] [stderr]   Downloaded syn v1.0.48
[INFO] [stderr]   Downloaded borsh-derive-internal v0.7.1
[INFO] running `Command { std: "docker" "create" "-v" "/var/lib/crater-agent-workspace/builds/worker-2-tc1/target:/opt/rustwide/target:rw,Z" "-v" "/var/lib/crater-agent-workspace/builds/worker-2-tc1/source:/opt/rustwide/workdir:ro,Z" "-v" "/var/lib/crater-agent-workspace/cargo-home:/opt/rustwide/cargo-home:ro,Z" "-v" "/var/lib/crater-agent-workspace/rustup-home:/opt/rustwide/rustup-home:ro,Z" "-e" "SOURCE_DIR=/opt/rustwide/workdir" "-e" "CARGO_TARGET_DIR=/opt/rustwide/target" "-e" "CARGO_HOME=/opt/rustwide/cargo-home" "-e" "RUSTUP_HOME=/opt/rustwide/rustup-home" "-w" "/opt/rustwide/workdir" "-m" "1610612736" "--user" "0:0" "--network" "none" "ghcr.io/rust-lang/crates-build-env/linux@sha256:2788e3201cd34a07e3172128adcd8b3090168a8e3bcc40d7c032b9dda1df7d1c" "/opt/rustwide/cargo-home/bin/cargo" "+1.75.0" "metadata" "--no-deps" "--format-version=1", kill_on_drop: false }`
[INFO] [stdout] 2b48cfa513cac7d44d9894bbea0da340777d5f9371eedc53c9f914cdc3c471a9
[INFO] running `Command { std: "docker" "start" "-a" "2b48cfa513cac7d44d9894bbea0da340777d5f9371eedc53c9f914cdc3c471a9", kill_on_drop: false }`
[INFO] running `Command { std: "docker" "inspect" "2b48cfa513cac7d44d9894bbea0da340777d5f9371eedc53c9f914cdc3c471a9", kill_on_drop: false }`
[INFO] running `Command { std: "docker" "rm" "-f" "2b48cfa513cac7d44d9894bbea0da340777d5f9371eedc53c9f914cdc3c471a9", kill_on_drop: false }`
[INFO] [stdout] 2b48cfa513cac7d44d9894bbea0da340777d5f9371eedc53c9f914cdc3c471a9
[INFO] running `Command { std: "docker" "create" "-v" "/var/lib/crater-agent-workspace/builds/worker-2-tc1/target:/opt/rustwide/target:rw,Z" "-v" "/var/lib/crater-agent-workspace/builds/worker-2-tc1/source:/opt/rustwide/workdir:ro,Z" "-v" "/var/lib/crater-agent-workspace/cargo-home:/opt/rustwide/cargo-home:ro,Z" "-v" "/var/lib/crater-agent-workspace/rustup-home:/opt/rustwide/rustup-home:ro,Z" "-e" "SOURCE_DIR=/opt/rustwide/workdir" "-e" "CARGO_TARGET_DIR=/opt/rustwide/target" "-e" "CARGO_INCREMENTAL=0" "-e" "RUST_BACKTRACE=full" "-e" "RUSTFLAGS=--cap-lints=warn" "-e" "RUSTDOCFLAGS=--cap-lints=warn" "-e" "CARGO_HOME=/opt/rustwide/cargo-home" "-e" "RUSTUP_HOME=/opt/rustwide/rustup-home" "-w" "/opt/rustwide/workdir" "-m" "1610612736" "--user" "0:0" "--network" "none" "ghcr.io/rust-lang/crates-build-env/linux@sha256:2788e3201cd34a07e3172128adcd8b3090168a8e3bcc40d7c032b9dda1df7d1c" "/opt/rustwide/cargo-home/bin/cargo" "+1.75.0" "build" "--frozen" "--message-format=json", kill_on_drop: false }`
[INFO] [stdout] 262da62e36748b8d1fb57522e3fbb409b0723879ad8b5a860741517f6a9e831a
[INFO] running `Command { std: "docker" "start" "-a" "262da62e36748b8d1fb57522e3fbb409b0723879ad8b5a860741517f6a9e831a", kill_on_drop: false }`
[INFO] [stderr]    Compiling proc-macro2 v1.0.24
[INFO] [stderr]    Compiling unicode-xid v0.2.1
[INFO] [stderr]    Compiling syn v1.0.48
[INFO] [stderr]    Compiling quote v1.0.7
[INFO] [stderr]    Compiling borsh-schema-derive-internal v0.7.1
[INFO] [stderr]    Compiling borsh-derive-internal v0.7.1
[INFO] [stderr]    Compiling borsh-derive v0.7.1
[INFO] [stderr]    Compiling borsh-v v0.7.3 (/opt/rustwide/workdir)
[INFO] [stdout] warning: constant `ERROR_NOT_ALL_BYTES_READ` is never used
[INFO] [stdout]  --> src/de/mod.rs:9:7
[INFO] [stdout]   |
[INFO] [stdout] 9 | const ERROR_NOT_ALL_BYTES_READ: &str = "Not all bytes read";
[INFO] [stdout]   |       ^^^^^^^^^^^^^^^^^^^^^^^^
[INFO] [stdout]   |
[INFO] [stdout]   = note: `#[warn(dead_code)]` on by default
[INFO] [stdout] 
[INFO] [stdout] 
[INFO] [stdout] warning: 1 warning emitted
[INFO] [stdout] 
[INFO] [stdout] 
[INFO] [stderr]     Finished dev [unoptimized + debuginfo] target(s) in 7.90s
[INFO] running `Command { std: "docker" "inspect" "262da62e36748b8d1fb57522e3fbb409b0723879ad8b5a860741517f6a9e831a", kill_on_drop: false }`
[INFO] running `Command { std: "docker" "rm" "-f" "262da62e36748b8d1fb57522e3fbb409b0723879ad8b5a860741517f6a9e831a", kill_on_drop: false }`
[INFO] [stdout] 262da62e36748b8d1fb57522e3fbb409b0723879ad8b5a860741517f6a9e831a
[INFO] running `Command { std: "docker" "create" "-v" "/var/lib/crater-agent-workspace/builds/worker-2-tc1/target:/opt/rustwide/target:rw,Z" "-v" "/var/lib/crater-agent-workspace/builds/worker-2-tc1/source:/opt/rustwide/workdir:ro,Z" "-v" "/var/lib/crater-agent-workspace/cargo-home:/opt/rustwide/cargo-home:ro,Z" "-v" "/var/lib/crater-agent-workspace/rustup-home:/opt/rustwide/rustup-home:ro,Z" "-e" "SOURCE_DIR=/opt/rustwide/workdir" "-e" "CARGO_TARGET_DIR=/opt/rustwide/target" "-e" "CARGO_INCREMENTAL=0" "-e" "RUST_BACKTRACE=full" "-e" "RUSTFLAGS=--cap-lints=warn" "-e" "RUSTDOCFLAGS=--cap-lints=warn" "-e" "CARGO_HOME=/opt/rustwide/cargo-home" "-e" "RUSTUP_HOME=/opt/rustwide/rustup-home" "-w" "/opt/rustwide/workdir" "-m" "1610612736" "--user" "0:0" "--network" "none" "ghcr.io/rust-lang/crates-build-env/linux@sha256:2788e3201cd34a07e3172128adcd8b3090168a8e3bcc40d7c032b9dda1df7d1c" "/opt/rustwide/cargo-home/bin/cargo" "+1.75.0" "test" "--frozen" "--no-run" "--message-format=json", kill_on_drop: false }`
[INFO] [stdout] 4c2f31afa9647b4fd3c5c27c8fe546c6404aeb0b28b75993bacd6574630064bd
[INFO] running `Command { std: "docker" "start" "-a" "4c2f31afa9647b4fd3c5c27c8fe546c6404aeb0b28b75993bacd6574630064bd", kill_on_drop: false }`
[INFO] [stderr]    Compiling borsh-v v0.7.3 (/opt/rustwide/workdir)
[INFO] [stdout] warning: constant `ERROR_NOT_ALL_BYTES_READ` is never used
[INFO] [stdout]  --> src/de/mod.rs:9:7
[INFO] [stdout]   |
[INFO] [stdout] 9 | const ERROR_NOT_ALL_BYTES_READ: &str = "Not all bytes read";
[INFO] [stdout]   |       ^^^^^^^^^^^^^^^^^^^^^^^^
[INFO] [stdout]   |
[INFO] [stdout]   = note: `#[warn(dead_code)]` on by default
[INFO] [stdout] 
[INFO] [stdout] 
[INFO] [stdout] warning: 1 warning emitted
[INFO] [stdout] 
[INFO] [stdout] 
[INFO] [stdout] warning: unnecessary trailing semicolon
[INFO] [stdout]   --> tests/test_schema_nested.rs:28:6
[INFO] [stdout]    |
[INFO] [stdout] 28 |     };
[INFO] [stdout]    |      ^ help: remove this semicolon
[INFO] [stdout]    |
[INFO] [stdout]    = note: `#[warn(redundant_semicolons)]` on by default
[INFO] [stdout] 
[INFO] [stdout] 
[INFO] [stdout] warning: unnecessary trailing semicolon
[INFO] [stdout]   --> tests/test_schema_nested.rs:33:6
[INFO] [stdout]    |
[INFO] [stdout] 33 |     };
[INFO] [stdout]    |      ^ help: remove this semicolon
[INFO] [stdout] 
[INFO] [stdout] 
[INFO] [stdout] warning: unnecessary trailing semicolon
[INFO] [stdout]   --> tests/test_schema_structs.rs:37:6
[INFO] [stdout]    |
[INFO] [stdout] 37 |     };
[INFO] [stdout]    |      ^ help: remove this semicolon
[INFO] [stdout]    |
[INFO] [stdout]    = note: `#[warn(redundant_semicolons)]` on by default
[INFO] [stdout] 
[INFO] [stdout] 
[INFO] [stdout] warning: unnecessary trailing semicolon
[INFO] [stdout]    --> tests/test_schema_structs.rs:110:6
[INFO] [stdout]     |
[INFO] [stdout] 110 |     };
[INFO] [stdout]     |      ^ help: remove this semicolon
[INFO] [stdout] 
[INFO] [stdout] 
[INFO] [stdout] warning: 2 warnings emitted
[INFO] [stdout] 
[INFO] [stdout] 
[INFO] [stdout] warning: fields `x` and `y` are never read
[INFO] [stdout]   --> tests/test_de_errors.rs:11:5
[INFO] [stdout]    |
[INFO] [stdout] 10 | struct B {
[INFO] [stdout]    |        - fields in this struct
[INFO] [stdout] 11 |     x: u64,
[INFO] [stdout]    |     ^
[INFO] [stdout] 12 |     y: u32,
[INFO] [stdout]    |     ^
[INFO] [stdout]    |
[INFO] [stdout]    = note: `B` has a derived impl for the trait `Debug`, but this is intentionally ignored during dead code analysis
[INFO] [stdout]    = note: `#[warn(dead_code)]` on by default
[INFO] [stdout] 
[INFO] [stdout] 
[INFO] [stdout] warning: 2 warnings emitted
[INFO] [stdout] 
[INFO] [stdout] 
[INFO] [stdout] warning: constant `ERROR_NOT_ALL_BYTES_READ` is never used
[INFO] [stdout]  --> src/de/mod.rs:9:7
[INFO] [stdout]   |
[INFO] [stdout] 9 | const ERROR_NOT_ALL_BYTES_READ: &str = "Not all bytes read";
[INFO] [stdout]   |       ^^^^^^^^^^^^^^^^^^^^^^^^
[INFO] [stdout]   |
[INFO] [stdout]   = note: `#[warn(dead_code)]` on by default
[INFO] [stdout] 
[INFO] [stdout] 
[INFO] [stdout] warning: 1 warning emitted
[INFO] [stdout] 
[INFO] [stdout] 
[INFO] [stdout] warning: 1 warning emitted
[INFO] [stdout] 
[INFO] [stdout] 
[INFO] [stderr]     Finished test [unoptimized + debuginfo] target(s) in 2.73s
[INFO] running `Command { std: "docker" "inspect" "4c2f31afa9647b4fd3c5c27c8fe546c6404aeb0b28b75993bacd6574630064bd", kill_on_drop: false }`
[INFO] running `Command { std: "docker" "rm" "-f" "4c2f31afa9647b4fd3c5c27c8fe546c6404aeb0b28b75993bacd6574630064bd", kill_on_drop: false }`
[INFO] [stdout] 4c2f31afa9647b4fd3c5c27c8fe546c6404aeb0b28b75993bacd6574630064bd
[INFO] running `Command { std: "docker" "create" "-v" "/var/lib/crater-agent-workspace/builds/worker-2-tc1/target:/opt/rustwide/target:rw,Z" "-v" "/var/lib/crater-agent-workspace/builds/worker-2-tc1/source:/opt/rustwide/workdir:ro,Z" "-v" "/var/lib/crater-agent-workspace/cargo-home:/opt/rustwide/cargo-home:ro,Z" "-v" "/var/lib/crater-agent-workspace/rustup-home:/opt/rustwide/rustup-home:ro,Z" "-e" "SOURCE_DIR=/opt/rustwide/workdir" "-e" "CARGO_TARGET_DIR=/opt/rustwide/target" "-e" "CARGO_INCREMENTAL=0" "-e" "RUST_BACKTRACE=full" "-e" "RUSTFLAGS=--cap-lints=warn" "-e" "RUSTDOCFLAGS=--cap-lints=warn" "-e" "CARGO_HOME=/opt/rustwide/cargo-home" "-e" "RUSTUP_HOME=/opt/rustwide/rustup-home" "-w" "/opt/rustwide/workdir" "-m" "1610612736" "--user" "0:0" "--network" "none" "ghcr.io/rust-lang/crates-build-env/linux@sha256:2788e3201cd34a07e3172128adcd8b3090168a8e3bcc40d7c032b9dda1df7d1c" "/opt/rustwide/cargo-home/bin/cargo" "+1.75.0" "test" "--frozen", kill_on_drop: false }`
[INFO] [stdout] 2c29728aaf1bcf48067bad2fd4e634907d78c6f538f24c7d662ea30243d42814
[INFO] running `Command { std: "docker" "start" "-a" "2c29728aaf1bcf48067bad2fd4e634907d78c6f538f24c7d662ea30243d42814", kill_on_drop: false }`
[INFO] [stderr] warning: constant `ERROR_NOT_ALL_BYTES_READ` is never used
[INFO] [stderr]  --> src/de/mod.rs:9:7
[INFO] [stderr]   |
[INFO] [stderr] 9 | const ERROR_NOT_ALL_BYTES_READ: &str = "Not all bytes read";
[INFO] [stderr]   |       ^^^^^^^^^^^^^^^^^^^^^^^^
[INFO] [stderr]   |
[INFO] [stderr]   = note: `#[warn(dead_code)]` on by default
[INFO] [stderr] 
[INFO] [stderr] warning: `borsh-v` (lib) generated 1 warning
[INFO] [stderr] warning: `borsh-v` (lib test) generated 1 warning (1 duplicate)
[INFO] [stderr] warning: unnecessary trailing semicolon
[INFO] [stderr]   --> tests/test_schema_nested.rs:28:6
[INFO] [stderr]    |
[INFO] [stderr] 28 |     };
[INFO] [stderr]    |      ^ help: remove this semicolon
[INFO] [stderr]    |
[INFO] [stderr]    = note: `#[warn(redundant_semicolons)]` on by default
[INFO] [stderr] 
[INFO] [stderr] warning: unnecessary trailing semicolon
[INFO] [stderr]   --> tests/test_schema_nested.rs:33:6
[INFO] [stderr]    |
[INFO] [stderr] 33 |     };
[INFO] [stderr]    |      ^ help: remove this semicolon
[INFO] [stderr] 
[INFO] [stderr] warning: unnecessary trailing semicolon
[INFO] [stderr]   --> tests/test_schema_structs.rs:37:6
[INFO] [stderr]    |
[INFO] [stderr] 37 |     };
[INFO] [stderr]    |      ^ help: remove this semicolon
[INFO] [stderr]    |
[INFO] [stderr]    = note: `#[warn(redundant_semicolons)]` on by default
[INFO] [stderr] 
[INFO] [stderr] warning: unnecessary trailing semicolon
[INFO] [stderr]    --> tests/test_schema_structs.rs:110:6
[INFO] [stderr]     |
[INFO] [stderr] 110 |     };
[INFO] [stderr]     |      ^ help: remove this semicolon
[INFO] [stderr] 
[INFO] [stderr] warning: `borsh-v` (test "test_schema_nested") generated 2 warnings
[INFO] [stderr] warning: `borsh-v` (test "test_schema_structs") generated 2 warnings
[INFO] [stderr] warning: fields `x` and `y` are never read
[INFO] [stderr]   --> tests/test_de_errors.rs:11:5
[INFO] [stderr]    |
[INFO] [stderr] 10 | struct B {
[INFO] [stderr]    |        - fields in this struct
[INFO] [stderr] 11 |     x: u64,
[INFO] [stderr]    |     ^
[INFO] [stderr] 12 |     y: u32,
[INFO] [stderr]    |     ^
[INFO] [stderr]    |
[INFO] [stderr]    = note: `B` has a derived impl for the trait `Debug`, but this is intentionally ignored during dead code analysis
[INFO] [stderr]    = note: `#[warn(dead_code)]` on by default
[INFO] [stderr] 
[INFO] [stderr] warning: `borsh-v` (test "test_de_errors") generated 1 warning
[INFO] [stderr]     Finished test [unoptimized + debuginfo] target(s) in 0.04s
[INFO] [stderr]      Running unittests src/lib.rs (/opt/rustwide/target/debug/deps/borsh-43ac22eb547f97f6)
[INFO] [stdout] 
[INFO] [stdout] running 10 tests
[INFO] [stdout] test schema::tests::nested_array ... ok
[INFO] [stdout] test de::hint::tests::test_cautious_u8 ... ok
[INFO] [stdout] test schema::tests::simple_array ... ok
[INFO] [stdout] test schema::tests::nested_tuple ... ok
[INFO] [stdout] test schema::tests::simple_tuple ... ok
[INFO] [stdout] test schema::tests::nested_option ... ok
[INFO] [stdout] test schema::tests::simple_vec ... ok
[INFO] [stdout] test schema::tests::simple_map ... ok
[INFO] [stdout] test schema::tests::nested_vec ... ok
[INFO] [stdout] test schema::tests::simple_option ... ok
[INFO] [stdout] 
[INFO] [stdout] test result: ok. 10 passed; 0 failed; 0 ignored; 0 measured; 0 filtered out; finished in 0.01s
[INFO] [stdout] 
[INFO] [stderr]      Running unittests src/generate_schema_schema.rs (/opt/rustwide/target/debug/deps/generate_schema_schema-7a4b21055655f6f1)
[INFO] [stdout] 
[INFO] [stdout] running 0 tests
[INFO] [stdout] 
[INFO] [stdout] test result: ok. 0 passed; 0 failed; 0 ignored; 0 measured; 0 filtered out; finished in 0.00s
[INFO] [stdout] 
[INFO] [stderr]      Running tests/test_arrays.rs (/opt/rustwide/target/debug/deps/test_arrays-49f891d3b5b70beb)
[INFO] [stdout] 
[INFO] [stdout] running 7 tests
[INFO] [stdout] test test_array_u128 ... ok
[INFO] [stdout] test test_array_u32 ... ok
[INFO] [stdout] test test_array_u64 ... ok
[INFO] [stdout] test test_array_u8 ... ok
[INFO] [stdout] test test_array_f32 ... ok
[INFO] [stdout] test test_array_i8 ... ok
[INFO] [stdout] test test_array_array_u8 ... ok
[INFO] [stdout] 
[INFO] [stdout] test result: ok. 7 passed; 0 failed; 0 ignored; 0 measured; 0 filtered out; finished in 0.02s
[INFO] [stdout] 
[INFO] [stderr]      Running tests/test_de_errors.rs (/opt/rustwide/target/debug/deps/test_de_errors-0094453305ab6b37)
[INFO] [stdout] 
[INFO] [stdout] running 12 tests
[INFO] [stdout] test test_invalid_option ... ok
[INFO] [stdout] test test_evil_bytes_string_extra ... ok
[INFO] [stdout] test test_invalid_result ... ok
[INFO] [stdout] test test_evil_bytes_vec_with_extra ... ok
[INFO] [stdout] test test_missing_bytes ... ok
[INFO] [stdout] test test_nan_float ... ok
[INFO] [stdout] test test_invalid_length_string ... ok
[INFO] [stdout] test test_invalid_length ... ok
[INFO] [stdout] test test_non_utf_string ... ok
[INFO] [stdout] test test_invalid_enum_variant ... ok
[INFO] [stdout] test test_invalid_bool ... ok
[INFO] [stderr] error: test failed, to rerun pass `--test test_de_errors`
[INFO] [stdout] test test_extra_bytes ... FAILED
[INFO] [stdout] 
[INFO] [stdout] failures:
[INFO] [stdout] 
[INFO] [stdout] ---- test_extra_bytes stdout ----
[INFO] [stdout] thread 'test_extra_bytes' panicked at tests/test_de_errors.rs:39:43:
[INFO] [stdout] called `Result::unwrap_err()` on an `Ok` value: [32]
[INFO] [stdout] stack backtrace:
[INFO] [stdout]    0:     0x558128d5a87c - std::backtrace_rs::backtrace::libunwind::trace::ha637c64ce894333a
[INFO] [stdout]                                at /rustc/82e1608dfa6e0b5569232559e3d385fea5a93112/library/std/src/../../backtrace/src/backtrace/libunwind.rs:104:5
[INFO] [stdout]    1:     0x558128d5a87c - std::backtrace_rs::backtrace::trace_unsynchronized::h47f62dea28e0c88d
[INFO] [stdout]                                at /rustc/82e1608dfa6e0b5569232559e3d385fea5a93112/library/std/src/../../backtrace/src/backtrace/mod.rs:66:5
[INFO] [stdout]    2:     0x558128d5a87c - std::sys_common::backtrace::_print_fmt::h9eef0abe20ede486
[INFO] [stdout]                                at /rustc/82e1608dfa6e0b5569232559e3d385fea5a93112/library/std/src/sys_common/backtrace.rs:67:5
[INFO] [stdout]    3:     0x558128d5a87c - <std::sys_common::backtrace::_print::DisplayBacktrace as core::fmt::Display>::fmt::hed7f999df88cc644
[INFO] [stdout]                                at /rustc/82e1608dfa6e0b5569232559e3d385fea5a93112/library/std/src/sys_common/backtrace.rs:44:22
[INFO] [stdout]    4:     0x558128d84de0 - core::fmt::rt::Argument::fmt::h1539a9308b8d058d
[INFO] [stdout]                                at /rustc/82e1608dfa6e0b5569232559e3d385fea5a93112/library/core/src/fmt/rt.rs:142:9
[INFO] [stdout]    5:     0x558128d84de0 - core::fmt::write::h3a39390d8560d9c9
[INFO] [stdout]                                at /rustc/82e1608dfa6e0b5569232559e3d385fea5a93112/library/core/src/fmt/mod.rs:1120:17
[INFO] [stdout]    6:     0x558128d5822f - std::io::Write::write_fmt::h040b369f3a0f9cbc
[INFO] [stdout]                                at /rustc/82e1608dfa6e0b5569232559e3d385fea5a93112/library/std/src/io/mod.rs:1762:15
[INFO] [stdout]    7:     0x558128d5a664 - std::sys_common::backtrace::_print::h894006fb5c6f3d45
[INFO] [stdout]                                at /rustc/82e1608dfa6e0b5569232559e3d385fea5a93112/library/std/src/sys_common/backtrace.rs:47:5
[INFO] [stdout]    8:     0x558128d5a664 - std::sys_common::backtrace::print::h23a2d212c6fff936
[INFO] [stdout]                                at /rustc/82e1608dfa6e0b5569232559e3d385fea5a93112/library/std/src/sys_common/backtrace.rs:34:9
[INFO] [stdout]    9:     0x558128d5c327 - std::panicking::default_hook::{{closure}}::h8a1d2ee00185001a
[INFO] [stdout]   10:     0x558128d5c013 - std::panicking::default_hook::h6038f2eba384e475
[INFO] [stdout]                                at /rustc/82e1608dfa6e0b5569232559e3d385fea5a93112/library/std/src/panicking.rs:289:9
[INFO] [stdout]   11:     0x558128d26fd7 - <alloc::boxed::Box<F,A> as core::ops::function::Fn<Args>>::call::h0ad024c9bdc6d768
[INFO] [stdout]                                at /rustc/82e1608dfa6e0b5569232559e3d385fea5a93112/library/alloc/src/boxed.rs:2021:9
[INFO] [stdout]   12:     0x558128d26fd7 - test::test_main::{{closure}}::h7500b54257359db6
[INFO] [stdout]                                at /rustc/82e1608dfa6e0b5569232559e3d385fea5a93112/library/test/src/lib.rs:138:21
[INFO] [stdout]   13:     0x558128d5c938 - <alloc::boxed::Box<F,A> as core::ops::function::Fn<Args>>::call::h1f8f335eaa9cfaee
[INFO] [stdout]                                at /rustc/82e1608dfa6e0b5569232559e3d385fea5a93112/library/alloc/src/boxed.rs:2021:9
[INFO] [stdout]   14:     0x558128d5c938 - std::panicking::rust_panic_with_hook::h2b5517d590cab22e
[INFO] [stdout]                                at /rustc/82e1608dfa6e0b5569232559e3d385fea5a93112/library/std/src/panicking.rs:783:13
[INFO] [stdout]   15:     0x558128d5c68e - std::panicking::begin_panic_handler::{{closure}}::h233112c06e0ef43e
[INFO] [stdout]                                at /rustc/82e1608dfa6e0b5569232559e3d385fea5a93112/library/std/src/panicking.rs:657:13
[INFO] [stdout]   16:     0x558128d5ad46 - std::sys_common::backtrace::__rust_end_short_backtrace::h6e893f24d7ebbff8
[INFO] [stdout]                                at /rustc/82e1608dfa6e0b5569232559e3d385fea5a93112/library/std/src/sys_common/backtrace.rs:170:18
[INFO] [stdout]   17:     0x558128d5c3f2 - rust_begin_unwind
[INFO] [stdout]                                at /rustc/82e1608dfa6e0b5569232559e3d385fea5a93112/library/std/src/panicking.rs:645:5
[INFO] [stdout]   18:     0x558128ce8cf5 - core::panicking::panic_fmt::hbf0e066aabfa482c
[INFO] [stdout]                                at /rustc/82e1608dfa6e0b5569232559e3d385fea5a93112/library/core/src/panicking.rs:72:14
[INFO] [stdout]   19:     0x558128ce9193 - core::result::unwrap_failed::hddb4fea594200c52
[INFO] [stdout]                                at /rustc/82e1608dfa6e0b5569232559e3d385fea5a93112/library/core/src/result.rs:1653:5
[INFO] [stdout]   20:     0x558128ceee50 - core::result::Result<T,E>::unwrap_err::h8bdeb63ab93971cd
[INFO] [stdout]                                at /rustc/82e1608dfa6e0b5569232559e3d385fea5a93112/library/core/src/result.rs:1171:22
[INFO] [stdout]   21:     0x558128cf1d55 - test_de_errors::test_extra_bytes::hf07f886a8e6db441
[INFO] [stdout]                                at /opt/rustwide/workdir/tests/test_de_errors.rs:39:9
[INFO] [stdout]   22:     0x558128cf1c87 - test_de_errors::test_extra_bytes::{{closure}}::h0e57855e357f0f2b
[INFO] [stdout]                                at /opt/rustwide/workdir/tests/test_de_errors.rs:36:22
[INFO] [stdout]   23:     0x558128ce9ba6 - core::ops::function::FnOnce::call_once::h5a72cbe928c3cc3f
[INFO] [stdout]                                at /rustc/82e1608dfa6e0b5569232559e3d385fea5a93112/library/core/src/ops/function.rs:250:5
[INFO] [stdout]   24:     0x558128d2c62f - core::ops::function::FnOnce::call_once::h2b5d431d5046312d
[INFO] [stdout]                                at /rustc/82e1608dfa6e0b5569232559e3d385fea5a93112/library/core/src/ops/function.rs:250:5
[INFO] [stdout]   25:     0x558128d2c62f - test::__rust_begin_short_backtrace::h7714669af176e207
[INFO] [stdout]                                at /rustc/82e1608dfa6e0b5569232559e3d385fea5a93112/library/test/src/lib.rs:628:18
[INFO] [stdout]   26:     0x558128d2b645 - test::run_test_in_process::{{closure}}::h85218797dcbcec12
[INFO] [stdout]                                at /rustc/82e1608dfa6e0b5569232559e3d385fea5a93112/library/test/src/lib.rs:651:60
[INFO] [stdout]   27:     0x558128d2b645 - <core::panic::unwind_safe::AssertUnwindSafe<F> as core::ops::function::FnOnce<()>>::call_once::h76c106ea31c14d7b
[INFO] [stdout]                                at /rustc/82e1608dfa6e0b5569232559e3d385fea5a93112/library/core/src/panic/unwind_safe.rs:272:9
[INFO] [stdout]   28:     0x558128d2b645 - std::panicking::try::do_call::h3bd5d0f6620ee946
[INFO] [stdout]                                at /rustc/82e1608dfa6e0b5569232559e3d385fea5a93112/library/std/src/panicking.rs:552:40
[INFO] [stdout]   29:     0x558128d2b645 - std::panicking::try::h232e535e4744fe31
[INFO] [stdout]                                at /rustc/82e1608dfa6e0b5569232559e3d385fea5a93112/library/std/src/panicking.rs:516:19
[INFO] [stdout]   30:     0x558128d2b645 - std::panic::catch_unwind::h3ce3bd6ca8dbac68
[INFO] [stdout]                                at /rustc/82e1608dfa6e0b5569232559e3d385fea5a93112/library/std/src/panic.rs:142:14
[INFO] [stdout]   31:     0x558128d2b645 - test::run_test_in_process::hc97b257c9621286a
[INFO] [stdout]                                at /rustc/82e1608dfa6e0b5569232559e3d385fea5a93112/library/test/src/lib.rs:651:27
[INFO] [stdout]   32:     0x558128d2b645 - test::run_test::{{closure}}::h2aa798823a438d38
[INFO] [stdout]                                at /rustc/82e1608dfa6e0b5569232559e3d385fea5a93112/library/test/src/lib.rs:574:43
[INFO] [stdout]   33:     0x558128cf3906 - test::run_test::{{closure}}::h87d231c78fb59832
[INFO] [stdout]                                at /rustc/82e1608dfa6e0b5569232559e3d385fea5a93112/library/test/src/lib.rs:602:41
[INFO] [stdout]   34:     0x558128cf3906 - std::sys_common::backtrace::__rust_begin_short_backtrace::he6df152596625789
[INFO] [stdout]                                at /rustc/82e1608dfa6e0b5569232559e3d385fea5a93112/library/std/src/sys_common/backtrace.rs:154:18
[INFO] [stdout]   35:     0x558128cf89b7 - std::thread::Builder::spawn_unchecked_::{{closure}}::{{closure}}::ha94be15d1e0acf36
[INFO] [stdout]                                at /rustc/82e1608dfa6e0b5569232559e3d385fea5a93112/library/std/src/thread/mod.rs:529:17
[INFO] [stdout]   36:     0x558128cf89b7 - <core::panic::unwind_safe::AssertUnwindSafe<F> as core::ops::function::FnOnce<()>>::call_once::h9dc6bd6372f16606
[INFO] [stdout]                                at /rustc/82e1608dfa6e0b5569232559e3d385fea5a93112/library/core/src/panic/unwind_safe.rs:272:9
[INFO] [stdout]   37:     0x558128cf89b7 - std::panicking::try::do_call::h9057517f80303cd4
[INFO] [stdout]                                at /rustc/82e1608dfa6e0b5569232559e3d385fea5a93112/library/std/src/panicking.rs:552:40
[INFO] [stdout]   38:     0x558128cf89b7 - std::panicking::try::he3a30b11ee45340c
[INFO] [stdout]                                at /rustc/82e1608dfa6e0b5569232559e3d385fea5a93112/library/std/src/panicking.rs:516:19
[INFO] [stdout]   39:     0x558128cf89b7 - std::panic::catch_unwind::h410458cfd3528b8b
[INFO] [stdout]                                at /rustc/82e1608dfa6e0b5569232559e3d385fea5a93112/library/std/src/panic.rs:142:14
[INFO] [stdout]   40:     0x558128cf89b7 - std::thread::Builder::spawn_unchecked_::{{closure}}::h72ac3bdb567b737b
[INFO] [stdout]                                at /rustc/82e1608dfa6e0b5569232559e3d385fea5a93112/library/std/src/thread/mod.rs:528:30
[INFO] [stdout]   41:     0x558128cf89b7 - core::ops::function::FnOnce::call_once{{vtable.shim}}::h38f34da3654a8344
[INFO] [stdout]                                at /rustc/82e1608dfa6e0b5569232559e3d385fea5a93112/library/core/src/ops/function.rs:250:5
[INFO] [stdout]   42:     0x558128d613c5 - <alloc::boxed::Box<F,A> as core::ops::function::FnOnce<Args>>::call_once::hc7eafaff61e32df9
[INFO] [stdout]                                at /rustc/82e1608dfa6e0b5569232559e3d385fea5a93112/library/alloc/src/boxed.rs:2007:9
[INFO] [stdout]   43:     0x558128d613c5 - <alloc::boxed::Box<F,A> as core::ops::function::FnOnce<Args>>::call_once::h6ba4a5de48dd2304
[INFO] [stdout]                                at /rustc/82e1608dfa6e0b5569232559e3d385fea5a93112/library/alloc/src/boxed.rs:2007:9
[INFO] [stdout]   44:     0x558128d613c5 - std::sys::unix::thread::Thread::new::thread_start::he469335aef763e45
[INFO] [stdout]                                at /rustc/82e1608dfa6e0b5569232559e3d385fea5a93112/library/std/src/sys/unix/thread.rs:108:17
[INFO] [stdout]   45:     0x7f9f1fba5ac3 - <unknown>
[INFO] [stdout]   46:     0x7f9f1fc36bf4 - __clone
[INFO] [stdout]   47:                0x0 - <unknown>
[INFO] [stdout] 
[INFO] [stdout] 
[INFO] [stdout] failures:
[INFO] [stdout]     test_extra_bytes
[INFO] [stdout] 
[INFO] [stdout] test result: FAILED. 11 passed; 1 failed; 0 ignored; 0 measured; 0 filtered out; finished in 0.05s
[INFO] [stdout] 
[INFO] running `Command { std: "docker" "inspect" "2c29728aaf1bcf48067bad2fd4e634907d78c6f538f24c7d662ea30243d42814", kill_on_drop: false }`
[INFO] running `Command { std: "docker" "rm" "-f" "2c29728aaf1bcf48067bad2fd4e634907d78c6f538f24c7d662ea30243d42814", kill_on_drop: false }`
[INFO] [stdout] 2c29728aaf1bcf48067bad2fd4e634907d78c6f538f24c7d662ea30243d42814
[INFO] testing borsh-v-0.7.3 against beta-2023-12-22 for beta-1.76-1
[INFO] extracting crate borsh-v 0.7.3 into /workspace/builds/worker-2-tc2/source
[INFO] validating manifest of crates.io crate borsh-v 0.7.3 on toolchain beta-2023-12-22
[INFO] running `Command { std: CARGO_HOME="/workspace/cargo-home" RUSTUP_HOME="/workspace/rustup-home" "/workspace/cargo-home/bin/cargo" "+beta-2023-12-22" "metadata" "--manifest-path" "Cargo.toml" "--no-deps", kill_on_drop: false }`
[INFO] started tweaking crates.io crate borsh-v 0.7.3
[INFO] finished tweaking crates.io crate borsh-v 0.7.3
[INFO] tweaked toml for crates.io crate borsh-v 0.7.3 written to /workspace/builds/worker-2-tc2/source/Cargo.toml
[INFO] crate crates.io crate borsh-v 0.7.3 already has a lockfile, it will not be regenerated
[INFO] running `Command { std: CARGO_HOME="/workspace/cargo-home" RUSTUP_HOME="/workspace/rustup-home" "/workspace/cargo-home/bin/cargo" "+beta-2023-12-22" "fetch" "--manifest-path" "Cargo.toml", kill_on_drop: false }`
[INFO] running `Command { std: "docker" "create" "-v" "/var/lib/crater-agent-workspace/builds/worker-2-tc2/target:/opt/rustwide/target:rw,Z" "-v" "/var/lib/crater-agent-workspace/builds/worker-2-tc2/source:/opt/rustwide/workdir:ro,Z" "-v" "/var/lib/crater-agent-workspace/cargo-home:/opt/rustwide/cargo-home:ro,Z" "-v" "/var/lib/crater-agent-workspace/rustup-home:/opt/rustwide/rustup-home:ro,Z" "-e" "SOURCE_DIR=/opt/rustwide/workdir" "-e" "CARGO_TARGET_DIR=/opt/rustwide/target" "-e" "CARGO_HOME=/opt/rustwide/cargo-home" "-e" "RUSTUP_HOME=/opt/rustwide/rustup-home" "-w" "/opt/rustwide/workdir" "-m" "1610612736" "--user" "0:0" "--network" "none" "ghcr.io/rust-lang/crates-build-env/linux@sha256:2788e3201cd34a07e3172128adcd8b3090168a8e3bcc40d7c032b9dda1df7d1c" "/opt/rustwide/cargo-home/bin/cargo" "+beta-2023-12-22" "metadata" "--no-deps" "--format-version=1", kill_on_drop: false }`
[INFO] [stdout] 3727d51654413cead768da75a407f098e07d5067b8217ca2cafe18fbca447f33
[INFO] running `Command { std: "docker" "start" "-a" "3727d51654413cead768da75a407f098e07d5067b8217ca2cafe18fbca447f33", kill_on_drop: false }`
[INFO] running `Command { std: "docker" "inspect" "3727d51654413cead768da75a407f098e07d5067b8217ca2cafe18fbca447f33", kill_on_drop: false }`
[INFO] running `Command { std: "docker" "rm" "-f" "3727d51654413cead768da75a407f098e07d5067b8217ca2cafe18fbca447f33", kill_on_drop: false }`
[INFO] [stdout] 3727d51654413cead768da75a407f098e07d5067b8217ca2cafe18fbca447f33
[INFO] running `Command { std: "docker" "create" "-v" "/var/lib/crater-agent-workspace/builds/worker-2-tc2/target:/opt/rustwide/target:rw,Z" "-v" "/var/lib/crater-agent-workspace/builds/worker-2-tc2/source:/opt/rustwide/workdir:ro,Z" "-v" "/var/lib/crater-agent-workspace/cargo-home:/opt/rustwide/cargo-home:ro,Z" "-v" "/var/lib/crater-agent-workspace/rustup-home:/opt/rustwide/rustup-home:ro,Z" "-e" "SOURCE_DIR=/opt/rustwide/workdir" "-e" "CARGO_TARGET_DIR=/opt/rustwide/target" "-e" "CARGO_INCREMENTAL=0" "-e" "RUST_BACKTRACE=full" "-e" "RUSTFLAGS=--cap-lints=warn" "-e" "RUSTDOCFLAGS=--cap-lints=warn" "-e" "CARGO_HOME=/opt/rustwide/cargo-home" "-e" "RUSTUP_HOME=/opt/rustwide/rustup-home" "-w" "/opt/rustwide/workdir" "-m" "1610612736" "--user" "0:0" "--network" "none" "ghcr.io/rust-lang/crates-build-env/linux@sha256:2788e3201cd34a07e3172128adcd8b3090168a8e3bcc40d7c032b9dda1df7d1c" "/opt/rustwide/cargo-home/bin/cargo" "+beta-2023-12-22" "build" "--frozen" "--message-format=json", kill_on_drop: false }`
[INFO] [stdout] 424d227c1818df168a6b610ba89706b8102f0f8a9caa9580dd6c0019d34791b9
[INFO] running `Command { std: "docker" "start" "-a" "424d227c1818df168a6b610ba89706b8102f0f8a9caa9580dd6c0019d34791b9", kill_on_drop: false }`
[INFO] [stderr]    Compiling proc-macro2 v1.0.24
[INFO] [stderr]    Compiling unicode-xid v0.2.1
[INFO] [stderr]    Compiling syn v1.0.48
[INFO] [stderr]    Compiling quote v1.0.7
[INFO] [stderr]    Compiling borsh-derive-internal v0.7.1
[INFO] [stderr]    Compiling borsh-schema-derive-internal v0.7.1
[INFO] [stderr]    Compiling borsh-derive v0.7.1
[INFO] [stderr]    Compiling borsh-v v0.7.3 (/opt/rustwide/workdir)
[INFO] [stdout] warning: constant `ERROR_NOT_ALL_BYTES_READ` is never used
[INFO] [stdout]  --> src/de/mod.rs:9:7
[INFO] [stdout]   |
[INFO] [stdout] 9 | const ERROR_NOT_ALL_BYTES_READ: &str = "Not all bytes read";
[INFO] [stdout]   |       ^^^^^^^^^^^^^^^^^^^^^^^^
[INFO] [stdout]   |
[INFO] [stdout]   = note: `#[warn(dead_code)]` on by default
[INFO] [stdout] 
[INFO] [stdout] 
[INFO] [stdout] warning: 1 warning emitted
[INFO] [stdout] 
[INFO] [stdout] 
[INFO] [stderr]     Finished dev [unoptimized + debuginfo] target(s) in 6.14s
[INFO] running `Command { std: "docker" "inspect" "424d227c1818df168a6b610ba89706b8102f0f8a9caa9580dd6c0019d34791b9", kill_on_drop: false }`
[INFO] running `Command { std: "docker" "rm" "-f" "424d227c1818df168a6b610ba89706b8102f0f8a9caa9580dd6c0019d34791b9", kill_on_drop: false }`
[INFO] [stdout] 424d227c1818df168a6b610ba89706b8102f0f8a9caa9580dd6c0019d34791b9
[INFO] running `Command { std: "docker" "create" "-v" "/var/lib/crater-agent-workspace/builds/worker-2-tc2/target:/opt/rustwide/target:rw,Z" "-v" "/var/lib/crater-agent-workspace/builds/worker-2-tc2/source:/opt/rustwide/workdir:ro,Z" "-v" "/var/lib/crater-agent-workspace/cargo-home:/opt/rustwide/cargo-home:ro,Z" "-v" "/var/lib/crater-agent-workspace/rustup-home:/opt/rustwide/rustup-home:ro,Z" "-e" "SOURCE_DIR=/opt/rustwide/workdir" "-e" "CARGO_TARGET_DIR=/opt/rustwide/target" "-e" "CARGO_INCREMENTAL=0" "-e" "RUST_BACKTRACE=full" "-e" "RUSTFLAGS=--cap-lints=warn" "-e" "RUSTDOCFLAGS=--cap-lints=warn" "-e" "CARGO_HOME=/opt/rustwide/cargo-home" "-e" "RUSTUP_HOME=/opt/rustwide/rustup-home" "-w" "/opt/rustwide/workdir" "-m" "1610612736" "--user" "0:0" "--network" "none" "ghcr.io/rust-lang/crates-build-env/linux@sha256:2788e3201cd34a07e3172128adcd8b3090168a8e3bcc40d7c032b9dda1df7d1c" "/opt/rustwide/cargo-home/bin/cargo" "+beta-2023-12-22" "test" "--frozen" "--no-run" "--message-format=json", kill_on_drop: false }`
[INFO] [stdout] b1a86ab3072361437a77e63ea6c8c6db5bcbc574be9702d305eba2eff97919ce
[INFO] running `Command { std: "docker" "start" "-a" "b1a86ab3072361437a77e63ea6c8c6db5bcbc574be9702d305eba2eff97919ce", kill_on_drop: false }`
[INFO] [stdout] warning: constant `ERROR_NOT_ALL_BYTES_READ` is never used
[INFO] [stdout]  --> src/de/mod.rs:9:7
[INFO] [stdout]   |
[INFO] [stdout] 9 | const ERROR_NOT_ALL_BYTES_READ: &str = "Not all bytes read";
[INFO] [stdout]   |       ^^^^^^^^^^^^^^^^^^^^^^^^
[INFO] [stdout]   |
[INFO] [stdout]   = note: `#[warn(dead_code)]` on by default
[INFO] [stdout] 
[INFO] [stdout] 
[INFO] [stdout] warning: 1 warning emitted
[INFO] [stdout] 
[INFO] [stdout] 
[INFO] [stderr]    Compiling borsh-v v0.7.3 (/opt/rustwide/workdir)
[INFO] [stdout] warning: unnecessary trailing semicolon
[INFO] [stdout]   --> tests/test_schema_nested.rs:28:6
[INFO] [stdout]    |
[INFO] [stdout] 28 |     };
[INFO] [stdout]    |      ^ help: remove this semicolon
[INFO] [stdout]    |
[INFO] [stdout]    = note: `#[warn(redundant_semicolons)]` on by default
[INFO] [stdout] 
[INFO] [stdout] 
[INFO] [stdout] warning: unnecessary trailing semicolon
[INFO] [stdout]   --> tests/test_schema_nested.rs:33:6
[INFO] [stdout]    |
[INFO] [stdout] 33 |     };
[INFO] [stdout]    |      ^ help: remove this semicolon
[INFO] [stdout] 
[INFO] [stdout] 
[INFO] [stdout] warning: fields `x` and `y` are never read
[INFO] [stdout]   --> tests/test_de_errors.rs:11:5
[INFO] [stdout]    |
[INFO] [stdout] 10 | struct B {
[INFO] [stdout]    |        - fields in this struct
[INFO] [stdout] 11 |     x: u64,
[INFO] [stdout]    |     ^
[INFO] [stdout] 12 |     y: u32,
[INFO] [stdout]    |     ^
[INFO] [stdout]    |
[INFO] [stdout]    = note: `B` has a derived impl for the trait `Debug`, but this is intentionally ignored during dead code analysis
[INFO] [stdout]    = note: `#[warn(dead_code)]` on by default
[INFO] [stdout] 
[INFO] [stdout] 
[INFO] [stdout] warning: unnecessary trailing semicolon
[INFO] [stdout]   --> tests/test_schema_structs.rs:37:6
[INFO] [stdout]    |
[INFO] [stdout] 37 |     };
[INFO] [stdout]    |      ^ help: remove this semicolon
[INFO] [stdout]    |
[INFO] [stdout]    = note: `#[warn(redundant_semicolons)]` on by default
[INFO] [stdout] 
[INFO] [stdout] 
[INFO] [stdout] warning: unnecessary trailing semicolon
[INFO] [stdout]    --> tests/test_schema_structs.rs:110:6
[INFO] [stdout]     |
[INFO] [stdout] 110 |     };
[INFO] [stdout]     |      ^ help: remove this semicolon
[INFO] [stdout] 
[INFO] [stdout] 
[INFO] [stdout] warning: 1 warning emitted
[INFO] [stdout] 
[INFO] [stdout] 
[INFO] [stdout] warning: 2 warnings emitted
[INFO] [stdout] 
[INFO] [stdout] 
[INFO] [stdout] warning: 2 warnings emitted
[INFO] [stdout] 
[INFO] [stdout] 
[INFO] [stdout] warning: constant `ERROR_NOT_ALL_BYTES_READ` is never used
[INFO] [stdout]  --> src/de/mod.rs:9:7
[INFO] [stdout]   |
[INFO] [stdout] 9 | const ERROR_NOT_ALL_BYTES_READ: &str = "Not all bytes read";
[INFO] [stdout]   |       ^^^^^^^^^^^^^^^^^^^^^^^^
[INFO] [stdout]   |
[INFO] [stdout]   = note: `#[warn(dead_code)]` on by default
[INFO] [stdout] 
[INFO] [stdout] 
[INFO] [stdout] warning: 1 warning emitted
[INFO] [stdout] 
[INFO] [stdout] 
[INFO] [stderr]     Finished test [unoptimized + debuginfo] target(s) in 2.58s
[INFO] running `Command { std: "docker" "inspect" "b1a86ab3072361437a77e63ea6c8c6db5bcbc574be9702d305eba2eff97919ce", kill_on_drop: false }`
[INFO] running `Command { std: "docker" "rm" "-f" "b1a86ab3072361437a77e63ea6c8c6db5bcbc574be9702d305eba2eff97919ce", kill_on_drop: false }`
[INFO] [stdout] b1a86ab3072361437a77e63ea6c8c6db5bcbc574be9702d305eba2eff97919ce
[INFO] running `Command { std: "docker" "create" "-v" "/var/lib/crater-agent-workspace/builds/worker-2-tc2/target:/opt/rustwide/target:rw,Z" "-v" "/var/lib/crater-agent-workspace/builds/worker-2-tc2/source:/opt/rustwide/workdir:ro,Z" "-v" "/var/lib/crater-agent-workspace/cargo-home:/opt/rustwide/cargo-home:ro,Z" "-v" "/var/lib/crater-agent-workspace/rustup-home:/opt/rustwide/rustup-home:ro,Z" "-e" "SOURCE_DIR=/opt/rustwide/workdir" "-e" "CARGO_TARGET_DIR=/opt/rustwide/target" "-e" "CARGO_INCREMENTAL=0" "-e" "RUST_BACKTRACE=full" "-e" "RUSTFLAGS=--cap-lints=warn" "-e" "RUSTDOCFLAGS=--cap-lints=warn" "-e" "CARGO_HOME=/opt/rustwide/cargo-home" "-e" "RUSTUP_HOME=/opt/rustwide/rustup-home" "-w" "/opt/rustwide/workdir" "-m" "1610612736" "--user" "0:0" "--network" "none" "ghcr.io/rust-lang/crates-build-env/linux@sha256:2788e3201cd34a07e3172128adcd8b3090168a8e3bcc40d7c032b9dda1df7d1c" "/opt/rustwide/cargo-home/bin/cargo" "+beta-2023-12-22" "test" "--frozen", kill_on_drop: false }`
[INFO] [stdout] 0dcdd9b0f18bb706e0c78db32a05b4b0c1dccc224d14a8d169cfefa4d89fb0f3
[INFO] running `Command { std: "docker" "start" "-a" "0dcdd9b0f18bb706e0c78db32a05b4b0c1dccc224d14a8d169cfefa4d89fb0f3", kill_on_drop: false }`
[INFO] [stderr] warning: constant `ERROR_NOT_ALL_BYTES_READ` is never used
[INFO] [stderr]  --> src/de/mod.rs:9:7
[INFO] [stderr]   |
[INFO] [stderr] 9 | const ERROR_NOT_ALL_BYTES_READ: &str = "Not all bytes read";
[INFO] [stderr]   |       ^^^^^^^^^^^^^^^^^^^^^^^^
[INFO] [stderr]   |
[INFO] [stderr]   = note: `#[warn(dead_code)]` on by default
[INFO] [stderr] 
[INFO] [stderr] warning: `borsh-v` (lib) generated 1 warning
[INFO] [stderr] warning: `borsh-v` (lib test) generated 1 warning (1 duplicate)
[INFO] [stderr] warning: unnecessary trailing semicolon
[INFO] [stderr]   --> tests/test_schema_structs.rs:37:6
[INFO] [stderr]    |
[INFO] [stderr] 37 |     };
[INFO] [stderr]    |      ^ help: remove this semicolon
[INFO] [stderr]    |
[INFO] [stderr]    = note: `#[warn(redundant_semicolons)]` on by default
[INFO] [stderr] 
[INFO] [stderr] warning: unnecessary trailing semicolon
[INFO] [stderr]    --> tests/test_schema_structs.rs:110:6
[INFO] [stderr]     |
[INFO] [stderr] 110 |     };
[INFO] [stderr]     |      ^ help: remove this semicolon
[INFO] [stderr] 
[INFO] [stderr] warning: unnecessary trailing semicolon
[INFO] [stderr]   --> tests/test_schema_nested.rs:28:6
[INFO] [stderr]    |
[INFO] [stderr] 28 |     };
[INFO] [stderr]    |      ^ help: remove this semicolon
[INFO] [stderr]    |
[INFO] [stderr]    = note: `#[warn(redundant_semicolons)]` on by default
[INFO] [stderr] 
[INFO] [stderr] warning: unnecessary trailing semicolon
[INFO] [stderr]   --> tests/test_schema_nested.rs:33:6
[INFO] [stderr]    |
[INFO] [stderr] 33 |     };
[INFO] [stderr]    |      ^ help: remove this semicolon
[INFO] [stderr] 
[INFO] [stderr] warning: `borsh-v` (test "test_schema_structs") generated 2 warnings
[INFO] [stderr] warning: `borsh-v` (test "test_schema_nested") generated 2 warnings
[INFO] [stderr] warning: fields `x` and `y` are never read
[INFO] [stderr]   --> tests/test_de_errors.rs:11:5
[INFO] [stderr]    |
[INFO] [stderr] 10 | struct B {
[INFO] [stderr]    |        - fields in this struct
[INFO] [stderr] 11 |     x: u64,
[INFO] [stderr]    |     ^
[INFO] [stderr] 12 |     y: u32,
[INFO] [stderr]    |     ^
[INFO] [stderr]    |
[INFO] [stderr]    = note: `B` has a derived impl for the trait `Debug`, but this is intentionally ignored during dead code analysis
[INFO] [stderr]    = note: `#[warn(dead_code)]` on by default
[INFO] [stderr] 
[INFO] [stderr] warning: `borsh-v` (test "test_de_errors") generated 1 warning
[INFO] [stderr]     Finished test [unoptimized + debuginfo] target(s) in 0.02s
[INFO] [stderr]      Running unittests src/lib.rs (/opt/rustwide/target/debug/deps/borsh-53fd9a15599299a3)
[INFO] [stdout] 
[INFO] [stdout] running 10 tests
[INFO] [stdout] test schema::tests::nested_option ... ok
[INFO] [stdout] test schema::tests::nested_tuple ... ok
[INFO] [stdout] test de::hint::tests::test_cautious_u8 ... ok
[INFO] [stdout] test schema::tests::nested_array ... ok
[INFO] [stdout] test schema::tests::nested_vec ... ok
[INFO] [stdout] test schema::tests::simple_option ... ok
[INFO] [stdout] test schema::tests::simple_map ... ok
[INFO] [stdout] test schema::tests::simple_tuple ... ok
[INFO] [stdout] test schema::tests::simple_array ... ok
[INFO] [stdout] test schema::tests::simple_vec ... ok
[INFO] [stdout] 
[INFO] [stdout] test result: ok. 10 passed; 0 failed; 0 ignored; 0 measured; 0 filtered out; finished in 0.02s
[INFO] [stdout] 
[INFO] [stderr]      Running unittests src/generate_schema_schema.rs (/opt/rustwide/target/debug/deps/generate_schema_schema-4c9bfcc0a87e6c22)
[INFO] [stdout] 
[INFO] [stdout] running 0 tests
[INFO] [stdout] 
[INFO] [stdout] test result: ok. 0 passed; 0 failed; 0 ignored; 0 measured; 0 filtered out; finished in 0.00s
[INFO] [stdout] 
[INFO] [stderr]      Running tests/test_arrays.rs (/opt/rustwide/target/debug/deps/test_arrays-dd10a4844e148c08)
[INFO] [stdout] 
[INFO] [stdout] running 7 tests
[INFO] [stdout] test test_array_i8 ... ok
[INFO] [stdout] test test_array_array_u8 ... ok
[INFO] [stdout] test test_array_f32 ... ok
[INFO] [stdout] test test_array_u32 ... ok
[INFO] [stdout] test test_array_u128 ... ok
[INFO] [stdout] test test_array_u8 ... ok
[INFO] [stdout] test test_array_u64 ... ok
[INFO] [stderr]      Running tests/test_de_errors.rs (/opt/rustwide/target/debug/deps/test_de_errors-39ece470acc279b1)
[INFO] [stdout] 
[INFO] [stdout] test result: ok. 7 passed; 0 failed; 0 ignored; 0 measured; 0 filtered out; finished in 0.01s
[INFO] [stdout] 
[INFO] [stdout] 
[INFO] [stdout] running 12 tests
[INFO] [stdout] test test_invalid_enum_variant ... ok
[INFO] [stdout] test test_evil_bytes_vec_with_extra ... ok
[INFO] [stdout] test test_invalid_length_string ... ok
[INFO] [stdout] test test_invalid_bool ... ok
[INFO] [stdout] test test_evil_bytes_string_extra ... ok
[INFO] [stdout] test test_missing_bytes ... ok
[INFO] [stdout] test test_nan_float ... ok
[INFO] [stdout] test test_invalid_result ... ok
[INFO] [stdout] test test_non_utf_string ... ok
[INFO] [stdout] test test_invalid_option ... ok
[INFO] [stdout] test test_invalid_length ... ok
[INFO] [stdout] test test_extra_bytes ... FAILED
[INFO] [stdout] 
[INFO] [stdout] failures:
[INFO] [stdout] 
[INFO] [stdout] ---- test_extra_bytes stdout ----
[INFO] [stdout] thread 'test_extra_bytes' panicked at tests/test_de_errors.rs:39:43:
[INFO] [stdout] called `Result::unwrap_err()` on an `Ok` value: [32]
[INFO] [stdout] stack backtrace:
[INFO] [stdout]    0:     0x55c864037176 - std::backtrace_rs::backtrace::libunwind::trace::h261606ad26a499c1
[INFO] [stdout]                                at /rustc/0e09125c6c3c2fd70d7de961bcf0e51575235fad/library/std/src/../../backtrace/src/backtrace/libunwind.rs:104:5
[INFO] [stdout]    1:     0x55c864037176 - std::backtrace_rs::backtrace::trace_unsynchronized::hd183f0625477fb28
[INFO] [stdout]                                at /rustc/0e09125c6c3c2fd70d7de961bcf0e51575235fad/library/std/src/../../backtrace/src/backtrace/mod.rs:66:5
[INFO] [stdout]    2:     0x55c864037176 - std::sys_common::backtrace::_print_fmt::hd7f8fef21b4eda67
[INFO] [stdout]                                at /rustc/0e09125c6c3c2fd70d7de961bcf0e51575235fad/library/std/src/sys_common/backtrace.rs:68:5
[INFO] [stdout]    3:     0x55c864037176 - <std::sys_common::backtrace::_print::DisplayBacktrace as core::fmt::Display>::fmt::h623d9b51f2f453f1
[INFO] [stdout]                                at /rustc/0e09125c6c3c2fd70d7de961bcf0e51575235fad/library/std/src/sys_common/backtrace.rs:44:22
[INFO] [stdout]    4:     0x55c8640609e0 - core::fmt::rt::Argument::fmt::h9f417ac76a86f368
[INFO] [stdout]                                at /rustc/0e09125c6c3c2fd70d7de961bcf0e51575235fad/library/core/src/fmt/rt.rs:142:9
[INFO] [stdout]    5:     0x55c8640609e0 - core::fmt::write::hc9b6faf4ac2aeff7
[INFO] [stdout]                                at /rustc/0e09125c6c3c2fd70d7de961bcf0e51575235fad/library/core/src/fmt/mod.rs:1120:17
[INFO] [stdout]    6:     0x55c864034bdf - std::io::Write::write_fmt::he04625a3a989fec3
[INFO] [stdout]                                at /rustc/0e09125c6c3c2fd70d7de961bcf0e51575235fad/library/std/src/io/mod.rs:1810:15
[INFO] [stdout]    7:     0x55c864036f54 - std::sys_common::backtrace::_print::hd5d66399c7df88a2
[INFO] [stdout]                                at /rustc/0e09125c6c3c2fd70d7de961bcf0e51575235fad/library/std/src/sys_common/backtrace.rs:47:5
[INFO] [stdout]    8:     0x55c864036f54 - std::sys_common::backtrace::print::he81ed2da642d37e5
[INFO] [stdout]                                at /rustc/0e09125c6c3c2fd70d7de961bcf0e51575235fad/library/std/src/sys_common/backtrace.rs:34:9
[INFO] [stdout]    9:     0x55c864038cc7 - std::panicking::default_hook::{{closure}}::h85773f4fa117163d
[INFO] [stdout]   10:     0x55c8640389ad - std::panicking::default_hook::h6a1694a91d09b278
[INFO] [stdout]                                at /rustc/0e09125c6c3c2fd70d7de961bcf0e51575235fad/library/std/src/panicking.rs:289:9
[INFO] [stdout]   11:     0x55c8640030f7 - <alloc::boxed::Box<F,A> as core::ops::function::Fn<Args>>::call::h616ac37fa3cd6c8f
[INFO] [stdout]                                at /rustc/0e09125c6c3c2fd70d7de961bcf0e51575235fad/library/alloc/src/boxed.rs:2029:9
[INFO] [stdout]   12:     0x55c8640030f7 - test::test_main::{{closure}}::h00d84697cefdcbb6
[INFO] [stdout]                                at /rustc/0e09125c6c3c2fd70d7de961bcf0e51575235fad/library/test/src/lib.rs:138:21
[INFO] [stdout]   13:     0x55c8640392e6 - <alloc::boxed::Box<F,A> as core::ops::function::Fn<Args>>::call::hcb3fe3b9bb537ba8
[INFO] [stdout]                                at /rustc/0e09125c6c3c2fd70d7de961bcf0e51575235fad/library/alloc/src/boxed.rs:2029:9
[INFO] [stdout]   14:     0x55c8640392e6 - std::panicking::rust_panic_with_hook::h0a7ad96e90f7145b
[INFO] [stdout]                                at /rustc/0e09125c6c3c2fd70d7de961bcf0e51575235fad/library/std/src/panicking.rs:783:13
[INFO] [stdout]   15:     0x55c864039032 - std::panicking::begin_panic_handler::{{closure}}::h7919090525c6485e
[INFO] [stdout]                                at /rustc/0e09125c6c3c2fd70d7de961bcf0e51575235fad/library/std/src/panicking.rs:657:13
[INFO] [stdout]   16:     0x55c864037676 - std::sys_common::backtrace::__rust_end_short_backtrace::hf3289479464f7dfe
[INFO] [stdout]                                at /rustc/0e09125c6c3c2fd70d7de961bcf0e51575235fad/library/std/src/sys_common/backtrace.rs:171:18
[INFO] [stdout]   17:     0x55c864038d90 - rust_begin_unwind
[INFO] [stdout]                                at /rustc/0e09125c6c3c2fd70d7de961bcf0e51575235fad/library/std/src/panicking.rs:645:5
[INFO] [stdout]   18:     0x55c863fc3cd5 - core::panicking::panic_fmt::hcc9f77c5c132af55
[INFO] [stdout]                                at /rustc/0e09125c6c3c2fd70d7de961bcf0e51575235fad/library/core/src/panicking.rs:72:14
[INFO] [stdout]   19:     0x55c863fc4183 - core::result::unwrap_failed::hbe14f498be1452f9
[INFO] [stdout]                                at /rustc/0e09125c6c3c2fd70d7de961bcf0e51575235fad/library/core/src/result.rs:1649:5
[INFO] [stdout]   20:     0x55c863fc9796 - core::result::Result<T,E>::unwrap_err::h298a3cff597ddd55
[INFO] [stdout]                                at /rustc/0e09125c6c3c2fd70d7de961bcf0e51575235fad/library/core/src/result.rs:1167:22
[INFO] [stdout]   21:     0x55c863fcced5 - test_de_errors::test_extra_bytes::hb5bea3099989c8a9
[INFO] [stdout]                                at /opt/rustwide/workdir/tests/test_de_errors.rs:39:9
[INFO] [stdout]   22:     0x55c863fcce07 - test_de_errors::test_extra_bytes::{{closure}}::h4aa1fbfa6637ea11
[INFO] [stdout]                                at /opt/rustwide/workdir/tests/test_de_errors.rs:36:22
[INFO] [stdout]   23:     0x55c863fc8fc6 - core::ops::function::FnOnce::call_once::h138dd0bd9e2e7881
[INFO] [stdout]                                at /rustc/0e09125c6c3c2fd70d7de961bcf0e51575235fad/library/core/src/ops/function.rs:250:5
[INFO] [stdout]   24:     0x55c8640089cf - core::ops::function::FnOnce::call_once::hd64d26f405258157
[INFO] [stdout]                                at /rustc/0e09125c6c3c2fd70d7de961bcf0e51575235fad/library/core/src/ops/function.rs:250:5
[INFO] [stdout]   25:     0x55c8640089cf - test::__rust_begin_short_backtrace::he21b0b7a6d731bf9
[INFO] [stdout]                                at /rustc/0e09125c6c3c2fd70d7de961bcf0e51575235fad/library/test/src/lib.rs:627:18
[INFO] [stdout]   26:     0x55c864007751 - test::run_test_in_process::{{closure}}::hf5c73986d7bdfde2
[INFO] [stdout]                                at /rustc/0e09125c6c3c2fd70d7de961bcf0e51575235fad/library/test/src/lib.rs:650:60
[INFO] [stdout]   27:     0x55c864007751 - <core::panic::unwind_safe::AssertUnwindSafe<F> as core::ops::function::FnOnce<()>>::call_once::h330011ad032aadc0
[INFO] [stdout]                                at /rustc/0e09125c6c3c2fd70d7de961bcf0e51575235fad/library/core/src/panic/unwind_safe.rs:272:9
[INFO] [stdout]   28:     0x55c864007751 - std::panicking::try::do_call::he61b0a958b795a41
[INFO] [stdout]                                at /rustc/0e09125c6c3c2fd70d7de961bcf0e51575235fad/library/std/src/panicking.rs:552:40
[INFO] [stdout]   29:     0x55c864007751 - std::panicking::try::h7309da130f906eb7
[INFO] [stdout]                                at /rustc/0e09125c6c3c2fd70d7de961bcf0e51575235fad/library/std/src/panicking.rs:516:19
[INFO] [stdout]   30:     0x55c864007751 - std::panic::catch_unwind::hc5c3a06fdaf0a92a
[INFO] [stdout]                                at /rustc/0e09125c6c3c2fd70d7de961bcf0e51575235fad/library/std/src/panic.rs:142:14
[INFO] [stdout]   31:     0x55c864007751 - test::run_test_in_process::h7e7b7c71c3324e0f
[INFO] [stdout]                                at /rustc/0e09125c6c3c2fd70d7de961bcf0e51575235fad/library/test/src/lib.rs:650:27
[INFO] [stdout]   32:     0x55c864007751 - test::run_test::{{closure}}::h1f509f28f5cf20b1
[INFO] [stdout]                                at /rustc/0e09125c6c3c2fd70d7de961bcf0e51575235fad/library/test/src/lib.rs:573:43
[INFO] [stdout]   33:     0x55c863fcea86 - test::run_test::{{closure}}::h1754218abf443f6d
[INFO] [stdout]                                at /rustc/0e09125c6c3c2fd70d7de961bcf0e51575235fad/library/test/src/lib.rs:601:41
[INFO] [stdout]   34:     0x55c863fcea86 - std::sys_common::backtrace::__rust_begin_short_backtrace::h2ee174b9d5954948
[INFO] [stdout]                                at /rustc/0e09125c6c3c2fd70d7de961bcf0e51575235fad/library/std/src/sys_common/backtrace.rs:155:18
[INFO] [stdout]   35:     0x55c863fd3ae7 - std::thread::Builder::spawn_unchecked_::{{closure}}::{{closure}}::hf60bee9c1a17ef09
[INFO] [stdout]                                at /rustc/0e09125c6c3c2fd70d7de961bcf0e51575235fad/library/std/src/thread/mod.rs:529:17
[INFO] [stdout]   36:     0x55c863fd3ae7 - <core::panic::unwind_safe::AssertUnwindSafe<F> as core::ops::function::FnOnce<()>>::call_once::h33d0dddec5216160
[INFO] [stdout]                                at /rustc/0e09125c6c3c2fd70d7de961bcf0e51575235fad/library/core/src/panic/unwind_safe.rs:272:9
[INFO] [stdout]   37:     0x55c863fd3ae7 - std::panicking::try::do_call::h144b3048b546f835
[INFO] [stdout]                                at /rustc/0e09125c6c3c2fd70d7de961bcf0e51575235fad/library/std/src/panicking.rs:552:40
[INFO] [stdout]   38:     0x55c863fd3ae7 - std::panicking::try::h978244d04646189f
[INFO] [stdout]                                at /rustc/0e09125c6c3c2fd70d7de961bcf0e51575235fad/library/std/src/panicking.rs:516:19
[INFO] [stdout]   39:     0x55c863fd3ae7 - std::panic::catch_unwind::hdf436369d188fe86
[INFO] [stdout]                                at /rustc/0e09125c6c3c2fd70d7de961bcf0e51575235fad/library/std/src/panic.rs:142:14
[INFO] [stdout]   40:     0x55c863fd3ae7 - std::thread::Builder::spawn_unchecked_::{{closure}}::h87329cbdd33c79ec
[INFO] [stdout]                                at /rustc/0e09125c6c3c2fd70d7de961bcf0e51575235fad/library/std/src/thread/mod.rs:528:30
[INFO] [stdout]   41:     0x55c863fd3ae7 - core::ops::function::FnOnce::call_once{{vtable.shim}}::h401abbe67897d450
[INFO] [stdout]                                at /rustc/0e09125c6c3c2fd70d7de961bcf0e51575235fad/library/core/src/ops/function.rs:250:5
[INFO] [stdout]   42:     0x55c86403dd95 - <alloc::boxed::Box<F,A> as core::ops::function::FnOnce<Args>>::call_once::h5d7c8f150ab9c84c
[INFO] [stdout]                                at /rustc/0e09125c6c3c2fd70d7de961bcf0e51575235fad/library/alloc/src/boxed.rs:2015:9
[INFO] [stdout]   43:     0x55c86403dd95 - <alloc::boxed::Box<F,A> as core::ops::function::FnOnce<Args>>::call_once::h570d5b005c242c15
[INFO] [stdout]                                at /rustc/0e09125c6c3c2fd70d7de961bcf0e51575235fad/library/alloc/src/boxed.rs:2015:9
[INFO] [stdout]   44:     0x55c86403dd95 - std::sys::unix::thread::Thread::new::thread_start::h36b0a20c0b2361ad
[INFO] [stdout]                                at /rustc/0e09125c6c3c2fd70d7de961bcf0e51575235fad/library/std/src/sys/unix/thread.rs:108:17
[INFO] [stdout]   45:     0x7f662c6bbac3 - <unknown>
[INFO] [stdout]   46:     0x7f662c74cbf4 - __clone
[INFO] [stdout]   47:                0x0 - <unknown>
[INFO] [stdout] 
[INFO] [stdout] 
[INFO] [stdout] failures:
[INFO] [stdout]     test_extra_bytes
[INFO] [stdout] 
[INFO] [stdout] test result: FAILED. 11 passed; 1 failed; 0 ignored; 0 measured; 0 filtered out; finished in 0.03s
[INFO] [stdout] 
[INFO] [stderr] error: test failed, to rerun pass `--test test_de_errors`
[INFO] running `Command { std: "docker" "inspect" "0dcdd9b0f18bb706e0c78db32a05b4b0c1dccc224d14a8d169cfefa4d89fb0f3", kill_on_drop: false }`
[INFO] running `Command { std: "docker" "rm" "-f" "0dcdd9b0f18bb706e0c78db32a05b4b0c1dccc224d14a8d169cfefa4d89fb0f3", kill_on_drop: false }`
[INFO] [stdout] 0dcdd9b0f18bb706e0c78db32a05b4b0c1dccc224d14a8d169cfefa4d89fb0f3
