[INFO] fetching crate boring-imp 2.0.1...
[INFO] testing boring-imp-2.0.1 against 1.75.0 for beta-1.76-1
[INFO] extracting crate boring-imp 2.0.1 into /workspace/builds/worker-0-tc1/source
[INFO] validating manifest of crates.io crate boring-imp 2.0.1 on toolchain 1.75.0
[INFO] running `Command { std: CARGO_HOME="/workspace/cargo-home" RUSTUP_HOME="/workspace/rustup-home" "/workspace/cargo-home/bin/cargo" "+1.75.0" "metadata" "--manifest-path" "Cargo.toml" "--no-deps", kill_on_drop: false }`
[INFO] started tweaking crates.io crate boring-imp 2.0.1
[INFO] finished tweaking crates.io crate boring-imp 2.0.1
[INFO] tweaked toml for crates.io crate boring-imp 2.0.1 written to /workspace/builds/worker-0-tc1/source/Cargo.toml
[INFO] crate crates.io crate boring-imp 2.0.1 already has a lockfile, it will not be regenerated
[INFO] running `Command { std: CARGO_HOME="/workspace/cargo-home" RUSTUP_HOME="/workspace/rustup-home" "/workspace/cargo-home/bin/cargo" "+1.75.0" "fetch" "--manifest-path" "Cargo.toml", kill_on_drop: false }`
[INFO] [stderr]     Updating crates.io index
[INFO] [stderr]  Downloading crates ...
[INFO] [stderr]   Downloaded rusty-hook v0.11.2
[INFO] [stderr]   Downloaded alloc-stdlib v0.2.2
[INFO] [stderr]   Downloaded nias v0.5.0
[INFO] [stderr]   Downloaded alloc-no-stdlib v2.0.4
[INFO] [stderr]   Downloaded cmake v0.1.50
[INFO] [stderr]   Downloaded regex v1.10.0
[INFO] [stderr]   Downloaded brotli-decompressor v2.5.0
[INFO] [stderr]   Downloaded ci_info v0.10.2
[INFO] [stderr]   Downloaded regex-automata v0.4.1
[INFO] [stderr]   Downloaded envmnt v0.8.4
[INFO] [stderr]   Downloaded brotli v3.4.0
[INFO] [stderr]   Downloaded fsio v0.1.3
[INFO] [stderr]   Downloaded regex-syntax v0.8.0
[INFO] [stderr]   Downloaded boring-sys-imp v2.0.1
[INFO] running `Command { std: "docker" "create" "-v" "/var/lib/crater-agent-workspace/builds/worker-0-tc1/target:/opt/rustwide/target:rw,Z" "-v" "/var/lib/crater-agent-workspace/builds/worker-0-tc1/source:/opt/rustwide/workdir:ro,Z" "-v" "/var/lib/crater-agent-workspace/cargo-home:/opt/rustwide/cargo-home:ro,Z" "-v" "/var/lib/crater-agent-workspace/rustup-home:/opt/rustwide/rustup-home:ro,Z" "-e" "SOURCE_DIR=/opt/rustwide/workdir" "-e" "CARGO_TARGET_DIR=/opt/rustwide/target" "-e" "CARGO_HOME=/opt/rustwide/cargo-home" "-e" "RUSTUP_HOME=/opt/rustwide/rustup-home" "-w" "/opt/rustwide/workdir" "-m" "1610612736" "--user" "0:0" "--network" "none" "ghcr.io/rust-lang/crates-build-env/linux@sha256:2788e3201cd34a07e3172128adcd8b3090168a8e3bcc40d7c032b9dda1df7d1c" "/opt/rustwide/cargo-home/bin/cargo" "+1.75.0" "metadata" "--no-deps" "--format-version=1", kill_on_drop: false }`
[INFO] [stdout] 4b605e2717d9948dfa16cfb21915b28b71c6beca56a9cb43bfc5bdce847ca91e
[INFO] running `Command { std: "docker" "start" "-a" "4b605e2717d9948dfa16cfb21915b28b71c6beca56a9cb43bfc5bdce847ca91e", kill_on_drop: false }`
[INFO] running `Command { std: "docker" "inspect" "4b605e2717d9948dfa16cfb21915b28b71c6beca56a9cb43bfc5bdce847ca91e", kill_on_drop: false }`
[INFO] running `Command { std: "docker" "rm" "-f" "4b605e2717d9948dfa16cfb21915b28b71c6beca56a9cb43bfc5bdce847ca91e", kill_on_drop: false }`
[INFO] [stdout] 4b605e2717d9948dfa16cfb21915b28b71c6beca56a9cb43bfc5bdce847ca91e
[INFO] running `Command { std: "docker" "create" "-v" "/var/lib/crater-agent-workspace/builds/worker-0-tc1/target:/opt/rustwide/target:rw,Z" "-v" "/var/lib/crater-agent-workspace/builds/worker-0-tc1/source:/opt/rustwide/workdir:ro,Z" "-v" "/var/lib/crater-agent-workspace/cargo-home:/opt/rustwide/cargo-home:ro,Z" "-v" "/var/lib/crater-agent-workspace/rustup-home:/opt/rustwide/rustup-home:ro,Z" "-e" "SOURCE_DIR=/opt/rustwide/workdir" "-e" "CARGO_TARGET_DIR=/opt/rustwide/target" "-e" "CARGO_INCREMENTAL=0" "-e" "RUST_BACKTRACE=full" "-e" "RUSTFLAGS=--cap-lints=warn" "-e" "RUSTDOCFLAGS=--cap-lints=warn" "-e" "CARGO_HOME=/opt/rustwide/cargo-home" "-e" "RUSTUP_HOME=/opt/rustwide/rustup-home" "-w" "/opt/rustwide/workdir" "-m" "1610612736" "--user" "0:0" "--network" "none" "ghcr.io/rust-lang/crates-build-env/linux@sha256:2788e3201cd34a07e3172128adcd8b3090168a8e3bcc40d7c032b9dda1df7d1c" "/opt/rustwide/cargo-home/bin/cargo" "+1.75.0" "build" "--frozen" "--message-format=json", kill_on_drop: false }`
[INFO] [stdout] 23de1a2562bda79cd07d9c217ca049da8ad4b22db616c881519e52a2408d62e8
[INFO] running `Command { std: "docker" "start" "-a" "23de1a2562bda79cd07d9c217ca049da8ad4b22db616c881519e52a2408d62e8", kill_on_drop: false }`
[INFO] [stderr]    Compiling glob v0.3.1
[INFO] [stderr]    Compiling minimal-lexical v0.2.1
[INFO] [stderr]    Compiling memchr v2.6.4
[INFO] [stderr]    Compiling cfg-if v1.0.0
[INFO] [stderr]    Compiling regex-syntax v0.8.0
[INFO] [stderr]    Compiling bindgen v0.60.1
[INFO] [stderr]    Compiling cc v1.0.83
[INFO] [stderr]    Compiling lazycell v1.3.0
[INFO] [stderr]    Compiling libloading v0.7.4
[INFO] [stderr]    Compiling rustc-hash v1.1.0
[INFO] [stderr]    Compiling shlex v1.2.0
[INFO] [stderr]    Compiling peeking_take_while v0.1.2
[INFO] [stderr]    Compiling alloc-no-stdlib v2.0.4
[INFO] [stderr]    Compiling syn v2.0.38
[INFO] [stderr]    Compiling alloc-stdlib v0.2.2
[INFO] [stderr]    Compiling foreign-types-shared v0.3.1
[INFO] [stderr]    Compiling brotli-decompressor v2.5.0
[INFO] [stderr]    Compiling clang-sys v1.6.1
[INFO] [stderr]    Compiling nom v7.1.3
[INFO] [stderr]    Compiling cmake v0.1.50
[INFO] [stderr]    Compiling brotli v3.4.0
[INFO] [stderr]    Compiling regex-automata v0.4.1
[INFO] [stderr]    Compiling cexpr v0.6.0
[INFO] [stderr]    Compiling regex v1.10.0
[INFO] [stderr]    Compiling foreign-types-macros v0.2.3
[INFO] [stderr]    Compiling foreign-types v0.5.0
[INFO] [stderr]    Compiling boring-sys-imp v2.0.1
[INFO] [stderr]    Compiling boring-imp v2.0.1 (/opt/rustwide/workdir)
[INFO] [stdout] warning: the type `aes_key_st` does not permit being left uninitialized
[INFO] [stdout]   --> src/aes.rs:62:31
[INFO] [stdout]    |
[INFO] [stdout] 62 |             let mut aes_key = mem::uninitialized();
[INFO] [stdout]    |                               ^^^^^^^^^^^^^^^^^^^^
[INFO] [stdout]    |                               |
[INFO] [stdout]    |                               this code causes undefined behavior when executed
[INFO] [stdout]    |                               help: use `MaybeUninit<T>` instead, and only call `assume_init` after initialization is done
[INFO] [stdout]    |
[INFO] [stdout]    = note: integers must be initialized
[INFO] [stdout]    = note: `#[warn(invalid_value)]` on by default
[INFO] [stdout] 
[INFO] [stdout] 
[INFO] [stdout] warning: the type `aes_key_st` does not permit being left uninitialized
[INFO] [stdout]   --> src/aes.rs:86:31
[INFO] [stdout]    |
[INFO] [stdout] 86 |             let mut aes_key = mem::uninitialized();
[INFO] [stdout]    |                               ^^^^^^^^^^^^^^^^^^^^
[INFO] [stdout]    |                               |
[INFO] [stdout]    |                               this code causes undefined behavior when executed
[INFO] [stdout]    |                               help: use `MaybeUninit<T>` instead, and only call `assume_init` after initialization is done
[INFO] [stdout]    |
[INFO] [stdout]    = note: integers must be initialized
[INFO] [stdout] 
[INFO] [stdout] 
[INFO] [stdout] warning: the type `[u8; 20]` does not permit being left uninitialized
[INFO] [stdout]   --> src/sha.rs:60:34
[INFO] [stdout]    |
[INFO] [stdout] 60 |         let mut hash: [u8; 20] = mem::uninitialized();
[INFO] [stdout]    |                                  ^^^^^^^^^^^^^^^^^^^^
[INFO] [stdout]    |                                  |
[INFO] [stdout]    |                                  this code causes undefined behavior when executed
[INFO] [stdout]    |                                  help: use `MaybeUninit<T>` instead, and only call `assume_init` after initialization is done
[INFO] [stdout]    |
[INFO] [stdout]    = note: integers must be initialized
[INFO] [stdout] 
[INFO] [stdout] 
[INFO] [stdout] warning: the type `[u8; 28]` does not permit being left uninitialized
[INFO] [stdout]   --> src/sha.rs:71:34
[INFO] [stdout]    |
[INFO] [stdout] 71 |         let mut hash: [u8; 28] = mem::uninitialized();
[INFO] [stdout]    |                                  ^^^^^^^^^^^^^^^^^^^^
[INFO] [stdout]    |                                  |
[INFO] [stdout]    |                                  this code causes undefined behavior when executed
[INFO] [stdout]    |                                  help: use `MaybeUninit<T>` instead, and only call `assume_init` after initialization is done
[INFO] [stdout]    |
[INFO] [stdout]    = note: integers must be initialized
[INFO] [stdout] 
[INFO] [stdout] 
[INFO] [stdout] warning: the type `[u8; 32]` does not permit being left uninitialized
[INFO] [stdout]   --> src/sha.rs:82:34
[INFO] [stdout]    |
[INFO] [stdout] 82 |         let mut hash: [u8; 32] = mem::uninitialized();
[INFO] [stdout]    |                                  ^^^^^^^^^^^^^^^^^^^^
[INFO] [stdout]    |                                  |
[INFO] [stdout]    |                                  this code causes undefined behavior when executed
[INFO] [stdout]    |                                  help: use `MaybeUninit<T>` instead, and only call `assume_init` after initialization is done
[INFO] [stdout]    |
[INFO] [stdout]    = note: integers must be initialized
[INFO] [stdout] 
[INFO] [stdout] 
[INFO] [stdout] warning: the type `[u8; 48]` does not permit being left uninitialized
[INFO] [stdout]   --> src/sha.rs:93:34
[INFO] [stdout]    |
[INFO] [stdout] 93 |         let mut hash: [u8; 48] = mem::uninitialized();
[INFO] [stdout]    |                                  ^^^^^^^^^^^^^^^^^^^^
[INFO] [stdout]    |                                  |
[INFO] [stdout]    |                                  this code causes undefined behavior when executed
[INFO] [stdout]    |                                  help: use `MaybeUninit<T>` instead, and only call `assume_init` after initialization is done
[INFO] [stdout]    |
[INFO] [stdout]    = note: integers must be initialized
[INFO] [stdout] 
[INFO] [stdout] 
[INFO] [stdout] warning: the type `[u8; 64]` does not permit being left uninitialized
[INFO] [stdout]    --> src/sha.rs:104:34
[INFO] [stdout]     |
[INFO] [stdout] 104 |         let mut hash: [u8; 64] = mem::uninitialized();
[INFO] [stdout]     |                                  ^^^^^^^^^^^^^^^^^^^^
[INFO] [stdout]     |                                  |
[INFO] [stdout]     |                                  this code causes undefined behavior when executed
[INFO] [stdout]     |                                  help: use `MaybeUninit<T>` instead, and only call `assume_init` after initialization is done
[INFO] [stdout]     |
[INFO] [stdout]     = note: integers must be initialized
[INFO] [stdout] 
[INFO] [stdout] 
[INFO] [stdout] warning: the type `sha_state_st` does not permit being left uninitialized
[INFO] [stdout]    --> src/sha.rs:132:27
[INFO] [stdout]     |
[INFO] [stdout] 132 |             let mut ctx = mem::uninitialized();
[INFO] [stdout]     |                           ^^^^^^^^^^^^^^^^^^^^
[INFO] [stdout]     |                           |
[INFO] [stdout]     |                           this code causes undefined behavior when executed
[INFO] [stdout]     |                           help: use `MaybeUninit<T>` instead, and only call `assume_init` after initialization is done
[INFO] [stdout]     |
[INFO] [stdout]     = note: integers must be initialized
[INFO] [stdout] 
[INFO] [stdout] 
[INFO] [stdout] warning: the type `[u8; 20]` does not permit being left uninitialized
[INFO] [stdout]    --> src/sha.rs:153:38
[INFO] [stdout]     |
[INFO] [stdout] 153 |             let mut hash: [u8; 20] = mem::uninitialized();
[INFO] [stdout]     |                                      ^^^^^^^^^^^^^^^^^^^^
[INFO] [stdout]     |                                      |
[INFO] [stdout]     |                                      this code causes undefined behavior when executed
[INFO] [stdout]     |                                      help: use `MaybeUninit<T>` instead, and only call `assume_init` after initialization is done
[INFO] [stdout]     |
[INFO] [stdout]     = note: integers must be initialized
[INFO] [stdout] 
[INFO] [stdout] 
[INFO] [stdout] warning: the type `sha256_state_st` does not permit being left uninitialized
[INFO] [stdout]    --> src/sha.rs:177:27
[INFO] [stdout]     |
[INFO] [stdout] 177 |             let mut ctx = mem::uninitialized();
[INFO] [stdout]     |                           ^^^^^^^^^^^^^^^^^^^^
[INFO] [stdout]     |                           |
[INFO] [stdout]     |                           this code causes undefined behavior when executed
[INFO] [stdout]     |                           help: use `MaybeUninit<T>` instead, and only call `assume_init` after initialization is done
[INFO] [stdout]     |
[INFO] [stdout]     = note: integers must be initialized
[INFO] [stdout] 
[INFO] [stdout] 
[INFO] [stdout] warning: the type `[u8; 28]` does not permit being left uninitialized
[INFO] [stdout]    --> src/sha.rs:198:38
[INFO] [stdout]     |
[INFO] [stdout] 198 |             let mut hash: [u8; 28] = mem::uninitialized();
[INFO] [stdout]     |                                      ^^^^^^^^^^^^^^^^^^^^
[INFO] [stdout]     |                                      |
[INFO] [stdout]     |                                      this code causes undefined behavior when executed
[INFO] [stdout]     |                                      help: use `MaybeUninit<T>` instead, and only call `assume_init` after initialization is done
[INFO] [stdout]     |
[INFO] [stdout]     = note: integers must be initialized
[INFO] [stdout] 
[INFO] [stdout] 
[INFO] [stdout] warning: the type `sha256_state_st` does not permit being left uninitialized
[INFO] [stdout]    --> src/sha.rs:222:27
[INFO] [stdout]     |
[INFO] [stdout] 222 |             let mut ctx = mem::uninitialized();
[INFO] [stdout]     |                           ^^^^^^^^^^^^^^^^^^^^
[INFO] [stdout]     |                           |
[INFO] [stdout]     |                           this code causes undefined behavior when executed
[INFO] [stdout]     |                           help: use `MaybeUninit<T>` instead, and only call `assume_init` after initialization is done
[INFO] [stdout]     |
[INFO] [stdout]     = note: integers must be initialized
[INFO] [stdout] 
[INFO] [stdout] 
[INFO] [stdout] warning: the type `[u8; 32]` does not permit being left uninitialized
[INFO] [stdout]    --> src/sha.rs:243:38
[INFO] [stdout]     |
[INFO] [stdout] 243 |             let mut hash: [u8; 32] = mem::uninitialized();
[INFO] [stdout]     |                                      ^^^^^^^^^^^^^^^^^^^^
[INFO] [stdout]     |                                      |
[INFO] [stdout]     |                                      this code causes undefined behavior when executed
[INFO] [stdout]     |                                      help: use `MaybeUninit<T>` instead, and only call `assume_init` after initialization is done
[INFO] [stdout]     |
[INFO] [stdout]     = note: integers must be initialized
[INFO] [stdout] 
[INFO] [stdout] 
[INFO] [stdout] warning: the type `sha512_state_st` does not permit being left uninitialized
[INFO] [stdout]    --> src/sha.rs:267:27
[INFO] [stdout]     |
[INFO] [stdout] 267 |             let mut ctx = mem::uninitialized();
[INFO] [stdout]     |                           ^^^^^^^^^^^^^^^^^^^^
[INFO] [stdout]     |                           |
[INFO] [stdout]     |                           this code causes undefined behavior when executed
[INFO] [stdout]     |                           help: use `MaybeUninit<T>` instead, and only call `assume_init` after initialization is done
[INFO] [stdout]     |
[INFO] [stdout]     = note: integers must be initialized
[INFO] [stdout] 
[INFO] [stdout] 
[INFO] [stdout] warning: the type `[u8; 48]` does not permit being left uninitialized
[INFO] [stdout]    --> src/sha.rs:288:38
[INFO] [stdout]     |
[INFO] [stdout] 288 |             let mut hash: [u8; 48] = mem::uninitialized();
[INFO] [stdout]     |                                      ^^^^^^^^^^^^^^^^^^^^
[INFO] [stdout]     |                                      |
[INFO] [stdout]     |                                      this code causes undefined behavior when executed
[INFO] [stdout]     |                                      help: use `MaybeUninit<T>` instead, and only call `assume_init` after initialization is done
[INFO] [stdout]     |
[INFO] [stdout]     = note: integers must be initialized
[INFO] [stdout] 
[INFO] [stdout] 
[INFO] [stdout] warning: the type `sha512_state_st` does not permit being left uninitialized
[INFO] [stdout]    --> src/sha.rs:312:27
[INFO] [stdout]     |
[INFO] [stdout] 312 |             let mut ctx = mem::uninitialized();
[INFO] [stdout]     |                           ^^^^^^^^^^^^^^^^^^^^
[INFO] [stdout]     |                           |
[INFO] [stdout]     |                           this code causes undefined behavior when executed
[INFO] [stdout]     |                           help: use `MaybeUninit<T>` instead, and only call `assume_init` after initialization is done
[INFO] [stdout]     |
[INFO] [stdout]     = note: integers must be initialized
[INFO] [stdout] 
[INFO] [stdout] 
[INFO] [stdout] warning: the type `[u8; 64]` does not permit being left uninitialized
[INFO] [stdout]    --> src/sha.rs:333:38
[INFO] [stdout]     |
[INFO] [stdout] 333 |             let mut hash: [u8; 64] = mem::uninitialized();
[INFO] [stdout]     |                                      ^^^^^^^^^^^^^^^^^^^^
[INFO] [stdout]     |                                      |
[INFO] [stdout]     |                                      this code causes undefined behavior when executed
[INFO] [stdout]     |                                      help: use `MaybeUninit<T>` instead, and only call `assume_init` after initialization is done
[INFO] [stdout]     |
[INFO] [stdout]     = note: integers must be initialized
[INFO] [stdout] 
[INFO] [stdout] 
[INFO] [stdout] warning: unused return value of `Box::<T>::from_raw` that must be used
[INFO] [stdout]    --> src/ssl/mod.rs:427:9
[INFO] [stdout]     |
[INFO] [stdout] 427 |         Box::<T>::from_raw(ptr as *mut T);
[INFO] [stdout]     |         ^^^^^^^^^^^^^^^^^^^^^^^^^^^^^^^^^
[INFO] [stdout]     |
[INFO] [stdout]     = note: call `drop(Box::from_raw(ptr))` if you intend to drop the `Box`
[INFO] [stdout]     = note: `#[warn(unused_must_use)]` on by default
[INFO] [stdout] help: use `let _ = ...` to ignore the resulting value
[INFO] [stdout]     |
[INFO] [stdout] 427 |         let _ = Box::<T>::from_raw(ptr as *mut T);
[INFO] [stdout]     |         +++++++
[INFO] [stdout] 
[INFO] [stdout] 
[INFO] [stdout] warning: unused return value of `Box::<T>::from_raw` that must be used
[INFO] [stdout]    --> src/ssl/bio.rs:203:9
[INFO] [stdout]     |
[INFO] [stdout] 203 |         Box::<StreamState<S>>::from_raw(data as *mut _);
[INFO] [stdout]     |         ^^^^^^^^^^^^^^^^^^^^^^^^^^^^^^^^^^^^^^^^^^^^^^^
[INFO] [stdout]     |
[INFO] [stdout]     = note: call `drop(Box::from_raw(ptr))` if you intend to drop the `Box`
[INFO] [stdout] help: use `let _ = ...` to ignore the resulting value
[INFO] [stdout]     |
[INFO] [stdout] 203 |         let _ = Box::<StreamState<S>>::from_raw(data as *mut _);
[INFO] [stdout]     |         +++++++
[INFO] [stdout] 
[INFO] [stdout] 
[INFO] [stdout] warning: 19 warnings emitted
[INFO] [stdout] 
[INFO] [stdout] 
[INFO] [stderr]     Finished dev [unoptimized + debuginfo] target(s) in 58.95s
[INFO] running `Command { std: "docker" "inspect" "23de1a2562bda79cd07d9c217ca049da8ad4b22db616c881519e52a2408d62e8", kill_on_drop: false }`
[INFO] running `Command { std: "docker" "rm" "-f" "23de1a2562bda79cd07d9c217ca049da8ad4b22db616c881519e52a2408d62e8", kill_on_drop: false }`
[INFO] [stdout] 23de1a2562bda79cd07d9c217ca049da8ad4b22db616c881519e52a2408d62e8
[INFO] running `Command { std: "docker" "create" "-v" "/var/lib/crater-agent-workspace/builds/worker-0-tc1/target:/opt/rustwide/target:rw,Z" "-v" "/var/lib/crater-agent-workspace/builds/worker-0-tc1/source:/opt/rustwide/workdir:ro,Z" "-v" "/var/lib/crater-agent-workspace/cargo-home:/opt/rustwide/cargo-home:ro,Z" "-v" "/var/lib/crater-agent-workspace/rustup-home:/opt/rustwide/rustup-home:ro,Z" "-e" "SOURCE_DIR=/opt/rustwide/workdir" "-e" "CARGO_TARGET_DIR=/opt/rustwide/target" "-e" "CARGO_INCREMENTAL=0" "-e" "RUST_BACKTRACE=full" "-e" "RUSTFLAGS=--cap-lints=warn" "-e" "RUSTDOCFLAGS=--cap-lints=warn" "-e" "CARGO_HOME=/opt/rustwide/cargo-home" "-e" "RUSTUP_HOME=/opt/rustwide/rustup-home" "-w" "/opt/rustwide/workdir" "-m" "1610612736" "--user" "0:0" "--network" "none" "ghcr.io/rust-lang/crates-build-env/linux@sha256:2788e3201cd34a07e3172128adcd8b3090168a8e3bcc40d7c032b9dda1df7d1c" "/opt/rustwide/cargo-home/bin/cargo" "+1.75.0" "test" "--frozen" "--no-run" "--message-format=json", kill_on_drop: false }`
[INFO] [stdout] 2ec55ec7b1a7d9012cf5e18bb5067691deec80571c645b4e00dca51fca6234dd
[INFO] running `Command { std: "docker" "start" "-a" "2ec55ec7b1a7d9012cf5e18bb5067691deec80571c645b4e00dca51fca6234dd", kill_on_drop: false }`
[INFO] [stderr]    Compiling indexmap v1.9.3
[INFO] [stderr]    Compiling serde v1.0.188
[INFO] [stderr]    Compiling fsio v0.1.3
[INFO] [stderr]    Compiling nias v0.5.0
[INFO] [stderr]    Compiling getopts v0.2.21
[INFO] [stderr]    Compiling hex v0.4.3
[INFO] [stdout] warning: the type `aes_key_st` does not permit being left uninitialized
[INFO] [stdout]   --> src/aes.rs:62:31
[INFO] [stdout]    |
[INFO] [stdout] 62 |             let mut aes_key = mem::uninitialized();
[INFO] [stdout]    |                               ^^^^^^^^^^^^^^^^^^^^
[INFO] [stdout]    |                               |
[INFO] [stdout]    |                               this code causes undefined behavior when executed
[INFO] [stdout]    |                               help: use `MaybeUninit<T>` instead, and only call `assume_init` after initialization is done
[INFO] [stdout]    |
[INFO] [stdout]    = note: integers must be initialized
[INFO] [stdout]    = note: `#[warn(invalid_value)]` on by default
[INFO] [stdout] 
[INFO] [stdout] 
[INFO] [stdout] warning: the type `aes_key_st` does not permit being left uninitialized
[INFO] [stdout]   --> src/aes.rs:86:31
[INFO] [stdout]    |
[INFO] [stdout] 86 |             let mut aes_key = mem::uninitialized();
[INFO] [stdout]    |                               ^^^^^^^^^^^^^^^^^^^^
[INFO] [stdout]    |                               |
[INFO] [stdout]    |                               this code causes undefined behavior when executed
[INFO] [stdout]    |                               help: use `MaybeUninit<T>` instead, and only call `assume_init` after initialization is done
[INFO] [stdout]    |
[INFO] [stdout]    = note: integers must be initialized
[INFO] [stdout] 
[INFO] [stdout] 
[INFO] [stdout] warning: the type `[u8; 20]` does not permit being left uninitialized
[INFO] [stdout]   --> src/sha.rs:60:34
[INFO] [stdout]    |
[INFO] [stdout] 60 |         let mut hash: [u8; 20] = mem::uninitialized();
[INFO] [stdout]    |                                  ^^^^^^^^^^^^^^^^^^^^
[INFO] [stdout]    |                                  |
[INFO] [stdout]    |                                  this code causes undefined behavior when executed
[INFO] [stdout]    |                                  help: use `MaybeUninit<T>` instead, and only call `assume_init` after initialization is done
[INFO] [stdout]    |
[INFO] [stdout]    = note: integers must be initialized
[INFO] [stdout] 
[INFO] [stdout] 
[INFO] [stdout] warning: the type `[u8; 28]` does not permit being left uninitialized
[INFO] [stdout]   --> src/sha.rs:71:34
[INFO] [stdout]    |
[INFO] [stdout] 71 |         let mut hash: [u8; 28] = mem::uninitialized();
[INFO] [stdout]    |                                  ^^^^^^^^^^^^^^^^^^^^
[INFO] [stdout]    |                                  |
[INFO] [stdout]    |                                  this code causes undefined behavior when executed
[INFO] [stdout]    |                                  help: use `MaybeUninit<T>` instead, and only call `assume_init` after initialization is done
[INFO] [stdout]    |
[INFO] [stdout]    = note: integers must be initialized
[INFO] [stdout] 
[INFO] [stdout] 
[INFO] [stdout] warning: the type `[u8; 32]` does not permit being left uninitialized
[INFO] [stdout]   --> src/sha.rs:82:34
[INFO] [stdout]    |
[INFO] [stdout] 82 |         let mut hash: [u8; 32] = mem::uninitialized();
[INFO] [stdout]    |                                  ^^^^^^^^^^^^^^^^^^^^
[INFO] [stdout]    |                                  |
[INFO] [stdout]    |                                  this code causes undefined behavior when executed
[INFO] [stdout]    |                                  help: use `MaybeUninit<T>` instead, and only call `assume_init` after initialization is done
[INFO] [stdout]    |
[INFO] [stdout]    = note: integers must be initialized
[INFO] [stdout] 
[INFO] [stdout] 
[INFO] [stdout] warning: the type `[u8; 48]` does not permit being left uninitialized
[INFO] [stdout]   --> src/sha.rs:93:34
[INFO] [stdout]    |
[INFO] [stdout] 93 |         let mut hash: [u8; 48] = mem::uninitialized();
[INFO] [stdout]    |                                  ^^^^^^^^^^^^^^^^^^^^
[INFO] [stdout]    |                                  |
[INFO] [stdout]    |                                  this code causes undefined behavior when executed
[INFO] [stdout]    |                                  help: use `MaybeUninit<T>` instead, and only call `assume_init` after initialization is done
[INFO] [stdout]    |
[INFO] [stdout]    = note: integers must be initialized
[INFO] [stdout] 
[INFO] [stdout] 
[INFO] [stdout] warning: the type `[u8; 64]` does not permit being left uninitialized
[INFO] [stdout]    --> src/sha.rs:104:34
[INFO] [stdout]     |
[INFO] [stdout] 104 |         let mut hash: [u8; 64] = mem::uninitialized();
[INFO] [stdout]     |                                  ^^^^^^^^^^^^^^^^^^^^
[INFO] [stdout]     |                                  |
[INFO] [stdout]     |                                  this code causes undefined behavior when executed
[INFO] [stdout]     |                                  help: use `MaybeUninit<T>` instead, and only call `assume_init` after initialization is done
[INFO] [stdout]     |
[INFO] [stdout]     = note: integers must be initialized
[INFO] [stdout] 
[INFO] [stdout] 
[INFO] [stdout] warning: the type `sha_state_st` does not permit being left uninitialized
[INFO] [stdout]    --> src/sha.rs:132:27
[INFO] [stdout]     |
[INFO] [stdout] 132 |             let mut ctx = mem::uninitialized();
[INFO] [stdout]     |                           ^^^^^^^^^^^^^^^^^^^^
[INFO] [stdout]     |                           |
[INFO] [stdout]     |                           this code causes undefined behavior when executed
[INFO] [stdout]     |                           help: use `MaybeUninit<T>` instead, and only call `assume_init` after initialization is done
[INFO] [stdout]     |
[INFO] [stdout]     = note: integers must be initialized
[INFO] [stdout] 
[INFO] [stdout] 
[INFO] [stdout] warning: the type `[u8; 20]` does not permit being left uninitialized
[INFO] [stdout]    --> src/sha.rs:153:38
[INFO] [stdout]     |
[INFO] [stdout] 153 |             let mut hash: [u8; 20] = mem::uninitialized();
[INFO] [stdout]     |                                      ^^^^^^^^^^^^^^^^^^^^
[INFO] [stdout]     |                                      |
[INFO] [stdout]     |                                      this code causes undefined behavior when executed
[INFO] [stdout]     |                                      help: use `MaybeUninit<T>` instead, and only call `assume_init` after initialization is done
[INFO] [stdout]     |
[INFO] [stdout]     = note: integers must be initialized
[INFO] [stdout] 
[INFO] [stdout] 
[INFO] [stdout] warning: the type `sha256_state_st` does not permit being left uninitialized
[INFO] [stdout]    --> src/sha.rs:177:27
[INFO] [stdout]     |
[INFO] [stdout] 177 |             let mut ctx = mem::uninitialized();
[INFO] [stdout]     |                           ^^^^^^^^^^^^^^^^^^^^
[INFO] [stdout]     |                           |
[INFO] [stdout]     |                           this code causes undefined behavior when executed
[INFO] [stdout]     |                           help: use `MaybeUninit<T>` instead, and only call `assume_init` after initialization is done
[INFO] [stdout]     |
[INFO] [stdout]     = note: integers must be initialized
[INFO] [stdout] 
[INFO] [stdout] 
[INFO] [stdout] warning: the type `[u8; 28]` does not permit being left uninitialized
[INFO] [stdout]    --> src/sha.rs:198:38
[INFO] [stdout]     |
[INFO] [stdout] 198 |             let mut hash: [u8; 28] = mem::uninitialized();
[INFO] [stdout]     |                                      ^^^^^^^^^^^^^^^^^^^^
[INFO] [stdout]     |                                      |
[INFO] [stdout]     |                                      this code causes undefined behavior when executed
[INFO] [stdout]     |                                      help: use `MaybeUninit<T>` instead, and only call `assume_init` after initialization is done
[INFO] [stdout]     |
[INFO] [stdout]     = note: integers must be initialized
[INFO] [stdout] 
[INFO] [stdout] 
[INFO] [stdout] warning: the type `sha256_state_st` does not permit being left uninitialized
[INFO] [stdout]    --> src/sha.rs:222:27
[INFO] [stdout]     |
[INFO] [stdout] 222 |             let mut ctx = mem::uninitialized();
[INFO] [stdout]     |                           ^^^^^^^^^^^^^^^^^^^^
[INFO] [stdout]     |                           |
[INFO] [stdout]     |                           this code causes undefined behavior when executed
[INFO] [stdout]     |                           help: use `MaybeUninit<T>` instead, and only call `assume_init` after initialization is done
[INFO] [stdout]     |
[INFO] [stdout]     = note: integers must be initialized
[INFO] [stdout] 
[INFO] [stdout] 
[INFO] [stdout] warning: the type `[u8; 32]` does not permit being left uninitialized
[INFO] [stdout]    --> src/sha.rs:243:38
[INFO] [stdout]     |
[INFO] [stdout] 243 |             let mut hash: [u8; 32] = mem::uninitialized();
[INFO] [stdout]     |                                      ^^^^^^^^^^^^^^^^^^^^
[INFO] [stdout]     |                                      |
[INFO] [stdout]     |                                      this code causes undefined behavior when executed
[INFO] [stdout]     |                                      help: use `MaybeUninit<T>` instead, and only call `assume_init` after initialization is done
[INFO] [stdout]     |
[INFO] [stdout]     = note: integers must be initialized
[INFO] [stdout] 
[INFO] [stdout] 
[INFO] [stdout] warning: the type `sha512_state_st` does not permit being left uninitialized
[INFO] [stdout]    --> src/sha.rs:267:27
[INFO] [stdout]     |
[INFO] [stdout] 267 |             let mut ctx = mem::uninitialized();
[INFO] [stdout]     |                           ^^^^^^^^^^^^^^^^^^^^
[INFO] [stdout]     |                           |
[INFO] [stdout]     |                           this code causes undefined behavior when executed
[INFO] [stdout]     |                           help: use `MaybeUninit<T>` instead, and only call `assume_init` after initialization is done
[INFO] [stdout]     |
[INFO] [stdout]     = note: integers must be initialized
[INFO] [stdout] 
[INFO] [stdout] 
[INFO] [stdout] warning: the type `[u8; 48]` does not permit being left uninitialized
[INFO] [stdout]    --> src/sha.rs:288:38
[INFO] [stdout]     |
[INFO] [stdout] 288 |             let mut hash: [u8; 48] = mem::uninitialized();
[INFO] [stdout]     |                                      ^^^^^^^^^^^^^^^^^^^^
[INFO] [stdout]     |                                      |
[INFO] [stdout]     |                                      this code causes undefined behavior when executed
[INFO] [stdout]     |                                      help: use `MaybeUninit<T>` instead, and only call `assume_init` after initialization is done
[INFO] [stdout]     |
[INFO] [stdout]     = note: integers must be initialized
[INFO] [stdout] 
[INFO] [stdout] 
[INFO] [stdout] warning: the type `sha512_state_st` does not permit being left uninitialized
[INFO] [stdout]    --> src/sha.rs:312:27
[INFO] [stdout]     |
[INFO] [stdout] 312 |             let mut ctx = mem::uninitialized();
[INFO] [stdout]     |                           ^^^^^^^^^^^^^^^^^^^^
[INFO] [stdout]     |                           |
[INFO] [stdout]     |                           this code causes undefined behavior when executed
[INFO] [stdout]     |                           help: use `MaybeUninit<T>` instead, and only call `assume_init` after initialization is done
[INFO] [stdout]     |
[INFO] [stdout]     = note: integers must be initialized
[INFO] [stdout] 
[INFO] [stdout] 
[INFO] [stdout] warning: the type `[u8; 64]` does not permit being left uninitialized
[INFO] [stdout]    --> src/sha.rs:333:38
[INFO] [stdout]     |
[INFO] [stdout] 333 |             let mut hash: [u8; 64] = mem::uninitialized();
[INFO] [stdout]     |                                      ^^^^^^^^^^^^^^^^^^^^
[INFO] [stdout]     |                                      |
[INFO] [stdout]     |                                      this code causes undefined behavior when executed
[INFO] [stdout]     |                                      help: use `MaybeUninit<T>` instead, and only call `assume_init` after initialization is done
[INFO] [stdout]     |
[INFO] [stdout]     = note: integers must be initialized
[INFO] [stdout] 
[INFO] [stdout] 
[INFO] [stdout] warning: unused return value of `Box::<T>::from_raw` that must be used
[INFO] [stdout]    --> src/ssl/mod.rs:427:9
[INFO] [stdout]     |
[INFO] [stdout] 427 |         Box::<T>::from_raw(ptr as *mut T);
[INFO] [stdout]     |         ^^^^^^^^^^^^^^^^^^^^^^^^^^^^^^^^^
[INFO] [stdout]     |
[INFO] [stdout]     = note: call `drop(Box::from_raw(ptr))` if you intend to drop the `Box`
[INFO] [stdout]     = note: `#[warn(unused_must_use)]` on by default
[INFO] [stdout] help: use `let _ = ...` to ignore the resulting value
[INFO] [stdout]     |
[INFO] [stdout] 427 |         let _ = Box::<T>::from_raw(ptr as *mut T);
[INFO] [stdout]     |         +++++++
[INFO] [stdout] 
[INFO] [stdout] 
[INFO] [stdout] warning: unused return value of `Box::<T>::from_raw` that must be used
[INFO] [stdout]    --> src/ssl/bio.rs:203:9
[INFO] [stdout]     |
[INFO] [stdout] 203 |         Box::<StreamState<S>>::from_raw(data as *mut _);
[INFO] [stdout]     |         ^^^^^^^^^^^^^^^^^^^^^^^^^^^^^^^^^^^^^^^^^^^^^^^
[INFO] [stdout]     |
[INFO] [stdout]     = note: call `drop(Box::from_raw(ptr))` if you intend to drop the `Box`
[INFO] [stdout] help: use `let _ = ...` to ignore the resulting value
[INFO] [stdout]     |
[INFO] [stdout] 203 |         let _ = Box::<StreamState<S>>::from_raw(data as *mut _);
[INFO] [stdout]     |         +++++++
[INFO] [stdout] 
[INFO] [stdout] 
[INFO] [stdout] warning: 19 warnings emitted
[INFO] [stdout] 
[INFO] [stdout] 
[INFO] [stderr]    Compiling envmnt v0.8.4
[INFO] [stderr]    Compiling ci_info v0.10.2
[INFO] [stderr]    Compiling toml v0.5.11
[INFO] [stderr]    Compiling rusty-hook v0.11.2
[INFO] [stderr]    Compiling boring-imp v2.0.1 (/opt/rustwide/workdir)
[INFO] [stdout] warning: the type `aes_key_st` does not permit being left uninitialized
[INFO] [stdout]   --> src/aes.rs:62:31
[INFO] [stdout]    |
[INFO] [stdout] 62 |             let mut aes_key = mem::uninitialized();
[INFO] [stdout]    |                               ^^^^^^^^^^^^^^^^^^^^
[INFO] [stdout]    |                               |
[INFO] [stdout]    |                               this code causes undefined behavior when executed
[INFO] [stdout]    |                               help: use `MaybeUninit<T>` instead, and only call `assume_init` after initialization is done
[INFO] [stdout]    |
[INFO] [stdout]    = note: integers must be initialized
[INFO] [stdout]    = note: `#[warn(invalid_value)]` on by default
[INFO] [stdout] 
[INFO] [stdout] 
[INFO] [stdout] warning: the type `aes_key_st` does not permit being left uninitialized
[INFO] [stdout]   --> src/aes.rs:86:31
[INFO] [stdout]    |
[INFO] [stdout] 86 |             let mut aes_key = mem::uninitialized();
[INFO] [stdout]    |                               ^^^^^^^^^^^^^^^^^^^^
[INFO] [stdout]    |                               |
[INFO] [stdout]    |                               this code causes undefined behavior when executed
[INFO] [stdout]    |                               help: use `MaybeUninit<T>` instead, and only call `assume_init` after initialization is done
[INFO] [stdout]    |
[INFO] [stdout]    = note: integers must be initialized
[INFO] [stdout] 
[INFO] [stdout] 
[INFO] [stdout] warning: the type `[u8; 20]` does not permit being left uninitialized
[INFO] [stdout]   --> src/sha.rs:60:34
[INFO] [stdout]    |
[INFO] [stdout] 60 |         let mut hash: [u8; 20] = mem::uninitialized();
[INFO] [stdout]    |                                  ^^^^^^^^^^^^^^^^^^^^
[INFO] [stdout]    |                                  |
[INFO] [stdout]    |                                  this code causes undefined behavior when executed
[INFO] [stdout]    |                                  help: use `MaybeUninit<T>` instead, and only call `assume_init` after initialization is done
[INFO] [stdout]    |
[INFO] [stdout]    = note: integers must be initialized
[INFO] [stdout] 
[INFO] [stdout] 
[INFO] [stdout] warning: the type `[u8; 28]` does not permit being left uninitialized
[INFO] [stdout]   --> src/sha.rs:71:34
[INFO] [stdout]    |
[INFO] [stdout] 71 |         let mut hash: [u8; 28] = mem::uninitialized();
[INFO] [stdout]    |                                  ^^^^^^^^^^^^^^^^^^^^
[INFO] [stdout]    |                                  |
[INFO] [stdout]    |                                  this code causes undefined behavior when executed
[INFO] [stdout]    |                                  help: use `MaybeUninit<T>` instead, and only call `assume_init` after initialization is done
[INFO] [stdout]    |
[INFO] [stdout]    = note: integers must be initialized
[INFO] [stdout] 
[INFO] [stdout] 
[INFO] [stdout] warning: the type `[u8; 32]` does not permit being left uninitialized
[INFO] [stdout]   --> src/sha.rs:82:34
[INFO] [stdout]    |
[INFO] [stdout] 82 |         let mut hash: [u8; 32] = mem::uninitialized();
[INFO] [stdout]    |                                  ^^^^^^^^^^^^^^^^^^^^
[INFO] [stdout]    |                                  |
[INFO] [stdout]    |                                  this code causes undefined behavior when executed
[INFO] [stdout]    |                                  help: use `MaybeUninit<T>` instead, and only call `assume_init` after initialization is done
[INFO] [stdout]    |
[INFO] [stdout]    = note: integers must be initialized
[INFO] [stdout] 
[INFO] [stdout] 
[INFO] [stdout] warning: the type `[u8; 48]` does not permit being left uninitialized
[INFO] [stdout]   --> src/sha.rs:93:34
[INFO] [stdout]    |
[INFO] [stdout] 93 |         let mut hash: [u8; 48] = mem::uninitialized();
[INFO] [stdout]    |                                  ^^^^^^^^^^^^^^^^^^^^
[INFO] [stdout]    |                                  |
[INFO] [stdout]    |                                  this code causes undefined behavior when executed
[INFO] [stdout]    |                                  help: use `MaybeUninit<T>` instead, and only call `assume_init` after initialization is done
[INFO] [stdout]    |
[INFO] [stdout]    = note: integers must be initialized
[INFO] [stdout] 
[INFO] [stdout] 
[INFO] [stdout] warning: the type `[u8; 64]` does not permit being left uninitialized
[INFO] [stdout]    --> src/sha.rs:104:34
[INFO] [stdout]     |
[INFO] [stdout] 104 |         let mut hash: [u8; 64] = mem::uninitialized();
[INFO] [stdout]     |                                  ^^^^^^^^^^^^^^^^^^^^
[INFO] [stdout]     |                                  |
[INFO] [stdout]     |                                  this code causes undefined behavior when executed
[INFO] [stdout]     |                                  help: use `MaybeUninit<T>` instead, and only call `assume_init` after initialization is done
[INFO] [stdout]     |
[INFO] [stdout]     = note: integers must be initialized
[INFO] [stdout] 
[INFO] [stdout] 
[INFO] [stdout] warning: the type `sha_state_st` does not permit being left uninitialized
[INFO] [stdout]    --> src/sha.rs:132:27
[INFO] [stdout]     |
[INFO] [stdout] 132 |             let mut ctx = mem::uninitialized();
[INFO] [stdout]     |                           ^^^^^^^^^^^^^^^^^^^^
[INFO] [stdout]     |                           |
[INFO] [stdout]     |                           this code causes undefined behavior when executed
[INFO] [stdout]     |                           help: use `MaybeUninit<T>` instead, and only call `assume_init` after initialization is done
[INFO] [stdout]     |
[INFO] [stdout]     = note: integers must be initialized
[INFO] [stdout] 
[INFO] [stdout] 
[INFO] [stdout] warning: the type `[u8; 20]` does not permit being left uninitialized
[INFO] [stdout]    --> src/sha.rs:153:38
[INFO] [stdout]     |
[INFO] [stdout] 153 |             let mut hash: [u8; 20] = mem::uninitialized();
[INFO] [stdout]     |                                      ^^^^^^^^^^^^^^^^^^^^
[INFO] [stdout]     |                                      |
[INFO] [stdout]     |                                      this code causes undefined behavior when executed
[INFO] [stdout]     |                                      help: use `MaybeUninit<T>` instead, and only call `assume_init` after initialization is done
[INFO] [stdout]     |
[INFO] [stdout]     = note: integers must be initialized
[INFO] [stdout] 
[INFO] [stdout] 
[INFO] [stdout] warning: the type `sha256_state_st` does not permit being left uninitialized
[INFO] [stdout]    --> src/sha.rs:177:27
[INFO] [stdout]     |
[INFO] [stdout] 177 |             let mut ctx = mem::uninitialized();
[INFO] [stdout]     |                           ^^^^^^^^^^^^^^^^^^^^
[INFO] [stdout]     |                           |
[INFO] [stdout]     |                           this code causes undefined behavior when executed
[INFO] [stdout]     |                           help: use `MaybeUninit<T>` instead, and only call `assume_init` after initialization is done
[INFO] [stdout]     |
[INFO] [stdout]     = note: integers must be initialized
[INFO] [stdout] 
[INFO] [stdout] 
[INFO] [stdout] warning: the type `[u8; 28]` does not permit being left uninitialized
[INFO] [stdout]    --> src/sha.rs:198:38
[INFO] [stdout]     |
[INFO] [stdout] 198 |             let mut hash: [u8; 28] = mem::uninitialized();
[INFO] [stdout]     |                                      ^^^^^^^^^^^^^^^^^^^^
[INFO] [stdout]     |                                      |
[INFO] [stdout]     |                                      this code causes undefined behavior when executed
[INFO] [stdout]     |                                      help: use `MaybeUninit<T>` instead, and only call `assume_init` after initialization is done
[INFO] [stdout]     |
[INFO] [stdout]     = note: integers must be initialized
[INFO] [stdout] 
[INFO] [stdout] 
[INFO] [stdout] warning: the type `sha256_state_st` does not permit being left uninitialized
[INFO] [stdout]    --> src/sha.rs:222:27
[INFO] [stdout]     |
[INFO] [stdout] 222 |             let mut ctx = mem::uninitialized();
[INFO] [stdout]     |                           ^^^^^^^^^^^^^^^^^^^^
[INFO] [stdout]     |                           |
[INFO] [stdout]     |                           this code causes undefined behavior when executed
[INFO] [stdout]     |                           help: use `MaybeUninit<T>` instead, and only call `assume_init` after initialization is done
[INFO] [stdout]     |
[INFO] [stdout]     = note: integers must be initialized
[INFO] [stdout] 
[INFO] [stdout] 
[INFO] [stdout] warning: the type `[u8; 32]` does not permit being left uninitialized
[INFO] [stdout]    --> src/sha.rs:243:38
[INFO] [stdout]     |
[INFO] [stdout] 243 |             let mut hash: [u8; 32] = mem::uninitialized();
[INFO] [stdout]     |                                      ^^^^^^^^^^^^^^^^^^^^
[INFO] [stdout]     |                                      |
[INFO] [stdout]     |                                      this code causes undefined behavior when executed
[INFO] [stdout]     |                                      help: use `MaybeUninit<T>` instead, and only call `assume_init` after initialization is done
[INFO] [stdout]     |
[INFO] [stdout]     = note: integers must be initialized
[INFO] [stdout] 
[INFO] [stdout] 
[INFO] [stdout] warning: the type `sha512_state_st` does not permit being left uninitialized
[INFO] [stdout]    --> src/sha.rs:267:27
[INFO] [stdout]     |
[INFO] [stdout] 267 |             let mut ctx = mem::uninitialized();
[INFO] [stdout]     |                           ^^^^^^^^^^^^^^^^^^^^
[INFO] [stdout]     |                           |
[INFO] [stdout]     |                           this code causes undefined behavior when executed
[INFO] [stdout]     |                           help: use `MaybeUninit<T>` instead, and only call `assume_init` after initialization is done
[INFO] [stdout]     |
[INFO] [stdout]     = note: integers must be initialized
[INFO] [stdout] 
[INFO] [stdout] 
[INFO] [stdout] warning: the type `[u8; 48]` does not permit being left uninitialized
[INFO] [stdout]    --> src/sha.rs:288:38
[INFO] [stdout]     |
[INFO] [stdout] 288 |             let mut hash: [u8; 48] = mem::uninitialized();
[INFO] [stdout]     |                                      ^^^^^^^^^^^^^^^^^^^^
[INFO] [stdout]     |                                      |
[INFO] [stdout]     |                                      this code causes undefined behavior when executed
[INFO] [stdout]     |                                      help: use `MaybeUninit<T>` instead, and only call `assume_init` after initialization is done
[INFO] [stdout]     |
[INFO] [stdout]     = note: integers must be initialized
[INFO] [stdout] 
[INFO] [stdout] 
[INFO] [stdout] warning: the type `sha512_state_st` does not permit being left uninitialized
[INFO] [stdout]    --> src/sha.rs:312:27
[INFO] [stdout]     |
[INFO] [stdout] 312 |             let mut ctx = mem::uninitialized();
[INFO] [stdout]     |                           ^^^^^^^^^^^^^^^^^^^^
[INFO] [stdout]     |                           |
[INFO] [stdout]     |                           this code causes undefined behavior when executed
[INFO] [stdout]     |                           help: use `MaybeUninit<T>` instead, and only call `assume_init` after initialization is done
[INFO] [stdout]     |
[INFO] [stdout]     = note: integers must be initialized
[INFO] [stdout] 
[INFO] [stdout] 
[INFO] [stdout] warning: the type `[u8; 64]` does not permit being left uninitialized
[INFO] [stdout]    --> src/sha.rs:333:38
[INFO] [stdout]     |
[INFO] [stdout] 333 |             let mut hash: [u8; 64] = mem::uninitialized();
[INFO] [stdout]     |                                      ^^^^^^^^^^^^^^^^^^^^
[INFO] [stdout]     |                                      |
[INFO] [stdout]     |                                      this code causes undefined behavior when executed
[INFO] [stdout]     |                                      help: use `MaybeUninit<T>` instead, and only call `assume_init` after initialization is done
[INFO] [stdout]     |
[INFO] [stdout]     = note: integers must be initialized
[INFO] [stdout] 
[INFO] [stdout] 
[INFO] [stdout] warning: unused return value of `Box::<T>::from_raw` that must be used
[INFO] [stdout]    --> src/ssl/mod.rs:427:9
[INFO] [stdout]     |
[INFO] [stdout] 427 |         Box::<T>::from_raw(ptr as *mut T);
[INFO] [stdout]     |         ^^^^^^^^^^^^^^^^^^^^^^^^^^^^^^^^^
[INFO] [stdout]     |
[INFO] [stdout]     = note: call `drop(Box::from_raw(ptr))` if you intend to drop the `Box`
[INFO] [stdout]     = note: `#[warn(unused_must_use)]` on by default
[INFO] [stdout] help: use `let _ = ...` to ignore the resulting value
[INFO] [stdout]     |
[INFO] [stdout] 427 |         let _ = Box::<T>::from_raw(ptr as *mut T);
[INFO] [stdout]     |         +++++++
[INFO] [stdout] 
[INFO] [stdout] 
[INFO] [stdout] warning: unused return value of `Box::<T>::from_raw` that must be used
[INFO] [stdout]    --> src/ssl/bio.rs:203:9
[INFO] [stdout]     |
[INFO] [stdout] 203 |         Box::<StreamState<S>>::from_raw(data as *mut _);
[INFO] [stdout]     |         ^^^^^^^^^^^^^^^^^^^^^^^^^^^^^^^^^^^^^^^^^^^^^^^
[INFO] [stdout]     |
[INFO] [stdout]     = note: call `drop(Box::from_raw(ptr))` if you intend to drop the `Box`
[INFO] [stdout] help: use `let _ = ...` to ignore the resulting value
[INFO] [stdout]     |
[INFO] [stdout] 203 |         let _ = Box::<StreamState<S>>::from_raw(data as *mut _);
[INFO] [stdout]     |         +++++++
[INFO] [stdout] 
[INFO] [stdout] 
[INFO] [stdout] warning: 19 warnings emitted
[INFO] [stdout] 
[INFO] [stdout] 
[INFO] [stderr]     Finished test [unoptimized + debuginfo] target(s) in 14.36s
[INFO] running `Command { std: "docker" "inspect" "2ec55ec7b1a7d9012cf5e18bb5067691deec80571c645b4e00dca51fca6234dd", kill_on_drop: false }`
[INFO] running `Command { std: "docker" "rm" "-f" "2ec55ec7b1a7d9012cf5e18bb5067691deec80571c645b4e00dca51fca6234dd", kill_on_drop: false }`
[INFO] [stdout] 2ec55ec7b1a7d9012cf5e18bb5067691deec80571c645b4e00dca51fca6234dd
[INFO] running `Command { std: "docker" "create" "-v" "/var/lib/crater-agent-workspace/builds/worker-0-tc1/target:/opt/rustwide/target:rw,Z" "-v" "/var/lib/crater-agent-workspace/builds/worker-0-tc1/source:/opt/rustwide/workdir:ro,Z" "-v" "/var/lib/crater-agent-workspace/cargo-home:/opt/rustwide/cargo-home:ro,Z" "-v" "/var/lib/crater-agent-workspace/rustup-home:/opt/rustwide/rustup-home:ro,Z" "-e" "SOURCE_DIR=/opt/rustwide/workdir" "-e" "CARGO_TARGET_DIR=/opt/rustwide/target" "-e" "CARGO_INCREMENTAL=0" "-e" "RUST_BACKTRACE=full" "-e" "RUSTFLAGS=--cap-lints=warn" "-e" "RUSTDOCFLAGS=--cap-lints=warn" "-e" "CARGO_HOME=/opt/rustwide/cargo-home" "-e" "RUSTUP_HOME=/opt/rustwide/rustup-home" "-w" "/opt/rustwide/workdir" "-m" "1610612736" "--user" "0:0" "--network" "none" "ghcr.io/rust-lang/crates-build-env/linux@sha256:2788e3201cd34a07e3172128adcd8b3090168a8e3bcc40d7c032b9dda1df7d1c" "/opt/rustwide/cargo-home/bin/cargo" "+1.75.0" "test" "--frozen", kill_on_drop: false }`
[INFO] [stdout] a42bf418e084a009fc20b86ccd53e118561366af93f83548f76fdd017c9fe8bc
[INFO] running `Command { std: "docker" "start" "-a" "a42bf418e084a009fc20b86ccd53e118561366af93f83548f76fdd017c9fe8bc", kill_on_drop: false }`
[INFO] [stderr] warning: the type `aes_key_st` does not permit being left uninitialized
[INFO] [stderr]   --> src/aes.rs:62:31
[INFO] [stderr]    |
[INFO] [stderr] 62 |             let mut aes_key = mem::uninitialized();
[INFO] [stderr]    |                               ^^^^^^^^^^^^^^^^^^^^
[INFO] [stderr]    |                               |
[INFO] [stderr]    |                               this code causes undefined behavior when executed
[INFO] [stderr]    |                               help: use `MaybeUninit<T>` instead, and only call `assume_init` after initialization is done
[INFO] [stderr]    |
[INFO] [stderr]    = note: integers must be initialized
[INFO] [stderr]    = note: `#[warn(invalid_value)]` on by default
[INFO] [stderr] 
[INFO] [stderr] warning: the type `aes_key_st` does not permit being left uninitialized
[INFO] [stderr]   --> src/aes.rs:86:31
[INFO] [stderr]    |
[INFO] [stderr] 86 |             let mut aes_key = mem::uninitialized();
[INFO] [stderr]    |                               ^^^^^^^^^^^^^^^^^^^^
[INFO] [stderr]    |                               |
[INFO] [stderr]    |                               this code causes undefined behavior when executed
[INFO] [stderr]    |                               help: use `MaybeUninit<T>` instead, and only call `assume_init` after initialization is done
[INFO] [stderr]    |
[INFO] [stderr]    = note: integers must be initialized
[INFO] [stderr] 
[INFO] [stderr] warning: the type `[u8; 20]` does not permit being left uninitialized
[INFO] [stderr]   --> src/sha.rs:60:34
[INFO] [stderr]    |
[INFO] [stderr] 60 |         let mut hash: [u8; 20] = mem::uninitialized();
[INFO] [stderr]    |                                  ^^^^^^^^^^^^^^^^^^^^
[INFO] [stderr]    |                                  |
[INFO] [stderr]    |                                  this code causes undefined behavior when executed
[INFO] [stderr]    |                                  help: use `MaybeUninit<T>` instead, and only call `assume_init` after initialization is done
[INFO] [stderr]    |
[INFO] [stderr]    = note: integers must be initialized
[INFO] [stderr] 
[INFO] [stderr] warning: the type `[u8; 28]` does not permit being left uninitialized
[INFO] [stderr]   --> src/sha.rs:71:34
[INFO] [stderr]    |
[INFO] [stderr] 71 |         let mut hash: [u8; 28] = mem::uninitialized();
[INFO] [stderr]    |                                  ^^^^^^^^^^^^^^^^^^^^
[INFO] [stderr]    |                                  |
[INFO] [stderr]    |                                  this code causes undefined behavior when executed
[INFO] [stderr]    |                                  help: use `MaybeUninit<T>` instead, and only call `assume_init` after initialization is done
[INFO] [stderr]    |
[INFO] [stderr]    = note: integers must be initialized
[INFO] [stderr] 
[INFO] [stderr] warning: the type `[u8; 32]` does not permit being left uninitialized
[INFO] [stderr]   --> src/sha.rs:82:34
[INFO] [stderr]    |
[INFO] [stderr] 82 |         let mut hash: [u8; 32] = mem::uninitialized();
[INFO] [stderr]    |                                  ^^^^^^^^^^^^^^^^^^^^
[INFO] [stderr]    |                                  |
[INFO] [stderr]    |                                  this code causes undefined behavior when executed
[INFO] [stderr]    |                                  help: use `MaybeUninit<T>` instead, and only call `assume_init` after initialization is done
[INFO] [stderr]    |
[INFO] [stderr]    = note: integers must be initialized
[INFO] [stderr] 
[INFO] [stderr] warning: the type `[u8; 48]` does not permit being left uninitialized
[INFO] [stderr]   --> src/sha.rs:93:34
[INFO] [stderr]    |
[INFO] [stderr] 93 |         let mut hash: [u8; 48] = mem::uninitialized();
[INFO] [stderr]    |                                  ^^^^^^^^^^^^^^^^^^^^
[INFO] [stderr]    |                                  |
[INFO] [stderr]    |                                  this code causes undefined behavior when executed
[INFO] [stderr]    |                                  help: use `MaybeUninit<T>` instead, and only call `assume_init` after initialization is done
[INFO] [stderr]    |
[INFO] [stderr]    = note: integers must be initialized
[INFO] [stderr] 
[INFO] [stderr] warning: the type `[u8; 64]` does not permit being left uninitialized
[INFO] [stderr]    --> src/sha.rs:104:34
[INFO] [stderr]     |
[INFO] [stderr] 104 |         let mut hash: [u8; 64] = mem::uninitialized();
[INFO] [stderr]     |                                  ^^^^^^^^^^^^^^^^^^^^
[INFO] [stderr]     |                                  |
[INFO] [stderr]     |                                  this code causes undefined behavior when executed
[INFO] [stderr]     |                                  help: use `MaybeUninit<T>` instead, and only call `assume_init` after initialization is done
[INFO] [stderr]     |
[INFO] [stderr]     = note: integers must be initialized
[INFO] [stderr] 
[INFO] [stderr] warning: the type `sha_state_st` does not permit being left uninitialized
[INFO] [stderr]    --> src/sha.rs:132:27
[INFO] [stderr]     |
[INFO] [stderr] 132 |             let mut ctx = mem::uninitialized();
[INFO] [stderr]     |                           ^^^^^^^^^^^^^^^^^^^^
[INFO] [stderr]     |                           |
[INFO] [stderr]     |                           this code causes undefined behavior when executed
[INFO] [stderr]     |                           help: use `MaybeUninit<T>` instead, and only call `assume_init` after initialization is done
[INFO] [stderr]     |
[INFO] [stderr]     = note: integers must be initialized
[INFO] [stderr] 
[INFO] [stderr] warning: the type `[u8; 20]` does not permit being left uninitialized
[INFO] [stderr]    --> src/sha.rs:153:38
[INFO] [stderr]     |
[INFO] [stderr] 153 |             let mut hash: [u8; 20] = mem::uninitialized();
[INFO] [stderr]     |                                      ^^^^^^^^^^^^^^^^^^^^
[INFO] [stderr]     |                                      |
[INFO] [stderr]     |                                      this code causes undefined behavior when executed
[INFO] [stderr]     |                                      help: use `MaybeUninit<T>` instead, and only call `assume_init` after initialization is done
[INFO] [stderr]     |
[INFO] [stderr]     = note: integers must be initialized
[INFO] [stderr] 
[INFO] [stderr] warning: the type `sha256_state_st` does not permit being left uninitialized
[INFO] [stderr]    --> src/sha.rs:177:27
[INFO] [stderr]     |
[INFO] [stderr] 177 |             let mut ctx = mem::uninitialized();
[INFO] [stderr]     |                           ^^^^^^^^^^^^^^^^^^^^
[INFO] [stderr]     |                           |
[INFO] [stderr]     |                           this code causes undefined behavior when executed
[INFO] [stderr]     |                           help: use `MaybeUninit<T>` instead, and only call `assume_init` after initialization is done
[INFO] [stderr]     |
[INFO] [stderr]     = note: integers must be initialized
[INFO] [stderr] 
[INFO] [stderr] warning: the type `[u8; 28]` does not permit being left uninitialized
[INFO] [stderr]    --> src/sha.rs:198:38
[INFO] [stderr]     |
[INFO] [stderr] 198 |             let mut hash: [u8; 28] = mem::uninitialized();
[INFO] [stderr]     |                                      ^^^^^^^^^^^^^^^^^^^^
[INFO] [stderr]     |                                      |
[INFO] [stderr]     |                                      this code causes undefined behavior when executed
[INFO] [stderr]     |                                      help: use `MaybeUninit<T>` instead, and only call `assume_init` after initialization is done
[INFO] [stderr]     |
[INFO] [stderr]     = note: integers must be initialized
[INFO] [stderr] 
[INFO] [stderr] warning: the type `sha256_state_st` does not permit being left uninitialized
[INFO] [stderr]    --> src/sha.rs:222:27
[INFO] [stderr]     |
[INFO] [stderr] 222 |             let mut ctx = mem::uninitialized();
[INFO] [stderr]     |                           ^^^^^^^^^^^^^^^^^^^^
[INFO] [stderr]     |                           |
[INFO] [stderr]     |                           this code causes undefined behavior when executed
[INFO] [stderr]     |                           help: use `MaybeUninit<T>` instead, and only call `assume_init` after initialization is done
[INFO] [stderr]     |
[INFO] [stderr]     = note: integers must be initialized
[INFO] [stderr] 
[INFO] [stderr] warning: the type `[u8; 32]` does not permit being left uninitialized
[INFO] [stderr]    --> src/sha.rs:243:38
[INFO] [stderr]     |
[INFO] [stderr] 243 |             let mut hash: [u8; 32] = mem::uninitialized();
[INFO] [stderr]     |                                      ^^^^^^^^^^^^^^^^^^^^
[INFO] [stderr]     |                                      |
[INFO] [stderr]     |                                      this code causes undefined behavior when executed
[INFO] [stderr]     |                                      help: use `MaybeUninit<T>` instead, and only call `assume_init` after initialization is done
[INFO] [stderr]     |
[INFO] [stderr]     = note: integers must be initialized
[INFO] [stderr] 
[INFO] [stderr] warning: the type `sha512_state_st` does not permit being left uninitialized
[INFO] [stderr]    --> src/sha.rs:267:27
[INFO] [stderr]     |
[INFO] [stderr] 267 |             let mut ctx = mem::uninitialized();
[INFO] [stderr]     |                           ^^^^^^^^^^^^^^^^^^^^
[INFO] [stderr]     |                           |
[INFO] [stderr]     |                           this code causes undefined behavior when executed
[INFO] [stderr]     |                           help: use `MaybeUninit<T>` instead, and only call `assume_init` after initialization is done
[INFO] [stderr]     |
[INFO] [stderr]     = note: integers must be initialized
[INFO] [stderr] 
[INFO] [stderr] warning: the type `[u8; 48]` does not permit being left uninitialized
[INFO] [stderr]    --> src/sha.rs:288:38
[INFO] [stderr]     |
[INFO] [stderr] 288 |             let mut hash: [u8; 48] = mem::uninitialized();
[INFO] [stderr]     |                                      ^^^^^^^^^^^^^^^^^^^^
[INFO] [stderr]     |                                      |
[INFO] [stderr]     |                                      this code causes undefined behavior when executed
[INFO] [stderr]     |                                      help: use `MaybeUninit<T>` instead, and only call `assume_init` after initialization is done
[INFO] [stderr]     |
[INFO] [stderr]     = note: integers must be initialized
[INFO] [stderr] 
[INFO] [stderr] warning: the type `sha512_state_st` does not permit being left uninitialized
[INFO] [stderr]    --> src/sha.rs:312:27
[INFO] [stderr]     |
[INFO] [stderr] 312 |             let mut ctx = mem::uninitialized();
[INFO] [stderr]     |                           ^^^^^^^^^^^^^^^^^^^^
[INFO] [stderr]     |                           |
[INFO] [stderr]     |                           this code causes undefined behavior when executed
[INFO] [stderr]     |                           help: use `MaybeUninit<T>` instead, and only call `assume_init` after initialization is done
[INFO] [stderr]     |
[INFO] [stderr]     = note: integers must be initialized
[INFO] [stderr] 
[INFO] [stderr] warning: the type `[u8; 64]` does not permit being left uninitialized
[INFO] [stderr]    --> src/sha.rs:333:38
[INFO] [stderr]     |
[INFO] [stderr] 333 |             let mut hash: [u8; 64] = mem::uninitialized();
[INFO] [stderr]     |                                      ^^^^^^^^^^^^^^^^^^^^
[INFO] [stderr]     |                                      |
[INFO] [stderr]     |                                      this code causes undefined behavior when executed
[INFO] [stderr]     |                                      help: use `MaybeUninit<T>` instead, and only call `assume_init` after initialization is done
[INFO] [stderr]     |
[INFO] [stderr]     = note: integers must be initialized
[INFO] [stderr] 
[INFO] [stderr] warning: unused return value of `Box::<T>::from_raw` that must be used
[INFO] [stderr]    --> src/ssl/mod.rs:427:9
[INFO] [stderr]     |
[INFO] [stderr] 427 |         Box::<T>::from_raw(ptr as *mut T);
[INFO] [stderr]     |         ^^^^^^^^^^^^^^^^^^^^^^^^^^^^^^^^^
[INFO] [stderr]     |
[INFO] [stderr]     = note: call `drop(Box::from_raw(ptr))` if you intend to drop the `Box`
[INFO] [stderr]     = note: `#[warn(unused_must_use)]` on by default
[INFO] [stderr] help: use `let _ = ...` to ignore the resulting value
[INFO] [stderr]     |
[INFO] [stderr] 427 |         let _ = Box::<T>::from_raw(ptr as *mut T);
[INFO] [stderr]     |         +++++++
[INFO] [stderr] 
[INFO] [stderr] warning: unused return value of `Box::<T>::from_raw` that must be used
[INFO] [stderr]    --> src/ssl/bio.rs:203:9
[INFO] [stderr]     |
[INFO] [stderr] 203 |         Box::<StreamState<S>>::from_raw(data as *mut _);
[INFO] [stderr]     |         ^^^^^^^^^^^^^^^^^^^^^^^^^^^^^^^^^^^^^^^^^^^^^^^
[INFO] [stderr]     |
[INFO] [stderr]     = note: call `drop(Box::from_raw(ptr))` if you intend to drop the `Box`
[INFO] [stderr] help: use `let _ = ...` to ignore the resulting value
[INFO] [stderr]     |
[INFO] [stderr] 203 |         let _ = Box::<StreamState<S>>::from_raw(data as *mut _);
[INFO] [stderr]     |         +++++++
[INFO] [stderr] 
[INFO] [stderr] warning: `boring-imp` (lib) generated 19 warnings
[INFO] [stderr] warning: `boring-imp` (lib test) generated 19 warnings (19 duplicates)
[INFO] [stderr]     Finished test [unoptimized + debuginfo] target(s) in 0.06s
[INFO] [stderr]      Running unittests src/lib.rs (/opt/rustwide/target/debug/deps/boring_imp-6ef04cad0baad0f6)
[INFO] [stdout] 
[INFO] [stdout] running 193 tests
[INFO] [stdout] test asn1::tests::object_from_str ... ok
[INFO] [stdout] test asn1::tests::time_eq ... ok
[INFO] [stdout] test asn1::tests::bn_cvt ... ok
[INFO] [stdout] test asn1::tests::object_from_str_with_invalid_input ... ok
[INFO] [stdout] test asn1::tests::time_from_str ... ok
[INFO] [stdout] test asn1::tests::time_ord ... ok
[INFO] [stdout] test base64::tests::test_decode_block ... ok
[INFO] [stdout] test bn::tests::test_negation ... ok
[INFO] [stdout] test base64::tests::test_encode_block ... ok
[INFO] [stdout] test aes::test::test_wrap_unwrap ... ok
[INFO] [stdout] test bn::tests::test_pseudo_rand_range ... ok
[INFO] [stdout] test bn::tests::test_rand_range ... ok
[INFO] [stdout] test base64::tests::test_strip_whitespace ... ok
[INFO] [stdout] test bn::tests::test_shift ... ok
[INFO] [stdout] test bn::tests::test_to_from_slice ... ok
[INFO] [stdout] test asn1::tests::time_from_unix ... ok
[INFO] [stdout] test derive::test::derive_without_peer ... ok
[INFO] [stdout] test derive::test::test_ec_key_derive ... ok
[INFO] [stdout] test dh::tests::test_dh ... ok
[INFO] [stdout] test dh::tests::test_dh_from_der ... ok
[INFO] [stdout] test dsa::test::test_priv_key_from_parts ... ok
[INFO] [stdout] test dh::tests::test_dh_from_pem ... ok
[INFO] [stdout] test dsa::test::test_pub_key_from_parts ... ok
[INFO] [stdout] test ec::test::cofactor ... ok
[INFO] [stdout] test ec::test::dup ... ok
[INFO] [stdout] test ec::test::generate ... ok
[INFO] [stdout] test ec::test::key_from_affine_coordinates ... ok
[INFO] [stdout] test ec::test::generator ... ok
[INFO] [stdout] test ec::test::key_from_private_components ... ok
[INFO] [stdout] test ec::test::key_new_by_curve_name ... ok
[INFO] [stdout] test ec::test::mul_generator ... ok
[INFO] [stdout] test ec::test::get_affine_coordinates ... ok
[INFO] [stdout] test ec::test::key_from_public_key ... ok
[INFO] [stdout] test ec::test::point_new ... ok
[INFO] [stdout] test fips::is_enabled ... ok
[INFO] [stdout] test hash::tests::test_clone ... ok
[INFO] [stdout] test hash::tests::from_nid ... ok
[INFO] [stdout] test hash::tests::test_finish_twice ... ok
[INFO] [stdout] test ec::test::point_bytes ... ok
[INFO] [stdout] test ec::test::point_owned ... ok
[INFO] [stdout] test hash::tests::test_md5 ... ok
[INFO] [stdout] test hash::tests::test_md5_recycle ... ok
[INFO] [stdout] test hash::tests::test_sha256 ... ok
[INFO] [stdout] test hash::tests::test_sha1 ... ok
[INFO] [stdout] test nid::test::signature_digest ... ok
[INFO] [stdout] test nid::test::test_long_name_conversion ... ok
[INFO] [stdout] test nid::test::test_short_name_conversion ... ok
[INFO] [stdout] test memcmp::tests::test_eq ... ok
[INFO] [stdout] test memcmp::tests::test_diff_lens - should panic ... ok
[INFO] [stdout] test pkcs12::test::parse_empty_chain ... ok
[INFO] [stdout] test pkcs12::test::parse ... ok
[INFO] [stdout] test pkcs5::tests::bytes_to_key ... ok
[INFO] [stdout] test pkcs5::tests::pbkdf2_hmac_sha512 ... ok
[INFO] [stdout] test pkey::tests::test_ec_key_accessor ... ok
[INFO] [stdout] test pkey::tests::test_encrypted_pkcs8_callback ... ok
[INFO] [stdout] test bn::tests::test_prime_numbers ... ok
[INFO] [stdout] test pkey::tests::test_encrypted_pkcs8_passphrase ... ok
[INFO] [stdout] test pkey::tests::test_private_key_from_der ... ok
[INFO] [stdout] test pkey::tests::test_pem ... ok
[INFO] [stdout] test pkey::tests::test_public_key_from_der ... ok
[INFO] [stdout] test pkey::tests::test_public_key_from_pem ... ok
[INFO] [stdout] test pkey::tests::test_private_key_from_pem ... ok
[INFO] [stdout] test dsa::test::test_pubkey_generation ... ok
[INFO] [stdout] test pkey::tests::test_unencrypted_pkcs8 ... ok
[INFO] [stdout] test rand::tests::test_rand_bytes ... ok
[INFO] [stdout] test pkcs5::tests::pbkdf2_hmac_sha256 ... ok
[INFO] [stdout] test dsa::test::test_generate ... ok
[INFO] [stdout] test rsa::test::test_from_password ... ok
[INFO] [stdout] test pkcs5::tests::scrypt ... ok
[INFO] [stdout] test rsa::test::test_from_password_callback ... ok
[INFO] [stdout] test pkey::tests::test_rsa_accessor ... ok
[INFO] [stdout] test rsa::test::test_private_encrypt ... ok
[INFO] [stdout] test rsa::test::test_public_encrypt ... ok
[INFO] [stdout] test rsa::test::test_public_encrypt_private_decrypt_with_padding ... ok
[INFO] [stdout] test rsa::test::generate_with_e ... ok
[INFO] [stdout] test pkcs12::test::create ... ok
[INFO] [stdout] test rsa::test::test_public_key_from_pem_pkcs1 ... ok
[INFO] [stdout] test rsa::test::test_public_key_from_pem_pkcs1_file_panic - should panic ... ok
[INFO] [stdout] test rsa::test::test_public_key_to_pem_pkcs1 ... ok
[INFO] [stdout] test rsa::test::test_public_key_from_pem_pkcs1_generate_panic - should panic ... ok
[INFO] [stdout] test sha::test::cloning_allows_incremental_hashing ... ok
[INFO] [stdout] test sha::test::standalone_224 ... ok
[INFO] [stdout] test sha::test::standalone_1 ... ok
[INFO] [stdout] test sha::test::standalone_256 ... ok
[INFO] [stdout] test sha::test::standalone_384 ... ok
[INFO] [stdout] test sha::test::standalone_512 ... ok
[INFO] [stdout] test sha::test::struct_1 ... ok
[INFO] [stdout] test sha::test::struct_256 ... ok
[INFO] [stdout] test sha::test::struct_384 ... ok
[INFO] [stdout] test sha::test::struct_512 ... ok
[INFO] [stdout] test sha::test::struct_224 ... ok
[INFO] [stdout] test sign::test::ec ... ok
[INFO] [stdout] test sign::test::rsa_sign ... ok
[INFO] [stdout] test sign::test::rsa_sign_verify ... ok
[INFO] [stdout] test sign::test::rsa_verify_invalid ... ok
[INFO] [stdout] test sign::test::rsa_verify_ok ... ok
[INFO] [stdout] test ssl::test::active_session ... ok
[INFO] [stdout] test ssl::test::add_extra_chain_cert ... ok
[INFO] [stdout] test ssl::test::cert_store ... ok
[INFO] [stdout] test ssl::test::clear_ctx_options ... ok
[INFO] [stdout] test ssl::test::client_ca_list ... ok
[INFO] [stdout] test ssl::test::cert_compression ... ok
[INFO] [stdout] test ssl::test::connector_client_server_mozilla_intermediate ... ok
[INFO] [stdout] test ssl::test::connector_client_server_mozilla_intermediate_v5 ... ok
[INFO] [stdout] test ssl::test::connector_client_server_mozilla_modern ... ok
[INFO] [stdout] test rsa::test::test_to_password ... ok
[INFO] [stdout] test ssl::test::connector_invalid_hostname ... ok
[INFO] [stdout] test ssl::test::connector_invalid_no_hostname_verification ... ok
[INFO] [stdout] test ssl::test::connector_no_hostname_still_verifies ... ok
[INFO] [stdout] test ssl::test::connector_no_hostname_can_disable_verify ... ok
[INFO] [stdout] test ssl::test::connector_valid_hostname ... ok
[INFO] [stdout] test ssl::test::get_ctx_options ... ok
[INFO] [stdout] test ssl::test::flush_panic - should panic ... ok
[INFO] [stdout] test ssl::test::idle_session ... ok
[INFO] [stdout] test ssl::test::keying_export ... ok
[INFO] [stdout] test ssl::test::new_session_callback ... ok
[INFO] [stdout] test dsa::test::clone ... ok
[INFO] [stdout] test ssl::test::new_session_callback_swapped_ctx ... ok
[INFO] [stdout] test ssl::test::no_version_overlap ... ok
[INFO] [stdout] test ssl::test::peer_certificate ... ok
[INFO] [stdout] test ssl::test::psk_ciphers ... ok
[INFO] [stdout] test ssl::test::read_panic - should panic ... ok
[INFO] [stdout] test ssl::test::refcount_ssl_context ... ok
[INFO] [stdout] test ssl::test::pending ... ok
[INFO] [stdout] test ssl::test::session_cache_size ... ok
[INFO] [stdout] test ssl::test::set_ctx_options ... ok
[INFO] [stdout] test ssl::test::sni_callback_swapped_ctx ... ok
[INFO] [stdout] test ssl::test::shutdown ... ok
[INFO] [stdout] test ssl::test::ssl_verify_callback ... ok
[INFO] [stdout] test ssl::test::state ... ok
[INFO] [stdout] test ssl::test::default_verify_paths ... ok
[INFO] [stdout] test ssl::test::test_alpn_server_advertise_multiple ... ok
[INFO] [stdout] test ssl::test::test_alpn_server_unilateral ... ok
[INFO] [stdout] test ssl::test::test_connect_with_srtp_ctx ... ok
[INFO] [stdout] test ssl::test::test_alpn_server_select_none_fatal ... ok
[INFO] [stdout] test ssl::test::test_alpn_server_select_none ... ok
[INFO] [stdout] test ssl::test::test_select_cert_alpn_extension ... ok
[INFO] [stdout] test ssl::test::test_select_cert_error ... ok
[INFO] [stdout] test ssl::test::test_select_cert_unknown_extension ... ok
[INFO] [stdout] test ssl::test::test_connect_with_srtp_ssl ... ok
[INFO] [stdout] test ssl::test::test_select_cert_ok ... ok
[INFO] [stdout] test ssl::test::verify_callback ... ok
[INFO] [stdout] test ssl::test::verify_trusted_callback_override_bad ... ok
[INFO] [stdout] test ssl::test::verify_trusted ... ok
[INFO] [stdout] test ssl::test::verify_callback_load_certs ... ok
[INFO] [stdout] test ssl::test::verify_invalid_hostname ... ok
[INFO] [stdout] test ssl::test::verify_trusted_callback_override_ok ... ok
[INFO] [stdout] test ssl::test::verify_trusted_get_error_err ... ok
[INFO] [stdout] test ssl::test::verify_trusted_get_error_ok ... ok
[INFO] [stdout] test ssl::test::verify_trusted_with_set_cert ... ok
[INFO] [stdout] test ssl::test::verify_untrusted ... ok
[INFO] [stdout] test rsa::test::test_pem_pkcs1_encrypt ... ok
[INFO] [stdout] test ssl::test::write_panic - should panic ... ok
[INFO] [stdout] test ssl::test::verify_untrusted_callback_override_ok ... ok
[INFO] [stdout] test symm::tests::test_aes128_gcm ... ok
[INFO] [stdout] test symm::tests::test_aes128_ofb ... ok
[INFO] [stdout] test ssl::test::verify_untrusted_callback_override_bad ... ok
[INFO] [stdout] test ssl::test::zero_length_buffers ... ok
[INFO] [stdout] test symm::tests::test_aes128_ctr ... ok
[INFO] [stdout] test symm::tests::test_aes_256_cbc_decrypt ... ok
[INFO] [stdout] test symm::tests::test_aes192_ctr ... ok
[INFO] [stdout] test symm::tests::test_aes192_ofb ... ok
[INFO] [stdout] test symm::tests::test_aes_256_ecb ... ok
[INFO] [stdout] test symm::tests::test_des_cbc ... ok
[INFO] [stdout] test symm::tests::test_des_ecb ... ok
[INFO] [stdout] test symm::tests::test_des_ede3 ... ok
[INFO] [stdout] test symm::tests::test_des_ede3_cbc ... ok
[INFO] [stdout] test symm::tests::test_aes256_ofb ... ok
[INFO] [stdout] test symm::tests::test_rc4 ... ok
[INFO] [stdout] test ssl::test::verify_valid_hostname ... ok
[INFO] [stdout] test version::test_versions ... ok
[INFO] [stdout] test symm::tests::test_stream_cipher_output ... ok
[INFO] [stdout] test x509::tests::issued ... ok
[INFO] [stdout] test x509::tests::signature ... ok
[INFO] [stdout] test x509::tests::test_nameref_iterator ... ok
[INFO] [stdout] test x509::tests::test_debug ... ok
[INFO] [stdout] test x509::tests::test_nid_uid_value ... ok
[INFO] [stdout] test x509::tests::test_nid_values ... ok
[INFO] [stdout] test x509::tests::test_save_der ... ok
[INFO] [stdout] test x509::tests::test_stack_from_pem ... ok
[INFO] [stdout] test x509::tests::test_subject_alt_name ... ok
[INFO] [stdout] test x509::tests::clone_x509 ... ok
[INFO] [stdout] test x509::tests::test_subject_alt_name_iter ... ok
[INFO] [stdout] test x509::tests::test_cert_issue_validity ... ok
[INFO] [stdout] test x509::tests::test_cert_loading ... ok
[INFO] [stdout] test x509::tests::test_subject_read_cn ... ok
[INFO] [stdout] test x509::tests::test_verify_cert ... ok
[INFO] [stdout] test x509::tests::test_verify_fails ... ok
[INFO] [stdout] test pkey::tests::test_to_password ... ok
[INFO] [stdout] test x509::tests::x509_req_builder ... ok
[INFO] [stdout] test rsa::test::clone ... ok
[INFO] [stdout] test rsa::test::test_pem_pkcs1_padding ... ok
[INFO] [stdout] test x509::tests::x509_builder ... ok
[INFO] [stdout] 
[INFO] [stdout] test result: ok. 193 passed; 0 failed; 0 ignored; 0 measured; 0 filtered out; finished in 3.59s
[INFO] [stdout] 
[INFO] [stderr]    Doc-tests boring-imp
[INFO] [stdout] 
[INFO] [stdout] running 37 tests
[INFO] [stdout] test src/bn.rs - bn (line 11) ... FAILED
[INFO] [stdout] test src/aes.rs - aes (line 24) ... FAILED
[INFO] [stdout] test src/asn1.rs - asn1 (line 23) ... FAILED
[INFO] [stdout] test src/bn.rs - bn::BigNum::from_slice (line 981) ... FAILED
[INFO] [stdout] test src/bn.rs - bn::BigNumRef::rand (line 374) ... FAILED
[INFO] [stdout] test src/bn.rs - bn::BigNumRef::generate_prime (line 433) ... FAILED
[INFO] [stdout] test src/bn.rs - bn::BigNum (line 97) ... FAILED
[INFO] [stdout] test src/bn.rs - bn::BigNumRef::to_hex_str (line 902) ... FAILED
[INFO] [stdout] test src/bn.rs - bn::BigNumRef::ucmp (line 333) ... FAILED
[INFO] [stdout] test src/dsa.rs - dsa::Dsa (line 38) ... FAILED
[INFO] [stdout] test src/bn.rs - bn::BigNumRef::to_dec_str (line 887) ... FAILED
[INFO] [stdout] test src/bn.rs - bn::BigNumRef::to_vec_padded (line 862) ... FAILED
[INFO] [stdout] test src/hash.rs - hash::Hasher (line 103) ... FAILED
[INFO] [stdout] test src/bn.rs - bn::BigNumRef::to_vec (line 837) ... FAILED
[INFO] [stdout] test src/memcmp.rs - memcmp (line 18) ... FAILED
[INFO] [stdout] test src/error.rs - error (line 8) ... FAILED
[INFO] [stdout] test src/hash.rs - hash::Hasher (line 114) ... FAILED
[INFO] [stdout] test src/ec.rs - ec::EcKey<Public>::from_public_key (line 683) - compile ... FAILED
[INFO] [stdout] test src/nid.rs - nid::Nid (line 35) ... FAILED
[INFO] [stdout] test src/pkey.rs - pkey (line 31) ... FAILED
[INFO] [stdout] test src/memcmp.rs - memcmp::eq (line 50) ... FAILED
[INFO] [stdout] test src/rand.rs - rand (line 7) ... FAILED
[INFO] [stdout] test src/rand.rs - rand::rand_bytes (line 27) ... FAILED
[INFO] [stdout] test src/sha.rs - sha (line 36) ... FAILED
[INFO] [stdout] test src/rsa.rs - rsa (line 18) ... FAILED
[INFO] [stdout] test src/ssl/mod.rs - ssl (line 28) - compile ... FAILED
[INFO] [stdout] test src/ssl/mod.rs - ssl (line 10) - compile ... FAILED
[INFO] [stdout] test src/sign.rs - sign (line 12) ... FAILED
[INFO] [stdout] test src/x509/extension.rs - x509::extension (line 10) ... FAILED
[INFO] [stdout] test src/sha.rs - sha (line 16) ... FAILED
[INFO] [stdout] test src/symm.rs - symm (line 28) ... FAILED
[INFO] [stdout] test src/symm.rs - symm::encrypt (line 554) ... FAILED
[INFO] [stdout] test src/symm.rs - symm::Crypter (line 230) ... FAILED
[INFO] [stdout] test src/symm.rs - symm::decrypt (line 593) ... FAILED
[INFO] [stdout] test src/symm.rs - symm (line 7) ... FAILED
[INFO] [stdout] test src/x509/store.rs - x509::store (line 8) ... FAILED
[INFO] [stderr] error: doctest failed, to rerun pass `--doc`
[INFO] [stdout] test src/x509/mod.rs - x509::X509Builder::set_subject_name (line 278) ... FAILED
[INFO] [stdout] 
[INFO] [stdout] failures:
[INFO] [stdout] 
[INFO] [stdout] ---- src/bn.rs - bn (line 11) stdout ----
[INFO] [stdout] error[E0433]: failed to resolve: use of undeclared crate or module `boring`
[INFO] [stdout]  --> src/bn.rs:12:5
[INFO] [stdout]   |
[INFO] [stdout] 2 | use boring::bn::BigNum;
[INFO] [stdout]   |     ^^^^^^ use of undeclared crate or module `boring`
[INFO] [stdout] 
[INFO] [stdout] error[E0433]: failed to resolve: use of undeclared crate or module `boring`
[INFO] [stdout]  --> src/bn.rs:13:5
[INFO] [stdout]   |
[INFO] [stdout] 3 | use boring::error::ErrorStack;
[INFO] [stdout]   |     ^^^^^^ use of undeclared crate or module `boring`
[INFO] [stdout] 
[INFO] [stdout] error: aborting due to 2 previous errors
[INFO] [stdout] 
[INFO] [stdout] For more information about this error, try `rustc --explain E0433`.
[INFO] [stdout] Couldn't compile the test.
[INFO] [stdout] ---- src/aes.rs - aes (line 24) stdout ----
[INFO] [stdout] error[E0433]: failed to resolve: use of undeclared crate or module `boring`
[INFO] [stdout]  --> src/aes.rs:25:5
[INFO] [stdout]   |
[INFO] [stdout] 3 | use boring::aes::{AesKey, unwrap_key, wrap_key};
[INFO] [stdout]   |     ^^^^^^ use of undeclared crate or module `boring`
[INFO] [stdout] 
[INFO] [stdout] error: aborting due to previous error
[INFO] [stdout] 
[INFO] [stdout] For more information about this error, try `rustc --explain E0433`.
[INFO] [stdout] Couldn't compile the test.
[INFO] [stdout] ---- src/asn1.rs - asn1 (line 23) stdout ----
[INFO] [stdout] error[E0433]: failed to resolve: use of undeclared crate or module `boring`
[INFO] [stdout]  --> src/asn1.rs:24:5
[INFO] [stdout]   |
[INFO] [stdout] 3 | use boring::asn1::Asn1Time;
[INFO] [stdout]   |     ^^^^^^ use of undeclared crate or module `boring`
[INFO] [stdout] 
[INFO] [stdout] error: aborting due to previous error
[INFO] [stdout] 
[INFO] [stdout] For more information about this error, try `rustc --explain E0433`.
[INFO] [stdout] Couldn't compile the test.
[INFO] [stdout] ---- src/bn.rs - bn::BigNum::from_slice (line 981) stdout ----
[INFO] [stdout] error[E0433]: failed to resolve: use of undeclared crate or module `boring`
[INFO] [stdout]  --> src/bn.rs:982:5
[INFO] [stdout]   |
[INFO] [stdout] 3 | use boring::bn::BigNum;
[INFO] [stdout]   |     ^^^^^^ use of undeclared crate or module `boring`
[INFO] [stdout] 
[INFO] [stdout] error: aborting due to previous error
[INFO] [stdout] 
[INFO] [stdout] For more information about this error, try `rustc --explain E0433`.
[INFO] [stdout] Couldn't compile the test.
[INFO] [stdout] ---- src/bn.rs - bn::BigNumRef::rand (line 374) stdout ----
[INFO] [stdout] error[E0433]: failed to resolve: use of undeclared crate or module `boring`
[INFO] [stdout]  --> src/bn.rs:375:5
[INFO] [stdout]   |
[INFO] [stdout] 3 | use boring::bn::{BigNum, MsbOption};
[INFO] [stdout]   |     ^^^^^^ use of undeclared crate or module `boring`
[INFO] [stdout] 
[INFO] [stdout] error[E0433]: failed to resolve: use of undeclared crate or module `boring`
[INFO] [stdout]  --> src/bn.rs:376:5
[INFO] [stdout]   |
[INFO] [stdout] 4 | use boring::error::ErrorStack;
[INFO] [stdout]   |     ^^^^^^ use of undeclared crate or module `boring`
[INFO] [stdout] 
[INFO] [stdout] error: aborting due to 2 previous errors
[INFO] [stdout] 
[INFO] [stdout] For more information about this error, try `rustc --explain E0433`.
[INFO] [stdout] Couldn't compile the test.
[INFO] [stdout] ---- src/bn.rs - bn::BigNumRef::generate_prime (line 433) stdout ----
[INFO] [stdout] error[E0433]: failed to resolve: use of undeclared crate or module `boring`
[INFO] [stdout]  --> src/bn.rs:434:5
[INFO] [stdout]   |
[INFO] [stdout] 3 | use boring::bn::BigNum;
[INFO] [stdout]   |     ^^^^^^ use of undeclared crate or module `boring`
[INFO] [stdout] 
[INFO] [stdout] error[E0433]: failed to resolve: use of undeclared crate or module `boring`
[INFO] [stdout]  --> src/bn.rs:435:5
[INFO] [stdout]   |
[INFO] [stdout] 4 | use boring::error::ErrorStack;
[INFO] [stdout]   |     ^^^^^^ use of undeclared crate or module `boring`
[INFO] [stdout] 
[INFO] [stdout] error: aborting due to 2 previous errors
[INFO] [stdout] 
[INFO] [stdout] For more information about this error, try `rustc --explain E0433`.
[INFO] [stdout] Couldn't compile the test.
[INFO] [stdout] ---- src/bn.rs - bn::BigNum (line 97) stdout ----
[INFO] [stdout] error[E0433]: failed to resolve: use of undeclared crate or module `boring`
[INFO] [stdout]  --> src/bn.rs:98:5
[INFO] [stdout]   |
[INFO] [stdout] 2 | use boring::bn::BigNum;
[INFO] [stdout]   |     ^^^^^^ use of undeclared crate or module `boring`
[INFO] [stdout] 
[INFO] [stdout] error[E0433]: failed to resolve: use of undeclared crate or module `boring`
[INFO] [stdout]  --> src/bn.rs:99:5
[INFO] [stdout]   |
[INFO] [stdout] 3 | use boring::error::ErrorStack;
[INFO] [stdout]   |     ^^^^^^ use of undeclared crate or module `boring`
[INFO] [stdout] 
[INFO] [stdout] error: aborting due to 2 previous errors
[INFO] [stdout] 
[INFO] [stdout] For more information about this error, try `rustc --explain E0433`.
[INFO] [stdout] Couldn't compile the test.
[INFO] [stdout] ---- src/bn.rs - bn::BigNumRef::to_hex_str (line 902) stdout ----
[INFO] [stdout] error[E0433]: failed to resolve: use of undeclared crate or module `boring`
[INFO] [stdout]  --> src/bn.rs:903:5
[INFO] [stdout]   |
[INFO] [stdout] 3 | use boring::bn::BigNum;
[INFO] [stdout]   |     ^^^^^^ use of undeclared crate or module `boring`
[INFO] [stdout] 
[INFO] [stdout] error: aborting due to previous error
[INFO] [stdout] 
[INFO] [stdout] For more information about this error, try `rustc --explain E0433`.
[INFO] [stdout] Couldn't compile the test.
[INFO] [stdout] ---- src/bn.rs - bn::BigNumRef::ucmp (line 333) stdout ----
[INFO] [stdout] error[E0433]: failed to resolve: use of undeclared crate or module `boring`
[INFO] [stdout]  --> src/bn.rs:334:5
[INFO] [stdout]   |
[INFO] [stdout] 3 | use boring::bn::BigNum;
[INFO] [stdout]   |     ^^^^^^ use of undeclared crate or module `boring`
[INFO] [stdout] 
[INFO] [stdout] error: aborting due to previous error
[INFO] [stdout] 
[INFO] [stdout] For more information about this error, try `rustc --explain E0433`.
[INFO] [stdout] Couldn't compile the test.
[INFO] [stdout] ---- src/dsa.rs - dsa::Dsa (line 38) stdout ----
[INFO] [stdout] error[E0433]: failed to resolve: use of undeclared crate or module `boring`
[INFO] [stdout]  --> src/dsa.rs:39:5
[INFO] [stdout]   |
[INFO] [stdout] 2 | use boring::dsa::Dsa;
[INFO] [stdout]   |     ^^^^^^ use of undeclared crate or module `boring`
[INFO] [stdout] 
[INFO] [stdout] error[E0433]: failed to resolve: use of undeclared crate or module `boring`
[INFO] [stdout]  --> src/dsa.rs:40:5
[INFO] [stdout]   |
[INFO] [stdout] 3 | use boring::error::ErrorStack;
[INFO] [stdout]   |     ^^^^^^ use of undeclared crate or module `boring`
[INFO] [stdout] 
[INFO] [stdout] error[E0433]: failed to resolve: use of undeclared crate or module `boring`
[INFO] [stdout]  --> src/dsa.rs:41:5
[INFO] [stdout]   |
[INFO] [stdout] 4 | use boring::pkey::Private;
[INFO] [stdout]   |     ^^^^^^ use of undeclared crate or module `boring`
[INFO] [stdout] 
[INFO] [stdout] error: aborting due to 3 previous errors
[INFO] [stdout] 
[INFO] [stdout] For more information about this error, try `rustc --explain E0433`.
[INFO] [stdout] Couldn't compile the test.
[INFO] [stdout] ---- src/bn.rs - bn::BigNumRef::to_dec_str (line 887) stdout ----
[INFO] [stdout] error[E0433]: failed to resolve: use of undeclared crate or module `boring`
[INFO] [stdout]  --> src/bn.rs:888:5
[INFO] [stdout]   |
[INFO] [stdout] 3 | use boring::bn::BigNum;
[INFO] [stdout]   |     ^^^^^^ use of undeclared crate or module `boring`
[INFO] [stdout] 
[INFO] [stdout] error: aborting due to previous error
[INFO] [stdout] 
[INFO] [stdout] For more information about this error, try `rustc --explain E0433`.
[INFO] [stdout] Couldn't compile the test.
[INFO] [stdout] ---- src/bn.rs - bn::BigNumRef::to_vec_padded (line 862) stdout ----
[INFO] [stdout] error[E0433]: failed to resolve: use of undeclared crate or module `boring`
[INFO] [stdout]  --> src/bn.rs:863:5
[INFO] [stdout]   |
[INFO] [stdout] 3 | use boring::bn::BigNum;
[INFO] [stdout]   |     ^^^^^^ use of undeclared crate or module `boring`
[INFO] [stdout] 
[INFO] [stdout] error: aborting due to previous error
[INFO] [stdout] 
[INFO] [stdout] For more information about this error, try `rustc --explain E0433`.
[INFO] [stdout] Couldn't compile the test.
[INFO] [stdout] ---- src/hash.rs - hash::Hasher (line 103) stdout ----
[INFO] [stdout] error[E0433]: failed to resolve: use of undeclared crate or module `boring`
[INFO] [stdout]  --> src/hash.rs:104:5
[INFO] [stdout]   |
[INFO] [stdout] 3 | use boring::hash::{hash, MessageDigest};
[INFO] [stdout]   |     ^^^^^^ use of undeclared crate or module `boring`
[INFO] [stdout] 
[INFO] [stdout] error: aborting due to previous error
[INFO] [stdout] 
[INFO] [stdout] For more information about this error, try `rustc --explain E0433`.
[INFO] [stdout] Couldn't compile the test.
[INFO] [stdout] ---- src/bn.rs - bn::BigNumRef::to_vec (line 837) stdout ----
[INFO] [stdout] error[E0433]: failed to resolve: use of undeclared crate or module `boring`
[INFO] [stdout]  --> src/bn.rs:838:5
[INFO] [stdout]   |
[INFO] [stdout] 3 | use boring::bn::BigNum;
[INFO] [stdout]   |     ^^^^^^ use of undeclared crate or module `boring`
[INFO] [stdout] 
[INFO] [stdout] error: aborting due to previous error
[INFO] [stdout] 
[INFO] [stdout] For more information about this error, try `rustc --explain E0433`.
[INFO] [stdout] Couldn't compile the test.
[INFO] [stdout] ---- src/memcmp.rs - memcmp (line 18) stdout ----
[INFO] [stdout] error[E0433]: failed to resolve: use of undeclared crate or module `boring`
[INFO] [stdout]  --> src/memcmp.rs:19:5
[INFO] [stdout]   |
[INFO] [stdout] 3 | use boring::memcmp::eq;
[INFO] [stdout]   |     ^^^^^^ use of undeclared crate or module `boring`
[INFO] [stdout] 
[INFO] [stdout] error: aborting due to previous error
[INFO] [stdout] 
[INFO] [stdout] For more information about this error, try `rustc --explain E0433`.
[INFO] [stdout] Couldn't compile the test.
[INFO] [stdout] ---- src/error.rs - error (line 8) stdout ----
[INFO] [stdout] error[E0433]: failed to resolve: use of undeclared crate or module `boring`
[INFO] [stdout]  --> src/error.rs:9:5
[INFO] [stdout]   |
[INFO] [stdout] 3 | use boring::error::ErrorStack;
[INFO] [stdout]   |     ^^^^^^ use of undeclared crate or module `boring`
[INFO] [stdout] 
[INFO] [stdout] error[E0433]: failed to resolve: use of undeclared crate or module `boring`
[INFO] [stdout]  --> src/error.rs:10:5
[INFO] [stdout]   |
[INFO] [stdout] 4 | use boring::bn::BigNum;
[INFO] [stdout]   |     ^^^^^^ use of undeclared crate or module `boring`
[INFO] [stdout] 
[INFO] [stdout] error: aborting due to 2 previous errors
[INFO] [stdout] 
[INFO] [stdout] For more information about this error, try `rustc --explain E0433`.
[INFO] [stdout] Couldn't compile the test.
[INFO] [stdout] ---- src/hash.rs - hash::Hasher (line 114) stdout ----
[INFO] [stdout] error[E0433]: failed to resolve: use of undeclared crate or module `boring`
[INFO] [stdout]  --> src/hash.rs:115:5
[INFO] [stdout]   |
[INFO] [stdout] 3 | use boring::hash::{Hasher, MessageDigest};
[INFO] [stdout]   |     ^^^^^^ use of undeclared crate or module `boring`
[INFO] [stdout] 
[INFO] [stdout] error: aborting due to previous error
[INFO] [stdout] 
[INFO] [stdout] For more information about this error, try `rustc --explain E0433`.
[INFO] [stdout] Couldn't compile the test.
[INFO] [stdout] ---- src/ec.rs - ec::EcKey<Public>::from_public_key (line 683) stdout ----
[INFO] [stdout] error[E0433]: failed to resolve: use of undeclared crate or module `boring`
[INFO] [stdout]  --> src/ec.rs:685:5
[INFO] [stdout]   |
[INFO] [stdout] 4 | use boring::ec::*;
[INFO] [stdout]   |     ^^^^^^ use of undeclared crate or module `boring`
[INFO] [stdout] 
[INFO] [stdout] error[E0433]: failed to resolve: use of undeclared crate or module `boring`
[INFO] [stdout]  --> src/ec.rs:684:5
[INFO] [stdout]   |
[INFO] [stdout] 3 | use boring::bn::BigNumContext;
[INFO] [stdout]   |     ^^^^^^ use of undeclared crate or module `boring`
[INFO] [stdout] 
[INFO] [stdout] error[E0433]: failed to resolve: use of undeclared crate or module `boring`
[INFO] [stdout]  --> src/ec.rs:686:5
[INFO] [stdout]   |
[INFO] [stdout] 5 | use boring::nid::Nid;
[INFO] [stdout]   |     ^^^^^^ use of undeclared crate or module `boring`
[INFO] [stdout] 
[INFO] [stdout] error[E0433]: failed to resolve: use of undeclared crate or module `boring`
[INFO] [stdout]  --> src/ec.rs:687:5
[INFO] [stdout]   |
[INFO] [stdout] 6 | use boring::pkey::PKey;
[INFO] [stdout]   |     ^^^^^^ use of undeclared crate or module `boring`
[INFO] [stdout] 
[INFO] [stdout] error[E0432]: unresolved imports `boring::bn::BigNumContext`, `boring::nid::Nid`, `boring::pkey::PKey`
[INFO] [stdout]  --> src/ec.rs:684:5
[INFO] [stdout]   |
[INFO] [stdout] 3 | use boring::bn::BigNumContext;
[INFO] [stdout]   |     ^^^^^^^^^^^^^^^^^^^^^^^^^
[INFO] [stdout] 4 | use boring::ec::*;
[INFO] [stdout] 5 | use boring::nid::Nid;
[INFO] [stdout]   |     ^^^^^^^^^^^^^^^^
[INFO] [stdout] 6 | use boring::pkey::PKey;
[INFO] [stdout]   |     ^^^^^^^^^^^^^^^^^^
[INFO] [stdout] 
[INFO] [stdout] error[E0433]: failed to resolve: use of undeclared type `EcGroup`
[INFO] [stdout]   --> src/ec.rs:693:13
[INFO] [stdout]    |
[INFO] [stdout] 12 | let group = EcGroup::from_curve_name(Nid::SECP256K1).unwrap();
[INFO] [stdout]    |             ^^^^^^^ use of undeclared type `EcGroup`
[INFO] [stdout]    |
[INFO] [stdout] help: consider importing this struct
[INFO] [stdout]    |
[INFO] [stdout] 2  + use boring_imp::ec::EcGroup;
[INFO] [stdout]    |
[INFO] [stdout] 
[INFO] [stdout] error[E0433]: failed to resolve: use of undeclared type `EcPoint`
[INFO] [stdout]   --> src/ec.rs:695:13
[INFO] [stdout]    |
[INFO] [stdout] 14 | let point = EcPoint::from_bytes(&group, &public_key, &mut ctx).unwrap();
[INFO] [stdout]    |             ^^^^^^^ use of undeclared type `EcPoint`
[INFO] [stdout]    |
[INFO] [stdout] help: consider importing this struct
[INFO] [stdout]    |
[INFO] [stdout] 2  + use boring_imp::ec::EcPoint;
[INFO] [stdout]    |
[INFO] [stdout] 
[INFO] [stdout] error[E0433]: failed to resolve: use of undeclared type `EcKey`
[INFO] [stdout]   --> src/ec.rs:696:11
[INFO] [stdout]    |
[INFO] [stdout] 15 | let key = EcKey::from_public_key(&group, &point);
[INFO] [stdout]    |           ^^^^^ use of undeclared type `EcKey`
[INFO] [stdout]    |
[INFO] [stdout] help: consider importing this struct
[INFO] [stdout]    |
[INFO] [stdout] 2  + use boring_imp::ec::EcKey;
[INFO] [stdout]    |
[INFO] [stdout] 
[INFO] [stdout] error: aborting due to 8 previous errors
[INFO] [stdout] 
[INFO] [stdout] Some errors have detailed explanations: E0432, E0433.
[INFO] [stdout] For more information about an error, try `rustc --explain E0432`.
[INFO] [stdout] Couldn't compile the test.
[INFO] [stdout] ---- src/nid.rs - nid::Nid (line 35) stdout ----
[INFO] [stdout] error[E0433]: failed to resolve: use of undeclared crate or module `boring`
[INFO] [stdout]  --> src/nid.rs:36:5
[INFO] [stdout]   |
[INFO] [stdout] 3 | use boring::nid::Nid;
[INFO] [stdout]   |     ^^^^^^ use of undeclared crate or module `boring`
[INFO] [stdout] 
[INFO] [stdout] error: aborting due to previous error
[INFO] [stdout] 
[INFO] [stdout] For more information about this error, try `rustc --explain E0433`.
[INFO] [stdout] Couldn't compile the test.
[INFO] [stdout] ---- src/pkey.rs - pkey (line 31) stdout ----
[INFO] [stdout] error[E0433]: failed to resolve: use of undeclared crate or module `boring`
[INFO] [stdout]  --> src/pkey.rs:32:5
[INFO] [stdout]   |
[INFO] [stdout] 3 | use boring::rsa::Rsa;
[INFO] [stdout]   |     ^^^^^^ use of undeclared crate or module `boring`
[INFO] [stdout] 
[INFO] [stdout] error[E0433]: failed to resolve: use of undeclared crate or module `boring`
[INFO] [stdout]  --> src/pkey.rs:33:5
[INFO] [stdout]   |
[INFO] [stdout] 4 | use boring::pkey::PKey;
[INFO] [stdout]   |     ^^^^^^ use of undeclared crate or module `boring`
[INFO] [stdout] 
[INFO] [stdout] error: aborting due to 2 previous errors
[INFO] [stdout] 
[INFO] [stdout] For more information about this error, try `rustc --explain E0433`.
[INFO] [stdout] Couldn't compile the test.
[INFO] [stdout] ---- src/memcmp.rs - memcmp::eq (line 50) stdout ----
[INFO] [stdout] error[E0433]: failed to resolve: use of undeclared crate or module `boring`
[INFO] [stdout]  --> src/memcmp.rs:51:5
[INFO] [stdout]   |
[INFO] [stdout] 3 | use boring::memcmp::eq;
[INFO] [stdout]   |     ^^^^^^ use of undeclared crate or module `boring`
[INFO] [stdout] 
[INFO] [stdout] error: aborting due to previous error
[INFO] [stdout] 
[INFO] [stdout] For more information about this error, try `rustc --explain E0433`.
[INFO] [stdout] Couldn't compile the test.
[INFO] [stdout] ---- src/rand.rs - rand (line 7) stdout ----
[INFO] [stdout] error[E0433]: failed to resolve: use of undeclared crate or module `boring`
[INFO] [stdout]  --> src/rand.rs:8:5
[INFO] [stdout]   |
[INFO] [stdout] 3 | use boring::rand::rand_bytes;
[INFO] [stdout]   |     ^^^^^^ use of undeclared crate or module `boring`
[INFO] [stdout] 
[INFO] [stdout] error: aborting due to previous error
[INFO] [stdout] 
[INFO] [stdout] For more information about this error, try `rustc --explain E0433`.
[INFO] [stdout] Couldn't compile the test.
[INFO] [stdout] ---- src/rand.rs - rand::rand_bytes (line 27) stdout ----
[INFO] [stdout] error[E0433]: failed to resolve: use of undeclared crate or module `boring`
[INFO] [stdout]  --> src/rand.rs:28:5
[INFO] [stdout]   |
[INFO] [stdout] 3 | use boring::rand::rand_bytes;
[INFO] [stdout]   |     ^^^^^^ use of undeclared crate or module `boring`
[INFO] [stdout] 
[INFO] [stdout] error: aborting due to previous error
[INFO] [stdout] 
[INFO] [stdout] For more information about this error, try `rustc --explain E0433`.
[INFO] [stdout] Couldn't compile the test.
[INFO] [stdout] ---- src/sha.rs - sha (line 36) stdout ----
[INFO] [stdout] error[E0433]: failed to resolve: use of undeclared crate or module `boring`
[INFO] [stdout]  --> src/sha.rs:39:5
[INFO] [stdout]   |
[INFO] [stdout] 4 | use boring::sha::sha256;
[INFO] [stdout]   |     ^^^^^^ use of undeclared crate or module `boring`
[INFO] [stdout] 
[INFO] [stdout] error: aborting due to previous error
[INFO] [stdout] 
[INFO] [stdout] For more information about this error, try `rustc --explain E0433`.
[INFO] [stdout] Couldn't compile the test.
[INFO] [stdout] ---- src/rsa.rs - rsa (line 18) stdout ----
[INFO] [stdout] error[E0433]: failed to resolve: use of undeclared crate or module `boring`
[INFO] [stdout]  --> src/rsa.rs:19:5
[INFO] [stdout]   |
[INFO] [stdout] 3 | use boring::rsa::{Rsa, Padding};
[INFO] [stdout]   |     ^^^^^^ use of undeclared crate or module `boring`
[INFO] [stdout] 
[INFO] [stdout] error: aborting due to previous error
[INFO] [stdout] 
[INFO] [stdout] For more information about this error, try `rustc --explain E0433`.
[INFO] [stdout] Couldn't compile the test.
[INFO] [stdout] ---- src/ssl/mod.rs - ssl (line 28) stdout ----
[INFO] [stdout] error[E0433]: failed to resolve: use of undeclared crate or module `boring`
[INFO] [stdout]  --> src/ssl/mod.rs:29:5
[INFO] [stdout]   |
[INFO] [stdout] 3 | use boring::ssl::{SslMethod, SslAcceptor, SslStream, SslFiletype};
[INFO] [stdout]   |     ^^^^^^ use of undeclared crate or module `boring`
[INFO] [stdout] 
[INFO] [stdout] error: aborting due to previous error
[INFO] [stdout] 
[INFO] [stdout] For more information about this error, try `rustc --explain E0433`.
[INFO] [stdout] Couldn't compile the test.
[INFO] [stdout] ---- src/ssl/mod.rs - ssl (line 10) stdout ----
[INFO] [stdout] error[E0433]: failed to resolve: use of undeclared crate or module `boring`
[INFO] [stdout]  --> src/ssl/mod.rs:11:5
[INFO] [stdout]   |
[INFO] [stdout] 3 | use boring::ssl::{SslMethod, SslConnector};
[INFO] [stdout]   |     ^^^^^^ use of undeclared crate or module `boring`
[INFO] [stdout] 
[INFO] [stdout] error: aborting due to previous error
[INFO] [stdout] 
[INFO] [stdout] For more information about this error, try `rustc --explain E0433`.
[INFO] [stdout] Couldn't compile the test.
[INFO] [stdout] ---- src/sign.rs - sign (line 12) stdout ----
[INFO] [stdout] error[E0433]: failed to resolve: use of undeclared crate or module `boring`
[INFO] [stdout]  --> src/sign.rs:13:5
[INFO] [stdout]   |
[INFO] [stdout] 3 | use boring::sign::{Signer, Verifier};
[INFO] [stdout]   |     ^^^^^^ use of undeclared crate or module `boring`
[INFO] [stdout] 
[INFO] [stdout] error[E0433]: failed to resolve: use of undeclared crate or module `boring`
[INFO] [stdout]  --> src/sign.rs:14:5
[INFO] [stdout]   |
[INFO] [stdout] 4 | use boring::rsa::Rsa;
[INFO] [stdout]   |     ^^^^^^ use of undeclared crate or module `boring`
[INFO] [stdout] 
[INFO] [stdout] error[E0433]: failed to resolve: use of undeclared crate or module `boring`
[INFO] [stdout]  --> src/sign.rs:15:5
[INFO] [stdout]   |
[INFO] [stdout] 5 | use boring::pkey::PKey;
[INFO] [stdout]   |     ^^^^^^ use of undeclared crate or module `boring`
[INFO] [stdout] 
[INFO] [stdout] error[E0433]: failed to resolve: use of undeclared crate or module `boring`
[INFO] [stdout]  --> src/sign.rs:16:5
[INFO] [stdout]   |
[INFO] [stdout] 6 | use boring::hash::MessageDigest;
[INFO] [stdout]   |     ^^^^^^ use of undeclared crate or module `boring`
[INFO] [stdout] 
[INFO] [stdout] error: aborting due to 4 previous errors
[INFO] [stdout] 
[INFO] [stdout] For more information about this error, try `rustc --explain E0433`.
[INFO] [stdout] Couldn't compile the test.
[INFO] [stdout] ---- src/x509/extension.rs - x509::extension (line 10) stdout ----
[INFO] [stdout] error[E0433]: failed to resolve: use of undeclared crate or module `boring`
[INFO] [stdout]  --> src/x509/extension.rs:11:5
[INFO] [stdout]   |
[INFO] [stdout] 3 | use boring::x509::extension::BasicConstraints;
[INFO] [stdout]   |     ^^^^^^ use of undeclared crate or module `boring`
[INFO] [stdout] 
[INFO] [stdout] error[E0433]: failed to resolve: use of undeclared crate or module `boring`
[INFO] [stdout]  --> src/x509/extension.rs:12:5
[INFO] [stdout]   |
[INFO] [stdout] 4 | use boring::x509::X509Extension;
[INFO] [stdout]   |     ^^^^^^ use of undeclared crate or module `boring`
[INFO] [stdout] 
[INFO] [stdout] error: aborting due to 2 previous errors
[INFO] [stdout] 
[INFO] [stdout] For more information about this error, try `rustc --explain E0433`.
[INFO] [stdout] Couldn't compile the test.
[INFO] [stdout] ---- src/sha.rs - sha (line 16) stdout ----
[INFO] [stdout] error[E0432]: unresolved import `boring`
[INFO] [stdout]  --> src/sha.rs:19:5
[INFO] [stdout]   |
[INFO] [stdout] 4 | use boring::sha;
[INFO] [stdout]   |     ^^^^^^ use of undeclared crate or module `boring`
[INFO] [stdout] 
[INFO] [stdout] error: aborting due to previous error
[INFO] [stdout] 
[INFO] [stdout] For more information about this error, try `rustc --explain E0432`.
[INFO] [stdout] Couldn't compile the test.
[INFO] [stdout] ---- src/symm.rs - symm (line 28) stdout ----
[INFO] [stdout] error[E0433]: failed to resolve: use of undeclared crate or module `boring`
[INFO] [stdout]  --> src/symm.rs:29:5
[INFO] [stdout]   |
[INFO] [stdout] 3 | use boring::rsa::{Padding, Rsa};
[INFO] [stdout]   |     ^^^^^^ use of undeclared crate or module `boring`
[INFO] [stdout] 
[INFO] [stdout] error[E0433]: failed to resolve: use of undeclared crate or module `boring`
[INFO] [stdout]  --> src/symm.rs:30:5
[INFO] [stdout]   |
[INFO] [stdout] 4 | use boring::symm::Cipher;
[INFO] [stdout]   |     ^^^^^^ use of undeclared crate or module `boring`
[INFO] [stdout] 
[INFO] [stdout] error: aborting due to 2 previous errors
[INFO] [stdout] 
[INFO] [stdout] For more information about this error, try `rustc --explain E0433`.
[INFO] [stdout] Couldn't compile the test.
[INFO] [stdout] ---- src/symm.rs - symm::encrypt (line 554) stdout ----
[INFO] [stdout] error[E0433]: failed to resolve: use of undeclared crate or module `boring`
[INFO] [stdout]  --> src/symm.rs:555:5
[INFO] [stdout]   |
[INFO] [stdout] 3 | use boring::symm::{encrypt, Cipher};
[INFO] [stdout]   |     ^^^^^^ use of undeclared crate or module `boring`
[INFO] [stdout] 
[INFO] [stdout] error: aborting due to previous error
[INFO] [stdout] 
[INFO] [stdout] For more information about this error, try `rustc --explain E0433`.
[INFO] [stdout] Couldn't compile the test.
[INFO] [stdout] ---- src/symm.rs - symm::Crypter (line 230) stdout ----
[INFO] [stdout] error[E0433]: failed to resolve: use of undeclared crate or module `boring`
[INFO] [stdout]  --> src/symm.rs:231:5
[INFO] [stdout]   |
[INFO] [stdout] 3 | use boring::symm::{Cipher, Mode, Crypter};
[INFO] [stdout]   |     ^^^^^^ use of undeclared crate or module `boring`
[INFO] [stdout] 
[INFO] [stdout] error: aborting due to previous error
[INFO] [stdout] 
[INFO] [stdout] For more information about this error, try `rustc --explain E0433`.
[INFO] [stdout] Couldn't compile the test.
[INFO] [stdout] ---- src/symm.rs - symm::decrypt (line 593) stdout ----
[INFO] [stdout] error[E0433]: failed to resolve: use of undeclared crate or module `boring`
[INFO] [stdout]  --> src/symm.rs:594:5
[INFO] [stdout]   |
[INFO] [stdout] 3 | use boring::symm::{decrypt, Cipher};
[INFO] [stdout]   |     ^^^^^^ use of undeclared crate or module `boring`
[INFO] [stdout] 
[INFO] [stdout] error: aborting due to previous error
[INFO] [stdout] 
[INFO] [stdout] For more information about this error, try `rustc --explain E0433`.
[INFO] [stdout] Couldn't compile the test.
[INFO] [stdout] ---- src/symm.rs - symm (line 7) stdout ----
[INFO] [stdout] error[E0433]: failed to resolve: use of undeclared crate or module `boring`
[INFO] [stdout]  --> src/symm.rs:8:5
[INFO] [stdout]   |
[INFO] [stdout] 3 | use boring::symm::{encrypt, Cipher};
[INFO] [stdout]   |     ^^^^^^ use of undeclared crate or module `boring`
[INFO] [stdout] 
[INFO] [stdout] error: aborting due to previous error
[INFO] [stdout] 
[INFO] [stdout] For more information about this error, try `rustc --explain E0433`.
[INFO] [stdout] Couldn't compile the test.
[INFO] [stdout] ---- src/x509/store.rs - x509::store (line 8) stdout ----
[INFO] [stdout] error[E0433]: failed to resolve: use of undeclared crate or module `boring`
[INFO] [stdout]  --> src/x509/store.rs:9:5
[INFO] [stdout]   |
[INFO] [stdout] 3 | use boring::x509::store::{X509StoreBuilder, X509Store};
[INFO] [stdout]   |     ^^^^^^ use of undeclared crate or module `boring`
[INFO] [stdout] 
[INFO] [stdout] error[E0433]: failed to resolve: use of undeclared crate or module `boring`
[INFO] [stdout]  --> src/x509/store.rs:10:5
[INFO] [stdout]   |
[INFO] [stdout] 4 | use boring::x509::{X509, X509Name};
[INFO] [stdout]   |     ^^^^^^ use of undeclared crate or module `boring`
[INFO] [stdout] 
[INFO] [stdout] error[E0433]: failed to resolve: use of undeclared crate or module `boring`
[INFO] [stdout]  --> src/x509/store.rs:11:5
[INFO] [stdout]   |
[INFO] [stdout] 5 | use boring::pkey::PKey;
[INFO] [stdout]   |     ^^^^^^ use of undeclared crate or module `boring`
[INFO] [stdout] 
[INFO] [stdout] error[E0433]: failed to resolve: use of undeclared crate or module `boring`
[INFO] [stdout]  --> src/x509/store.rs:12:5
[INFO] [stdout]   |
[INFO] [stdout] 6 | use boring::hash::MessageDigest;
[INFO] [stdout]   |     ^^^^^^ use of undeclared crate or module `boring`
[INFO] [stdout] 
[INFO] [stdout] error[E0433]: failed to resolve: use of undeclared crate or module `boring`
[INFO] [stdout]  --> src/x509/store.rs:13:5
[INFO] [stdout]   |
[INFO] [stdout] 7 | use boring::rsa::Rsa;
[INFO] [stdout]   |     ^^^^^^ use of undeclared crate or module `boring`
[INFO] [stdout] 
[INFO] [stdout] error[E0433]: failed to resolve: use of undeclared crate or module `boring`
[INFO] [stdout]  --> src/x509/store.rs:14:5
[INFO] [stdout]   |
[INFO] [stdout] 8 | use boring::nid::Nid;
[INFO] [stdout]   |     ^^^^^^ use of undeclared crate or module `boring`
[INFO] [stdout] 
[INFO] [stdout] error: aborting due to 6 previous errors
[INFO] [stdout] 
[INFO] [stdout] For more information about this error, try `rustc --explain E0433`.
[INFO] [stdout] Couldn't compile the test.
[INFO] [stdout] ---- src/x509/mod.rs - x509::X509Builder::set_subject_name (line 278) stdout ----
[INFO] [stdout] error[E0433]: failed to resolve: use of undeclared crate or module `boring`
[INFO] [stdout]  --> src/x509/mod.rs:279:5
[INFO] [stdout]   |
[INFO] [stdout] 3 | use boring::x509::{X509, X509NameBuilder};
[INFO] [stdout]   |     ^^^^^^ use of undeclared crate or module `boring`
[INFO] [stdout] 
[INFO] [stdout] error[E0433]: failed to resolve: use of undeclared crate or module `boring`
[INFO] [stdout]  --> src/x509/mod.rs:281:21
[INFO] [stdout]   |
[INFO] [stdout] 5 | let mut x509_name = boring::x509::X509NameBuilder::new().unwrap();
[INFO] [stdout]   |                     ^^^^^^ use of undeclared crate or module `boring`
[INFO] [stdout]   |
[INFO] [stdout] help: consider importing this struct
[INFO] [stdout]   |
[INFO] [stdout] 2 + use boring_imp::x509::X509NameBuilder;
[INFO] [stdout]   |
[INFO] [stdout] help: if you import `X509NameBuilder`, refer to it directly
[INFO] [stdout]   |
[INFO] [stdout] 5 - let mut x509_name = boring::x509::X509NameBuilder::new().unwrap();
[INFO] [stdout] 5 + let mut x509_name = X509NameBuilder::new().unwrap();
[INFO] [stdout]   |
[INFO] [stdout] 
[INFO] [stdout] error[E0433]: failed to resolve: use of undeclared crate or module `boring`
[INFO] [stdout]   --> src/x509/mod.rs:288:16
[INFO] [stdout]    |
[INFO] [stdout] 12 | let mut x509 = boring::x509::X509::builder().unwrap();
[INFO] [stdout]    |                ^^^^^^ use of undeclared crate or module `boring`
[INFO] [stdout]    |
[INFO] [stdout] help: consider importing one of these items
[INFO] [stdout]    |
[INFO] [stdout] 2  + use boring_imp::x509::X509;
[INFO] [stdout]    |
[INFO] [stdout] 2  + use boring_sys_imp::X509;
[INFO] [stdout]    |
[INFO] [stdout] help: if you import `X509`, refer to it directly
[INFO] [stdout]    |
[INFO] [stdout] 12 - let mut x509 = boring::x509::X509::builder().unwrap();
[INFO] [stdout] 12 + let mut x509 = X509::builder().unwrap();
[INFO] [stdout]    |
[INFO] [stdout] 
[INFO] [stdout] error: aborting due to 3 previous errors
[INFO] [stdout] 
[INFO] [stdout] For more information about this error, try `rustc --explain E0433`.
[INFO] [stdout] Couldn't compile the test.
[INFO] [stdout] 
[INFO] [stdout] failures:
[INFO] [stdout]     src/aes.rs - aes (line 24)
[INFO] [stdout]     src/asn1.rs - asn1 (line 23)
[INFO] [stdout]     src/bn.rs - bn (line 11)
[INFO] [stdout]     src/bn.rs - bn::BigNum (line 97)
[INFO] [stdout]     src/bn.rs - bn::BigNum::from_slice (line 981)
[INFO] [stdout]     src/bn.rs - bn::BigNumRef::generate_prime (line 433)
[INFO] [stdout]     src/bn.rs - bn::BigNumRef::rand (line 374)
[INFO] [stdout]     src/bn.rs - bn::BigNumRef::to_dec_str (line 887)
[INFO] [stdout]     src/bn.rs - bn::BigNumRef::to_hex_str (line 902)
[INFO] [stdout]     src/bn.rs - bn::BigNumRef::to_vec (line 837)
[INFO] [stdout]     src/bn.rs - bn::BigNumRef::to_vec_padded (line 862)
[INFO] [stdout]     src/bn.rs - bn::BigNumRef::ucmp (line 333)
[INFO] [stdout]     src/dsa.rs - dsa::Dsa (line 38)
[INFO] [stdout]     src/ec.rs - ec::EcKey<Public>::from_public_key (line 683)
[INFO] [stdout]     src/error.rs - error (line 8)
[INFO] [stdout]     src/hash.rs - hash::Hasher (line 103)
[INFO] [stdout]     src/hash.rs - hash::Hasher (line 114)
[INFO] [stdout]     src/memcmp.rs - memcmp (line 18)
[INFO] [stdout]     src/memcmp.rs - memcmp::eq (line 50)
[INFO] [stdout]     src/nid.rs - nid::Nid (line 35)
[INFO] [stdout]     src/pkey.rs - pkey (line 31)
[INFO] [stdout]     src/rand.rs - rand (line 7)
[INFO] [stdout]     src/rand.rs - rand::rand_bytes (line 27)
[INFO] [stdout]     src/rsa.rs - rsa (line 18)
[INFO] [stdout]     src/sha.rs - sha (line 16)
[INFO] [stdout]     src/sha.rs - sha (line 36)
[INFO] [stdout]     src/sign.rs - sign (line 12)
[INFO] [stdout]     src/ssl/mod.rs - ssl (line 10)
[INFO] [stdout]     src/ssl/mod.rs - ssl (line 28)
[INFO] [stdout]     src/symm.rs - symm (line 28)
[INFO] [stdout]     src/symm.rs - symm (line 7)
[INFO] [stdout]     src/symm.rs - symm::Crypter (line 230)
[INFO] [stdout]     src/symm.rs - symm::decrypt (line 593)
[INFO] [stdout]     src/symm.rs - symm::encrypt (line 554)
[INFO] [stdout]     src/x509/extension.rs - x509::extension (line 10)
[INFO] [stdout]     src/x509/mod.rs - x509::X509Builder::set_subject_name (line 278)
[INFO] [stdout]     src/x509/store.rs - x509::store (line 8)
[INFO] [stdout] 
[INFO] [stdout] test result: FAILED. 0 passed; 37 failed; 0 ignored; 0 measured; 0 filtered out; finished in 0.79s
[INFO] [stdout] 
[INFO] running `Command { std: "docker" "inspect" "a42bf418e084a009fc20b86ccd53e118561366af93f83548f76fdd017c9fe8bc", kill_on_drop: false }`
[INFO] running `Command { std: "docker" "rm" "-f" "a42bf418e084a009fc20b86ccd53e118561366af93f83548f76fdd017c9fe8bc", kill_on_drop: false }`
[INFO] [stdout] a42bf418e084a009fc20b86ccd53e118561366af93f83548f76fdd017c9fe8bc
[INFO] testing boring-imp-2.0.1 against beta-2023-12-22 for beta-1.76-1
[INFO] extracting crate boring-imp 2.0.1 into /workspace/builds/worker-0-tc2/source
[INFO] validating manifest of crates.io crate boring-imp 2.0.1 on toolchain beta-2023-12-22
[INFO] running `Command { std: CARGO_HOME="/workspace/cargo-home" RUSTUP_HOME="/workspace/rustup-home" "/workspace/cargo-home/bin/cargo" "+beta-2023-12-22" "metadata" "--manifest-path" "Cargo.toml" "--no-deps", kill_on_drop: false }`
[INFO] started tweaking crates.io crate boring-imp 2.0.1
[INFO] finished tweaking crates.io crate boring-imp 2.0.1
[INFO] tweaked toml for crates.io crate boring-imp 2.0.1 written to /workspace/builds/worker-0-tc2/source/Cargo.toml
[INFO] crate crates.io crate boring-imp 2.0.1 already has a lockfile, it will not be regenerated
[INFO] running `Command { std: CARGO_HOME="/workspace/cargo-home" RUSTUP_HOME="/workspace/rustup-home" "/workspace/cargo-home/bin/cargo" "+beta-2023-12-22" "fetch" "--manifest-path" "Cargo.toml", kill_on_drop: false }`
[INFO] [stderr]     Blocking waiting for file lock on package cache
[INFO] running `Command { std: "docker" "create" "-v" "/var/lib/crater-agent-workspace/builds/worker-0-tc2/target:/opt/rustwide/target:rw,Z" "-v" "/var/lib/crater-agent-workspace/builds/worker-0-tc2/source:/opt/rustwide/workdir:ro,Z" "-v" "/var/lib/crater-agent-workspace/cargo-home:/opt/rustwide/cargo-home:ro,Z" "-v" "/var/lib/crater-agent-workspace/rustup-home:/opt/rustwide/rustup-home:ro,Z" "-e" "SOURCE_DIR=/opt/rustwide/workdir" "-e" "CARGO_TARGET_DIR=/opt/rustwide/target" "-e" "CARGO_HOME=/opt/rustwide/cargo-home" "-e" "RUSTUP_HOME=/opt/rustwide/rustup-home" "-w" "/opt/rustwide/workdir" "-m" "1610612736" "--user" "0:0" "--network" "none" "ghcr.io/rust-lang/crates-build-env/linux@sha256:2788e3201cd34a07e3172128adcd8b3090168a8e3bcc40d7c032b9dda1df7d1c" "/opt/rustwide/cargo-home/bin/cargo" "+beta-2023-12-22" "metadata" "--no-deps" "--format-version=1", kill_on_drop: false }`
[INFO] [stdout] d925c883369aee05c6c885d78cb11cb98a2d06f989ae9afde89b119bc3b2d2ff
[INFO] running `Command { std: "docker" "start" "-a" "d925c883369aee05c6c885d78cb11cb98a2d06f989ae9afde89b119bc3b2d2ff", kill_on_drop: false }`
[INFO] running `Command { std: "docker" "inspect" "d925c883369aee05c6c885d78cb11cb98a2d06f989ae9afde89b119bc3b2d2ff", kill_on_drop: false }`
[INFO] running `Command { std: "docker" "rm" "-f" "d925c883369aee05c6c885d78cb11cb98a2d06f989ae9afde89b119bc3b2d2ff", kill_on_drop: false }`
[INFO] [stdout] d925c883369aee05c6c885d78cb11cb98a2d06f989ae9afde89b119bc3b2d2ff
[INFO] running `Command { std: "docker" "create" "-v" "/var/lib/crater-agent-workspace/builds/worker-0-tc2/target:/opt/rustwide/target:rw,Z" "-v" "/var/lib/crater-agent-workspace/builds/worker-0-tc2/source:/opt/rustwide/workdir:ro,Z" "-v" "/var/lib/crater-agent-workspace/cargo-home:/opt/rustwide/cargo-home:ro,Z" "-v" "/var/lib/crater-agent-workspace/rustup-home:/opt/rustwide/rustup-home:ro,Z" "-e" "SOURCE_DIR=/opt/rustwide/workdir" "-e" "CARGO_TARGET_DIR=/opt/rustwide/target" "-e" "CARGO_INCREMENTAL=0" "-e" "RUST_BACKTRACE=full" "-e" "RUSTFLAGS=--cap-lints=warn" "-e" "RUSTDOCFLAGS=--cap-lints=warn" "-e" "CARGO_HOME=/opt/rustwide/cargo-home" "-e" "RUSTUP_HOME=/opt/rustwide/rustup-home" "-w" "/opt/rustwide/workdir" "-m" "1610612736" "--user" "0:0" "--network" "none" "ghcr.io/rust-lang/crates-build-env/linux@sha256:2788e3201cd34a07e3172128adcd8b3090168a8e3bcc40d7c032b9dda1df7d1c" "/opt/rustwide/cargo-home/bin/cargo" "+beta-2023-12-22" "build" "--frozen" "--message-format=json", kill_on_drop: false }`
[INFO] [stdout] 0e959d0b3971641fd9fe068d27124cfe3b7a20102ca8b7fe30e7c912ddecde95
[INFO] running `Command { std: "docker" "start" "-a" "0e959d0b3971641fd9fe068d27124cfe3b7a20102ca8b7fe30e7c912ddecde95", kill_on_drop: false }`
[INFO] [stderr]    Compiling glob v0.3.1
[INFO] [stderr]    Compiling memchr v2.6.4
[INFO] [stderr]    Compiling cfg-if v1.0.0
[INFO] [stderr]    Compiling minimal-lexical v0.2.1
[INFO] [stderr]    Compiling regex-syntax v0.8.0
[INFO] [stderr]    Compiling bindgen v0.60.1
[INFO] [stderr]    Compiling cc v1.0.83
[INFO] [stderr]    Compiling shlex v1.2.0
[INFO] [stderr]    Compiling libloading v0.7.4
[INFO] [stderr]    Compiling lazycell v1.3.0
[INFO] [stderr]    Compiling rustc-hash v1.1.0
[INFO] [stderr]    Compiling peeking_take_while v0.1.2
[INFO] [stderr]    Compiling alloc-no-stdlib v2.0.4
[INFO] [stderr]    Compiling syn v2.0.38
[INFO] [stderr]    Compiling foreign-types-shared v0.3.1
[INFO] [stderr]    Compiling alloc-stdlib v0.2.2
[INFO] [stderr]    Compiling brotli-decompressor v2.5.0
[INFO] [stderr]    Compiling nom v7.1.3
[INFO] [stderr]    Compiling clang-sys v1.6.1
[INFO] [stderr]    Compiling cmake v0.1.50
[INFO] [stderr]    Compiling brotli v3.4.0
[INFO] [stderr]    Compiling cexpr v0.6.0
[INFO] [stderr]    Compiling regex-automata v0.4.1
[INFO] [stderr]    Compiling foreign-types-macros v0.2.3
[INFO] [stderr]    Compiling regex v1.10.0
[INFO] [stderr]    Compiling foreign-types v0.5.0
[INFO] [stderr]    Compiling boring-sys-imp v2.0.1
[INFO] [stderr]    Compiling boring-imp v2.0.1 (/opt/rustwide/workdir)
[INFO] [stdout] warning: the type `aes_key_st` does not permit being left uninitialized
[INFO] [stdout]   --> src/aes.rs:62:31
[INFO] [stdout]    |
[INFO] [stdout] 62 |             let mut aes_key = mem::uninitialized();
[INFO] [stdout]    |                               ^^^^^^^^^^^^^^^^^^^^
[INFO] [stdout]    |                               |
[INFO] [stdout]    |                               this code causes undefined behavior when executed
[INFO] [stdout]    |                               help: use `MaybeUninit<T>` instead, and only call `assume_init` after initialization is done
[INFO] [stdout]    |
[INFO] [stdout]    = note: integers must be initialized
[INFO] [stdout]    = note: `#[warn(invalid_value)]` on by default
[INFO] [stdout] 
[INFO] [stdout] 
[INFO] [stdout] warning: the type `aes_key_st` does not permit being left uninitialized
[INFO] [stdout]   --> src/aes.rs:86:31
[INFO] [stdout]    |
[INFO] [stdout] 86 |             let mut aes_key = mem::uninitialized();
[INFO] [stdout]    |                               ^^^^^^^^^^^^^^^^^^^^
[INFO] [stdout]    |                               |
[INFO] [stdout]    |                               this code causes undefined behavior when executed
[INFO] [stdout]    |                               help: use `MaybeUninit<T>` instead, and only call `assume_init` after initialization is done
[INFO] [stdout]    |
[INFO] [stdout]    = note: integers must be initialized
[INFO] [stdout] 
[INFO] [stdout] 
[INFO] [stdout] warning: the type `[u8; 20]` does not permit being left uninitialized
[INFO] [stdout]   --> src/sha.rs:60:34
[INFO] [stdout]    |
[INFO] [stdout] 60 |         let mut hash: [u8; 20] = mem::uninitialized();
[INFO] [stdout]    |                                  ^^^^^^^^^^^^^^^^^^^^
[INFO] [stdout]    |                                  |
[INFO] [stdout]    |                                  this code causes undefined behavior when executed
[INFO] [stdout]    |                                  help: use `MaybeUninit<T>` instead, and only call `assume_init` after initialization is done
[INFO] [stdout]    |
[INFO] [stdout]    = note: integers must be initialized
[INFO] [stdout] 
[INFO] [stdout] 
[INFO] [stdout] warning: the type `[u8; 28]` does not permit being left uninitialized
[INFO] [stdout]   --> src/sha.rs:71:34
[INFO] [stdout]    |
[INFO] [stdout] 71 |         let mut hash: [u8; 28] = mem::uninitialized();
[INFO] [stdout]    |                                  ^^^^^^^^^^^^^^^^^^^^
[INFO] [stdout]    |                                  |
[INFO] [stdout]    |                                  this code causes undefined behavior when executed
[INFO] [stdout]    |                                  help: use `MaybeUninit<T>` instead, and only call `assume_init` after initialization is done
[INFO] [stdout]    |
[INFO] [stdout]    = note: integers must be initialized
[INFO] [stdout] 
[INFO] [stdout] 
[INFO] [stdout] warning: the type `[u8; 32]` does not permit being left uninitialized
[INFO] [stdout]   --> src/sha.rs:82:34
[INFO] [stdout]    |
[INFO] [stdout] 82 |         let mut hash: [u8; 32] = mem::uninitialized();
[INFO] [stdout]    |                                  ^^^^^^^^^^^^^^^^^^^^
[INFO] [stdout]    |                                  |
[INFO] [stdout]    |                                  this code causes undefined behavior when executed
[INFO] [stdout]    |                                  help: use `MaybeUninit<T>` instead, and only call `assume_init` after initialization is done
[INFO] [stdout]    |
[INFO] [stdout]    = note: integers must be initialized
[INFO] [stdout] 
[INFO] [stdout] 
[INFO] [stdout] warning: the type `[u8; 48]` does not permit being left uninitialized
[INFO] [stdout]   --> src/sha.rs:93:34
[INFO] [stdout]    |
[INFO] [stdout] 93 |         let mut hash: [u8; 48] = mem::uninitialized();
[INFO] [stdout]    |                                  ^^^^^^^^^^^^^^^^^^^^
[INFO] [stdout]    |                                  |
[INFO] [stdout]    |                                  this code causes undefined behavior when executed
[INFO] [stdout]    |                                  help: use `MaybeUninit<T>` instead, and only call `assume_init` after initialization is done
[INFO] [stdout]    |
[INFO] [stdout]    = note: integers must be initialized
[INFO] [stdout] 
[INFO] [stdout] 
[INFO] [stdout] warning: the type `[u8; 64]` does not permit being left uninitialized
[INFO] [stdout]    --> src/sha.rs:104:34
[INFO] [stdout]     |
[INFO] [stdout] 104 |         let mut hash: [u8; 64] = mem::uninitialized();
[INFO] [stdout]     |                                  ^^^^^^^^^^^^^^^^^^^^
[INFO] [stdout]     |                                  |
[INFO] [stdout]     |                                  this code causes undefined behavior when executed
[INFO] [stdout]     |                                  help: use `MaybeUninit<T>` instead, and only call `assume_init` after initialization is done
[INFO] [stdout]     |
[INFO] [stdout]     = note: integers must be initialized
[INFO] [stdout] 
[INFO] [stdout] 
[INFO] [stdout] warning: the type `sha_state_st` does not permit being left uninitialized
[INFO] [stdout]    --> src/sha.rs:132:27
[INFO] [stdout]     |
[INFO] [stdout] 132 |             let mut ctx = mem::uninitialized();
[INFO] [stdout]     |                           ^^^^^^^^^^^^^^^^^^^^
[INFO] [stdout]     |                           |
[INFO] [stdout]     |                           this code causes undefined behavior when executed
[INFO] [stdout]     |                           help: use `MaybeUninit<T>` instead, and only call `assume_init` after initialization is done
[INFO] [stdout]     |
[INFO] [stdout]     = note: integers must be initialized
[INFO] [stdout] 
[INFO] [stdout] 
[INFO] [stdout] warning: the type `[u8; 20]` does not permit being left uninitialized
[INFO] [stdout]    --> src/sha.rs:153:38
[INFO] [stdout]     |
[INFO] [stdout] 153 |             let mut hash: [u8; 20] = mem::uninitialized();
[INFO] [stdout]     |                                      ^^^^^^^^^^^^^^^^^^^^
[INFO] [stdout]     |                                      |
[INFO] [stdout]     |                                      this code causes undefined behavior when executed
[INFO] [stdout]     |                                      help: use `MaybeUninit<T>` instead, and only call `assume_init` after initialization is done
[INFO] [stdout]     |
[INFO] [stdout]     = note: integers must be initialized
[INFO] [stdout] 
[INFO] [stdout] 
[INFO] [stdout] warning: the type `sha256_state_st` does not permit being left uninitialized
[INFO] [stdout]    --> src/sha.rs:177:27
[INFO] [stdout]     |
[INFO] [stdout] 177 |             let mut ctx = mem::uninitialized();
[INFO] [stdout]     |                           ^^^^^^^^^^^^^^^^^^^^
[INFO] [stdout]     |                           |
[INFO] [stdout]     |                           this code causes undefined behavior when executed
[INFO] [stdout]     |                           help: use `MaybeUninit<T>` instead, and only call `assume_init` after initialization is done
[INFO] [stdout]     |
[INFO] [stdout]     = note: integers must be initialized
[INFO] [stdout] 
[INFO] [stdout] 
[INFO] [stdout] warning: the type `[u8; 28]` does not permit being left uninitialized
[INFO] [stdout]    --> src/sha.rs:198:38
[INFO] [stdout]     |
[INFO] [stdout] 198 |             let mut hash: [u8; 28] = mem::uninitialized();
[INFO] [stdout]     |                                      ^^^^^^^^^^^^^^^^^^^^
[INFO] [stdout]     |                                      |
[INFO] [stdout]     |                                      this code causes undefined behavior when executed
[INFO] [stdout]     |                                      help: use `MaybeUninit<T>` instead, and only call `assume_init` after initialization is done
[INFO] [stdout]     |
[INFO] [stdout]     = note: integers must be initialized
[INFO] [stdout] 
[INFO] [stdout] 
[INFO] [stdout] warning: the type `sha256_state_st` does not permit being left uninitialized
[INFO] [stdout]    --> src/sha.rs:222:27
[INFO] [stdout]     |
[INFO] [stdout] 222 |             let mut ctx = mem::uninitialized();
[INFO] [stdout]     |                           ^^^^^^^^^^^^^^^^^^^^
[INFO] [stdout]     |                           |
[INFO] [stdout]     |                           this code causes undefined behavior when executed
[INFO] [stdout]     |                           help: use `MaybeUninit<T>` instead, and only call `assume_init` after initialization is done
[INFO] [stdout]     |
[INFO] [stdout]     = note: integers must be initialized
[INFO] [stdout] 
[INFO] [stdout] 
[INFO] [stdout] warning: the type `[u8; 32]` does not permit being left uninitialized
[INFO] [stdout]    --> src/sha.rs:243:38
[INFO] [stdout]     |
[INFO] [stdout] 243 |             let mut hash: [u8; 32] = mem::uninitialized();
[INFO] [stdout]     |                                      ^^^^^^^^^^^^^^^^^^^^
[INFO] [stdout]     |                                      |
[INFO] [stdout]     |                                      this code causes undefined behavior when executed
[INFO] [stdout]     |                                      help: use `MaybeUninit<T>` instead, and only call `assume_init` after initialization is done
[INFO] [stdout]     |
[INFO] [stdout]     = note: integers must be initialized
[INFO] [stdout] 
[INFO] [stdout] 
[INFO] [stdout] warning: the type `sha512_state_st` does not permit being left uninitialized
[INFO] [stdout]    --> src/sha.rs:267:27
[INFO] [stdout]     |
[INFO] [stdout] 267 |             let mut ctx = mem::uninitialized();
[INFO] [stdout]     |                           ^^^^^^^^^^^^^^^^^^^^
[INFO] [stdout]     |                           |
[INFO] [stdout]     |                           this code causes undefined behavior when executed
[INFO] [stdout]     |                           help: use `MaybeUninit<T>` instead, and only call `assume_init` after initialization is done
[INFO] [stdout]     |
[INFO] [stdout]     = note: integers must be initialized
[INFO] [stdout] 
[INFO] [stdout] 
[INFO] [stdout] warning: the type `[u8; 48]` does not permit being left uninitialized
[INFO] [stdout]    --> src/sha.rs:288:38
[INFO] [stdout]     |
[INFO] [stdout] 288 |             let mut hash: [u8; 48] = mem::uninitialized();
[INFO] [stdout]     |                                      ^^^^^^^^^^^^^^^^^^^^
[INFO] [stdout]     |                                      |
[INFO] [stdout]     |                                      this code causes undefined behavior when executed
[INFO] [stdout]     |                                      help: use `MaybeUninit<T>` instead, and only call `assume_init` after initialization is done
[INFO] [stdout]     |
[INFO] [stdout]     = note: integers must be initialized
[INFO] [stdout] 
[INFO] [stdout] 
[INFO] [stdout] warning: the type `sha512_state_st` does not permit being left uninitialized
[INFO] [stdout]    --> src/sha.rs:312:27
[INFO] [stdout]     |
[INFO] [stdout] 312 |             let mut ctx = mem::uninitialized();
[INFO] [stdout]     |                           ^^^^^^^^^^^^^^^^^^^^
[INFO] [stdout]     |                           |
[INFO] [stdout]     |                           this code causes undefined behavior when executed
[INFO] [stdout]     |                           help: use `MaybeUninit<T>` instead, and only call `assume_init` after initialization is done
[INFO] [stdout]     |
[INFO] [stdout]     = note: integers must be initialized
[INFO] [stdout] 
[INFO] [stdout] 
[INFO] [stdout] warning: the type `[u8; 64]` does not permit being left uninitialized
[INFO] [stdout]    --> src/sha.rs:333:38
[INFO] [stdout]     |
[INFO] [stdout] 333 |             let mut hash: [u8; 64] = mem::uninitialized();
[INFO] [stdout]     |                                      ^^^^^^^^^^^^^^^^^^^^
[INFO] [stdout]     |                                      |
[INFO] [stdout]     |                                      this code causes undefined behavior when executed
[INFO] [stdout]     |                                      help: use `MaybeUninit<T>` instead, and only call `assume_init` after initialization is done
[INFO] [stdout]     |
[INFO] [stdout]     = note: integers must be initialized
[INFO] [stdout] 
[INFO] [stdout] 
[INFO] [stdout] warning: unused return value of `Box::<T>::from_raw` that must be used
[INFO] [stdout]    --> src/ssl/mod.rs:427:9
[INFO] [stdout]     |
[INFO] [stdout] 427 |         Box::<T>::from_raw(ptr as *mut T);
[INFO] [stdout]     |         ^^^^^^^^^^^^^^^^^^^^^^^^^^^^^^^^^
[INFO] [stdout]     |
[INFO] [stdout]     = note: call `drop(Box::from_raw(ptr))` if you intend to drop the `Box`
[INFO] [stdout]     = note: `#[warn(unused_must_use)]` on by default
[INFO] [stdout] help: use `let _ = ...` to ignore the resulting value
[INFO] [stdout]     |
[INFO] [stdout] 427 |         let _ = Box::<T>::from_raw(ptr as *mut T);
[INFO] [stdout]     |         +++++++
[INFO] [stdout] 
[INFO] [stdout] 
[INFO] [stdout] warning: unused return value of `Box::<T>::from_raw` that must be used
[INFO] [stdout]    --> src/ssl/bio.rs:203:9
[INFO] [stdout]     |
[INFO] [stdout] 203 |         Box::<StreamState<S>>::from_raw(data as *mut _);
[INFO] [stdout]     |         ^^^^^^^^^^^^^^^^^^^^^^^^^^^^^^^^^^^^^^^^^^^^^^^
[INFO] [stdout]     |
[INFO] [stdout]     = note: call `drop(Box::from_raw(ptr))` if you intend to drop the `Box`
[INFO] [stdout] help: use `let _ = ...` to ignore the resulting value
[INFO] [stdout]     |
[INFO] [stdout] 203 |         let _ = Box::<StreamState<S>>::from_raw(data as *mut _);
[INFO] [stdout]     |         +++++++
[INFO] [stdout] 
[INFO] [stdout] 
[INFO] [stdout] warning: 19 warnings emitted
[INFO] [stdout] 
[INFO] [stdout] 
[INFO] [stderr]     Finished dev [unoptimized + debuginfo] target(s) in 1m 24s
[INFO] running `Command { std: "docker" "inspect" "0e959d0b3971641fd9fe068d27124cfe3b7a20102ca8b7fe30e7c912ddecde95", kill_on_drop: false }`
[INFO] running `Command { std: "docker" "rm" "-f" "0e959d0b3971641fd9fe068d27124cfe3b7a20102ca8b7fe30e7c912ddecde95", kill_on_drop: false }`
[INFO] [stdout] 0e959d0b3971641fd9fe068d27124cfe3b7a20102ca8b7fe30e7c912ddecde95
[INFO] running `Command { std: "docker" "create" "-v" "/var/lib/crater-agent-workspace/builds/worker-0-tc2/target:/opt/rustwide/target:rw,Z" "-v" "/var/lib/crater-agent-workspace/builds/worker-0-tc2/source:/opt/rustwide/workdir:ro,Z" "-v" "/var/lib/crater-agent-workspace/cargo-home:/opt/rustwide/cargo-home:ro,Z" "-v" "/var/lib/crater-agent-workspace/rustup-home:/opt/rustwide/rustup-home:ro,Z" "-e" "SOURCE_DIR=/opt/rustwide/workdir" "-e" "CARGO_TARGET_DIR=/opt/rustwide/target" "-e" "CARGO_INCREMENTAL=0" "-e" "RUST_BACKTRACE=full" "-e" "RUSTFLAGS=--cap-lints=warn" "-e" "RUSTDOCFLAGS=--cap-lints=warn" "-e" "CARGO_HOME=/opt/rustwide/cargo-home" "-e" "RUSTUP_HOME=/opt/rustwide/rustup-home" "-w" "/opt/rustwide/workdir" "-m" "1610612736" "--user" "0:0" "--network" "none" "ghcr.io/rust-lang/crates-build-env/linux@sha256:2788e3201cd34a07e3172128adcd8b3090168a8e3bcc40d7c032b9dda1df7d1c" "/opt/rustwide/cargo-home/bin/cargo" "+beta-2023-12-22" "test" "--frozen" "--no-run" "--message-format=json", kill_on_drop: false }`
[INFO] [stdout] 730f78c46714d460688622e3b0d8f031a2a0dc68e0dabe08ebf7cf004e21bdae
[INFO] running `Command { std: "docker" "start" "-a" "730f78c46714d460688622e3b0d8f031a2a0dc68e0dabe08ebf7cf004e21bdae", kill_on_drop: false }`
[INFO] [stderr]    Compiling indexmap v1.9.3
[INFO] [stderr]    Compiling serde v1.0.188
[INFO] [stderr]    Compiling fsio v0.1.3
[INFO] [stderr]    Compiling nias v0.5.0
[INFO] [stderr]    Compiling getopts v0.2.21
[INFO] [stderr]    Compiling hex v0.4.3
[INFO] [stdout] warning: the type `aes_key_st` does not permit being left uninitialized
[INFO] [stdout]   --> src/aes.rs:62:31
[INFO] [stdout]    |
[INFO] [stdout] 62 |             let mut aes_key = mem::uninitialized();
[INFO] [stdout]    |                               ^^^^^^^^^^^^^^^^^^^^
[INFO] [stdout]    |                               |
[INFO] [stdout]    |                               this code causes undefined behavior when executed
[INFO] [stdout]    |                               help: use `MaybeUninit<T>` instead, and only call `assume_init` after initialization is done
[INFO] [stdout]    |
[INFO] [stdout]    = note: integers must be initialized
[INFO] [stdout]    = note: `#[warn(invalid_value)]` on by default
[INFO] [stdout] 
[INFO] [stdout] 
[INFO] [stdout] warning: the type `aes_key_st` does not permit being left uninitialized
[INFO] [stdout]   --> src/aes.rs:86:31
[INFO] [stdout]    |
[INFO] [stdout] 86 |             let mut aes_key = mem::uninitialized();
[INFO] [stdout]    |                               ^^^^^^^^^^^^^^^^^^^^
[INFO] [stdout]    |                               |
[INFO] [stdout]    |                               this code causes undefined behavior when executed
[INFO] [stdout]    |                               help: use `MaybeUninit<T>` instead, and only call `assume_init` after initialization is done
[INFO] [stdout]    |
[INFO] [stdout]    = note: integers must be initialized
[INFO] [stdout] 
[INFO] [stdout] 
[INFO] [stdout] warning: the type `[u8; 20]` does not permit being left uninitialized
[INFO] [stdout]   --> src/sha.rs:60:34
[INFO] [stdout]    |
[INFO] [stdout] 60 |         let mut hash: [u8; 20] = mem::uninitialized();
[INFO] [stdout]    |                                  ^^^^^^^^^^^^^^^^^^^^
[INFO] [stdout]    |                                  |
[INFO] [stdout]    |                                  this code causes undefined behavior when executed
[INFO] [stdout]    |                                  help: use `MaybeUninit<T>` instead, and only call `assume_init` after initialization is done
[INFO] [stdout]    |
[INFO] [stdout]    = note: integers must be initialized
[INFO] [stdout] 
[INFO] [stdout] 
[INFO] [stdout] warning: the type `[u8; 28]` does not permit being left uninitialized
[INFO] [stdout]   --> src/sha.rs:71:34
[INFO] [stdout]    |
[INFO] [stdout] 71 |         let mut hash: [u8; 28] = mem::uninitialized();
[INFO] [stdout]    |                                  ^^^^^^^^^^^^^^^^^^^^
[INFO] [stdout]    |                                  |
[INFO] [stdout]    |                                  this code causes undefined behavior when executed
[INFO] [stdout]    |                                  help: use `MaybeUninit<T>` instead, and only call `assume_init` after initialization is done
[INFO] [stdout]    |
[INFO] [stdout]    = note: integers must be initialized
[INFO] [stdout] 
[INFO] [stdout] 
[INFO] [stdout] warning: the type `[u8; 32]` does not permit being left uninitialized
[INFO] [stdout]   --> src/sha.rs:82:34
[INFO] [stdout]    |
[INFO] [stdout] 82 |         let mut hash: [u8; 32] = mem::uninitialized();
[INFO] [stdout]    |                                  ^^^^^^^^^^^^^^^^^^^^
[INFO] [stdout]    |                                  |
[INFO] [stdout]    |                                  this code causes undefined behavior when executed
[INFO] [stdout]    |                                  help: use `MaybeUninit<T>` instead, and only call `assume_init` after initialization is done
[INFO] [stdout]    |
[INFO] [stdout]    = note: integers must be initialized
[INFO] [stdout] 
[INFO] [stdout] 
[INFO] [stdout] warning: the type `[u8; 48]` does not permit being left uninitialized
[INFO] [stdout]   --> src/sha.rs:93:34
[INFO] [stdout]    |
[INFO] [stdout] 93 |         let mut hash: [u8; 48] = mem::uninitialized();
[INFO] [stdout]    |                                  ^^^^^^^^^^^^^^^^^^^^
[INFO] [stdout]    |                                  |
[INFO] [stdout]    |                                  this code causes undefined behavior when executed
[INFO] [stdout]    |                                  help: use `MaybeUninit<T>` instead, and only call `assume_init` after initialization is done
[INFO] [stdout]    |
[INFO] [stdout]    = note: integers must be initialized
[INFO] [stdout] 
[INFO] [stdout] 
[INFO] [stdout] warning: the type `[u8; 64]` does not permit being left uninitialized
[INFO] [stdout]    --> src/sha.rs:104:34
[INFO] [stdout]     |
[INFO] [stdout] 104 |         let mut hash: [u8; 64] = mem::uninitialized();
[INFO] [stdout]     |                                  ^^^^^^^^^^^^^^^^^^^^
[INFO] [stdout]     |                                  |
[INFO] [stdout]     |                                  this code causes undefined behavior when executed
[INFO] [stdout]     |                                  help: use `MaybeUninit<T>` instead, and only call `assume_init` after initialization is done
[INFO] [stdout]     |
[INFO] [stdout]     = note: integers must be initialized
[INFO] [stdout] 
[INFO] [stdout] 
[INFO] [stdout] warning: the type `sha_state_st` does not permit being left uninitialized
[INFO] [stdout]    --> src/sha.rs:132:27
[INFO] [stdout]     |
[INFO] [stdout] 132 |             let mut ctx = mem::uninitialized();
[INFO] [stdout]     |                           ^^^^^^^^^^^^^^^^^^^^
[INFO] [stdout]     |                           |
[INFO] [stdout]     |                           this code causes undefined behavior when executed
[INFO] [stdout]     |                           help: use `MaybeUninit<T>` instead, and only call `assume_init` after initialization is done
[INFO] [stdout]     |
[INFO] [stdout]     = note: integers must be initialized
[INFO] [stdout] 
[INFO] [stdout] 
[INFO] [stdout] warning: the type `[u8; 20]` does not permit being left uninitialized
[INFO] [stdout]    --> src/sha.rs:153:38
[INFO] [stdout]     |
[INFO] [stdout] 153 |             let mut hash: [u8; 20] = mem::uninitialized();
[INFO] [stdout]     |                                      ^^^^^^^^^^^^^^^^^^^^
[INFO] [stdout]     |                                      |
[INFO] [stdout]     |                                      this code causes undefined behavior when executed
[INFO] [stdout]     |                                      help: use `MaybeUninit<T>` instead, and only call `assume_init` after initialization is done
[INFO] [stdout]     |
[INFO] [stdout]     = note: integers must be initialized
[INFO] [stdout] 
[INFO] [stdout] 
[INFO] [stdout] warning: the type `sha256_state_st` does not permit being left uninitialized
[INFO] [stdout]    --> src/sha.rs:177:27
[INFO] [stdout]     |
[INFO] [stdout] 177 |             let mut ctx = mem::uninitialized();
[INFO] [stdout]     |                           ^^^^^^^^^^^^^^^^^^^^
[INFO] [stdout]     |                           |
[INFO] [stdout]     |                           this code causes undefined behavior when executed
[INFO] [stdout]     |                           help: use `MaybeUninit<T>` instead, and only call `assume_init` after initialization is done
[INFO] [stdout]     |
[INFO] [stdout]     = note: integers must be initialized
[INFO] [stdout] 
[INFO] [stdout] 
[INFO] [stdout] warning: the type `[u8; 28]` does not permit being left uninitialized
[INFO] [stdout]    --> src/sha.rs:198:38
[INFO] [stdout]     |
[INFO] [stdout] 198 |             let mut hash: [u8; 28] = mem::uninitialized();
[INFO] [stdout]     |                                      ^^^^^^^^^^^^^^^^^^^^
[INFO] [stdout]     |                                      |
[INFO] [stdout]     |                                      this code causes undefined behavior when executed
[INFO] [stdout]     |                                      help: use `MaybeUninit<T>` instead, and only call `assume_init` after initialization is done
[INFO] [stdout]     |
[INFO] [stdout]     = note: integers must be initialized
[INFO] [stdout] 
[INFO] [stdout] 
[INFO] [stdout] warning: the type `sha256_state_st` does not permit being left uninitialized
[INFO] [stdout]    --> src/sha.rs:222:27
[INFO] [stdout]     |
[INFO] [stdout] 222 |             let mut ctx = mem::uninitialized();
[INFO] [stdout]     |                           ^^^^^^^^^^^^^^^^^^^^
[INFO] [stdout]     |                           |
[INFO] [stdout]     |                           this code causes undefined behavior when executed
[INFO] [stdout]     |                           help: use `MaybeUninit<T>` instead, and only call `assume_init` after initialization is done
[INFO] [stdout]     |
[INFO] [stdout]     = note: integers must be initialized
[INFO] [stdout] 
[INFO] [stdout] 
[INFO] [stdout] warning: the type `[u8; 32]` does not permit being left uninitialized
[INFO] [stdout]    --> src/sha.rs:243:38
[INFO] [stdout]     |
[INFO] [stdout] 243 |             let mut hash: [u8; 32] = mem::uninitialized();
[INFO] [stdout]     |                                      ^^^^^^^^^^^^^^^^^^^^
[INFO] [stdout]     |                                      |
[INFO] [stdout]     |                                      this code causes undefined behavior when executed
[INFO] [stdout]     |                                      help: use `MaybeUninit<T>` instead, and only call `assume_init` after initialization is done
[INFO] [stdout]     |
[INFO] [stdout]     = note: integers must be initialized
[INFO] [stdout] 
[INFO] [stdout] 
[INFO] [stdout] warning: the type `sha512_state_st` does not permit being left uninitialized
[INFO] [stdout]    --> src/sha.rs:267:27
[INFO] [stdout]     |
[INFO] [stdout] 267 |             let mut ctx = mem::uninitialized();
[INFO] [stdout]     |                           ^^^^^^^^^^^^^^^^^^^^
[INFO] [stdout]     |                           |
[INFO] [stdout]     |                           this code causes undefined behavior when executed
[INFO] [stdout]     |                           help: use `MaybeUninit<T>` instead, and only call `assume_init` after initialization is done
[INFO] [stdout]     |
[INFO] [stdout]     = note: integers must be initialized
[INFO] [stdout] 
[INFO] [stdout] 
[INFO] [stdout] warning: the type `[u8; 48]` does not permit being left uninitialized
[INFO] [stdout]    --> src/sha.rs:288:38
[INFO] [stdout]     |
[INFO] [stdout] 288 |             let mut hash: [u8; 48] = mem::uninitialized();
[INFO] [stdout]     |                                      ^^^^^^^^^^^^^^^^^^^^
[INFO] [stdout]     |                                      |
[INFO] [stdout]     |                                      this code causes undefined behavior when executed
[INFO] [stdout]     |                                      help: use `MaybeUninit<T>` instead, and only call `assume_init` after initialization is done
[INFO] [stdout]     |
[INFO] [stdout]     = note: integers must be initialized
[INFO] [stdout] 
[INFO] [stdout] 
[INFO] [stdout] warning: the type `sha512_state_st` does not permit being left uninitialized
[INFO] [stdout]    --> src/sha.rs:312:27
[INFO] [stdout]     |
[INFO] [stdout] 312 |             let mut ctx = mem::uninitialized();
[INFO] [stdout]     |                           ^^^^^^^^^^^^^^^^^^^^
[INFO] [stdout]     |                           |
[INFO] [stdout]     |                           this code causes undefined behavior when executed
[INFO] [stdout]     |                           help: use `MaybeUninit<T>` instead, and only call `assume_init` after initialization is done
[INFO] [stdout]     |
[INFO] [stdout]     = note: integers must be initialized
[INFO] [stdout] 
[INFO] [stdout] 
[INFO] [stdout] warning: the type `[u8; 64]` does not permit being left uninitialized
[INFO] [stdout]    --> src/sha.rs:333:38
[INFO] [stdout]     |
[INFO] [stdout] 333 |             let mut hash: [u8; 64] = mem::uninitialized();
[INFO] [stdout]     |                                      ^^^^^^^^^^^^^^^^^^^^
[INFO] [stdout]     |                                      |
[INFO] [stdout]     |                                      this code causes undefined behavior when executed
[INFO] [stdout]     |                                      help: use `MaybeUninit<T>` instead, and only call `assume_init` after initialization is done
[INFO] [stdout]     |
[INFO] [stdout]     = note: integers must be initialized
[INFO] [stdout] 
[INFO] [stdout] 
[INFO] [stdout] warning: unused return value of `Box::<T>::from_raw` that must be used
[INFO] [stdout]    --> src/ssl/mod.rs:427:9
[INFO] [stdout]     |
[INFO] [stdout] 427 |         Box::<T>::from_raw(ptr as *mut T);
[INFO] [stdout]     |         ^^^^^^^^^^^^^^^^^^^^^^^^^^^^^^^^^
[INFO] [stdout]     |
[INFO] [stdout]     = note: call `drop(Box::from_raw(ptr))` if you intend to drop the `Box`
[INFO] [stdout]     = note: `#[warn(unused_must_use)]` on by default
[INFO] [stdout] help: use `let _ = ...` to ignore the resulting value
[INFO] [stdout]     |
[INFO] [stdout] 427 |         let _ = Box::<T>::from_raw(ptr as *mut T);
[INFO] [stdout]     |         +++++++
[INFO] [stdout] 
[INFO] [stdout] 
[INFO] [stdout] warning: unused return value of `Box::<T>::from_raw` that must be used
[INFO] [stdout]    --> src/ssl/bio.rs:203:9
[INFO] [stdout]     |
[INFO] [stdout] 203 |         Box::<StreamState<S>>::from_raw(data as *mut _);
[INFO] [stdout]     |         ^^^^^^^^^^^^^^^^^^^^^^^^^^^^^^^^^^^^^^^^^^^^^^^
[INFO] [stdout]     |
[INFO] [stdout]     = note: call `drop(Box::from_raw(ptr))` if you intend to drop the `Box`
[INFO] [stdout] help: use `let _ = ...` to ignore the resulting value
[INFO] [stdout]     |
[INFO] [stdout] 203 |         let _ = Box::<StreamState<S>>::from_raw(data as *mut _);
[INFO] [stdout]     |         +++++++
[INFO] [stdout] 
[INFO] [stdout] 
[INFO] [stdout] warning: 19 warnings emitted
[INFO] [stdout] 
[INFO] [stdout] 
[INFO] [stderr]    Compiling envmnt v0.8.4
[INFO] [stderr]    Compiling ci_info v0.10.2
[INFO] [stderr]    Compiling toml v0.5.11
[INFO] [stderr]    Compiling rusty-hook v0.11.2
[INFO] [stderr]    Compiling boring-imp v2.0.1 (/opt/rustwide/workdir)
[INFO] [stdout] warning: the type `aes_key_st` does not permit being left uninitialized
[INFO] [stdout]   --> src/aes.rs:62:31
[INFO] [stdout]    |
[INFO] [stdout] 62 |             let mut aes_key = mem::uninitialized();
[INFO] [stdout]    |                               ^^^^^^^^^^^^^^^^^^^^
[INFO] [stdout]    |                               |
[INFO] [stdout]    |                               this code causes undefined behavior when executed
[INFO] [stdout]    |                               help: use `MaybeUninit<T>` instead, and only call `assume_init` after initialization is done
[INFO] [stdout]    |
[INFO] [stdout]    = note: integers must be initialized
[INFO] [stdout]    = note: `#[warn(invalid_value)]` on by default
[INFO] [stdout] 
[INFO] [stdout] 
[INFO] [stdout] warning: the type `aes_key_st` does not permit being left uninitialized
[INFO] [stdout]   --> src/aes.rs:86:31
[INFO] [stdout]    |
[INFO] [stdout] 86 |             let mut aes_key = mem::uninitialized();
[INFO] [stdout]    |                               ^^^^^^^^^^^^^^^^^^^^
[INFO] [stdout]    |                               |
[INFO] [stdout]    |                               this code causes undefined behavior when executed
[INFO] [stdout]    |                               help: use `MaybeUninit<T>` instead, and only call `assume_init` after initialization is done
[INFO] [stdout]    |
[INFO] [stdout]    = note: integers must be initialized
[INFO] [stdout] 
[INFO] [stdout] 
[INFO] [stdout] warning: the type `[u8; 20]` does not permit being left uninitialized
[INFO] [stdout]   --> src/sha.rs:60:34
[INFO] [stdout]    |
[INFO] [stdout] 60 |         let mut hash: [u8; 20] = mem::uninitialized();
[INFO] [stdout]    |                                  ^^^^^^^^^^^^^^^^^^^^
[INFO] [stdout]    |                                  |
[INFO] [stdout]    |                                  this code causes undefined behavior when executed
[INFO] [stdout]    |                                  help: use `MaybeUninit<T>` instead, and only call `assume_init` after initialization is done
[INFO] [stdout]    |
[INFO] [stdout]    = note: integers must be initialized
[INFO] [stdout] 
[INFO] [stdout] 
[INFO] [stdout] warning: the type `[u8; 28]` does not permit being left uninitialized
[INFO] [stdout]   --> src/sha.rs:71:34
[INFO] [stdout]    |
[INFO] [stdout] 71 |         let mut hash: [u8; 28] = mem::uninitialized();
[INFO] [stdout]    |                                  ^^^^^^^^^^^^^^^^^^^^
[INFO] [stdout]    |                                  |
[INFO] [stdout]    |                                  this code causes undefined behavior when executed
[INFO] [stdout]    |                                  help: use `MaybeUninit<T>` instead, and only call `assume_init` after initialization is done
[INFO] [stdout]    |
[INFO] [stdout]    = note: integers must be initialized
[INFO] [stdout] 
[INFO] [stdout] 
[INFO] [stdout] warning: the type `[u8; 32]` does not permit being left uninitialized
[INFO] [stdout]   --> src/sha.rs:82:34
[INFO] [stdout]    |
[INFO] [stdout] 82 |         let mut hash: [u8; 32] = mem::uninitialized();
[INFO] [stdout]    |                                  ^^^^^^^^^^^^^^^^^^^^
[INFO] [stdout]    |                                  |
[INFO] [stdout]    |                                  this code causes undefined behavior when executed
[INFO] [stdout]    |                                  help: use `MaybeUninit<T>` instead, and only call `assume_init` after initialization is done
[INFO] [stdout]    |
[INFO] [stdout]    = note: integers must be initialized
[INFO] [stdout] 
[INFO] [stdout] 
[INFO] [stdout] warning: the type `[u8; 48]` does not permit being left uninitialized
[INFO] [stdout]   --> src/sha.rs:93:34
[INFO] [stdout]    |
[INFO] [stdout] 93 |         let mut hash: [u8; 48] = mem::uninitialized();
[INFO] [stdout]    |                                  ^^^^^^^^^^^^^^^^^^^^
[INFO] [stdout]    |                                  |
[INFO] [stdout]    |                                  this code causes undefined behavior when executed
[INFO] [stdout]    |                                  help: use `MaybeUninit<T>` instead, and only call `assume_init` after initialization is done
[INFO] [stdout]    |
[INFO] [stdout]    = note: integers must be initialized
[INFO] [stdout] 
[INFO] [stdout] 
[INFO] [stdout] warning: the type `[u8; 64]` does not permit being left uninitialized
[INFO] [stdout]    --> src/sha.rs:104:34
[INFO] [stdout]     |
[INFO] [stdout] 104 |         let mut hash: [u8; 64] = mem::uninitialized();
[INFO] [stdout]     |                                  ^^^^^^^^^^^^^^^^^^^^
[INFO] [stdout]     |                                  |
[INFO] [stdout]     |                                  this code causes undefined behavior when executed
[INFO] [stdout]     |                                  help: use `MaybeUninit<T>` instead, and only call `assume_init` after initialization is done
[INFO] [stdout]     |
[INFO] [stdout]     = note: integers must be initialized
[INFO] [stdout] 
[INFO] [stdout] 
[INFO] [stdout] warning: the type `sha_state_st` does not permit being left uninitialized
[INFO] [stdout]    --> src/sha.rs:132:27
[INFO] [stdout]     |
[INFO] [stdout] 132 |             let mut ctx = mem::uninitialized();
[INFO] [stdout]     |                           ^^^^^^^^^^^^^^^^^^^^
[INFO] [stdout]     |                           |
[INFO] [stdout]     |                           this code causes undefined behavior when executed
[INFO] [stdout]     |                           help: use `MaybeUninit<T>` instead, and only call `assume_init` after initialization is done
[INFO] [stdout]     |
[INFO] [stdout]     = note: integers must be initialized
[INFO] [stdout] 
[INFO] [stdout] 
[INFO] [stdout] warning: the type `[u8; 20]` does not permit being left uninitialized
[INFO] [stdout]    --> src/sha.rs:153:38
[INFO] [stdout]     |
[INFO] [stdout] 153 |             let mut hash: [u8; 20] = mem::uninitialized();
[INFO] [stdout]     |                                      ^^^^^^^^^^^^^^^^^^^^
[INFO] [stdout]     |                                      |
[INFO] [stdout]     |                                      this code causes undefined behavior when executed
[INFO] [stdout]     |                                      help: use `MaybeUninit<T>` instead, and only call `assume_init` after initialization is done
[INFO] [stdout]     |
[INFO] [stdout]     = note: integers must be initialized
[INFO] [stdout] 
[INFO] [stdout] 
[INFO] [stdout] warning: the type `sha256_state_st` does not permit being left uninitialized
[INFO] [stdout]    --> src/sha.rs:177:27
[INFO] [stdout]     |
[INFO] [stdout] 177 |             let mut ctx = mem::uninitialized();
[INFO] [stdout]     |                           ^^^^^^^^^^^^^^^^^^^^
[INFO] [stdout]     |                           |
[INFO] [stdout]     |                           this code causes undefined behavior when executed
[INFO] [stdout]     |                           help: use `MaybeUninit<T>` instead, and only call `assume_init` after initialization is done
[INFO] [stdout]     |
[INFO] [stdout]     = note: integers must be initialized
[INFO] [stdout] 
[INFO] [stdout] 
[INFO] [stdout] warning: the type `[u8; 28]` does not permit being left uninitialized
[INFO] [stdout]    --> src/sha.rs:198:38
[INFO] [stdout]     |
[INFO] [stdout] 198 |             let mut hash: [u8; 28] = mem::uninitialized();
[INFO] [stdout]     |                                      ^^^^^^^^^^^^^^^^^^^^
[INFO] [stdout]     |                                      |
[INFO] [stdout]     |                                      this code causes undefined behavior when executed
[INFO] [stdout]     |                                      help: use `MaybeUninit<T>` instead, and only call `assume_init` after initialization is done
[INFO] [stdout]     |
[INFO] [stdout]     = note: integers must be initialized
[INFO] [stdout] 
[INFO] [stdout] 
[INFO] [stdout] warning: the type `sha256_state_st` does not permit being left uninitialized
[INFO] [stdout]    --> src/sha.rs:222:27
[INFO] [stdout]     |
[INFO] [stdout] 222 |             let mut ctx = mem::uninitialized();
[INFO] [stdout]     |                           ^^^^^^^^^^^^^^^^^^^^
[INFO] [stdout]     |                           |
[INFO] [stdout]     |                           this code causes undefined behavior when executed
[INFO] [stdout]     |                           help: use `MaybeUninit<T>` instead, and only call `assume_init` after initialization is done
[INFO] [stdout]     |
[INFO] [stdout]     = note: integers must be initialized
[INFO] [stdout] 
[INFO] [stdout] 
[INFO] [stdout] warning: the type `[u8; 32]` does not permit being left uninitialized
[INFO] [stdout]    --> src/sha.rs:243:38
[INFO] [stdout]     |
[INFO] [stdout] 243 |             let mut hash: [u8; 32] = mem::uninitialized();
[INFO] [stdout]     |                                      ^^^^^^^^^^^^^^^^^^^^
[INFO] [stdout]     |                                      |
[INFO] [stdout]     |                                      this code causes undefined behavior when executed
[INFO] [stdout]     |                                      help: use `MaybeUninit<T>` instead, and only call `assume_init` after initialization is done
[INFO] [stdout]     |
[INFO] [stdout]     = note: integers must be initialized
[INFO] [stdout] 
[INFO] [stdout] 
[INFO] [stdout] warning: the type `sha512_state_st` does not permit being left uninitialized
[INFO] [stdout]    --> src/sha.rs:267:27
[INFO] [stdout]     |
[INFO] [stdout] 267 |             let mut ctx = mem::uninitialized();
[INFO] [stdout]     |                           ^^^^^^^^^^^^^^^^^^^^
[INFO] [stdout]     |                           |
[INFO] [stdout]     |                           this code causes undefined behavior when executed
[INFO] [stdout]     |                           help: use `MaybeUninit<T>` instead, and only call `assume_init` after initialization is done
[INFO] [stdout]     |
[INFO] [stdout]     = note: integers must be initialized
[INFO] [stdout] 
[INFO] [stdout] 
[INFO] [stdout] warning: the type `[u8; 48]` does not permit being left uninitialized
[INFO] [stdout]    --> src/sha.rs:288:38
[INFO] [stdout]     |
[INFO] [stdout] 288 |             let mut hash: [u8; 48] = mem::uninitialized();
[INFO] [stdout]     |                                      ^^^^^^^^^^^^^^^^^^^^
[INFO] [stdout]     |                                      |
[INFO] [stdout]     |                                      this code causes undefined behavior when executed
[INFO] [stdout]     |                                      help: use `MaybeUninit<T>` instead, and only call `assume_init` after initialization is done
[INFO] [stdout]     |
[INFO] [stdout]     = note: integers must be initialized
[INFO] [stdout] 
[INFO] [stdout] 
[INFO] [stdout] warning: the type `sha512_state_st` does not permit being left uninitialized
[INFO] [stdout]    --> src/sha.rs:312:27
[INFO] [stdout]     |
[INFO] [stdout] 312 |             let mut ctx = mem::uninitialized();
[INFO] [stdout]     |                           ^^^^^^^^^^^^^^^^^^^^
[INFO] [stdout]     |                           |
[INFO] [stdout]     |                           this code causes undefined behavior when executed
[INFO] [stdout]     |                           help: use `MaybeUninit<T>` instead, and only call `assume_init` after initialization is done
[INFO] [stdout]     |
[INFO] [stdout]     = note: integers must be initialized
[INFO] [stdout] 
[INFO] [stdout] 
[INFO] [stdout] warning: the type `[u8; 64]` does not permit being left uninitialized
[INFO] [stdout]    --> src/sha.rs:333:38
[INFO] [stdout]     |
[INFO] [stdout] 333 |             let mut hash: [u8; 64] = mem::uninitialized();
[INFO] [stdout]     |                                      ^^^^^^^^^^^^^^^^^^^^
[INFO] [stdout]     |                                      |
[INFO] [stdout]     |                                      this code causes undefined behavior when executed
[INFO] [stdout]     |                                      help: use `MaybeUninit<T>` instead, and only call `assume_init` after initialization is done
[INFO] [stdout]     |
[INFO] [stdout]     = note: integers must be initialized
[INFO] [stdout] 
[INFO] [stdout] 
[INFO] [stdout] warning: unused return value of `Box::<T>::from_raw` that must be used
[INFO] [stdout]    --> src/ssl/mod.rs:427:9
[INFO] [stdout]     |
[INFO] [stdout] 427 |         Box::<T>::from_raw(ptr as *mut T);
[INFO] [stdout]     |         ^^^^^^^^^^^^^^^^^^^^^^^^^^^^^^^^^
[INFO] [stdout]     |
[INFO] [stdout]     = note: call `drop(Box::from_raw(ptr))` if you intend to drop the `Box`
[INFO] [stdout]     = note: `#[warn(unused_must_use)]` on by default
[INFO] [stdout] help: use `let _ = ...` to ignore the resulting value
[INFO] [stdout]     |
[INFO] [stdout] 427 |         let _ = Box::<T>::from_raw(ptr as *mut T);
[INFO] [stdout]     |         +++++++
[INFO] [stdout] 
[INFO] [stdout] 
[INFO] [stdout] warning: unused return value of `Box::<T>::from_raw` that must be used
[INFO] [stdout]    --> src/ssl/bio.rs:203:9
[INFO] [stdout]     |
[INFO] [stdout] 203 |         Box::<StreamState<S>>::from_raw(data as *mut _);
[INFO] [stdout]     |         ^^^^^^^^^^^^^^^^^^^^^^^^^^^^^^^^^^^^^^^^^^^^^^^
[INFO] [stdout]     |
[INFO] [stdout]     = note: call `drop(Box::from_raw(ptr))` if you intend to drop the `Box`
[INFO] [stdout] help: use `let _ = ...` to ignore the resulting value
[INFO] [stdout]     |
[INFO] [stdout] 203 |         let _ = Box::<StreamState<S>>::from_raw(data as *mut _);
[INFO] [stdout]     |         +++++++
[INFO] [stdout] 
[INFO] [stdout] 
[INFO] [stdout] warning: 19 warnings emitted
[INFO] [stdout] 
[INFO] [stdout] 
[INFO] [stderr]     Finished test [unoptimized + debuginfo] target(s) in 12.78s
[INFO] running `Command { std: "docker" "inspect" "730f78c46714d460688622e3b0d8f031a2a0dc68e0dabe08ebf7cf004e21bdae", kill_on_drop: false }`
[INFO] running `Command { std: "docker" "rm" "-f" "730f78c46714d460688622e3b0d8f031a2a0dc68e0dabe08ebf7cf004e21bdae", kill_on_drop: false }`
[INFO] [stdout] 730f78c46714d460688622e3b0d8f031a2a0dc68e0dabe08ebf7cf004e21bdae
[INFO] running `Command { std: "docker" "create" "-v" "/var/lib/crater-agent-workspace/builds/worker-0-tc2/target:/opt/rustwide/target:rw,Z" "-v" "/var/lib/crater-agent-workspace/builds/worker-0-tc2/source:/opt/rustwide/workdir:ro,Z" "-v" "/var/lib/crater-agent-workspace/cargo-home:/opt/rustwide/cargo-home:ro,Z" "-v" "/var/lib/crater-agent-workspace/rustup-home:/opt/rustwide/rustup-home:ro,Z" "-e" "SOURCE_DIR=/opt/rustwide/workdir" "-e" "CARGO_TARGET_DIR=/opt/rustwide/target" "-e" "CARGO_INCREMENTAL=0" "-e" "RUST_BACKTRACE=full" "-e" "RUSTFLAGS=--cap-lints=warn" "-e" "RUSTDOCFLAGS=--cap-lints=warn" "-e" "CARGO_HOME=/opt/rustwide/cargo-home" "-e" "RUSTUP_HOME=/opt/rustwide/rustup-home" "-w" "/opt/rustwide/workdir" "-m" "1610612736" "--user" "0:0" "--network" "none" "ghcr.io/rust-lang/crates-build-env/linux@sha256:2788e3201cd34a07e3172128adcd8b3090168a8e3bcc40d7c032b9dda1df7d1c" "/opt/rustwide/cargo-home/bin/cargo" "+beta-2023-12-22" "test" "--frozen", kill_on_drop: false }`
[INFO] [stdout] 0591fbd9fb424bc262ef7f8428e2685a6645d9696969734d894907b9a2ca802d
[INFO] running `Command { std: "docker" "start" "-a" "0591fbd9fb424bc262ef7f8428e2685a6645d9696969734d894907b9a2ca802d", kill_on_drop: false }`
[INFO] [stderr] warning: the type `aes_key_st` does not permit being left uninitialized
[INFO] [stderr]   --> src/aes.rs:62:31
[INFO] [stderr]    |
[INFO] [stderr] 62 |             let mut aes_key = mem::uninitialized();
[INFO] [stderr]    |                               ^^^^^^^^^^^^^^^^^^^^
[INFO] [stderr]    |                               |
[INFO] [stderr]    |                               this code causes undefined behavior when executed
[INFO] [stderr]    |                               help: use `MaybeUninit<T>` instead, and only call `assume_init` after initialization is done
[INFO] [stderr]    |
[INFO] [stderr]    = note: integers must be initialized
[INFO] [stderr]    = note: `#[warn(invalid_value)]` on by default
[INFO] [stderr] 
[INFO] [stderr] warning: the type `aes_key_st` does not permit being left uninitialized
[INFO] [stderr]   --> src/aes.rs:86:31
[INFO] [stderr]    |
[INFO] [stderr] 86 |             let mut aes_key = mem::uninitialized();
[INFO] [stderr]    |                               ^^^^^^^^^^^^^^^^^^^^
[INFO] [stderr]    |                               |
[INFO] [stderr]    |                               this code causes undefined behavior when executed
[INFO] [stderr]    |                               help: use `MaybeUninit<T>` instead, and only call `assume_init` after initialization is done
[INFO] [stderr]    |
[INFO] [stderr]    = note: integers must be initialized
[INFO] [stderr] 
[INFO] [stderr] warning: the type `[u8; 20]` does not permit being left uninitialized
[INFO] [stderr]   --> src/sha.rs:60:34
[INFO] [stderr]    |
[INFO] [stderr] 60 |         let mut hash: [u8; 20] = mem::uninitialized();
[INFO] [stderr]    |                                  ^^^^^^^^^^^^^^^^^^^^
[INFO] [stderr]    |                                  |
[INFO] [stderr]    |                                  this code causes undefined behavior when executed
[INFO] [stderr]    |                                  help: use `MaybeUninit<T>` instead, and only call `assume_init` after initialization is done
[INFO] [stderr]    |
[INFO] [stderr]    = note: integers must be initialized
[INFO] [stderr] 
[INFO] [stderr] warning: the type `[u8; 28]` does not permit being left uninitialized
[INFO] [stderr]   --> src/sha.rs:71:34
[INFO] [stderr]    |
[INFO] [stderr] 71 |         let mut hash: [u8; 28] = mem::uninitialized();
[INFO] [stderr]    |                                  ^^^^^^^^^^^^^^^^^^^^
[INFO] [stderr]    |                                  |
[INFO] [stderr]    |                                  this code causes undefined behavior when executed
[INFO] [stderr]    |                                  help: use `MaybeUninit<T>` instead, and only call `assume_init` after initialization is done
[INFO] [stderr]    |
[INFO] [stderr]    = note: integers must be initialized
[INFO] [stderr] 
[INFO] [stderr] warning: the type `[u8; 32]` does not permit being left uninitialized
[INFO] [stderr]   --> src/sha.rs:82:34
[INFO] [stderr]    |
[INFO] [stderr] 82 |         let mut hash: [u8; 32] = mem::uninitialized();
[INFO] [stderr]    |                                  ^^^^^^^^^^^^^^^^^^^^
[INFO] [stderr]    |                                  |
[INFO] [stderr]    |                                  this code causes undefined behavior when executed
[INFO] [stderr]    |                                  help: use `MaybeUninit<T>` instead, and only call `assume_init` after initialization is done
[INFO] [stderr]    |
[INFO] [stderr]    = note: integers must be initialized
[INFO] [stderr] 
[INFO] [stderr] warning: the type `[u8; 48]` does not permit being left uninitialized
[INFO] [stderr]   --> src/sha.rs:93:34
[INFO] [stderr]    |
[INFO] [stderr] 93 |         let mut hash: [u8; 48] = mem::uninitialized();
[INFO] [stderr]    |                                  ^^^^^^^^^^^^^^^^^^^^
[INFO] [stderr]    |                                  |
[INFO] [stderr]    |                                  this code causes undefined behavior when executed
[INFO] [stderr]    |                                  help: use `MaybeUninit<T>` instead, and only call `assume_init` after initialization is done
[INFO] [stderr]    |
[INFO] [stderr]    = note: integers must be initialized
[INFO] [stderr] 
[INFO] [stderr] warning: the type `[u8; 64]` does not permit being left uninitialized
[INFO] [stderr]    --> src/sha.rs:104:34
[INFO] [stderr]     |
[INFO] [stderr] 104 |         let mut hash: [u8; 64] = mem::uninitialized();
[INFO] [stderr]     |                                  ^^^^^^^^^^^^^^^^^^^^
[INFO] [stderr]     |                                  |
[INFO] [stderr]     |                                  this code causes undefined behavior when executed
[INFO] [stderr]     |                                  help: use `MaybeUninit<T>` instead, and only call `assume_init` after initialization is done
[INFO] [stderr]     |
[INFO] [stderr]     = note: integers must be initialized
[INFO] [stderr] 
[INFO] [stderr] warning: the type `sha_state_st` does not permit being left uninitialized
[INFO] [stderr]    --> src/sha.rs:132:27
[INFO] [stderr]     |
[INFO] [stderr] 132 |             let mut ctx = mem::uninitialized();
[INFO] [stderr]     |                           ^^^^^^^^^^^^^^^^^^^^
[INFO] [stderr]     |                           |
[INFO] [stderr]     |                           this code causes undefined behavior when executed
[INFO] [stderr]     |                           help: use `MaybeUninit<T>` instead, and only call `assume_init` after initialization is done
[INFO] [stderr]     |
[INFO] [stderr]     = note: integers must be initialized
[INFO] [stderr] 
[INFO] [stderr] warning: the type `[u8; 20]` does not permit being left uninitialized
[INFO] [stderr]    --> src/sha.rs:153:38
[INFO] [stderr]     |
[INFO] [stderr] 153 |             let mut hash: [u8; 20] = mem::uninitialized();
[INFO] [stderr]     |                                      ^^^^^^^^^^^^^^^^^^^^
[INFO] [stderr]     |                                      |
[INFO] [stderr]     |                                      this code causes undefined behavior when executed
[INFO] [stderr]     |                                      help: use `MaybeUninit<T>` instead, and only call `assume_init` after initialization is done
[INFO] [stderr]     |
[INFO] [stderr]     = note: integers must be initialized
[INFO] [stderr] 
[INFO] [stderr] warning: the type `sha256_state_st` does not permit being left uninitialized
[INFO] [stderr]    --> src/sha.rs:177:27
[INFO] [stderr]     |
[INFO] [stderr] 177 |             let mut ctx = mem::uninitialized();
[INFO] [stderr]     |                           ^^^^^^^^^^^^^^^^^^^^
[INFO] [stderr]     |                           |
[INFO] [stderr]     |                           this code causes undefined behavior when executed
[INFO] [stderr]     |                           help: use `MaybeUninit<T>` instead, and only call `assume_init` after initialization is done
[INFO] [stderr]     |
[INFO] [stderr]     = note: integers must be initialized
[INFO] [stderr] 
[INFO] [stderr] warning: the type `[u8; 28]` does not permit being left uninitialized
[INFO] [stderr]    --> src/sha.rs:198:38
[INFO] [stderr]     |
[INFO] [stderr] 198 |             let mut hash: [u8; 28] = mem::uninitialized();
[INFO] [stderr]     |                                      ^^^^^^^^^^^^^^^^^^^^
[INFO] [stderr]     |                                      |
[INFO] [stderr]     |                                      this code causes undefined behavior when executed
[INFO] [stderr]     |                                      help: use `MaybeUninit<T>` instead, and only call `assume_init` after initialization is done
[INFO] [stderr]     |
[INFO] [stderr]     = note: integers must be initialized
[INFO] [stderr] 
[INFO] [stderr] warning: the type `sha256_state_st` does not permit being left uninitialized
[INFO] [stderr]    --> src/sha.rs:222:27
[INFO] [stderr]     |
[INFO] [stderr] 222 |             let mut ctx = mem::uninitialized();
[INFO] [stderr]     |                           ^^^^^^^^^^^^^^^^^^^^
[INFO] [stderr]     |                           |
[INFO] [stderr]     |                           this code causes undefined behavior when executed
[INFO] [stderr]     |                           help: use `MaybeUninit<T>` instead, and only call `assume_init` after initialization is done
[INFO] [stderr]     |
[INFO] [stderr]     = note: integers must be initialized
[INFO] [stderr] 
[INFO] [stderr] warning: the type `[u8; 32]` does not permit being left uninitialized
[INFO] [stderr]    --> src/sha.rs:243:38
[INFO] [stderr]     |
[INFO] [stderr] 243 |             let mut hash: [u8; 32] = mem::uninitialized();
[INFO] [stderr]     |                                      ^^^^^^^^^^^^^^^^^^^^
[INFO] [stderr]     |                                      |
[INFO] [stderr]     |                                      this code causes undefined behavior when executed
[INFO] [stderr]     |                                      help: use `MaybeUninit<T>` instead, and only call `assume_init` after initialization is done
[INFO] [stderr]     |
[INFO] [stderr]     = note: integers must be initialized
[INFO] [stderr] 
[INFO] [stderr] warning: the type `sha512_state_st` does not permit being left uninitialized
[INFO] [stderr]    --> src/sha.rs:267:27
[INFO] [stderr]     |
[INFO] [stderr] 267 |             let mut ctx = mem::uninitialized();
[INFO] [stderr]     |                           ^^^^^^^^^^^^^^^^^^^^
[INFO] [stderr]     |                           |
[INFO] [stderr]     |                           this code causes undefined behavior when executed
[INFO] [stderr]     |                           help: use `MaybeUninit<T>` instead, and only call `assume_init` after initialization is done
[INFO] [stderr]     |
[INFO] [stderr]     = note: integers must be initialized
[INFO] [stderr] 
[INFO] [stderr] warning: the type `[u8; 48]` does not permit being left uninitialized
[INFO] [stderr]    --> src/sha.rs:288:38
[INFO] [stderr]     |
[INFO] [stderr] 288 |             let mut hash: [u8; 48] = mem::uninitialized();
[INFO] [stderr]     |                                      ^^^^^^^^^^^^^^^^^^^^
[INFO] [stderr]     |                                      |
[INFO] [stderr]     |                                      this code causes undefined behavior when executed
[INFO] [stderr]     |                                      help: use `MaybeUninit<T>` instead, and only call `assume_init` after initialization is done
[INFO] [stderr]     |
[INFO] [stderr]     = note: integers must be initialized
[INFO] [stderr] 
[INFO] [stderr] warning: the type `sha512_state_st` does not permit being left uninitialized
[INFO] [stderr]    --> src/sha.rs:312:27
[INFO] [stderr]     |
[INFO] [stderr] 312 |             let mut ctx = mem::uninitialized();
[INFO] [stderr]     |                           ^^^^^^^^^^^^^^^^^^^^
[INFO] [stderr]     |                           |
[INFO] [stderr]     |                           this code causes undefined behavior when executed
[INFO] [stderr]     |                           help: use `MaybeUninit<T>` instead, and only call `assume_init` after initialization is done
[INFO] [stderr]     |
[INFO] [stderr]     = note: integers must be initialized
[INFO] [stderr] 
[INFO] [stderr] warning: the type `[u8; 64]` does not permit being left uninitialized
[INFO] [stderr]    --> src/sha.rs:333:38
[INFO] [stderr]     |
[INFO] [stderr] 333 |             let mut hash: [u8; 64] = mem::uninitialized();
[INFO] [stderr]     |                                      ^^^^^^^^^^^^^^^^^^^^
[INFO] [stderr]     |                                      |
[INFO] [stderr]     |                                      this code causes undefined behavior when executed
[INFO] [stderr]     |                                      help: use `MaybeUninit<T>` instead, and only call `assume_init` after initialization is done
[INFO] [stderr]     |
[INFO] [stderr]     = note: integers must be initialized
[INFO] [stderr] 
[INFO] [stderr] warning: unused return value of `Box::<T>::from_raw` that must be used
[INFO] [stderr]    --> src/ssl/mod.rs:427:9
[INFO] [stderr]     |
[INFO] [stderr] 427 |         Box::<T>::from_raw(ptr as *mut T);
[INFO] [stderr]     |         ^^^^^^^^^^^^^^^^^^^^^^^^^^^^^^^^^
[INFO] [stderr]     |
[INFO] [stderr]     = note: call `drop(Box::from_raw(ptr))` if you intend to drop the `Box`
[INFO] [stderr]     = note: `#[warn(unused_must_use)]` on by default
[INFO] [stderr] help: use `let _ = ...` to ignore the resulting value
[INFO] [stderr]     |
[INFO] [stderr] 427 |         let _ = Box::<T>::from_raw(ptr as *mut T);
[INFO] [stderr]     |         +++++++
[INFO] [stderr] 
[INFO] [stderr] warning: unused return value of `Box::<T>::from_raw` that must be used
[INFO] [stderr]    --> src/ssl/bio.rs:203:9
[INFO] [stderr]     |
[INFO] [stderr] 203 |         Box::<StreamState<S>>::from_raw(data as *mut _);
[INFO] [stderr]     |         ^^^^^^^^^^^^^^^^^^^^^^^^^^^^^^^^^^^^^^^^^^^^^^^
[INFO] [stderr]     |
[INFO] [stderr]     = note: call `drop(Box::from_raw(ptr))` if you intend to drop the `Box`
[INFO] [stderr] help: use `let _ = ...` to ignore the resulting value
[INFO] [stderr]     |
[INFO] [stderr] 203 |         let _ = Box::<StreamState<S>>::from_raw(data as *mut _);
[INFO] [stderr]     |         +++++++
[INFO] [stderr] 
[INFO] [stderr] warning: `boring-imp` (lib) generated 19 warnings
[INFO] [stderr] warning: `boring-imp` (lib test) generated 19 warnings (19 duplicates)
[INFO] [stderr]     Finished test [unoptimized + debuginfo] target(s) in 0.08s
[INFO] [stderr]      Running unittests src/lib.rs (/opt/rustwide/target/debug/deps/boring_imp-c5d8083f08915944)
[INFO] [stdout] 
[INFO] [stdout] running 193 tests
[INFO] [stdout] test asn1::tests::time_eq ... ok
[INFO] [stdout] test asn1::tests::object_from_str_with_invalid_input ... ok
[INFO] [stdout] test asn1::tests::time_ord ... ok
[INFO] [stdout] test base64::tests::test_encode_block ... ok
[INFO] [stdout] test asn1::tests::object_from_str ... ok
[INFO] [stdout] test asn1::tests::time_from_str ... ok
[INFO] [stdout] test asn1::tests::bn_cvt ... ok
[INFO] [stdout] test base64::tests::test_decode_block ... ok
[INFO] [stdout] test aes::test::test_wrap_unwrap ... ok
[INFO] [stdout] test bn::tests::test_negation ... ok
[INFO] [stdout] test bn::tests::test_pseudo_rand_range ... ok
[INFO] [stdout] test bn::tests::test_rand_range ... ok
[INFO] [stdout] test base64::tests::test_strip_whitespace ... ok
[INFO] [stdout] test asn1::tests::time_from_unix ... ok
[INFO] [stdout] test bn::tests::test_shift ... ok
[INFO] [stdout] test bn::tests::test_to_from_slice ... ok
[INFO] [stdout] test derive::test::derive_without_peer ... ok
[INFO] [stdout] test derive::test::test_ec_key_derive ... ok
[INFO] [stdout] test dh::tests::test_dh_from_pem ... ok
[INFO] [stdout] test dh::tests::test_dh ... ok
[INFO] [stdout] test dsa::test::test_priv_key_from_parts ... ok
[INFO] [stdout] test dsa::test::test_pub_key_from_parts ... ok
[INFO] [stdout] test ec::test::cofactor ... ok
[INFO] [stdout] test ec::test::generate ... ok
[INFO] [stdout] test ec::test::generator ... ok
[INFO] [stdout] test ec::test::get_affine_coordinates ... ok
[INFO] [stdout] test ec::test::key_from_affine_coordinates ... ok
[INFO] [stdout] test ec::test::key_from_private_components ... ok
[INFO] [stdout] test ec::test::key_from_public_key ... ok
[INFO] [stdout] test ec::test::dup ... ok
[INFO] [stdout] test ec::test::key_new_by_curve_name ... ok
[INFO] [stdout] test dh::tests::test_dh_from_der ... ok
[INFO] [stdout] test ec::test::point_bytes ... ok
[INFO] [stdout] test ec::test::point_new ... ok
[INFO] [stdout] test hash::tests::from_nid ... ok
[INFO] [stdout] test fips::is_enabled ... ok
[INFO] [stdout] test hash::tests::test_clone ... ok
[INFO] [stdout] test ec::test::mul_generator ... ok
[INFO] [stdout] test hash::tests::test_md5_recycle ... ok
[INFO] [stdout] test hash::tests::test_sha1 ... ok
[INFO] [stdout] test ec::test::point_owned ... ok
[INFO] [stdout] test hash::tests::test_sha256 ... ok
[INFO] [stdout] test memcmp::tests::test_eq ... ok
[INFO] [stdout] test hash::tests::test_md5 ... ok
[INFO] [stdout] test hash::tests::test_finish_twice ... ok
[INFO] [stdout] test nid::test::signature_digest ... ok
[INFO] [stdout] test nid::test::test_long_name_conversion ... ok
[INFO] [stdout] test nid::test::test_short_name_conversion ... ok
[INFO] [stdout] test pkcs12::test::parse_empty_chain ... ok
[INFO] [stdout] test pkcs5::tests::bytes_to_key ... ok
[INFO] [stdout] test memcmp::tests::test_diff_lens - should panic ... ok
[INFO] [stdout] test pkcs12::test::parse ... ok
[INFO] [stdout] test pkcs5::tests::pbkdf2_hmac_sha512 ... ok
[INFO] [stdout] test pkey::tests::test_ec_key_accessor ... ok
[INFO] [stdout] test pkey::tests::test_encrypted_pkcs8_callback ... ok
[INFO] [stdout] test pkey::tests::test_encrypted_pkcs8_passphrase ... ok
[INFO] [stdout] test pkey::tests::test_pem ... ok
[INFO] [stdout] test pkey::tests::test_private_key_from_der ... ok
[INFO] [stdout] test pkey::tests::test_private_key_from_pem ... ok
[INFO] [stdout] test pkey::tests::test_public_key_from_der ... ok
[INFO] [stdout] test pkey::tests::test_public_key_from_pem ... ok
[INFO] [stdout] test dsa::test::test_pubkey_generation ... ok
[INFO] [stdout] test pkcs5::tests::pbkdf2_hmac_sha256 ... ok
[INFO] [stdout] test pkey::tests::test_unencrypted_pkcs8 ... ok
[INFO] [stdout] test pkcs12::test::create ... ok
[INFO] [stdout] test rand::tests::test_rand_bytes ... ok
[INFO] [stdout] test dsa::test::test_generate ... ok
[INFO] [stdout] test rsa::test::test_from_password ... ok
[INFO] [stdout] test bn::tests::test_prime_numbers ... ok
[INFO] [stdout] test rsa::test::test_from_password_callback ... ok
[INFO] [stdout] test pkcs5::tests::scrypt ... ok
[INFO] [stdout] test rsa::test::test_private_encrypt ... ok
[INFO] [stdout] test pkey::tests::test_rsa_accessor ... ok
[INFO] [stdout] test rsa::test::test_public_encrypt ... ok
[INFO] [stdout] test rsa::test::test_public_encrypt_private_decrypt_with_padding ... ok
[INFO] [stdout] test rsa::test::test_public_key_from_pem_pkcs1 ... ok
[INFO] [stdout] test rsa::test::test_public_key_from_pem_pkcs1_file_panic - should panic ... ok
[INFO] [stdout] test rsa::test::test_public_key_to_pem_pkcs1 ... ok
[INFO] [stdout] test rsa::test::test_public_key_from_pem_pkcs1_generate_panic - should panic ... ok
[INFO] [stdout] test sha::test::cloning_allows_incremental_hashing ... ok
[INFO] [stdout] test sha::test::standalone_1 ... ok
[INFO] [stdout] test sha::test::standalone_224 ... ok
[INFO] [stdout] test sha::test::standalone_256 ... ok
[INFO] [stdout] test sha::test::standalone_384 ... ok
[INFO] [stdout] test sha::test::standalone_512 ... ok
[INFO] [stdout] test sha::test::struct_1 ... ok
[INFO] [stdout] test sha::test::struct_224 ... ok
[INFO] [stdout] test sha::test::struct_256 ... ok
[INFO] [stdout] test pkey::tests::test_to_password ... ok
[INFO] [stdout] test sha::test::struct_384 ... ok
[INFO] [stdout] test sign::test::ec ... ok
[INFO] [stdout] test sha::test::struct_512 ... ok
[INFO] [stdout] test sign::test::rsa_sign ... ok
[INFO] [stdout] test sign::test::rsa_verify_invalid ... ok
[INFO] [stdout] test sign::test::rsa_sign_verify ... ok
[INFO] [stdout] test sign::test::rsa_verify_ok ... ok
[INFO] [stdout] test ssl::test::add_extra_chain_cert ... ok
[INFO] [stdout] test rsa::test::test_pem_pkcs1_padding ... ok
[INFO] [stdout] test ssl::test::active_session ... ok
[INFO] [stdout] test ssl::test::clear_ctx_options ... ok
[INFO] [stdout] test ssl::test::cert_store ... ok
[INFO] [stdout] test ssl::test::client_ca_list ... ok
[INFO] [stdout] test rsa::test::generate_with_e ... ok
[INFO] [stdout] test ssl::test::cert_compression ... ok
[INFO] [stdout] test rsa::test::test_pem_pkcs1_encrypt ... ok
[INFO] [stdout] test ssl::test::connector_client_server_mozilla_intermediate_v5 ... ok
[INFO] [stdout] test ssl::test::connector_client_server_mozilla_intermediate ... ok
[INFO] [stdout] test ssl::test::connector_client_server_mozilla_modern ... ok
[INFO] [stdout] test ssl::test::connector_no_hostname_can_disable_verify ... ok
[INFO] [stdout] test ssl::test::connector_invalid_hostname ... ok
[INFO] [stdout] test ssl::test::connector_invalid_no_hostname_verification ... ok
[INFO] [stdout] test ssl::test::flush_panic - should panic ... ok
[INFO] [stdout] test ssl::test::get_ctx_options ... ok
[INFO] [stdout] test dsa::test::clone ... ok
[INFO] [stdout] test rsa::test::clone ... ok
[INFO] [stdout] test ssl::test::idle_session ... ok
[INFO] [stdout] test ssl::test::keying_export ... ok
[INFO] [stdout] test ssl::test::peer_certificate ... ok
[INFO] [stdout] test ssl::test::no_version_overlap ... ok
[INFO] [stdout] test ssl::test::pending ... ok
[INFO] [stdout] test ssl::test::read_panic - should panic ... ok
[INFO] [stdout] test ssl::test::new_session_callback ... ok
[INFO] [stdout] test ssl::test::refcount_ssl_context ... ok
[INFO] [stdout] test ssl::test::psk_ciphers ... ok
[INFO] [stdout] test ssl::test::session_cache_size ... ok
[INFO] [stdout] test ssl::test::set_ctx_options ... ok
[INFO] [stdout] test ssl::test::connector_no_hostname_still_verifies ... ok
[INFO] [stdout] test ssl::test::default_verify_paths ... ok
[INFO] [stdout] test ssl::test::new_session_callback_swapped_ctx ... ok
[INFO] [stdout] test ssl::test::ssl_verify_callback ... ok
[INFO] [stdout] test ssl::test::test_alpn_server_advertise_multiple ... ok
[INFO] [stdout] test ssl::test::shutdown ... ok
[INFO] [stdout] test ssl::test::test_alpn_server_select_none_fatal ... ok
[INFO] [stdout] test ssl::test::test_alpn_server_select_none ... ok
[INFO] [stdout] test ssl::test::test_alpn_server_unilateral ... ok
[INFO] [stdout] test ssl::test::test_select_cert_error ... ok
[INFO] [stdout] test ssl::test::test_connect_with_srtp_ctx ... ok
[INFO] [stdout] test ssl::test::test_connect_with_srtp_ssl ... ok
[INFO] [stdout] test ssl::test::sni_callback_swapped_ctx ... ok
[INFO] [stdout] test ssl::test::connector_valid_hostname ... ok
[INFO] [stdout] test ssl::test::state ... ok
[INFO] [stdout] test ssl::test::test_select_cert_unknown_extension ... ok
[INFO] [stdout] test ssl::test::verify_callback_load_certs ... ok
[INFO] [stdout] test ssl::test::verify_callback ... ok
[INFO] [stdout] test rsa::test::test_to_password ... ok
[INFO] [stdout] test ssl::test::test_select_cert_ok ... ok
[INFO] [stdout] test ssl::test::test_select_cert_alpn_extension ... ok
[INFO] [stdout] test ssl::test::verify_trusted_callback_override_bad ... ok
[INFO] [stdout] test ssl::test::verify_invalid_hostname ... ok
[INFO] [stdout] test ssl::test::verify_trusted ... ok
[INFO] [stdout] test ssl::test::verify_trusted_callback_override_ok ... ok
[INFO] [stdout] test ssl::test::verify_trusted_with_set_cert ... ok
[INFO] [stdout] test ssl::test::verify_trusted_get_error_err ... ok
[INFO] [stdout] test ssl::test::verify_trusted_get_error_ok ... ok
[INFO] [stdout] test symm::tests::test_aes128_gcm ... ok
[INFO] [stdout] test symm::tests::test_aes128_ctr ... ok
[INFO] [stdout] test ssl::test::write_panic - should panic ... ok
[INFO] [stdout] test ssl::test::verify_untrusted_callback_override_bad ... ok
[INFO] [stdout] test symm::tests::test_aes128_ofb ... ok
[INFO] [stdout] test symm::tests::test_aes256_ofb ... ok
[INFO] [stdout] test ssl::test::verify_untrusted ... ok
[INFO] [stdout] test symm::tests::test_aes192_ofb ... ok
[INFO] [stdout] test ssl::test::verify_untrusted_callback_override_ok ... ok
[INFO] [stdout] test symm::tests::test_aes_256_cbc_decrypt ... ok
[INFO] [stdout] test symm::tests::test_des_cbc ... ok
[INFO] [stdout] test symm::tests::test_aes_256_ecb ... ok
[INFO] [stdout] test symm::tests::test_des_ede3_cbc ... ok
[INFO] [stdout] test symm::tests::test_des_ecb ... ok
[INFO] [stdout] test ssl::test::zero_length_buffers ... ok
[INFO] [stdout] test symm::tests::test_stream_cipher_output ... ok
[INFO] [stdout] test ssl::test::verify_valid_hostname ... ok
[INFO] [stdout] test symm::tests::test_aes192_ctr ... ok
[INFO] [stdout] test symm::tests::test_rc4 ... ok
[INFO] [stdout] test version::test_versions ... ok
[INFO] [stdout] test symm::tests::test_des_ede3 ... ok
[INFO] [stdout] test x509::tests::clone_x509 ... ok
[INFO] [stdout] test x509::tests::issued ... ok
[INFO] [stdout] test x509::tests::signature ... ok
[INFO] [stdout] test x509::tests::test_cert_loading ... ok
[INFO] [stdout] test x509::tests::test_debug ... ok
[INFO] [stdout] test x509::tests::test_nameref_iterator ... ok
[INFO] [stdout] test x509::tests::test_nid_uid_value ... ok
[INFO] [stdout] test x509::tests::test_nid_values ... ok
[INFO] [stdout] test x509::tests::test_stack_from_pem ... ok
[INFO] [stdout] test x509::tests::test_subject_read_cn ... ok
[INFO] [stdout] test x509::tests::test_verify_cert ... ok
[INFO] [stdout] test x509::tests::test_cert_issue_validity ... ok
[INFO] [stdout] test x509::tests::test_subject_alt_name ... ok
[INFO] [stdout] test x509::tests::test_save_der ... ok
[INFO] [stdout] test x509::tests::test_subject_alt_name_iter ... ok
[INFO] [stdout] test x509::tests::test_verify_fails ... ok
[INFO] [stdout] test x509::tests::x509_builder ... ok
[INFO] [stdout] test x509::tests::x509_req_builder ... ok
[INFO] [stdout] 
[INFO] [stdout] test result: ok. 193 passed; 0 failed; 0 ignored; 0 measured; 0 filtered out; finished in 2.10s
[INFO] [stdout] 
[INFO] [stderr]    Doc-tests boring-imp
[INFO] [stdout] 
[INFO] [stdout] running 37 tests
[INFO] [stdout] test src/bn.rs - bn::BigNumRef::generate_prime (line 433) ... FAILED
[INFO] [stdout] test src/bn.rs - bn::BigNumRef::to_dec_str (line 887) ... FAILED
[INFO] [stdout] test src/bn.rs - bn::BigNumRef::rand (line 374) ... FAILED
[INFO] [stdout] test src/aes.rs - aes (line 24) ... FAILED
[INFO] [stdout] test src/asn1.rs - asn1 (line 23) ... FAILED
[INFO] [stdout] test src/bn.rs - bn (line 11) ... FAILED
[INFO] [stdout] test src/bn.rs - bn::BigNum (line 97) ... FAILED
[INFO] [stdout] test src/bn.rs - bn::BigNum::from_slice (line 981) ... FAILED
[INFO] [stdout] test src/dsa.rs - dsa::Dsa (line 38) ... FAILED
[INFO] [stdout] test src/bn.rs - bn::BigNumRef::to_vec (line 837) ... FAILED
[INFO] [stdout] test src/hash.rs - hash::Hasher (line 114) ... FAILED
[INFO] [stdout] test src/bn.rs - bn::BigNumRef::to_hex_str (line 902) ... FAILED
[INFO] [stdout] test src/bn.rs - bn::BigNumRef::to_vec_padded (line 862) ... FAILED
[INFO] [stdout] test src/hash.rs - hash::Hasher (line 103) ... FAILED
[INFO] [stdout] test src/bn.rs - bn::BigNumRef::ucmp (line 333) ... FAILED
[INFO] [stdout] test src/error.rs - error (line 8) ... FAILED
[INFO] [stdout] test src/memcmp.rs - memcmp (line 18) ... FAILED
[INFO] [stdout] test src/memcmp.rs - memcmp::eq (line 50) ... FAILED
[INFO] [stdout] test src/pkey.rs - pkey (line 31) ... FAILED
[INFO] [stdout] test src/rsa.rs - rsa (line 18) ... FAILED
[INFO] [stdout] test src/ec.rs - ec::EcKey<Public>::from_public_key (line 683) - compile ... FAILED
[INFO] [stdout] test src/rand.rs - rand (line 7) ... FAILED
[INFO] [stdout] test src/rand.rs - rand::rand_bytes (line 27) ... FAILED
[INFO] [stdout] test src/nid.rs - nid::Nid (line 35) ... FAILED
[INFO] [stdout] test src/sign.rs - sign (line 12) ... FAILED
[INFO] [stdout] test src/sha.rs - sha (line 36) ... FAILED
[INFO] [stdout] test src/ssl/mod.rs - ssl (line 10) - compile ... FAILED
[INFO] [stdout] test src/symm.rs - symm (line 7) ... FAILED
[INFO] [stdout] test src/ssl/mod.rs - ssl (line 28) - compile ... FAILED
[INFO] [stdout] test src/sha.rs - sha (line 16) ... FAILED
[INFO] [stdout] test src/symm.rs - symm (line 28) ... FAILED
[INFO] [stdout] test src/symm.rs - symm::decrypt (line 593) ... FAILED
[INFO] [stdout] test src/symm.rs - symm::encrypt (line 554) ... FAILED
[INFO] [stdout] test src/symm.rs - symm::Crypter (line 230) ... FAILED
[INFO] [stdout] test src/x509/extension.rs - x509::extension (line 10) ... FAILED
[INFO] [stdout] test src/x509/store.rs - x509::store (line 8) ... FAILED
[INFO] [stdout] test src/x509/mod.rs - x509::X509Builder::set_subject_name (line 278) ... FAILED
[INFO] [stdout] 
[INFO] [stdout] failures:
[INFO] [stdout] 
[INFO] [stdout] ---- src/bn.rs - bn::BigNumRef::generate_prime (line 433) stdout ----
[INFO] [stdout] error[E0433]: failed to resolve: use of undeclared crate or module `boring`
[INFO] [stdout]  --> src/bn.rs:434:5
[INFO] [stdout]   |
[INFO] [stdout] 3 | use boring::bn::BigNum;
[INFO] [stdout]   |     ^^^^^^ use of undeclared crate or module `boring`
[INFO] [stdout] 
[INFO] [stdout] error[E0433]: failed to resolve: use of undeclared crate or module `boring`
[INFO] [stdout]  --> src/bn.rs:435:5
[INFO] [stdout]   |
[INFO] [stdout] 4 | use boring::error::ErrorStack;
[INFO] [stdout]   |     ^^^^^^ use of undeclared crate or module `boring`
[INFO] [stdout] 
[INFO] [stdout] error: aborting due to 2 previous errors
[INFO] [stdout] 
[INFO] [stdout] For more information about this error, try `rustc --explain E0433`.
[INFO] [stdout] Couldn't compile the test.
[INFO] [stdout] ---- src/bn.rs - bn::BigNumRef::to_dec_str (line 887) stdout ----
[INFO] [stdout] error[E0433]: failed to resolve: use of undeclared crate or module `boring`
[INFO] [stdout]  --> src/bn.rs:888:5
[INFO] [stdout]   |
[INFO] [stdout] 3 | use boring::bn::BigNum;
[INFO] [stdout]   |     ^^^^^^ use of undeclared crate or module `boring`
[INFO] [stdout] 
[INFO] [stdout] error: aborting due to 1 previous error
[INFO] [stdout] 
[INFO] [stdout] For more information about this error, try `rustc --explain E0433`.
[INFO] [stdout] Couldn't compile the test.
[INFO] [stdout] ---- src/bn.rs - bn::BigNumRef::rand (line 374) stdout ----
[INFO] [stdout] error[E0433]: failed to resolve: use of undeclared crate or module `boring`
[INFO] [stdout]  --> src/bn.rs:375:5
[INFO] [stdout]   |
[INFO] [stdout] 3 | use boring::bn::{BigNum, MsbOption};
[INFO] [stdout]   |     ^^^^^^ use of undeclared crate or module `boring`
[INFO] [stdout] 
[INFO] [stdout] error[E0433]: failed to resolve: use of undeclared crate or module `boring`
[INFO] [stdout]  --> src/bn.rs:376:5
[INFO] [stdout]   |
[INFO] [stdout] 4 | use boring::error::ErrorStack;
[INFO] [stdout]   |     ^^^^^^ use of undeclared crate or module `boring`
[INFO] [stdout] 
[INFO] [stdout] error: aborting due to 2 previous errors
[INFO] [stdout] 
[INFO] [stdout] For more information about this error, try `rustc --explain E0433`.
[INFO] [stdout] Couldn't compile the test.
[INFO] [stdout] ---- src/aes.rs - aes (line 24) stdout ----
[INFO] [stdout] error[E0433]: failed to resolve: use of undeclared crate or module `boring`
[INFO] [stdout]  --> src/aes.rs:25:5
[INFO] [stdout]   |
[INFO] [stdout] 3 | use boring::aes::{AesKey, unwrap_key, wrap_key};
[INFO] [stdout]   |     ^^^^^^ use of undeclared crate or module `boring`
[INFO] [stdout] 
[INFO] [stdout] error: aborting due to 1 previous error
[INFO] [stdout] 
[INFO] [stdout] For more information about this error, try `rustc --explain E0433`.
[INFO] [stdout] Couldn't compile the test.
[INFO] [stdout] ---- src/asn1.rs - asn1 (line 23) stdout ----
[INFO] [stdout] error[E0433]: failed to resolve: use of undeclared crate or module `boring`
[INFO] [stdout]  --> src/asn1.rs:24:5
[INFO] [stdout]   |
[INFO] [stdout] 3 | use boring::asn1::Asn1Time;
[INFO] [stdout]   |     ^^^^^^ use of undeclared crate or module `boring`
[INFO] [stdout] 
[INFO] [stdout] error: aborting due to 1 previous error
[INFO] [stdout] 
[INFO] [stdout] For more information about this error, try `rustc --explain E0433`.
[INFO] [stdout] Couldn't compile the test.
[INFO] [stdout] ---- src/bn.rs - bn (line 11) stdout ----
[INFO] [stdout] error[E0433]: failed to resolve: use of undeclared crate or module `boring`
[INFO] [stdout]  --> src/bn.rs:12:5
[INFO] [stdout]   |
[INFO] [stdout] 2 | use boring::bn::BigNum;
[INFO] [stdout]   |     ^^^^^^ use of undeclared crate or module `boring`
[INFO] [stdout] 
[INFO] [stdout] error[E0433]: failed to resolve: use of undeclared crate or module `boring`
[INFO] [stdout]  --> src/bn.rs:13:5
[INFO] [stdout]   |
[INFO] [stdout] 3 | use boring::error::ErrorStack;
[INFO] [stdout]   |     ^^^^^^ use of undeclared crate or module `boring`
[INFO] [stdout] 
[INFO] [stdout] error: aborting due to 2 previous errors
[INFO] [stdout] 
[INFO] [stdout] For more information about this error, try `rustc --explain E0433`.
[INFO] [stdout] Couldn't compile the test.
[INFO] [stdout] ---- src/bn.rs - bn::BigNum (line 97) stdout ----
[INFO] [stdout] error[E0433]: failed to resolve: use of undeclared crate or module `boring`
[INFO] [stdout]  --> src/bn.rs:98:5
[INFO] [stdout]   |
[INFO] [stdout] 2 | use boring::bn::BigNum;
[INFO] [stdout]   |     ^^^^^^ use of undeclared crate or module `boring`
[INFO] [stdout] 
[INFO] [stdout] error[E0433]: failed to resolve: use of undeclared crate or module `boring`
[INFO] [stdout]  --> src/bn.rs:99:5
[INFO] [stdout]   |
[INFO] [stdout] 3 | use boring::error::ErrorStack;
[INFO] [stdout]   |     ^^^^^^ use of undeclared crate or module `boring`
[INFO] [stdout] 
[INFO] [stdout] error: aborting due to 2 previous errors
[INFO] [stdout] 
[INFO] [stdout] For more information about this error, try `rustc --explain E0433`.
[INFO] [stdout] Couldn't compile the test.
[INFO] [stdout] ---- src/bn.rs - bn::BigNum::from_slice (line 981) stdout ----
[INFO] [stdout] error[E0433]: failed to resolve: use of undeclared crate or module `boring`
[INFO] [stdout]  --> src/bn.rs:982:5
[INFO] [stdout]   |
[INFO] [stdout] 3 | use boring::bn::BigNum;
[INFO] [stdout]   |     ^^^^^^ use of undeclared crate or module `boring`
[INFO] [stdout] 
[INFO] [stdout] error: aborting due to 1 previous error
[INFO] [stdout] 
[INFO] [stdout] For more information about this error, try `rustc --explain E0433`.
[INFO] [stdout] Couldn't compile the test.
[INFO] [stdout] ---- src/dsa.rs - dsa::Dsa (line 38) stdout ----
[INFO] [stdout] error[E0433]: failed to resolve: use of undeclared crate or module `boring`
[INFO] [stdout]  --> src/dsa.rs:39:5
[INFO] [stdout]   |
[INFO] [stdout] 2 | use boring::dsa::Dsa;
[INFO] [stdout]   |     ^^^^^^ use of undeclared crate or module `boring`
[INFO] [stdout] 
[INFO] [stdout] error[E0433]: failed to resolve: use of undeclared crate or module `boring`
[INFO] [stdout]  --> src/dsa.rs:40:5
[INFO] [stdout]   |
[INFO] [stdout] 3 | use boring::error::ErrorStack;
[INFO] [stdout]   |     ^^^^^^ use of undeclared crate or module `boring`
[INFO] [stdout] 
[INFO] [stdout] error[E0433]: failed to resolve: use of undeclared crate or module `boring`
[INFO] [stdout]  --> src/dsa.rs:41:5
[INFO] [stdout]   |
[INFO] [stdout] 4 | use boring::pkey::Private;
[INFO] [stdout]   |     ^^^^^^ use of undeclared crate or module `boring`
[INFO] [stdout] 
[INFO] [stdout] error: aborting due to 3 previous errors
[INFO] [stdout] 
[INFO] [stdout] For more information about this error, try `rustc --explain E0433`.
[INFO] [stdout] Couldn't compile the test.
[INFO] [stdout] ---- src/bn.rs - bn::BigNumRef::to_vec (line 837) stdout ----
[INFO] [stdout] error[E0433]: failed to resolve: use of undeclared crate or module `boring`
[INFO] [stdout]  --> src/bn.rs:838:5
[INFO] [stdout]   |
[INFO] [stdout] 3 | use boring::bn::BigNum;
[INFO] [stdout]   |     ^^^^^^ use of undeclared crate or module `boring`
[INFO] [stdout] 
[INFO] [stdout] error: aborting due to 1 previous error
[INFO] [stdout] 
[INFO] [stdout] For more information about this error, try `rustc --explain E0433`.
[INFO] [stdout] Couldn't compile the test.
[INFO] [stdout] ---- src/hash.rs - hash::Hasher (line 114) stdout ----
[INFO] [stdout] error[E0433]: failed to resolve: use of undeclared crate or module `boring`
[INFO] [stdout]  --> src/hash.rs:115:5
[INFO] [stdout]   |
[INFO] [stdout] 3 | use boring::hash::{Hasher, MessageDigest};
[INFO] [stdout]   |     ^^^^^^ use of undeclared crate or module `boring`
[INFO] [stdout] 
[INFO] [stdout] error: aborting due to 1 previous error
[INFO] [stdout] 
[INFO] [stdout] For more information about this error, try `rustc --explain E0433`.
[INFO] [stdout] Couldn't compile the test.
[INFO] [stdout] ---- src/bn.rs - bn::BigNumRef::to_hex_str (line 902) stdout ----
[INFO] [stdout] error[E0433]: failed to resolve: use of undeclared crate or module `boring`
[INFO] [stdout]  --> src/bn.rs:903:5
[INFO] [stdout]   |
[INFO] [stdout] 3 | use boring::bn::BigNum;
[INFO] [stdout]   |     ^^^^^^ use of undeclared crate or module `boring`
[INFO] [stdout] 
[INFO] [stdout] error: aborting due to 1 previous error
[INFO] [stdout] 
[INFO] [stdout] For more information about this error, try `rustc --explain E0433`.
[INFO] [stdout] Couldn't compile the test.
[INFO] [stdout] ---- src/bn.rs - bn::BigNumRef::to_vec_padded (line 862) stdout ----
[INFO] [stdout] error[E0433]: failed to resolve: use of undeclared crate or module `boring`
[INFO] [stdout]  --> src/bn.rs:863:5
[INFO] [stdout]   |
[INFO] [stdout] 3 | use boring::bn::BigNum;
[INFO] [stdout]   |     ^^^^^^ use of undeclared crate or module `boring`
[INFO] [stdout] 
[INFO] [stdout] error: aborting due to 1 previous error
[INFO] [stdout] 
[INFO] [stdout] For more information about this error, try `rustc --explain E0433`.
[INFO] [stdout] Couldn't compile the test.
[INFO] [stdout] ---- src/hash.rs - hash::Hasher (line 103) stdout ----
[INFO] [stdout] error[E0433]: failed to resolve: use of undeclared crate or module `boring`
[INFO] [stdout]  --> src/hash.rs:104:5
[INFO] [stdout]   |
[INFO] [stdout] 3 | use boring::hash::{hash, MessageDigest};
[INFO] [stdout]   |     ^^^^^^ use of undeclared crate or module `boring`
[INFO] [stdout] 
[INFO] [stdout] error: aborting due to 1 previous error
[INFO] [stdout] 
[INFO] [stdout] For more information about this error, try `rustc --explain E0433`.
[INFO] [stdout] Couldn't compile the test.
[INFO] [stdout] ---- src/bn.rs - bn::BigNumRef::ucmp (line 333) stdout ----
[INFO] [stdout] error[E0433]: failed to resolve: use of undeclared crate or module `boring`
[INFO] [stdout]  --> src/bn.rs:334:5
[INFO] [stdout]   |
[INFO] [stdout] 3 | use boring::bn::BigNum;
[INFO] [stdout]   |     ^^^^^^ use of undeclared crate or module `boring`
[INFO] [stdout] 
[INFO] [stdout] error: aborting due to 1 previous error
[INFO] [stdout] 
[INFO] [stdout] For more information about this error, try `rustc --explain E0433`.
[INFO] [stdout] Couldn't compile the test.
[INFO] [stdout] ---- src/error.rs - error (line 8) stdout ----
[INFO] [stdout] error[E0433]: failed to resolve: use of undeclared crate or module `boring`
[INFO] [stdout]  --> src/error.rs:9:5
[INFO] [stdout]   |
[INFO] [stdout] 3 | use boring::error::ErrorStack;
[INFO] [stdout]   |     ^^^^^^ use of undeclared crate or module `boring`
[INFO] [stdout] 
[INFO] [stdout] error[E0433]: failed to resolve: use of undeclared crate or module `boring`
[INFO] [stdout]  --> src/error.rs:10:5
[INFO] [stdout]   |
[INFO] [stdout] 4 | use boring::bn::BigNum;
[INFO] [stdout]   |     ^^^^^^ use of undeclared crate or module `boring`
[INFO] [stdout] 
[INFO] [stdout] error: aborting due to 2 previous errors
[INFO] [stdout] 
[INFO] [stdout] For more information about this error, try `rustc --explain E0433`.
[INFO] [stdout] Couldn't compile the test.
[INFO] [stdout] ---- src/memcmp.rs - memcmp (line 18) stdout ----
[INFO] [stdout] error[E0433]: failed to resolve: use of undeclared crate or module `boring`
[INFO] [stdout]  --> src/memcmp.rs:19:5
[INFO] [stdout]   |
[INFO] [stdout] 3 | use boring::memcmp::eq;
[INFO] [stdout]   |     ^^^^^^ use of undeclared crate or module `boring`
[INFO] [stdout] 
[INFO] [stdout] error: aborting due to 1 previous error
[INFO] [stdout] 
[INFO] [stdout] For more information about this error, try `rustc --explain E0433`.
[INFO] [stdout] Couldn't compile the test.
[INFO] [stdout] ---- src/memcmp.rs - memcmp::eq (line 50) stdout ----
[INFO] [stdout] error[E0433]: failed to resolve: use of undeclared crate or module `boring`
[INFO] [stdout]  --> src/memcmp.rs:51:5
[INFO] [stdout]   |
[INFO] [stdout] 3 | use boring::memcmp::eq;
[INFO] [stdout]   |     ^^^^^^ use of undeclared crate or module `boring`
[INFO] [stdout] 
[INFO] [stdout] error: aborting due to 1 previous error
[INFO] [stdout] 
[INFO] [stdout] For more information about this error, try `rustc --explain E0433`.
[INFO] [stdout] Couldn't compile the test.
[INFO] [stdout] ---- src/pkey.rs - pkey (line 31) stdout ----
[INFO] [stdout] error[E0433]: failed to resolve: use of undeclared crate or module `boring`
[INFO] [stdout]  --> src/pkey.rs:32:5
[INFO] [stdout]   |
[INFO] [stdout] 3 | use boring::rsa::Rsa;
[INFO] [stdout]   |     ^^^^^^ use of undeclared crate or module `boring`
[INFO] [stdout] 
[INFO] [stdout] error[E0433]: failed to resolve: use of undeclared crate or module `boring`
[INFO] [stdout]  --> src/pkey.rs:33:5
[INFO] [stdout]   |
[INFO] [stdout] 4 | use boring::pkey::PKey;
[INFO] [stdout]   |     ^^^^^^ use of undeclared crate or module `boring`
[INFO] [stdout] 
[INFO] [stdout] error: aborting due to 2 previous errors
[INFO] [stdout] 
[INFO] [stdout] For more information about this error, try `rustc --explain E0433`.
[INFO] [stdout] Couldn't compile the test.
[INFO] [stdout] ---- src/rsa.rs - rsa (line 18) stdout ----
[INFO] [stdout] error[E0433]: failed to resolve: use of undeclared crate or module `boring`
[INFO] [stdout]  --> src/rsa.rs:19:5
[INFO] [stdout]   |
[INFO] [stdout] 3 | use boring::rsa::{Rsa, Padding};
[INFO] [stdout]   |     ^^^^^^ use of undeclared crate or module `boring`
[INFO] [stdout] 
[INFO] [stdout] error: aborting due to 1 previous error
[INFO] [stdout] 
[INFO] [stdout] For more information about this error, try `rustc --explain E0433`.
[INFO] [stdout] Couldn't compile the test.
[INFO] [stdout] ---- src/ec.rs - ec::EcKey<Public>::from_public_key (line 683) stdout ----
[INFO] [stdout] error[E0433]: failed to resolve: use of undeclared crate or module `boring`
[INFO] [stdout]  --> src/ec.rs:685:5
[INFO] [stdout]   |
[INFO] [stdout] 4 | use boring::ec::*;
[INFO] [stdout]   |     ^^^^^^ use of undeclared crate or module `boring`
[INFO] [stdout] 
[INFO] [stdout] error[E0433]: failed to resolve: use of undeclared crate or module `boring`
[INFO] [stdout]  --> src/ec.rs:684:5
[INFO] [stdout]   |
[INFO] [stdout] 3 | use boring::bn::BigNumContext;
[INFO] [stdout]   |     ^^^^^^ use of undeclared crate or module `boring`
[INFO] [stdout] 
[INFO] [stdout] error[E0433]: failed to resolve: use of undeclared crate or module `boring`
[INFO] [stdout]  --> src/ec.rs:686:5
[INFO] [stdout]   |
[INFO] [stdout] 5 | use boring::nid::Nid;
[INFO] [stdout]   |     ^^^^^^ use of undeclared crate or module `boring`
[INFO] [stdout] 
[INFO] [stdout] error[E0433]: failed to resolve: use of undeclared crate or module `boring`
[INFO] [stdout]  --> src/ec.rs:687:5
[INFO] [stdout]   |
[INFO] [stdout] 6 | use boring::pkey::PKey;
[INFO] [stdout]   |     ^^^^^^ use of undeclared crate or module `boring`
[INFO] [stdout] 
[INFO] [stdout] error[E0432]: unresolved imports `boring::bn::BigNumContext`, `boring::nid::Nid`, `boring::pkey::PKey`
[INFO] [stdout]  --> src/ec.rs:684:5
[INFO] [stdout]   |
[INFO] [stdout] 3 | use boring::bn::BigNumContext;
[INFO] [stdout]   |     ^^^^^^^^^^^^^^^^^^^^^^^^^
[INFO] [stdout] 4 | use boring::ec::*;
[INFO] [stdout] 5 | use boring::nid::Nid;
[INFO] [stdout]   |     ^^^^^^^^^^^^^^^^
[INFO] [stdout] 6 | use boring::pkey::PKey;
[INFO] [stdout]   |     ^^^^^^^^^^^^^^^^^^
[INFO] [stdout] 
[INFO] [stdout] error[E0433]: failed to resolve: use of undeclared type `EcGroup`
[INFO] [stdout]   --> src/ec.rs:693:13
[INFO] [stdout]    |
[INFO] [stdout] 12 | let group = EcGroup::from_curve_name(Nid::SECP256K1).unwrap();
[INFO] [stdout]    |             ^^^^^^^ use of undeclared type `EcGroup`
[INFO] [stdout]    |
[INFO] [stdout] help: consider importing this struct
[INFO] [stdout]    |
[INFO] [stdout] 2  + use boring_imp::ec::EcGroup;
[INFO] [stdout]    |
[INFO] [stdout] 
[INFO] [stdout] error[E0433]: failed to resolve: use of undeclared type `EcPoint`
[INFO] [stdout]   --> src/ec.rs:695:13
[INFO] [stdout]    |
[INFO] [stdout] 14 | let point = EcPoint::from_bytes(&group, &public_key, &mut ctx).unwrap();
[INFO] [stdout]    |             ^^^^^^^ use of undeclared type `EcPoint`
[INFO] [stdout]    |
[INFO] [stdout] help: consider importing this struct
[INFO] [stdout]    |
[INFO] [stdout] 2  + use boring_imp::ec::EcPoint;
[INFO] [stdout]    |
[INFO] [stdout] 
[INFO] [stdout] error[E0433]: failed to resolve: use of undeclared type `EcKey`
[INFO] [stdout]   --> src/ec.rs:696:11
[INFO] [stdout]    |
[INFO] [stdout] 15 | let key = EcKey::from_public_key(&group, &point);
[INFO] [stdout]    |           ^^^^^ use of undeclared type `EcKey`
[INFO] [stdout]    |
[INFO] [stdout] help: consider importing this struct
[INFO] [stdout]    |
[INFO] [stdout] 2  + use boring_imp::ec::EcKey;
[INFO] [stdout]    |
[INFO] [stdout] 
[INFO] [stdout] error: aborting due to 8 previous errors
[INFO] [stdout] 
[INFO] [stdout] Some errors have detailed explanations: E0432, E0433.
[INFO] [stdout] For more information about an error, try `rustc --explain E0432`.
[INFO] [stdout] Couldn't compile the test.
[INFO] [stdout] ---- src/rand.rs - rand (line 7) stdout ----
[INFO] [stdout] error[E0433]: failed to resolve: use of undeclared crate or module `boring`
[INFO] [stdout]  --> src/rand.rs:8:5
[INFO] [stdout]   |
[INFO] [stdout] 3 | use boring::rand::rand_bytes;
[INFO] [stdout]   |     ^^^^^^ use of undeclared crate or module `boring`
[INFO] [stdout] 
[INFO] [stdout] error: aborting due to 1 previous error
[INFO] [stdout] 
[INFO] [stdout] For more information about this error, try `rustc --explain E0433`.
[INFO] [stdout] Couldn't compile the test.
[INFO] [stdout] ---- src/rand.rs - rand::rand_bytes (line 27) stdout ----
[INFO] [stdout] error[E0433]: failed to resolve: use of undeclared crate or module `boring`
[INFO] [stdout]  --> src/rand.rs:28:5
[INFO] [stdout]   |
[INFO] [stdout] 3 | use boring::rand::rand_bytes;
[INFO] [stdout]   |     ^^^^^^ use of undeclared crate or module `boring`
[INFO] [stdout] 
[INFO] [stdout] error: aborting due to 1 previous error
[INFO] [stdout] 
[INFO] [stdout] For more information about this error, try `rustc --explain E0433`.
[INFO] [stdout] Couldn't compile the test.
[INFO] [stdout] ---- src/nid.rs - nid::Nid (line 35) stdout ----
[INFO] [stdout] error[E0433]: failed to resolve: use of undeclared crate or module `boring`
[INFO] [stdout]  --> src/nid.rs:36:5
[INFO] [stdout]   |
[INFO] [stdout] 3 | use boring::nid::Nid;
[INFO] [stdout]   |     ^^^^^^ use of undeclared crate or module `boring`
[INFO] [stdout] 
[INFO] [stdout] error: aborting due to 1 previous error
[INFO] [stdout] 
[INFO] [stdout] For more information about this error, try `rustc --explain E0433`.
[INFO] [stdout] Couldn't compile the test.
[INFO] [stdout] ---- src/sign.rs - sign (line 12) stdout ----
[INFO] [stdout] error[E0433]: failed to resolve: use of undeclared crate or module `boring`
[INFO] [stdout]  --> src/sign.rs:13:5
[INFO] [stdout]   |
[INFO] [stdout] 3 | use boring::sign::{Signer, Verifier};
[INFO] [stdout]   |     ^^^^^^ use of undeclared crate or module `boring`
[INFO] [stdout] 
[INFO] [stdout] error[E0433]: failed to resolve: use of undeclared crate or module `boring`
[INFO] [stdout]  --> src/sign.rs:14:5
[INFO] [stdout]   |
[INFO] [stdout] 4 | use boring::rsa::Rsa;
[INFO] [stdout]   |     ^^^^^^ use of undeclared crate or module `boring`
[INFO] [stdout] 
[INFO] [stdout] error[E0433]: failed to resolve: use of undeclared crate or module `boring`
[INFO] [stdout]  --> src/sign.rs:15:5
[INFO] [stdout]   |
[INFO] [stdout] 5 | use boring::pkey::PKey;
[INFO] [stdout]   |     ^^^^^^ use of undeclared crate or module `boring`
[INFO] [stdout] 
[INFO] [stdout] error[E0433]: failed to resolve: use of undeclared crate or module `boring`
[INFO] [stdout]  --> src/sign.rs:16:5
[INFO] [stdout]   |
[INFO] [stdout] 6 | use boring::hash::MessageDigest;
[INFO] [stdout]   |     ^^^^^^ use of undeclared crate or module `boring`
[INFO] [stdout] 
[INFO] [stdout] error: aborting due to 4 previous errors
[INFO] [stdout] 
[INFO] [stdout] For more information about this error, try `rustc --explain E0433`.
[INFO] [stdout] Couldn't compile the test.
[INFO] [stdout] ---- src/sha.rs - sha (line 36) stdout ----
[INFO] [stdout] error[E0433]: failed to resolve: use of undeclared crate or module `boring`
[INFO] [stdout]  --> src/sha.rs:39:5
[INFO] [stdout]   |
[INFO] [stdout] 4 | use boring::sha::sha256;
[INFO] [stdout]   |     ^^^^^^ use of undeclared crate or module `boring`
[INFO] [stdout] 
[INFO] [stdout] error: aborting due to 1 previous error
[INFO] [stdout] 
[INFO] [stdout] For more information about this error, try `rustc --explain E0433`.
[INFO] [stdout] Couldn't compile the test.
[INFO] [stdout] ---- src/ssl/mod.rs - ssl (line 10) stdout ----
[INFO] [stdout] error[E0433]: failed to resolve: use of undeclared crate or module `boring`
[INFO] [stdout]  --> src/ssl/mod.rs:11:5
[INFO] [stdout]   |
[INFO] [stdout] 3 | use boring::ssl::{SslMethod, SslConnector};
[INFO] [stdout]   |     ^^^^^^ use of undeclared crate or module `boring`
[INFO] [stdout] 
[INFO] [stdout] error: aborting due to 1 previous error
[INFO] [stdout] 
[INFO] [stdout] For more information about this error, try `rustc --explain E0433`.
[INFO] [stdout] Couldn't compile the test.
[INFO] [stdout] ---- src/symm.rs - symm (line 7) stdout ----
[INFO] [stdout] error[E0433]: failed to resolve: use of undeclared crate or module `boring`
[INFO] [stdout]  --> src/symm.rs:8:5
[INFO] [stdout]   |
[INFO] [stdout] 3 | use boring::symm::{encrypt, Cipher};
[INFO] [stdout]   |     ^^^^^^ use of undeclared crate or module `boring`
[INFO] [stdout] 
[INFO] [stdout] error: aborting due to 1 previous error
[INFO] [stdout] 
[INFO] [stdout] For more information about this error, try `rustc --explain E0433`.
[INFO] [stdout] Couldn't compile the test.
[INFO] [stdout] ---- src/ssl/mod.rs - ssl (line 28) stdout ----
[INFO] [stdout] error[E0433]: failed to resolve: use of undeclared crate or module `boring`
[INFO] [stdout]  --> src/ssl/mod.rs:29:5
[INFO] [stdout]   |
[INFO] [stdout] 3 | use boring::ssl::{SslMethod, SslAcceptor, SslStream, SslFiletype};
[INFO] [stdout]   |     ^^^^^^ use of undeclared crate or module `boring`
[INFO] [stdout] 
[INFO] [stdout] error: aborting due to 1 previous error
[INFO] [stdout] 
[INFO] [stdout] For more information about this error, try `rustc --explain E0433`.
[INFO] [stdout] Couldn't compile the test.
[INFO] [stdout] ---- src/sha.rs - sha (line 16) stdout ----
[INFO] [stdout] error[E0432]: unresolved import `boring`
[INFO] [stdout]  --> src/sha.rs:19:5
[INFO] [stdout]   |
[INFO] [stdout] 4 | use boring::sha;
[INFO] [stdout]   |     ^^^^^^ use of undeclared crate or module `boring`
[INFO] [stdout] 
[INFO] [stdout] error: aborting due to 1 previous error
[INFO] [stdout] 
[INFO] [stdout] For more information about this error, try `rustc --explain E0432`.
[INFO] [stdout] Couldn't compile the test.
[INFO] [stdout] ---- src/symm.rs - symm (line 28) stdout ----
[INFO] [stdout] error[E0433]: failed to resolve: use of undeclared crate or module `boring`
[INFO] [stdout]  --> src/symm.rs:29:5
[INFO] [stdout]   |
[INFO] [stdout] 3 | use boring::rsa::{Padding, Rsa};
[INFO] [stdout]   |     ^^^^^^ use of undeclared crate or module `boring`
[INFO] [stdout] 
[INFO] [stdout] error[E0433]: failed to resolve: use of undeclared crate or module `boring`
[INFO] [stdout]  --> src/symm.rs:30:5
[INFO] [stdout]   |
[INFO] [stdout] 4 | use boring::symm::Cipher;
[INFO] [stdout]   |     ^^^^^^ use of undeclared crate or module `boring`
[INFO] [stdout] 
[INFO] [stdout] error: aborting due to 2 previous errors
[INFO] [stdout] 
[INFO] [stdout] For more information about this error, try `rustc --explain E0433`.
[INFO] [stdout] Couldn't compile the test.
[INFO] [stdout] ---- src/symm.rs - symm::decrypt (line 593) stdout ----
[INFO] [stdout] error[E0433]: failed to resolve: use of undeclared crate or module `boring`
[INFO] [stdout]  --> src/symm.rs:594:5
[INFO] [stdout]   |
[INFO] [stdout] 3 | use boring::symm::{decrypt, Cipher};
[INFO] [stdout]   |     ^^^^^^ use of undeclared crate or module `boring`
[INFO] [stdout] 
[INFO] [stdout] error: aborting due to 1 previous error
[INFO] [stdout] 
[INFO] [stdout] For more information about this error, try `rustc --explain E0433`.
[INFO] [stdout] Couldn't compile the test.
[INFO] [stdout] ---- src/symm.rs - symm::encrypt (line 554) stdout ----
[INFO] [stdout] error[E0433]: failed to resolve: use of undeclared crate or module `boring`
[INFO] [stdout]  --> src/symm.rs:555:5
[INFO] [stdout]   |
[INFO] [stdout] 3 | use boring::symm::{encrypt, Cipher};
[INFO] [stdout]   |     ^^^^^^ use of undeclared crate or module `boring`
[INFO] [stdout] 
[INFO] [stdout] error: aborting due to 1 previous error
[INFO] [stdout] 
[INFO] [stdout] For more information about this error, try `rustc --explain E0433`.
[INFO] [stdout] Couldn't compile the test.
[INFO] [stdout] ---- src/symm.rs - symm::Crypter (line 230) stdout ----
[INFO] [stdout] error[E0433]: failed to resolve: use of undeclared crate or module `boring`
[INFO] [stdout]  --> src/symm.rs:231:5
[INFO] [stdout]   |
[INFO] [stdout] 3 | use boring::symm::{Cipher, Mode, Crypter};
[INFO] [stdout]   |     ^^^^^^ use of undeclared crate or module `boring`
[INFO] [stdout] 
[INFO] [stdout] error: aborting due to 1 previous error
[INFO] [stdout] 
[INFO] [stdout] For more information about this error, try `rustc --explain E0433`.
[INFO] [stdout] Couldn't compile the test.
[INFO] [stdout] ---- src/x509/extension.rs - x509::extension (line 10) stdout ----
[INFO] [stdout] error[E0433]: failed to resolve: use of undeclared crate or module `boring`
[INFO] [stdout]  --> src/x509/extension.rs:11:5
[INFO] [stdout]   |
[INFO] [stdout] 3 | use boring::x509::extension::BasicConstraints;
[INFO] [stdout]   |     ^^^^^^ use of undeclared crate or module `boring`
[INFO] [stdout] 
[INFO] [stdout] error[E0433]: failed to resolve: use of undeclared crate or module `boring`
[INFO] [stdout]  --> src/x509/extension.rs:12:5
[INFO] [stdout]   |
[INFO] [stdout] 4 | use boring::x509::X509Extension;
[INFO] [stdout]   |     ^^^^^^ use of undeclared crate or module `boring`
[INFO] [stdout] 
[INFO] [stdout] error: aborting due to 2 previous errors
[INFO] [stdout] 
[INFO] [stdout] For more information about this error, try `rustc --explain E0433`.
[INFO] [stdout] Couldn't compile the test.
[INFO] [stdout] ---- src/x509/store.rs - x509::store (line 8) stdout ----
[INFO] [stdout] error[E0433]: failed to resolve: use of undeclared crate or module `boring`
[INFO] [stdout]  --> src/x509/store.rs:9:5
[INFO] [stdout]   |
[INFO] [stdout] 3 | use boring::x509::store::{X509StoreBuilder, X509Store};
[INFO] [stdout]   |     ^^^^^^ use of undeclared crate or module `boring`
[INFO] [stdout] 
[INFO] [stdout] error[E0433]: failed to resolve: use of undeclared crate or module `boring`
[INFO] [stdout]  --> src/x509/store.rs:10:5
[INFO] [stdout]   |
[INFO] [stdout] 4 | use boring::x509::{X509, X509Name};
[INFO] [stdout]   |     ^^^^^^ use of undeclared crate or module `boring`
[INFO] [stdout] 
[INFO] [stdout] error[E0433]: failed to resolve: use of undeclared crate or module `boring`
[INFO] [stdout]  --> src/x509/store.rs:11:5
[INFO] [stdout]   |
[INFO] [stdout] 5 | use boring::pkey::PKey;
[INFO] [stdout]   |     ^^^^^^ use of undeclared crate or module `boring`
[INFO] [stdout] 
[INFO] [stdout] error[E0433]: failed to resolve: use of undeclared crate or module `boring`
[INFO] [stdout]  --> src/x509/store.rs:12:5
[INFO] [stdout]   |
[INFO] [stdout] 6 | use boring::hash::MessageDigest;
[INFO] [stdout]   |     ^^^^^^ use of undeclared crate or module `boring`
[INFO] [stdout] 
[INFO] [stdout] error[E0433]: failed to resolve: use of undeclared crate or module `boring`
[INFO] [stdout]  --> src/x509/store.rs:13:5
[INFO] [stdout]   |
[INFO] [stdout] 7 | use boring::rsa::Rsa;
[INFO] [stdout]   |     ^^^^^^ use of undeclared crate or module `boring`
[INFO] [stdout] 
[INFO] [stdout] error[E0433]: failed to resolve: use of undeclared crate or module `boring`
[INFO] [stdout]  --> src/x509/store.rs:14:5
[INFO] [stdout]   |
[INFO] [stdout] 8 | use boring::nid::Nid;
[INFO] [stdout]   |     ^^^^^^ use of undeclared crate or module `boring`
[INFO] [stdout] 
[INFO] [stdout] error: aborting due to 6 previous errors
[INFO] [stdout] 
[INFO] [stdout] For more information about this error, try `rustc --explain E0433`.
[INFO] [stdout] Couldn't compile the test.
[INFO] [stdout] ---- src/x509/mod.rs - x509::X509Builder::set_subject_name (line 278) stdout ----
[INFO] [stdout] error[E0433]: failed to resolve: use of undeclared crate or module `boring`
[INFO] [stdout]  --> src/x509/mod.rs:279:5
[INFO] [stdout]   |
[INFO] [stdout] 3 | use boring::x509::{X509, X509NameBuilder};
[INFO] [stdout]   |     ^^^^^^ use of undeclared crate or module `boring`
[INFO] [stdout] 
[INFO] [stdout] error[E0433]: failed to resolve: use of undeclared crate or module `boring`
[INFO] [stdout]  --> src/x509/mod.rs:281:21
[INFO] [stdout]   |
[INFO] [stdout] 5 | let mut x509_name = boring::x509::X509NameBuilder::new().unwrap();
[INFO] [stdout]   |                     ^^^^^^ use of undeclared crate or module `boring`
[INFO] [stdout]   |
[INFO] [stdout] help: consider importing this struct
[INFO] [stdout]   |
[INFO] [stdout] 2 + use boring_imp::x509::X509NameBuilder;
[INFO] [stdout]   |
[INFO] [stdout] help: if you import `X509NameBuilder`, refer to it directly
[INFO] [stdout]   |
[INFO] [stdout] 5 - let mut x509_name = boring::x509::X509NameBuilder::new().unwrap();
[INFO] [stdout] 5 + let mut x509_name = X509NameBuilder::new().unwrap();
[INFO] [stdout]   |
[INFO] [stdout] 
[INFO] [stdout] error[E0433]: failed to resolve: use of undeclared crate or module `boring`
[INFO] [stdout]   --> src/x509/mod.rs:288:16
[INFO] [stdout]    |
[INFO] [stdout] 12 | let mut x509 = boring::x509::X509::builder().unwrap();
[INFO] [stdout]    |                ^^^^^^ use of undeclared crate or module `boring`
[INFO] [stdout]    |
[INFO] [stdout] help: consider importing one of these items
[INFO] [stdout]    |
[INFO] [stdout] 2  + use boring_imp::x509::X509;
[INFO] [stdout]    |
[INFO] [stdout] 2  + use boring_sys_imp::X509;
[INFO] [stdout]    |
[INFO] [stdout] help: if you import `X509`, refer to it directly
[INFO] [stdout]    |
[INFO] [stdout] 12 - let mut x509 = boring::x509::X509::builder().unwrap();
[INFO] [stdout] 12 + let mut x509 = X509::builder().unwrap();
[INFO] [stdout]    |
[INFO] [stdout] 
[INFO] [stdout] error: aborting due to 3 previous errors
[INFO] [stdout] 
[INFO] [stdout] For more information about this error, try `rustc --explain E0433`.
[INFO] [stdout] Couldn't compile the test.
[INFO] [stdout] 
[INFO] [stdout] failures:
[INFO] [stdout]     src/aes.rs - aes (line 24)
[INFO] [stdout]     src/asn1.rs - asn1 (line 23)
[INFO] [stdout]     src/bn.rs - bn (line 11)
[INFO] [stdout]     src/bn.rs - bn::BigNum (line 97)
[INFO] [stdout]     src/bn.rs - bn::BigNum::from_slice (line 981)
[INFO] [stdout]     src/bn.rs - bn::BigNumRef::generate_prime (line 433)
[INFO] [stdout]     src/bn.rs - bn::BigNumRef::rand (line 374)
[INFO] [stdout]     src/bn.rs - bn::BigNumRef::to_dec_str (line 887)
[INFO] [stdout]     src/bn.rs - bn::BigNumRef::to_hex_str (line 902)
[INFO] [stdout]     src/bn.rs - bn::BigNumRef::to_vec (line 837)
[INFO] [stdout]     src/bn.rs - bn::BigNumRef::to_vec_padded (line 862)
[INFO] [stdout]     src/bn.rs - bn::BigNumRef::ucmp (line 333)
[INFO] [stdout]     src/dsa.rs - dsa::Dsa (line 38)
[INFO] [stdout]     src/ec.rs - ec::EcKey<Public>::from_public_key (line 683)
[INFO] [stdout]     src/error.rs - error (line 8)
[INFO] [stdout]     src/hash.rs - hash::Hasher (line 103)
[INFO] [stdout]     src/hash.rs - hash::Hasher (line 114)
[INFO] [stdout]     src/memcmp.rs - memcmp (line 18)
[INFO] [stdout]     src/memcmp.rs - memcmp::eq (line 50)
[INFO] [stdout]     src/nid.rs - nid::Nid (line 35)
[INFO] [stdout]     src/pkey.rs - pkey (line 31)
[INFO] [stdout]     src/rand.rs - rand (line 7)
[INFO] [stdout]     src/rand.rs - rand::rand_bytes (line 27)
[INFO] [stdout]     src/rsa.rs - rsa (line 18)
[INFO] [stdout]     src/sha.rs - sha (line 16)
[INFO] [stdout]     src/sha.rs - sha (line 36)
[INFO] [stdout]     src/sign.rs - sign (line 12)
[INFO] [stdout]     src/ssl/mod.rs - ssl (line 10)
[INFO] [stdout]     src/ssl/mod.rs - ssl (line 28)
[INFO] [stdout]     src/symm.rs - symm (line 28)
[INFO] [stdout]     src/symm.rs - symm (line 7)
[INFO] [stdout]     src/symm.rs - symm::Crypter (line 230)
[INFO] [stdout]     src/symm.rs - symm::decrypt (line 593)
[INFO] [stdout]     src/symm.rs - symm::encrypt (line 554)
[INFO] [stdout]     src/x509/extension.rs - x509::extension (line 10)
[INFO] [stdout]     src/x509/mod.rs - x509::X509Builder::set_subject_name (line 278)
[INFO] [stdout]     src/x509/store.rs - x509::store (line 8)
[INFO] [stdout] 
[INFO] [stdout] test result: FAILED. 0 passed; 37 failed; 0 ignored; 0 measured; 0 filtered out; finished in 0.57s
[INFO] [stdout] 
[INFO] [stderr] error: doctest failed, to rerun pass `--doc`
[INFO] running `Command { std: "docker" "inspect" "0591fbd9fb424bc262ef7f8428e2685a6645d9696969734d894907b9a2ca802d", kill_on_drop: false }`
[INFO] running `Command { std: "docker" "rm" "-f" "0591fbd9fb424bc262ef7f8428e2685a6645d9696969734d894907b9a2ca802d", kill_on_drop: false }`
[INFO] [stdout] 0591fbd9fb424bc262ef7f8428e2685a6645d9696969734d894907b9a2ca802d
