[INFO] fetching crate bonnie 0.3.2...
[INFO] testing bonnie-0.3.2 against 1.75.0 for beta-1.76-1
[INFO] extracting crate bonnie 0.3.2 into /workspace/builds/worker-0-tc1/source
[INFO] validating manifest of crates.io crate bonnie 0.3.2 on toolchain 1.75.0
[INFO] running `Command { std: CARGO_HOME="/workspace/cargo-home" RUSTUP_HOME="/workspace/rustup-home" "/workspace/cargo-home/bin/cargo" "+1.75.0" "metadata" "--manifest-path" "Cargo.toml" "--no-deps", kill_on_drop: false }`
[INFO] started tweaking crates.io crate bonnie 0.3.2
[INFO] finished tweaking crates.io crate bonnie 0.3.2
[INFO] tweaked toml for crates.io crate bonnie 0.3.2 written to /workspace/builds/worker-0-tc1/source/Cargo.toml
[INFO] crate crates.io crate bonnie 0.3.2 already has a lockfile, it will not be regenerated
[INFO] running `Command { std: CARGO_HOME="/workspace/cargo-home" RUSTUP_HOME="/workspace/rustup-home" "/workspace/cargo-home/bin/cargo" "+1.75.0" "fetch" "--manifest-path" "Cargo.toml", kill_on_drop: false }`
[INFO] [stderr]  Downloading crates ...
[INFO] [stderr]   Downloaded home v0.5.3
[INFO] [stderr]   Downloaded serde_derive v1.0.125
[INFO] [stderr]   Downloaded syn v1.0.69
[INFO] [stderr]   Downloaded serde_json v1.0.64
[INFO] running `Command { std: "docker" "create" "-v" "/var/lib/crater-agent-workspace/builds/worker-0-tc1/target:/opt/rustwide/target:rw,Z" "-v" "/var/lib/crater-agent-workspace/builds/worker-0-tc1/source:/opt/rustwide/workdir:ro,Z" "-v" "/var/lib/crater-agent-workspace/cargo-home:/opt/rustwide/cargo-home:ro,Z" "-v" "/var/lib/crater-agent-workspace/rustup-home:/opt/rustwide/rustup-home:ro,Z" "-e" "SOURCE_DIR=/opt/rustwide/workdir" "-e" "CARGO_TARGET_DIR=/opt/rustwide/target" "-e" "CARGO_HOME=/opt/rustwide/cargo-home" "-e" "RUSTUP_HOME=/opt/rustwide/rustup-home" "-w" "/opt/rustwide/workdir" "-m" "1610612736" "--user" "0:0" "--network" "none" "ghcr.io/rust-lang/crates-build-env/linux@sha256:2788e3201cd34a07e3172128adcd8b3090168a8e3bcc40d7c032b9dda1df7d1c" "/opt/rustwide/cargo-home/bin/cargo" "+1.75.0" "metadata" "--no-deps" "--format-version=1", kill_on_drop: false }`
[INFO] [stdout] a230549d4cda4390b911d52b810edcf1f6bfd0331b5f7dfc729376176b405077
[INFO] running `Command { std: "docker" "start" "-a" "a230549d4cda4390b911d52b810edcf1f6bfd0331b5f7dfc729376176b405077", kill_on_drop: false }`
[INFO] running `Command { std: "docker" "inspect" "a230549d4cda4390b911d52b810edcf1f6bfd0331b5f7dfc729376176b405077", kill_on_drop: false }`
[INFO] running `Command { std: "docker" "rm" "-f" "a230549d4cda4390b911d52b810edcf1f6bfd0331b5f7dfc729376176b405077", kill_on_drop: false }`
[INFO] [stdout] a230549d4cda4390b911d52b810edcf1f6bfd0331b5f7dfc729376176b405077
[INFO] running `Command { std: "docker" "create" "-v" "/var/lib/crater-agent-workspace/builds/worker-0-tc1/target:/opt/rustwide/target:rw,Z" "-v" "/var/lib/crater-agent-workspace/builds/worker-0-tc1/source:/opt/rustwide/workdir:ro,Z" "-v" "/var/lib/crater-agent-workspace/cargo-home:/opt/rustwide/cargo-home:ro,Z" "-v" "/var/lib/crater-agent-workspace/rustup-home:/opt/rustwide/rustup-home:ro,Z" "-e" "SOURCE_DIR=/opt/rustwide/workdir" "-e" "CARGO_TARGET_DIR=/opt/rustwide/target" "-e" "CARGO_INCREMENTAL=0" "-e" "RUST_BACKTRACE=full" "-e" "RUSTFLAGS=--cap-lints=warn" "-e" "RUSTDOCFLAGS=--cap-lints=warn" "-e" "CARGO_HOME=/opt/rustwide/cargo-home" "-e" "RUSTUP_HOME=/opt/rustwide/rustup-home" "-w" "/opt/rustwide/workdir" "-m" "1610612736" "--user" "0:0" "--network" "none" "ghcr.io/rust-lang/crates-build-env/linux@sha256:2788e3201cd34a07e3172128adcd8b3090168a8e3bcc40d7c032b9dda1df7d1c" "/opt/rustwide/cargo-home/bin/cargo" "+1.75.0" "build" "--frozen" "--message-format=json", kill_on_drop: false }`
[INFO] [stdout] 026459dc4849ffe7b5dd8ccf71f4e9434693ca62225b09988765b049ab81fb31
[INFO] running `Command { std: "docker" "start" "-a" "026459dc4849ffe7b5dd8ccf71f4e9434693ca62225b09988765b049ab81fb31", kill_on_drop: false }`
[INFO] [stderr]    Compiling proc-macro2 v1.0.26
[INFO] [stderr]    Compiling unicode-xid v0.2.1
[INFO] [stderr]    Compiling syn v1.0.69
[INFO] [stderr]    Compiling serde_derive v1.0.125
[INFO] [stderr]    Compiling serde v1.0.125
[INFO] [stderr]    Compiling memchr v2.4.0
[INFO] [stderr]    Compiling ryu v1.0.5
[INFO] [stderr]    Compiling serde_json v1.0.64
[INFO] [stderr]    Compiling itoa v0.4.7
[INFO] [stderr]    Compiling regex-syntax v0.6.25
[INFO] [stderr]    Compiling dotenv v0.15.0
[INFO] [stderr]    Compiling home v0.5.3
[INFO] [stderr]    Compiling quote v1.0.9
[INFO] [stderr]    Compiling aho-corasick v0.7.18
[INFO] [stderr]    Compiling regex v1.5.4
[INFO] [stderr]    Compiling toml v0.5.8
[INFO] [stderr]    Compiling bonnie v0.3.2 (/opt/rustwide/workdir)
[INFO] [stderr]     Finished dev [unoptimized + debuginfo] target(s) in 11.75s
[INFO] running `Command { std: "docker" "inspect" "026459dc4849ffe7b5dd8ccf71f4e9434693ca62225b09988765b049ab81fb31", kill_on_drop: false }`
[INFO] running `Command { std: "docker" "rm" "-f" "026459dc4849ffe7b5dd8ccf71f4e9434693ca62225b09988765b049ab81fb31", kill_on_drop: false }`
[INFO] [stdout] 026459dc4849ffe7b5dd8ccf71f4e9434693ca62225b09988765b049ab81fb31
[INFO] running `Command { std: "docker" "create" "-v" "/var/lib/crater-agent-workspace/builds/worker-0-tc1/target:/opt/rustwide/target:rw,Z" "-v" "/var/lib/crater-agent-workspace/builds/worker-0-tc1/source:/opt/rustwide/workdir:ro,Z" "-v" "/var/lib/crater-agent-workspace/cargo-home:/opt/rustwide/cargo-home:ro,Z" "-v" "/var/lib/crater-agent-workspace/rustup-home:/opt/rustwide/rustup-home:ro,Z" "-e" "SOURCE_DIR=/opt/rustwide/workdir" "-e" "CARGO_TARGET_DIR=/opt/rustwide/target" "-e" "CARGO_INCREMENTAL=0" "-e" "RUST_BACKTRACE=full" "-e" "RUSTFLAGS=--cap-lints=warn" "-e" "RUSTDOCFLAGS=--cap-lints=warn" "-e" "CARGO_HOME=/opt/rustwide/cargo-home" "-e" "RUSTUP_HOME=/opt/rustwide/rustup-home" "-w" "/opt/rustwide/workdir" "-m" "1610612736" "--user" "0:0" "--network" "none" "ghcr.io/rust-lang/crates-build-env/linux@sha256:2788e3201cd34a07e3172128adcd8b3090168a8e3bcc40d7c032b9dda1df7d1c" "/opt/rustwide/cargo-home/bin/cargo" "+1.75.0" "test" "--frozen" "--no-run" "--message-format=json", kill_on_drop: false }`
[INFO] [stdout] 307dd7ec75f00ae519464ff258d0c8b885c7e06b8256317e89828e6a2dc167e9
[INFO] running `Command { std: "docker" "start" "-a" "307dd7ec75f00ae519464ff258d0c8b885c7e06b8256317e89828e6a2dc167e9", kill_on_drop: false }`
[INFO] [stderr]    Compiling bonnie v0.3.2 (/opt/rustwide/workdir)
[INFO] [stdout] warning: trailing semicolon in macro used in expression position
[INFO] [stdout]    --> tests/known_cases.rs:47:10
[INFO] [stdout]     |
[INFO] [stdout] 47  |           };
[INFO] [stdout]     |            ^
[INFO] [stdout] ...
[INFO] [stdout] 111 |       let output = expect_exit_code!(
[INFO] [stdout]     |  __________________-
[INFO] [stdout] 112 | |         0,
[INFO] [stdout] 113 | |         r#"
[INFO] [stdout] 114 | |         [scripts]
[INFO] [stdout] ...   |
[INFO] [stdout] 118 | |         ["basic"]
[INFO] [stdout] 119 | |     );
[INFO] [stdout]     | |_____- in this macro invocation
[INFO] [stdout]     |
[INFO] [stdout]     = warning: this was previously accepted by the compiler but is being phased out; it will become a hard error in a future release!
[INFO] [stdout]     = note: for more information, see issue #79813 <https://github.com/rust-lang/rust/issues/79813>
[INFO] [stdout]     = note: `#[warn(semicolon_in_expressions_from_macros)]` on by default
[INFO] [stdout]     = note: this warning originates in the macro `expect_exit_code` (in Nightly builds, run with -Z macro-backtrace for more info)
[INFO] [stdout] 
[INFO] [stdout] 
[INFO] [stdout] warning: trailing semicolon in macro used in expression position
[INFO] [stdout]    --> tests/known_cases.rs:47:10
[INFO] [stdout]     |
[INFO] [stdout] 47  |           };
[INFO] [stdout]     |            ^
[INFO] [stdout] ...
[INFO] [stdout] 126 |       let output = expect_exit_code!(
[INFO] [stdout]     |  __________________-
[INFO] [stdout] 127 | |         0,
[INFO] [stdout] 128 | |         r#"
[INFO] [stdout] 129 | |         [scripts]
[INFO] [stdout] ...   |
[INFO] [stdout] 134 | |         ["basic"]
[INFO] [stdout] 135 | |     );
[INFO] [stdout]     | |_____- in this macro invocation
[INFO] [stdout]     |
[INFO] [stdout]     = warning: this was previously accepted by the compiler but is being phased out; it will become a hard error in a future release!
[INFO] [stdout]     = note: for more information, see issue #79813 <https://github.com/rust-lang/rust/issues/79813>
[INFO] [stdout]     = note: this warning originates in the macro `expect_exit_code` (in Nightly builds, run with -Z macro-backtrace for more info)
[INFO] [stdout] 
[INFO] [stdout] 
[INFO] [stdout] warning: trailing semicolon in macro used in expression position
[INFO] [stdout]    --> tests/known_cases.rs:47:10
[INFO] [stdout]     |
[INFO] [stdout] 47  |           };
[INFO] [stdout]     |            ^
[INFO] [stdout] ...
[INFO] [stdout] 144 |       let output = expect_exit_code!(
[INFO] [stdout]     |  __________________-
[INFO] [stdout] 145 | |         0,
[INFO] [stdout] 146 | |         r#"
[INFO] [stdout] 147 | |         [scripts]
[INFO] [stdout] ...   |
[INFO] [stdout] 152 | |         ["basic", "Name"]
[INFO] [stdout] 153 | |     );
[INFO] [stdout]     | |_____- in this macro invocation
[INFO] [stdout]     |
[INFO] [stdout]     = warning: this was previously accepted by the compiler but is being phased out; it will become a hard error in a future release!
[INFO] [stdout]     = note: for more information, see issue #79813 <https://github.com/rust-lang/rust/issues/79813>
[INFO] [stdout]     = note: this warning originates in the macro `expect_exit_code` (in Nightly builds, run with -Z macro-backtrace for more info)
[INFO] [stdout] 
[INFO] [stdout] 
[INFO] [stdout] warning: trailing semicolon in macro used in expression position
[INFO] [stdout]    --> tests/known_cases.rs:47:10
[INFO] [stdout]     |
[INFO] [stdout] 47  |           };
[INFO] [stdout]     |            ^
[INFO] [stdout] ...
[INFO] [stdout] 172 |       let output = expect_exit_code!(
[INFO] [stdout]     |  __________________-
[INFO] [stdout] 173 | |         0,
[INFO] [stdout] 174 | |         r#"
[INFO] [stdout] 175 | |         [scripts]
[INFO] [stdout] ...   |
[INFO] [stdout] 179 | |         ["basic"]
[INFO] [stdout] 180 | |     );
[INFO] [stdout]     | |_____- in this macro invocation
[INFO] [stdout]     |
[INFO] [stdout]     = warning: this was previously accepted by the compiler but is being phased out; it will become a hard error in a future release!
[INFO] [stdout]     = note: for more information, see issue #79813 <https://github.com/rust-lang/rust/issues/79813>
[INFO] [stdout]     = note: this warning originates in the macro `expect_exit_code` (in Nightly builds, run with -Z macro-backtrace for more info)
[INFO] [stdout] 
[INFO] [stdout] 
[INFO] [stdout] warning: trailing semicolon in macro used in expression position
[INFO] [stdout]    --> tests/known_cases.rs:47:10
[INFO] [stdout]     |
[INFO] [stdout] 47  |           };
[INFO] [stdout]     |            ^
[INFO] [stdout] ...
[INFO] [stdout] 187 |       let output = expect_exit_code!(
[INFO] [stdout]     |  __________________-
[INFO] [stdout] 188 | |         0,
[INFO] [stdout] 189 | |         r#"
[INFO] [stdout] 190 | |         [scripts]
[INFO] [stdout] ...   |
[INFO] [stdout] 194 | |         ["basic", "Test"]
[INFO] [stdout] 195 | |     );
[INFO] [stdout]     | |_____- in this macro invocation
[INFO] [stdout]     |
[INFO] [stdout]     = warning: this was previously accepted by the compiler but is being phased out; it will become a hard error in a future release!
[INFO] [stdout]     = note: for more information, see issue #79813 <https://github.com/rust-lang/rust/issues/79813>
[INFO] [stdout]     = note: this warning originates in the macro `expect_exit_code` (in Nightly builds, run with -Z macro-backtrace for more info)
[INFO] [stdout] 
[INFO] [stdout] 
[INFO] [stdout] warning: trailing semicolon in macro used in expression position
[INFO] [stdout]    --> tests/known_cases.rs:47:10
[INFO] [stdout]     |
[INFO] [stdout] 47  |           };
[INFO] [stdout]     |            ^
[INFO] [stdout] ...
[INFO] [stdout] 201 |       let output = expect_exit_code!(
[INFO] [stdout]     |  __________________-
[INFO] [stdout] 202 | |         0,
[INFO] [stdout] 203 | |         r#"
[INFO] [stdout] 204 | |         [scripts]
[INFO] [stdout] ...   |
[INFO] [stdout] 208 | |         ["basic", "foo", "bar"]
[INFO] [stdout] 209 | |     );
[INFO] [stdout]     | |_____- in this macro invocation
[INFO] [stdout]     |
[INFO] [stdout]     = warning: this was previously accepted by the compiler but is being phased out; it will become a hard error in a future release!
[INFO] [stdout]     = note: for more information, see issue #79813 <https://github.com/rust-lang/rust/issues/79813>
[INFO] [stdout]     = note: this warning originates in the macro `expect_exit_code` (in Nightly builds, run with -Z macro-backtrace for more info)
[INFO] [stdout] 
[INFO] [stdout] 
[INFO] [stdout] warning: trailing semicolon in macro used in expression position
[INFO] [stdout]    --> tests/known_cases.rs:47:10
[INFO] [stdout]     |
[INFO] [stdout] 47  |           };
[INFO] [stdout]     |            ^
[INFO] [stdout] ...
[INFO] [stdout] 215 |       let output = expect_exit_code!(
[INFO] [stdout]     |  __________________-
[INFO] [stdout] 216 | |         0,
[INFO] [stdout] 217 | |         r#"
[INFO] [stdout] 218 | |         [scripts]
[INFO] [stdout] ...   |
[INFO] [stdout] 222 | |         ["basic", "foo", "bar"]
[INFO] [stdout] 223 | |     );
[INFO] [stdout]     | |_____- in this macro invocation
[INFO] [stdout]     |
[INFO] [stdout]     = warning: this was previously accepted by the compiler but is being phased out; it will become a hard error in a future release!
[INFO] [stdout]     = note: for more information, see issue #79813 <https://github.com/rust-lang/rust/issues/79813>
[INFO] [stdout]     = note: this warning originates in the macro `expect_exit_code` (in Nightly builds, run with -Z macro-backtrace for more info)
[INFO] [stdout] 
[INFO] [stdout] 
[INFO] [stdout] warning: trailing semicolon in macro used in expression position
[INFO] [stdout]    --> tests/known_cases.rs:47:10
[INFO] [stdout]     |
[INFO] [stdout] 47  |           };
[INFO] [stdout]     |            ^
[INFO] [stdout] ...
[INFO] [stdout] 229 |       let output = expect_exit_code!(
[INFO] [stdout]     |  __________________-
[INFO] [stdout] 230 | |         0,
[INFO] [stdout] 231 | |         r#"
[INFO] [stdout] 232 | |         [scripts]
[INFO] [stdout] ...   |
[INFO] [stdout] 237 | |         ["basic", "Name", "foo", "bar"]
[INFO] [stdout] 238 | |     );
[INFO] [stdout]     | |_____- in this macro invocation
[INFO] [stdout]     |
[INFO] [stdout]     = warning: this was previously accepted by the compiler but is being phased out; it will become a hard error in a future release!
[INFO] [stdout]     = note: for more information, see issue #79813 <https://github.com/rust-lang/rust/issues/79813>
[INFO] [stdout]     = note: this warning originates in the macro `expect_exit_code` (in Nightly builds, run with -Z macro-backtrace for more info)
[INFO] [stdout] 
[INFO] [stdout] 
[INFO] [stdout] warning: trailing semicolon in macro used in expression position
[INFO] [stdout]    --> tests/known_cases.rs:47:10
[INFO] [stdout]     |
[INFO] [stdout] 47  |           };
[INFO] [stdout]     |            ^
[INFO] [stdout] ...
[INFO] [stdout] 245 |       let output = expect_exit_code!(
[INFO] [stdout]     |  __________________-
[INFO] [stdout] 246 | |         0,
[INFO] [stdout] 247 | |         r#"
[INFO] [stdout] 248 | |         env_files = ["src/.env"]
[INFO] [stdout] ...   |
[INFO] [stdout] 254 | |         ["basic"]
[INFO] [stdout] 255 | |     );
[INFO] [stdout]     | |_____- in this macro invocation
[INFO] [stdout]     |
[INFO] [stdout]     = warning: this was previously accepted by the compiler but is being phased out; it will become a hard error in a future release!
[INFO] [stdout]     = note: for more information, see issue #79813 <https://github.com/rust-lang/rust/issues/79813>
[INFO] [stdout]     = note: this warning originates in the macro `expect_exit_code` (in Nightly builds, run with -Z macro-backtrace for more info)
[INFO] [stdout] 
[INFO] [stdout] 
[INFO] [stdout] warning: trailing semicolon in macro used in expression position
[INFO] [stdout]    --> tests/known_cases.rs:47:10
[INFO] [stdout]     |
[INFO] [stdout] 47  |           };
[INFO] [stdout]     |            ^
[INFO] [stdout] ...
[INFO] [stdout] 289 |       let output = expect_exit_code!(
[INFO] [stdout]     |  __________________-
[INFO] [stdout] 290 | |         0,
[INFO] [stdout] 291 | |         r#"
[INFO] [stdout] 292 | |         env_files = ["src/.env"]
[INFO] [stdout] ...   |
[INFO] [stdout] 299 | |         ["basic", "Name", "(extra stuff)"]
[INFO] [stdout] 300 | |     );
[INFO] [stdout]     | |_____- in this macro invocation
[INFO] [stdout]     |
[INFO] [stdout]     = warning: this was previously accepted by the compiler but is being phased out; it will become a hard error in a future release!
[INFO] [stdout]     = note: for more information, see issue #79813 <https://github.com/rust-lang/rust/issues/79813>
[INFO] [stdout]     = note: this warning originates in the macro `expect_exit_code` (in Nightly builds, run with -Z macro-backtrace for more info)
[INFO] [stdout] 
[INFO] [stdout] 
[INFO] [stdout] warning: trailing semicolon in macro used in expression position
[INFO] [stdout]    --> tests/known_cases.rs:47:10
[INFO] [stdout]     |
[INFO] [stdout] 47  |           };
[INFO] [stdout]     |            ^
[INFO] [stdout] ...
[INFO] [stdout] 309 |       let output = expect_exit_code!(
[INFO] [stdout]     |  __________________-
[INFO] [stdout] 310 | |         1,
[INFO] [stdout] 311 | |         r#"
[INFO] [stdout] 312 | |         [scripts]
[INFO] [stdout] ...   |
[INFO] [stdout] 316 | |         ["basic"]
[INFO] [stdout] 317 | |     );
[INFO] [stdout]     | |_____- in this macro invocation
[INFO] [stdout]     |
[INFO] [stdout]     = warning: this was previously accepted by the compiler but is being phased out; it will become a hard error in a future release!
[INFO] [stdout]     = note: for more information, see issue #79813 <https://github.com/rust-lang/rust/issues/79813>
[INFO] [stdout]     = note: this warning originates in the macro `expect_exit_code` (in Nightly builds, run with -Z macro-backtrace for more info)
[INFO] [stdout] 
[INFO] [stdout] 
[INFO] [stdout] warning: trailing semicolon in macro used in expression position
[INFO] [stdout]    --> tests/known_cases.rs:47:10
[INFO] [stdout]     |
[INFO] [stdout] 47  |           };
[INFO] [stdout]     |            ^
[INFO] [stdout] ...
[INFO] [stdout] 323 |       let output = expect_exit_code!(
[INFO] [stdout]     |  __________________-
[INFO] [stdout] 324 | |         1,
[INFO] [stdout] 325 | |         r#"
[INFO] [stdout] 326 | |         env_files = ["src/.env"]
[INFO] [stdout] ...   |
[INFO] [stdout] 336 | |         ["basic", "Name", "foo", "bar"]
[INFO] [stdout] 337 | |     );
[INFO] [stdout]     | |_____- in this macro invocation
[INFO] [stdout]     |
[INFO] [stdout]     = warning: this was previously accepted by the compiler but is being phased out; it will become a hard error in a future release!
[INFO] [stdout]     = note: for more information, see issue #79813 <https://github.com/rust-lang/rust/issues/79813>
[INFO] [stdout]     = note: this warning originates in the macro `expect_exit_code` (in Nightly builds, run with -Z macro-backtrace for more info)
[INFO] [stdout] 
[INFO] [stdout] 
[INFO] [stdout] warning: trailing semicolon in macro used in expression position
[INFO] [stdout]    --> tests/known_cases.rs:47:10
[INFO] [stdout]     |
[INFO] [stdout] 47  |         };
[INFO] [stdout]     |          ^
[INFO] [stdout] ...
[INFO] [stdout] 351 |     let output1 = expect_exit_code!(0, cfg, BONNIE_VERSION, ["basic", "test"]);
[INFO] [stdout]     |                   ------------------------------------------------------------ in this macro invocation
[INFO] [stdout]     |
[INFO] [stdout]     = warning: this was previously accepted by the compiler but is being phased out; it will become a hard error in a future release!
[INFO] [stdout]     = note: for more information, see issue #79813 <https://github.com/rust-lang/rust/issues/79813>
[INFO] [stdout]     = note: this warning originates in the macro `expect_exit_code` (in Nightly builds, run with -Z macro-backtrace for more info)
[INFO] [stdout] 
[INFO] [stdout] 
[INFO] [stdout] warning: trailing semicolon in macro used in expression position
[INFO] [stdout]    --> tests/known_cases.rs:47:10
[INFO] [stdout]     |
[INFO] [stdout] 47  |         };
[INFO] [stdout]     |          ^
[INFO] [stdout] ...
[INFO] [stdout] 353 |     let output2 = expect_exit_code!(1, cfg, BONNIE_VERSION, ["basic", "other"]);
[INFO] [stdout]     |                   ------------------------------------------------------------- in this macro invocation
[INFO] [stdout]     |
[INFO] [stdout]     = warning: this was previously accepted by the compiler but is being phased out; it will become a hard error in a future release!
[INFO] [stdout]     = note: for more information, see issue #79813 <https://github.com/rust-lang/rust/issues/79813>
[INFO] [stdout]     = note: this warning originates in the macro `expect_exit_code` (in Nightly builds, run with -Z macro-backtrace for more info)
[INFO] [stdout] 
[INFO] [stdout] 
[INFO] [stdout] warning: trailing semicolon in macro used in expression position
[INFO] [stdout]    --> tests/known_cases.rs:47:10
[INFO] [stdout]     |
[INFO] [stdout] 47  |         };
[INFO] [stdout]     |          ^
[INFO] [stdout] ...
[INFO] [stdout] 370 |     let output1 = expect_exit_code!(1, cfg, BONNIE_VERSION, ["basic", "test", "Name", "foo bar"]);
[INFO] [stdout]     |                   ------------------------------------------------------------------------------- in this macro invocation
[INFO] [stdout]     |
[INFO] [stdout]     = warning: this was previously accepted by the compiler but is being phased out; it will become a hard error in a future release!
[INFO] [stdout]     = note: for more information, see issue #79813 <https://github.com/rust-lang/rust/issues/79813>
[INFO] [stdout]     = note: this warning originates in the macro `expect_exit_code` (in Nightly builds, run with -Z macro-backtrace for more info)
[INFO] [stdout] 
[INFO] [stdout] 
[INFO] [stdout] warning: trailing semicolon in macro used in expression position
[INFO] [stdout]    --> tests/known_cases.rs:47:10
[INFO] [stdout]     |
[INFO] [stdout] 47  |         };
[INFO] [stdout]     |          ^
[INFO] [stdout] ...
[INFO] [stdout] 375 |     let output2 = expect_exit_code!(1, cfg, BONNIE_VERSION, ["basic", "other"]);
[INFO] [stdout]     |                   ------------------------------------------------------------- in this macro invocation
[INFO] [stdout]     |
[INFO] [stdout]     = warning: this was previously accepted by the compiler but is being phased out; it will become a hard error in a future release!
[INFO] [stdout]     = note: for more information, see issue #79813 <https://github.com/rust-lang/rust/issues/79813>
[INFO] [stdout]     = note: this warning originates in the macro `expect_exit_code` (in Nightly builds, run with -Z macro-backtrace for more info)
[INFO] [stdout] 
[INFO] [stdout] 
[INFO] [stdout] warning: trailing semicolon in macro used in expression position
[INFO] [stdout]    --> tests/known_cases.rs:47:10
[INFO] [stdout]     |
[INFO] [stdout] 47  |         };
[INFO] [stdout]     |          ^
[INFO] [stdout] ...
[INFO] [stdout] 387 |     let root_output = expect_exit_code!(0, cfg, BONNIE_VERSION, ["basic"]);
[INFO] [stdout]     |                       ---------------------------------------------------- in this macro invocation
[INFO] [stdout]     |
[INFO] [stdout]     = warning: this was previously accepted by the compiler but is being phased out; it will become a hard error in a future release!
[INFO] [stdout]     = note: for more information, see issue #79813 <https://github.com/rust-lang/rust/issues/79813>
[INFO] [stdout]     = note: this warning originates in the macro `expect_exit_code` (in Nightly builds, run with -Z macro-backtrace for more info)
[INFO] [stdout] 
[INFO] [stdout] 
[INFO] [stdout] warning: trailing semicolon in macro used in expression position
[INFO] [stdout]    --> tests/known_cases.rs:47:10
[INFO] [stdout]     |
[INFO] [stdout] 47  |         };
[INFO] [stdout]     |          ^
[INFO] [stdout] ...
[INFO] [stdout] 389 |     let output1 = expect_exit_code!(1, cfg, BONNIE_VERSION, ["basic", "test"]);
[INFO] [stdout]     |                   ------------------------------------------------------------ in this macro invocation
[INFO] [stdout]     |
[INFO] [stdout]     = warning: this was previously accepted by the compiler but is being phased out; it will become a hard error in a future release!
[INFO] [stdout]     = note: for more information, see issue #79813 <https://github.com/rust-lang/rust/issues/79813>
[INFO] [stdout]     = note: this warning originates in the macro `expect_exit_code` (in Nightly builds, run with -Z macro-backtrace for more info)
[INFO] [stdout] 
[INFO] [stdout] 
[INFO] [stdout] warning: trailing semicolon in macro used in expression position
[INFO] [stdout]    --> tests/known_cases.rs:47:10
[INFO] [stdout]     |
[INFO] [stdout] 47  |         };
[INFO] [stdout]     |          ^
[INFO] [stdout] ...
[INFO] [stdout] 391 |     let output2 = expect_exit_code!(2, cfg, BONNIE_VERSION, ["basic", "other"]);
[INFO] [stdout]     |                   ------------------------------------------------------------- in this macro invocation
[INFO] [stdout]     |
[INFO] [stdout]     = warning: this was previously accepted by the compiler but is being phased out; it will become a hard error in a future release!
[INFO] [stdout]     = note: for more information, see issue #79813 <https://github.com/rust-lang/rust/issues/79813>
[INFO] [stdout]     = note: this warning originates in the macro `expect_exit_code` (in Nightly builds, run with -Z macro-backtrace for more info)
[INFO] [stdout] 
[INFO] [stdout] 
[INFO] [stdout] warning: trailing semicolon in macro used in expression position
[INFO] [stdout]    --> tests/known_cases.rs:47:10
[INFO] [stdout]     |
[INFO] [stdout] 47  |           };
[INFO] [stdout]     |            ^
[INFO] [stdout] ...
[INFO] [stdout] 409 |       let output = expect_exit_code!(
[INFO] [stdout]     |  __________________-
[INFO] [stdout] 410 | |         0,
[INFO] [stdout] 411 | |         r#"
[INFO] [stdout] 412 | |         [scripts]
[INFO] [stdout] ...   |
[INFO] [stdout] 417 | |         ["basic"]
[INFO] [stdout] 418 | |     );
[INFO] [stdout]     | |_____- in this macro invocation
[INFO] [stdout]     |
[INFO] [stdout]     = warning: this was previously accepted by the compiler but is being phased out; it will become a hard error in a future release!
[INFO] [stdout]     = note: for more information, see issue #79813 <https://github.com/rust-lang/rust/issues/79813>
[INFO] [stdout]     = note: this warning originates in the macro `expect_exit_code` (in Nightly builds, run with -Z macro-backtrace for more info)
[INFO] [stdout] 
[INFO] [stdout] 
[INFO] [stdout] warning: trailing semicolon in macro used in expression position
[INFO] [stdout]    --> tests/known_cases.rs:47:10
[INFO] [stdout]     |
[INFO] [stdout] 47  |           };
[INFO] [stdout]     |            ^
[INFO] [stdout] ...
[INFO] [stdout] 424 |       let output = expect_exit_code!(
[INFO] [stdout]     |  __________________-
[INFO] [stdout] 425 | |         1,
[INFO] [stdout] 426 | |         r#"
[INFO] [stdout] 427 | |         env_files = ["src/.env"]
[INFO] [stdout] ...   |
[INFO] [stdout] 438 | |         ["basic", "Name", "foo", "bar"]
[INFO] [stdout] 439 | |     );
[INFO] [stdout]     | |_____- in this macro invocation
[INFO] [stdout]     |
[INFO] [stdout]     = warning: this was previously accepted by the compiler but is being phased out; it will become a hard error in a future release!
[INFO] [stdout]     = note: for more information, see issue #79813 <https://github.com/rust-lang/rust/issues/79813>
[INFO] [stdout]     = note: this warning originates in the macro `expect_exit_code` (in Nightly builds, run with -Z macro-backtrace for more info)
[INFO] [stdout] 
[INFO] [stdout] 
[INFO] [stdout] warning: trailing semicolon in macro used in expression position
[INFO] [stdout]    --> tests/known_cases.rs:47:10
[INFO] [stdout]     |
[INFO] [stdout] 47  |           };
[INFO] [stdout]     |            ^
[INFO] [stdout] ...
[INFO] [stdout] 449 |       let output = expect_exit_code!(
[INFO] [stdout]     |  __________________-
[INFO] [stdout] 450 | |         0,
[INFO] [stdout] 451 | |         r#"
[INFO] [stdout] 452 | |         [scripts]
[INFO] [stdout] ...   |
[INFO] [stdout] 457 | |         ["basic"]
[INFO] [stdout] 458 | |     );
[INFO] [stdout]     | |_____- in this macro invocation
[INFO] [stdout]     |
[INFO] [stdout]     = warning: this was previously accepted by the compiler but is being phased out; it will become a hard error in a future release!
[INFO] [stdout]     = note: for more information, see issue #79813 <https://github.com/rust-lang/rust/issues/79813>
[INFO] [stdout]     = note: this warning originates in the macro `expect_exit_code` (in Nightly builds, run with -Z macro-backtrace for more info)
[INFO] [stdout] 
[INFO] [stdout] 
[INFO] [stdout] warning: trailing semicolon in macro used in expression position
[INFO] [stdout]    --> tests/known_cases.rs:47:10
[INFO] [stdout]     |
[INFO] [stdout] 47  |           };
[INFO] [stdout]     |            ^
[INFO] [stdout] ...
[INFO] [stdout] 464 |       let output = expect_exit_code!(
[INFO] [stdout]     |  __________________-
[INFO] [stdout] 465 | |         0,
[INFO] [stdout] 466 | |         r#"
[INFO] [stdout] 467 | |         [scripts]
[INFO] [stdout] ...   |
[INFO] [stdout] 472 | |         ["basic"]
[INFO] [stdout] 473 | |     );
[INFO] [stdout]     | |_____- in this macro invocation
[INFO] [stdout]     |
[INFO] [stdout]     = warning: this was previously accepted by the compiler but is being phased out; it will become a hard error in a future release!
[INFO] [stdout]     = note: for more information, see issue #79813 <https://github.com/rust-lang/rust/issues/79813>
[INFO] [stdout]     = note: this warning originates in the macro `expect_exit_code` (in Nightly builds, run with -Z macro-backtrace for more info)
[INFO] [stdout] 
[INFO] [stdout] 
[INFO] [stdout] warning: trailing semicolon in macro used in expression position
[INFO] [stdout]    --> tests/known_cases.rs:47:10
[INFO] [stdout]     |
[INFO] [stdout] 47  |           };
[INFO] [stdout]     |            ^
[INFO] [stdout] ...
[INFO] [stdout] 479 |       let output = expect_exit_code!(
[INFO] [stdout]     |  __________________-
[INFO] [stdout] 480 | |         1,
[INFO] [stdout] 481 | |         r#"
[INFO] [stdout] 482 | |         env_files = ["src/.env"]
[INFO] [stdout] ...   |
[INFO] [stdout] 494 | |         ["basic", "Name", "foo", "bar"]
[INFO] [stdout] 495 | |     );
[INFO] [stdout]     | |_____- in this macro invocation
[INFO] [stdout]     |
[INFO] [stdout]     = warning: this was previously accepted by the compiler but is being phased out; it will become a hard error in a future release!
[INFO] [stdout]     = note: for more information, see issue #79813 <https://github.com/rust-lang/rust/issues/79813>
[INFO] [stdout]     = note: this warning originates in the macro `expect_exit_code` (in Nightly builds, run with -Z macro-backtrace for more info)
[INFO] [stdout] 
[INFO] [stdout] 
[INFO] [stdout] warning: trailing semicolon in macro used in expression position
[INFO] [stdout]    --> tests/known_cases.rs:47:10
[INFO] [stdout]     |
[INFO] [stdout] 47  |           };
[INFO] [stdout]     |            ^
[INFO] [stdout] ...
[INFO] [stdout] 517 |       let output = expect_exit_code!(
[INFO] [stdout]     |  __________________-
[INFO] [stdout] 518 | |         0,
[INFO] [stdout] 519 | |         r#"
[INFO] [stdout] 520 | |         default_shell = ["bash", "-c", "{COMMAND}"]
[INFO] [stdout] ...   |
[INFO] [stdout] 525 | |         ["basic"]
[INFO] [stdout] 526 | |     );
[INFO] [stdout]     | |_____- in this macro invocation
[INFO] [stdout]     |
[INFO] [stdout]     = warning: this was previously accepted by the compiler but is being phased out; it will become a hard error in a future release!
[INFO] [stdout]     = note: for more information, see issue #79813 <https://github.com/rust-lang/rust/issues/79813>
[INFO] [stdout]     = note: this warning originates in the macro `expect_exit_code` (in Nightly builds, run with -Z macro-backtrace for more info)
[INFO] [stdout] 
[INFO] [stdout] 
[INFO] [stdout] warning: trailing semicolon in macro used in expression position
[INFO] [stdout]    --> tests/known_cases.rs:47:10
[INFO] [stdout]     |
[INFO] [stdout] 47  |           };
[INFO] [stdout]     |            ^
[INFO] [stdout] ...
[INFO] [stdout] 532 |       let output = expect_exit_code!(
[INFO] [stdout]     |  __________________-
[INFO] [stdout] 533 | |         0,
[INFO] [stdout] 534 | |         r#"
[INFO] [stdout] 535 | |         default_shell.generic = ["bash", "-c", "{COMMAND}"]
[INFO] [stdout] ...   |
[INFO] [stdout] 540 | |         ["basic"]
[INFO] [stdout] 541 | |     );
[INFO] [stdout]     | |_____- in this macro invocation
[INFO] [stdout]     |
[INFO] [stdout]     = warning: this was previously accepted by the compiler but is being phased out; it will become a hard error in a future release!
[INFO] [stdout]     = note: for more information, see issue #79813 <https://github.com/rust-lang/rust/issues/79813>
[INFO] [stdout]     = note: this warning originates in the macro `expect_exit_code` (in Nightly builds, run with -Z macro-backtrace for more info)
[INFO] [stdout] 
[INFO] [stdout] 
[INFO] [stdout] warning: trailing semicolon in macro used in expression position
[INFO] [stdout]    --> tests/known_cases.rs:47:10
[INFO] [stdout]     |
[INFO] [stdout] 47  |           };
[INFO] [stdout]     |            ^
[INFO] [stdout] ...
[INFO] [stdout] 547 |       let output = expect_exit_code!(
[INFO] [stdout]     |  __________________-
[INFO] [stdout] 548 | |         0,
[INFO] [stdout] 549 | |         r#"
[INFO] [stdout] 550 | |         default_shell.generic = { parts = ["bash", "-c", "{COMMAND}"], delimiter = " && " }
[INFO] [stdout] ...   |
[INFO] [stdout] 555 | |         ["basic"]
[INFO] [stdout] 556 | |     );
[INFO] [stdout]     | |_____- in this macro invocation
[INFO] [stdout]     |
[INFO] [stdout]     = warning: this was previously accepted by the compiler but is being phased out; it will become a hard error in a future release!
[INFO] [stdout]     = note: for more information, see issue #79813 <https://github.com/rust-lang/rust/issues/79813>
[INFO] [stdout]     = note: this warning originates in the macro `expect_exit_code` (in Nightly builds, run with -Z macro-backtrace for more info)
[INFO] [stdout] 
[INFO] [stdout] 
[INFO] [stdout] warning: trailing semicolon in macro used in expression position
[INFO] [stdout]    --> tests/known_cases.rs:47:10
[INFO] [stdout]     |
[INFO] [stdout] 47  |           };
[INFO] [stdout]     |            ^
[INFO] [stdout] ...
[INFO] [stdout] 562 |       let output = expect_exit_code!(
[INFO] [stdout]     |  __________________-
[INFO] [stdout] 563 | |         0,
[INFO] [stdout] 564 | |         r#"
[INFO] [stdout] 565 | |         default_shell.generic = ["sh", "-c", "{COMMAND}"]
[INFO] [stdout] ...   |
[INFO] [stdout] 571 | |         ["basic"]
[INFO] [stdout] 572 | |     );
[INFO] [stdout]     | |_____- in this macro invocation
[INFO] [stdout]     |
[INFO] [stdout]     = warning: this was previously accepted by the compiler but is being phased out; it will become a hard error in a future release!
[INFO] [stdout]     = note: for more information, see issue #79813 <https://github.com/rust-lang/rust/issues/79813>
[INFO] [stdout]     = note: this warning originates in the macro `expect_exit_code` (in Nightly builds, run with -Z macro-backtrace for more info)
[INFO] [stdout] 
[INFO] [stdout] 
[INFO] [stdout] warning: trailing semicolon in macro used in expression position
[INFO] [stdout]    --> tests/known_cases.rs:47:10
[INFO] [stdout]     |
[INFO] [stdout] 47  |           };
[INFO] [stdout]     |            ^
[INFO] [stdout] ...
[INFO] [stdout] 578 |       let output = expect_exit_code!(
[INFO] [stdout]     |  __________________-
[INFO] [stdout] 579 | |         0,
[INFO] [stdout] 580 | |         r#"
[INFO] [stdout] 581 | |         [scripts]
[INFO] [stdout] ...   |
[INFO] [stdout] 587 | |         ["basic"]
[INFO] [stdout] 588 | |     );
[INFO] [stdout]     | |_____- in this macro invocation
[INFO] [stdout]     |
[INFO] [stdout]     = warning: this was previously accepted by the compiler but is being phased out; it will become a hard error in a future release!
[INFO] [stdout]     = note: for more information, see issue #79813 <https://github.com/rust-lang/rust/issues/79813>
[INFO] [stdout]     = note: this warning originates in the macro `expect_exit_code` (in Nightly builds, run with -Z macro-backtrace for more info)
[INFO] [stdout] 
[INFO] [stdout] 
[INFO] [stdout] warning: trailing semicolon in macro used in expression position
[INFO] [stdout]    --> tests/known_cases.rs:47:10
[INFO] [stdout]     |
[INFO] [stdout] 47  |           };
[INFO] [stdout]     |            ^
[INFO] [stdout] ...
[INFO] [stdout] 594 |       let output = expect_exit_code!(
[INFO] [stdout]     |  __________________-
[INFO] [stdout] 595 | |         1,
[INFO] [stdout] 596 | |         r#"
[INFO] [stdout] 597 | |         [scripts]
[INFO] [stdout] ...   |
[INFO] [stdout] 607 | |         ["basic"]
[INFO] [stdout] 608 | |     );
[INFO] [stdout]     | |_____- in this macro invocation
[INFO] [stdout]     |
[INFO] [stdout]     = warning: this was previously accepted by the compiler but is being phased out; it will become a hard error in a future release!
[INFO] [stdout]     = note: for more information, see issue #79813 <https://github.com/rust-lang/rust/issues/79813>
[INFO] [stdout]     = note: this warning originates in the macro `expect_exit_code` (in Nightly builds, run with -Z macro-backtrace for more info)
[INFO] [stdout] 
[INFO] [stdout] 
[INFO] [stdout] warning: trailing semicolon in macro used in expression position
[INFO] [stdout]    --> tests/known_cases.rs:47:10
[INFO] [stdout]     |
[INFO] [stdout] 47  |           };
[INFO] [stdout]     |            ^
[INFO] [stdout] ...
[INFO] [stdout] 677 |       let output = expect_exit_code!(
[INFO] [stdout]     |  __________________-
[INFO] [stdout] 678 | |         1,
[INFO] [stdout] 679 | |         r#"
[INFO] [stdout] 680 | |         env_files = ["src/.env"]
[INFO] [stdout] ...   |
[INFO] [stdout] 708 | |         ["basic", "Name", "foo", "bar"]
[INFO] [stdout] 709 | |     );
[INFO] [stdout]     | |_____- in this macro invocation
[INFO] [stdout]     |
[INFO] [stdout]     = warning: this was previously accepted by the compiler but is being phased out; it will become a hard error in a future release!
[INFO] [stdout]     = note: for more information, see issue #79813 <https://github.com/rust-lang/rust/issues/79813>
[INFO] [stdout]     = note: this warning originates in the macro `expect_exit_code` (in Nightly builds, run with -Z macro-backtrace for more info)
[INFO] [stdout] 
[INFO] [stdout] 
[INFO] [stdout] warning: trailing semicolon in macro used in expression position
[INFO] [stdout]    --> tests/known_cases.rs:47:10
[INFO] [stdout]     |
[INFO] [stdout] 47  |           };
[INFO] [stdout]     |            ^
[INFO] [stdout] ...
[INFO] [stdout] 724 |       let output1 = expect_exit_code!(
[INFO] [stdout]     |  ___________________-
[INFO] [stdout] 725 | |         1,
[INFO] [stdout] 726 | |         r#"
[INFO] [stdout] 727 | |         [scripts]
[INFO] [stdout] ...   |
[INFO] [stdout] 737 | |         ["basic"]
[INFO] [stdout] 738 | |     );
[INFO] [stdout]     | |_____- in this macro invocation
[INFO] [stdout]     |
[INFO] [stdout]     = warning: this was previously accepted by the compiler but is being phased out; it will become a hard error in a future release!
[INFO] [stdout]     = note: for more information, see issue #79813 <https://github.com/rust-lang/rust/issues/79813>
[INFO] [stdout]     = note: this warning originates in the macro `expect_exit_code` (in Nightly builds, run with -Z macro-backtrace for more info)
[INFO] [stdout] 
[INFO] [stdout] 
[INFO] [stdout] warning: trailing semicolon in macro used in expression position
[INFO] [stdout]    --> tests/known_cases.rs:47:10
[INFO] [stdout]     |
[INFO] [stdout] 47  |           };
[INFO] [stdout]     |            ^
[INFO] [stdout] ...
[INFO] [stdout] 743 |       let output2 = expect_exit_code!(
[INFO] [stdout]     |  ___________________-
[INFO] [stdout] 744 | |         0,
[INFO] [stdout] 745 | |         r#"
[INFO] [stdout] 746 | |         [scripts]
[INFO] [stdout] ...   |
[INFO] [stdout] 756 | |         ["basic"]
[INFO] [stdout] 757 | |     );
[INFO] [stdout]     | |_____- in this macro invocation
[INFO] [stdout]     |
[INFO] [stdout]     = warning: this was previously accepted by the compiler but is being phased out; it will become a hard error in a future release!
[INFO] [stdout]     = note: for more information, see issue #79813 <https://github.com/rust-lang/rust/issues/79813>
[INFO] [stdout]     = note: this warning originates in the macro `expect_exit_code` (in Nightly builds, run with -Z macro-backtrace for more info)
[INFO] [stdout] 
[INFO] [stdout] 
[INFO] [stdout] warning: trailing semicolon in macro used in expression position
[INFO] [stdout]    --> tests/known_cases.rs:47:10
[INFO] [stdout]     |
[INFO] [stdout] 47  |           };
[INFO] [stdout]     |            ^
[INFO] [stdout] ...
[INFO] [stdout] 766 |       let output1 = expect_exit_code!(
[INFO] [stdout]     |  ___________________-
[INFO] [stdout] 767 | |         1,
[INFO] [stdout] 768 | |         r#"
[INFO] [stdout] 769 | |         [scripts]
[INFO] [stdout] ...   |
[INFO] [stdout] 779 | |         ["basic"]
[INFO] [stdout] 780 | |     );
[INFO] [stdout]     | |_____- in this macro invocation
[INFO] [stdout]     |
[INFO] [stdout]     = warning: this was previously accepted by the compiler but is being phased out; it will become a hard error in a future release!
[INFO] [stdout]     = note: for more information, see issue #79813 <https://github.com/rust-lang/rust/issues/79813>
[INFO] [stdout]     = note: this warning originates in the macro `expect_exit_code` (in Nightly builds, run with -Z macro-backtrace for more info)
[INFO] [stdout] 
[INFO] [stdout] 
[INFO] [stdout] warning: trailing semicolon in macro used in expression position
[INFO] [stdout]    --> tests/known_cases.rs:47:10
[INFO] [stdout]     |
[INFO] [stdout] 47  |           };
[INFO] [stdout]     |            ^
[INFO] [stdout] ...
[INFO] [stdout] 785 |       let output2 = expect_exit_code!(
[INFO] [stdout]     |  ___________________-
[INFO] [stdout] 786 | |         0,
[INFO] [stdout] 787 | |         r#"
[INFO] [stdout] 788 | |         [scripts]
[INFO] [stdout] ...   |
[INFO] [stdout] 798 | |         ["basic"]
[INFO] [stdout] 799 | |     );
[INFO] [stdout]     | |_____- in this macro invocation
[INFO] [stdout]     |
[INFO] [stdout]     = warning: this was previously accepted by the compiler but is being phased out; it will become a hard error in a future release!
[INFO] [stdout]     = note: for more information, see issue #79813 <https://github.com/rust-lang/rust/issues/79813>
[INFO] [stdout]     = note: this warning originates in the macro `expect_exit_code` (in Nightly builds, run with -Z macro-backtrace for more info)
[INFO] [stdout] 
[INFO] [stdout] 
[INFO] [stdout] warning: trailing semicolon in macro used in expression position
[INFO] [stdout]    --> tests/known_cases.rs:47:10
[INFO] [stdout]     |
[INFO] [stdout] 47  |           };
[INFO] [stdout]     |            ^
[INFO] [stdout] ...
[INFO] [stdout] 808 |       let output1 = expect_exit_code!(
[INFO] [stdout]     |  ___________________-
[INFO] [stdout] 809 | |         1,
[INFO] [stdout] 810 | |         r#"
[INFO] [stdout] 811 | |         [scripts]
[INFO] [stdout] ...   |
[INFO] [stdout] 821 | |         ["basic"]
[INFO] [stdout] 822 | |     );
[INFO] [stdout]     | |_____- in this macro invocation
[INFO] [stdout]     |
[INFO] [stdout]     = warning: this was previously accepted by the compiler but is being phased out; it will become a hard error in a future release!
[INFO] [stdout]     = note: for more information, see issue #79813 <https://github.com/rust-lang/rust/issues/79813>
[INFO] [stdout]     = note: this warning originates in the macro `expect_exit_code` (in Nightly builds, run with -Z macro-backtrace for more info)
[INFO] [stdout] 
[INFO] [stdout] 
[INFO] [stdout] warning: trailing semicolon in macro used in expression position
[INFO] [stdout]    --> tests/known_cases.rs:47:10
[INFO] [stdout]     |
[INFO] [stdout] 47  |           };
[INFO] [stdout]     |            ^
[INFO] [stdout] ...
[INFO] [stdout] 827 |       let output2 = expect_exit_code!(
[INFO] [stdout]     |  ___________________-
[INFO] [stdout] 828 | |         0,
[INFO] [stdout] 829 | |         r#"
[INFO] [stdout] 830 | |         [scripts]
[INFO] [stdout] ...   |
[INFO] [stdout] 840 | |         ["basic"]
[INFO] [stdout] 841 | |     );
[INFO] [stdout]     | |_____- in this macro invocation
[INFO] [stdout]     |
[INFO] [stdout]     = warning: this was previously accepted by the compiler but is being phased out; it will become a hard error in a future release!
[INFO] [stdout]     = note: for more information, see issue #79813 <https://github.com/rust-lang/rust/issues/79813>
[INFO] [stdout]     = note: this warning originates in the macro `expect_exit_code` (in Nightly builds, run with -Z macro-backtrace for more info)
[INFO] [stdout] 
[INFO] [stdout] 
[INFO] [stdout] warning: trailing semicolon in macro used in expression position
[INFO] [stdout]    --> tests/known_cases.rs:47:10
[INFO] [stdout]     |
[INFO] [stdout] 47  |           };
[INFO] [stdout]     |            ^
[INFO] [stdout] ...
[INFO] [stdout] 850 |       let output1 = expect_exit_code!(
[INFO] [stdout]     |  ___________________-
[INFO] [stdout] 851 | |         1,
[INFO] [stdout] 852 | |         r#"
[INFO] [stdout] 853 | |         [scripts]
[INFO] [stdout] ...   |
[INFO] [stdout] 863 | |         ["basic"]
[INFO] [stdout] 864 | |     );
[INFO] [stdout]     | |_____- in this macro invocation
[INFO] [stdout]     |
[INFO] [stdout]     = warning: this was previously accepted by the compiler but is being phased out; it will become a hard error in a future release!
[INFO] [stdout]     = note: for more information, see issue #79813 <https://github.com/rust-lang/rust/issues/79813>
[INFO] [stdout]     = note: this warning originates in the macro `expect_exit_code` (in Nightly builds, run with -Z macro-backtrace for more info)
[INFO] [stdout] 
[INFO] [stdout] 
[INFO] [stdout] warning: trailing semicolon in macro used in expression position
[INFO] [stdout]    --> tests/known_cases.rs:47:10
[INFO] [stdout]     |
[INFO] [stdout] 47  |           };
[INFO] [stdout]     |            ^
[INFO] [stdout] ...
[INFO] [stdout] 869 |       let output2 = expect_exit_code!(
[INFO] [stdout]     |  ___________________-
[INFO] [stdout] 870 | |         1,
[INFO] [stdout] 871 | |         r#"
[INFO] [stdout] 872 | |         [scripts]
[INFO] [stdout] ...   |
[INFO] [stdout] 882 | |         ["basic"]
[INFO] [stdout] 883 | |     );
[INFO] [stdout]     | |_____- in this macro invocation
[INFO] [stdout]     |
[INFO] [stdout]     = warning: this was previously accepted by the compiler but is being phased out; it will become a hard error in a future release!
[INFO] [stdout]     = note: for more information, see issue #79813 <https://github.com/rust-lang/rust/issues/79813>
[INFO] [stdout]     = note: this warning originates in the macro `expect_exit_code` (in Nightly builds, run with -Z macro-backtrace for more info)
[INFO] [stdout] 
[INFO] [stdout] 
[INFO] [stdout] warning: trailing semicolon in macro used in expression position
[INFO] [stdout]    --> tests/known_cases.rs:47:10
[INFO] [stdout]     |
[INFO] [stdout] 47  |           };
[INFO] [stdout]     |            ^
[INFO] [stdout] ...
[INFO] [stdout] 889 |       let output = expect_exit_code!(
[INFO] [stdout]     |  __________________-
[INFO] [stdout] 890 | |         1,
[INFO] [stdout] 891 | |         r#"
[INFO] [stdout] 892 | |         [scripts]
[INFO] [stdout] ...   |
[INFO] [stdout] 902 | |         ["basic"]
[INFO] [stdout] 903 | |     );
[INFO] [stdout]     | |_____- in this macro invocation
[INFO] [stdout]     |
[INFO] [stdout]     = warning: this was previously accepted by the compiler but is being phased out; it will become a hard error in a future release!
[INFO] [stdout]     = note: for more information, see issue #79813 <https://github.com/rust-lang/rust/issues/79813>
[INFO] [stdout]     = note: this warning originates in the macro `expect_exit_code` (in Nightly builds, run with -Z macro-backtrace for more info)
[INFO] [stdout] 
[INFO] [stdout] 
[INFO] [stdout] warning: trailing semicolon in macro used in expression position
[INFO] [stdout]    --> tests/known_cases.rs:47:10
[INFO] [stdout]     |
[INFO] [stdout] 47  |           };
[INFO] [stdout]     |            ^
[INFO] [stdout] ...
[INFO] [stdout] 912 |       let output = expect_exit_code!(
[INFO] [stdout]     |  __________________-
[INFO] [stdout] 913 | |         1,
[INFO] [stdout] 914 | |         r#"
[INFO] [stdout] 915 | |         [scripts]
[INFO] [stdout] ...   |
[INFO] [stdout] 925 | |         ["basic"]
[INFO] [stdout] 926 | |     );
[INFO] [stdout]     | |_____- in this macro invocation
[INFO] [stdout]     |
[INFO] [stdout]     = warning: this was previously accepted by the compiler but is being phased out; it will become a hard error in a future release!
[INFO] [stdout]     = note: for more information, see issue #79813 <https://github.com/rust-lang/rust/issues/79813>
[INFO] [stdout]     = note: this warning originates in the macro `expect_exit_code` (in Nightly builds, run with -Z macro-backtrace for more info)
[INFO] [stdout] 
[INFO] [stdout] 
[INFO] [stdout] warning: 41 warnings emitted
[INFO] [stdout] 
[INFO] [stdout] 
[INFO] [stderr]     Finished test [unoptimized + debuginfo] target(s) in 1.14s
[INFO] [stderr] warning: the following packages contain code that will be rejected by a future version of Rust: bonnie v0.3.2 (/opt/rustwide/workdir)
[INFO] [stderr] note: to see what the problems were, use the option `--future-incompat-report`, or run `cargo report future-incompatibilities --id 1`
[INFO] running `Command { std: "docker" "inspect" "307dd7ec75f00ae519464ff258d0c8b885c7e06b8256317e89828e6a2dc167e9", kill_on_drop: false }`
[INFO] running `Command { std: "docker" "rm" "-f" "307dd7ec75f00ae519464ff258d0c8b885c7e06b8256317e89828e6a2dc167e9", kill_on_drop: false }`
[INFO] [stdout] 307dd7ec75f00ae519464ff258d0c8b885c7e06b8256317e89828e6a2dc167e9
[INFO] running `Command { std: "docker" "create" "-v" "/var/lib/crater-agent-workspace/builds/worker-0-tc1/target:/opt/rustwide/target:rw,Z" "-v" "/var/lib/crater-agent-workspace/builds/worker-0-tc1/source:/opt/rustwide/workdir:ro,Z" "-v" "/var/lib/crater-agent-workspace/cargo-home:/opt/rustwide/cargo-home:ro,Z" "-v" "/var/lib/crater-agent-workspace/rustup-home:/opt/rustwide/rustup-home:ro,Z" "-e" "SOURCE_DIR=/opt/rustwide/workdir" "-e" "CARGO_TARGET_DIR=/opt/rustwide/target" "-e" "CARGO_INCREMENTAL=0" "-e" "RUST_BACKTRACE=full" "-e" "RUSTFLAGS=--cap-lints=warn" "-e" "RUSTDOCFLAGS=--cap-lints=warn" "-e" "CARGO_HOME=/opt/rustwide/cargo-home" "-e" "RUSTUP_HOME=/opt/rustwide/rustup-home" "-w" "/opt/rustwide/workdir" "-m" "1610612736" "--user" "0:0" "--network" "none" "ghcr.io/rust-lang/crates-build-env/linux@sha256:2788e3201cd34a07e3172128adcd8b3090168a8e3bcc40d7c032b9dda1df7d1c" "/opt/rustwide/cargo-home/bin/cargo" "+1.75.0" "test" "--frozen", kill_on_drop: false }`
[INFO] [stdout] b02694a540e7b5f0cd448c6930807f1eb7d1eff8ece319d1c40d3de1288461db
[INFO] running `Command { std: "docker" "start" "-a" "b02694a540e7b5f0cd448c6930807f1eb7d1eff8ece319d1c40d3de1288461db", kill_on_drop: false }`
[INFO] [stderr] warning: trailing semicolon in macro used in expression position
[INFO] [stderr]    --> tests/known_cases.rs:47:10
[INFO] [stderr]     |
[INFO] [stderr] 47  |           };
[INFO] [stderr]     |            ^
[INFO] [stderr] ...
[INFO] [stderr] 111 |       let output = expect_exit_code!(
[INFO] [stderr]     |  __________________-
[INFO] [stderr] 112 | |         0,
[INFO] [stderr] 113 | |         r#"
[INFO] [stderr] 114 | |         [scripts]
[INFO] [stderr] ...   |
[INFO] [stderr] 118 | |         ["basic"]
[INFO] [stderr] 119 | |     );
[INFO] [stderr]     | |_____- in this macro invocation
[INFO] [stderr]     |
[INFO] [stderr]     = warning: this was previously accepted by the compiler but is being phased out; it will become a hard error in a future release!
[INFO] [stderr]     = note: for more information, see issue #79813 <https://github.com/rust-lang/rust/issues/79813>
[INFO] [stderr]     = note: `#[warn(semicolon_in_expressions_from_macros)]` on by default
[INFO] [stderr]     = note: this warning originates in the macro `expect_exit_code` (in Nightly builds, run with -Z macro-backtrace for more info)
[INFO] [stderr] 
[INFO] [stderr] warning: trailing semicolon in macro used in expression position
[INFO] [stderr]    --> tests/known_cases.rs:47:10
[INFO] [stderr]     |
[INFO] [stderr] 47  |           };
[INFO] [stderr]     |            ^
[INFO] [stderr] ...
[INFO] [stderr] 126 |       let output = expect_exit_code!(
[INFO] [stderr]     |  __________________-
[INFO] [stderr] 127 | |         0,
[INFO] [stderr] 128 | |         r#"
[INFO] [stderr] 129 | |         [scripts]
[INFO] [stderr] ...   |
[INFO] [stderr] 134 | |         ["basic"]
[INFO] [stderr] 135 | |     );
[INFO] [stderr]     | |_____- in this macro invocation
[INFO] [stderr]     |
[INFO] [stderr]     = warning: this was previously accepted by the compiler but is being phased out; it will become a hard error in a future release!
[INFO] [stderr]     = note: for more information, see issue #79813 <https://github.com/rust-lang/rust/issues/79813>
[INFO] [stderr]     = note: this warning originates in the macro `expect_exit_code` (in Nightly builds, run with -Z macro-backtrace for more info)
[INFO] [stderr] 
[INFO] [stderr] warning: trailing semicolon in macro used in expression position
[INFO] [stderr]    --> tests/known_cases.rs:47:10
[INFO] [stderr]     |
[INFO] [stderr] 47  |           };
[INFO] [stderr]     |            ^
[INFO] [stderr] ...
[INFO] [stderr] 144 |       let output = expect_exit_code!(
[INFO] [stderr]     |  __________________-
[INFO] [stderr] 145 | |         0,
[INFO] [stderr] 146 | |         r#"
[INFO] [stderr] 147 | |         [scripts]
[INFO] [stderr] ...   |
[INFO] [stderr] 152 | |         ["basic", "Name"]
[INFO] [stderr] 153 | |     );
[INFO] [stderr]     | |_____- in this macro invocation
[INFO] [stderr]     |
[INFO] [stderr]     = warning: this was previously accepted by the compiler but is being phased out; it will become a hard error in a future release!
[INFO] [stderr]     = note: for more information, see issue #79813 <https://github.com/rust-lang/rust/issues/79813>
[INFO] [stderr]     = note: this warning originates in the macro `expect_exit_code` (in Nightly builds, run with -Z macro-backtrace for more info)
[INFO] [stderr] 
[INFO] [stderr] warning: trailing semicolon in macro used in expression position
[INFO] [stderr]    --> tests/known_cases.rs:47:10
[INFO] [stderr]     |
[INFO] [stderr] 47  |           };
[INFO] [stderr]     |            ^
[INFO] [stderr] ...
[INFO] [stderr] 172 |       let output = expect_exit_code!(
[INFO] [stderr]     |  __________________-
[INFO] [stderr] 173 | |         0,
[INFO] [stderr] 174 | |         r#"
[INFO] [stderr] 175 | |         [scripts]
[INFO] [stderr] ...   |
[INFO] [stderr] 179 | |         ["basic"]
[INFO] [stderr] 180 | |     );
[INFO] [stderr]     | |_____- in this macro invocation
[INFO] [stderr]     |
[INFO] [stderr]     = warning: this was previously accepted by the compiler but is being phased out; it will become a hard error in a future release!
[INFO] [stderr]     = note: for more information, see issue #79813 <https://github.com/rust-lang/rust/issues/79813>
[INFO] [stderr]     = note: this warning originates in the macro `expect_exit_code` (in Nightly builds, run with -Z macro-backtrace for more info)
[INFO] [stderr] 
[INFO] [stderr] warning: trailing semicolon in macro used in expression position
[INFO] [stderr]    --> tests/known_cases.rs:47:10
[INFO] [stderr]     |
[INFO] [stderr] 47  |           };
[INFO] [stderr]     |            ^
[INFO] [stderr] ...
[INFO] [stderr] 187 |       let output = expect_exit_code!(
[INFO] [stderr]     |  __________________-
[INFO] [stderr] 188 | |         0,
[INFO] [stderr] 189 | |         r#"
[INFO] [stderr] 190 | |         [scripts]
[INFO] [stderr] ...   |
[INFO] [stderr] 194 | |         ["basic", "Test"]
[INFO] [stderr] 195 | |     );
[INFO] [stderr]     | |_____- in this macro invocation
[INFO] [stderr]     |
[INFO] [stderr]     = warning: this was previously accepted by the compiler but is being phased out; it will become a hard error in a future release!
[INFO] [stderr]     = note: for more information, see issue #79813 <https://github.com/rust-lang/rust/issues/79813>
[INFO] [stderr]     = note: this warning originates in the macro `expect_exit_code` (in Nightly builds, run with -Z macro-backtrace for more info)
[INFO] [stderr] 
[INFO] [stderr] warning: trailing semicolon in macro used in expression position
[INFO] [stderr]    --> tests/known_cases.rs:47:10
[INFO] [stderr]     |
[INFO] [stderr] 47  |           };
[INFO] [stderr]     |            ^
[INFO] [stderr] ...
[INFO] [stderr] 201 |       let output = expect_exit_code!(
[INFO] [stderr]     |  __________________-
[INFO] [stderr] 202 | |         0,
[INFO] [stderr] 203 | |         r#"
[INFO] [stderr] 204 | |         [scripts]
[INFO] [stderr] ...   |
[INFO] [stderr] 208 | |         ["basic", "foo", "bar"]
[INFO] [stderr] 209 | |     );
[INFO] [stderr]     | |_____- in this macro invocation
[INFO] [stderr]     |
[INFO] [stderr]     = warning: this was previously accepted by the compiler but is being phased out; it will become a hard error in a future release!
[INFO] [stderr]     = note: for more information, see issue #79813 <https://github.com/rust-lang/rust/issues/79813>
[INFO] [stderr]     = note: this warning originates in the macro `expect_exit_code` (in Nightly builds, run with -Z macro-backtrace for more info)
[INFO] [stderr] 
[INFO] [stderr] warning: trailing semicolon in macro used in expression position
[INFO] [stderr]    --> tests/known_cases.rs:47:10
[INFO] [stderr]     |
[INFO] [stderr] 47  |           };
[INFO] [stderr]     |            ^
[INFO] [stderr] ...
[INFO] [stderr] 215 |       let output = expect_exit_code!(
[INFO] [stderr]     |  __________________-
[INFO] [stderr] 216 | |         0,
[INFO] [stderr] 217 | |         r#"
[INFO] [stderr] 218 | |         [scripts]
[INFO] [stderr] ...   |
[INFO] [stderr] 222 | |         ["basic", "foo", "bar"]
[INFO] [stderr] 223 | |     );
[INFO] [stderr]     | |_____- in this macro invocation
[INFO] [stderr]     |
[INFO] [stderr]     = warning: this was previously accepted by the compiler but is being phased out; it will become a hard error in a future release!
[INFO] [stderr]     = note: for more information, see issue #79813 <https://github.com/rust-lang/rust/issues/79813>
[INFO] [stderr]     = note: this warning originates in the macro `expect_exit_code` (in Nightly builds, run with -Z macro-backtrace for more info)
[INFO] [stderr] 
[INFO] [stderr] warning: trailing semicolon in macro used in expression position
[INFO] [stderr]    --> tests/known_cases.rs:47:10
[INFO] [stderr]     |
[INFO] [stderr] 47  |           };
[INFO] [stderr]     |            ^
[INFO] [stderr] ...
[INFO] [stderr] 229 |       let output = expect_exit_code!(
[INFO] [stderr]     |  __________________-
[INFO] [stderr] 230 | |         0,
[INFO] [stderr] 231 | |         r#"
[INFO] [stderr] 232 | |         [scripts]
[INFO] [stderr] ...   |
[INFO] [stderr] 237 | |         ["basic", "Name", "foo", "bar"]
[INFO] [stderr] 238 | |     );
[INFO] [stderr]     | |_____- in this macro invocation
[INFO] [stderr]     |
[INFO] [stderr]     = warning: this was previously accepted by the compiler but is being phased out; it will become a hard error in a future release!
[INFO] [stderr]     = note: for more information, see issue #79813 <https://github.com/rust-lang/rust/issues/79813>
[INFO] [stderr]     = note: this warning originates in the macro `expect_exit_code` (in Nightly builds, run with -Z macro-backtrace for more info)
[INFO] [stderr] 
[INFO] [stderr] warning: trailing semicolon in macro used in expression position
[INFO] [stderr]    --> tests/known_cases.rs:47:10
[INFO] [stderr]     |
[INFO] [stderr] 47  |           };
[INFO] [stderr]     |            ^
[INFO] [stderr] ...
[INFO] [stderr] 245 |       let output = expect_exit_code!(
[INFO] [stderr]     |  __________________-
[INFO] [stderr] 246 | |         0,
[INFO] [stderr] 247 | |         r#"
[INFO] [stderr] 248 | |         env_files = ["src/.env"]
[INFO] [stderr] ...   |
[INFO] [stderr] 254 | |         ["basic"]
[INFO] [stderr] 255 | |     );
[INFO] [stderr]     | |_____- in this macro invocation
[INFO] [stderr]     |
[INFO] [stderr]     = warning: this was previously accepted by the compiler but is being phased out; it will become a hard error in a future release!
[INFO] [stderr]     = note: for more information, see issue #79813 <https://github.com/rust-lang/rust/issues/79813>
[INFO] [stderr]     = note: this warning originates in the macro `expect_exit_code` (in Nightly builds, run with -Z macro-backtrace for more info)
[INFO] [stderr] 
[INFO] [stderr] warning: trailing semicolon in macro used in expression position
[INFO] [stderr]    --> tests/known_cases.rs:47:10
[INFO] [stderr]     |
[INFO] [stderr] 47  |           };
[INFO] [stderr]     |            ^
[INFO] [stderr] ...
[INFO] [stderr] 289 |       let output = expect_exit_code!(
[INFO] [stderr]     |  __________________-
[INFO] [stderr] 290 | |         0,
[INFO] [stderr] 291 | |         r#"
[INFO] [stderr] 292 | |         env_files = ["src/.env"]
[INFO] [stderr] ...   |
[INFO] [stderr] 299 | |         ["basic", "Name", "(extra stuff)"]
[INFO] [stderr] 300 | |     );
[INFO] [stderr]     | |_____- in this macro invocation
[INFO] [stderr]     |
[INFO] [stderr]     = warning: this was previously accepted by the compiler but is being phased out; it will become a hard error in a future release!
[INFO] [stderr]     = note: for more information, see issue #79813 <https://github.com/rust-lang/rust/issues/79813>
[INFO] [stderr]     = note: this warning originates in the macro `expect_exit_code` (in Nightly builds, run with -Z macro-backtrace for more info)
[INFO] [stderr] 
[INFO] [stderr] warning: trailing semicolon in macro used in expression position
[INFO] [stderr]    --> tests/known_cases.rs:47:10
[INFO] [stderr]     |
[INFO] [stderr] 47  |           };
[INFO] [stderr]     |            ^
[INFO] [stderr] ...
[INFO] [stderr] 309 |       let output = expect_exit_code!(
[INFO] [stderr]     |  __________________-
[INFO] [stderr] 310 | |         1,
[INFO] [stderr] 311 | |         r#"
[INFO] [stderr] 312 | |         [scripts]
[INFO] [stderr] ...   |
[INFO] [stderr] 316 | |         ["basic"]
[INFO] [stderr] 317 | |     );
[INFO] [stderr]     | |_____- in this macro invocation
[INFO] [stderr]     |
[INFO] [stderr]     = warning: this was previously accepted by the compiler but is being phased out; it will become a hard error in a future release!
[INFO] [stderr]     = note: for more information, see issue #79813 <https://github.com/rust-lang/rust/issues/79813>
[INFO] [stderr]     = note: this warning originates in the macro `expect_exit_code` (in Nightly builds, run with -Z macro-backtrace for more info)
[INFO] [stderr] 
[INFO] [stderr] warning: trailing semicolon in macro used in expression position
[INFO] [stderr]    --> tests/known_cases.rs:47:10
[INFO] [stderr]     |
[INFO] [stderr] 47  |           };
[INFO] [stderr]     |            ^
[INFO] [stderr] ...
[INFO] [stderr] 323 |       let output = expect_exit_code!(
[INFO] [stderr]     |  __________________-
[INFO] [stderr] 324 | |         1,
[INFO] [stderr] 325 | |         r#"
[INFO] [stderr] 326 | |         env_files = ["src/.env"]
[INFO] [stderr] ...   |
[INFO] [stderr] 336 | |         ["basic", "Name", "foo", "bar"]
[INFO] [stderr] 337 | |     );
[INFO] [stderr]     | |_____- in this macro invocation
[INFO] [stderr]     |
[INFO] [stderr]     = warning: this was previously accepted by the compiler but is being phased out; it will become a hard error in a future release!
[INFO] [stderr]     = note: for more information, see issue #79813 <https://github.com/rust-lang/rust/issues/79813>
[INFO] [stderr]     = note: this warning originates in the macro `expect_exit_code` (in Nightly builds, run with -Z macro-backtrace for more info)
[INFO] [stderr] 
[INFO] [stderr] warning: trailing semicolon in macro used in expression position
[INFO] [stderr]    --> tests/known_cases.rs:47:10
[INFO] [stderr]     |
[INFO] [stderr] 47  |         };
[INFO] [stderr]     |          ^
[INFO] [stderr] ...
[INFO] [stderr] 351 |     let output1 = expect_exit_code!(0, cfg, BONNIE_VERSION, ["basic", "test"]);
[INFO] [stderr]     |                   ------------------------------------------------------------ in this macro invocation
[INFO] [stderr]     |
[INFO] [stderr]     = warning: this was previously accepted by the compiler but is being phased out; it will become a hard error in a future release!
[INFO] [stderr]     = note: for more information, see issue #79813 <https://github.com/rust-lang/rust/issues/79813>
[INFO] [stderr]     = note: this warning originates in the macro `expect_exit_code` (in Nightly builds, run with -Z macro-backtrace for more info)
[INFO] [stderr] 
[INFO] [stderr] warning: trailing semicolon in macro used in expression position
[INFO] [stderr]    --> tests/known_cases.rs:47:10
[INFO] [stderr]     |
[INFO] [stderr] 47  |         };
[INFO] [stderr]     |          ^
[INFO] [stderr] ...
[INFO] [stderr] 353 |     let output2 = expect_exit_code!(1, cfg, BONNIE_VERSION, ["basic", "other"]);
[INFO] [stderr]     |                   ------------------------------------------------------------- in this macro invocation
[INFO] [stderr]     |
[INFO] [stderr]     = warning: this was previously accepted by the compiler but is being phased out; it will become a hard error in a future release!
[INFO] [stderr]     = note: for more information, see issue #79813 <https://github.com/rust-lang/rust/issues/79813>
[INFO] [stderr]     = note: this warning originates in the macro `expect_exit_code` (in Nightly builds, run with -Z macro-backtrace for more info)
[INFO] [stderr] 
[INFO] [stderr] warning: trailing semicolon in macro used in expression position
[INFO] [stderr]    --> tests/known_cases.rs:47:10
[INFO] [stderr]     |
[INFO] [stderr] 47  |         };
[INFO] [stderr]     |          ^
[INFO] [stderr] ...
[INFO] [stderr] 370 |     let output1 = expect_exit_code!(1, cfg, BONNIE_VERSION, ["basic", "test", "Name", "foo bar"]);
[INFO] [stderr]     |                   ------------------------------------------------------------------------------- in this macro invocation
[INFO] [stderr]     |
[INFO] [stderr]     = warning: this was previously accepted by the compiler but is being phased out; it will become a hard error in a future release!
[INFO] [stderr]     = note: for more information, see issue #79813 <https://github.com/rust-lang/rust/issues/79813>
[INFO] [stderr]     = note: this warning originates in the macro `expect_exit_code` (in Nightly builds, run with -Z macro-backtrace for more info)
[INFO] [stderr] 
[INFO] [stderr] warning: trailing semicolon in macro used in expression position
[INFO] [stderr]    --> tests/known_cases.rs:47:10
[INFO] [stderr]     |
[INFO] [stderr] 47  |         };
[INFO] [stderr]     |          ^
[INFO] [stderr] ...
[INFO] [stderr] 375 |     let output2 = expect_exit_code!(1, cfg, BONNIE_VERSION, ["basic", "other"]);
[INFO] [stderr]     |                   ------------------------------------------------------------- in this macro invocation
[INFO] [stderr]     |
[INFO] [stderr]     = warning: this was previously accepted by the compiler but is being phased out; it will become a hard error in a future release!
[INFO] [stderr]     = note: for more information, see issue #79813 <https://github.com/rust-lang/rust/issues/79813>
[INFO] [stderr]     = note: this warning originates in the macro `expect_exit_code` (in Nightly builds, run with -Z macro-backtrace for more info)
[INFO] [stderr] 
[INFO] [stderr] warning: trailing semicolon in macro used in expression position
[INFO] [stderr]    --> tests/known_cases.rs:47:10
[INFO] [stderr]     |
[INFO] [stderr] 47  |         };
[INFO] [stderr]     |          ^
[INFO] [stderr] ...
[INFO] [stderr] 387 |     let root_output = expect_exit_code!(0, cfg, BONNIE_VERSION, ["basic"]);
[INFO] [stderr]     |                       ---------------------------------------------------- in this macro invocation
[INFO] [stderr]     |
[INFO] [stderr]     = warning: this was previously accepted by the compiler but is being phased out; it will become a hard error in a future release!
[INFO] [stderr]     = note: for more information, see issue #79813 <https://github.com/rust-lang/rust/issues/79813>
[INFO] [stderr]     = note: this warning originates in the macro `expect_exit_code` (in Nightly builds, run with -Z macro-backtrace for more info)
[INFO] [stderr] 
[INFO] [stderr] warning: trailing semicolon in macro used in expression position
[INFO] [stderr]    --> tests/known_cases.rs:47:10
[INFO] [stderr]     |
[INFO] [stderr] 47  |         };
[INFO] [stderr]     |          ^
[INFO] [stderr] ...
[INFO] [stderr] 389 |     let output1 = expect_exit_code!(1, cfg, BONNIE_VERSION, ["basic", "test"]);
[INFO] [stderr]     |                   ------------------------------------------------------------ in this macro invocation
[INFO] [stderr]     |
[INFO] [stderr]     = warning: this was previously accepted by the compiler but is being phased out; it will become a hard error in a future release!
[INFO] [stderr]     = note: for more information, see issue #79813 <https://github.com/rust-lang/rust/issues/79813>
[INFO] [stderr]     = note: this warning originates in the macro `expect_exit_code` (in Nightly builds, run with -Z macro-backtrace for more info)
[INFO] [stderr] 
[INFO] [stderr] warning: trailing semicolon in macro used in expression position
[INFO] [stderr]    --> tests/known_cases.rs:47:10
[INFO] [stderr]     |
[INFO] [stderr] 47  |         };
[INFO] [stderr]     |          ^
[INFO] [stderr] ...
[INFO] [stderr] 391 |     let output2 = expect_exit_code!(2, cfg, BONNIE_VERSION, ["basic", "other"]);
[INFO] [stderr]     |                   ------------------------------------------------------------- in this macro invocation
[INFO] [stderr]     |
[INFO] [stderr]     = warning: this was previously accepted by the compiler but is being phased out; it will become a hard error in a future release!
[INFO] [stderr]     = note: for more information, see issue #79813 <https://github.com/rust-lang/rust/issues/79813>
[INFO] [stderr]     = note: this warning originates in the macro `expect_exit_code` (in Nightly builds, run with -Z macro-backtrace for more info)
[INFO] [stderr] 
[INFO] [stderr] warning: trailing semicolon in macro used in expression position
[INFO] [stderr]    --> tests/known_cases.rs:47:10
[INFO] [stderr]     |
[INFO] [stderr] 47  |           };
[INFO] [stderr]     |            ^
[INFO] [stderr] ...
[INFO] [stderr] 409 |       let output = expect_exit_code!(
[INFO] [stderr]     |  __________________-
[INFO] [stderr] 410 | |         0,
[INFO] [stderr] 411 | |         r#"
[INFO] [stderr] 412 | |         [scripts]
[INFO] [stderr] ...   |
[INFO] [stderr] 417 | |         ["basic"]
[INFO] [stderr] 418 | |     );
[INFO] [stderr]     | |_____- in this macro invocation
[INFO] [stderr]     |
[INFO] [stderr]     = warning: this was previously accepted by the compiler but is being phased out; it will become a hard error in a future release!
[INFO] [stderr]     = note: for more information, see issue #79813 <https://github.com/rust-lang/rust/issues/79813>
[INFO] [stderr]     = note: this warning originates in the macro `expect_exit_code` (in Nightly builds, run with -Z macro-backtrace for more info)
[INFO] [stderr] 
[INFO] [stderr] warning: trailing semicolon in macro used in expression position
[INFO] [stderr]    --> tests/known_cases.rs:47:10
[INFO] [stderr]     |
[INFO] [stderr] 47  |           };
[INFO] [stderr]     |            ^
[INFO] [stderr] ...
[INFO] [stderr] 424 |       let output = expect_exit_code!(
[INFO] [stderr]     |  __________________-
[INFO] [stderr] 425 | |         1,
[INFO] [stderr] 426 | |         r#"
[INFO] [stderr] 427 | |         env_files = ["src/.env"]
[INFO] [stderr] ...   |
[INFO] [stderr] 438 | |         ["basic", "Name", "foo", "bar"]
[INFO] [stderr] 439 | |     );
[INFO] [stderr]     | |_____- in this macro invocation
[INFO] [stderr]     |
[INFO] [stderr]     = warning: this was previously accepted by the compiler but is being phased out; it will become a hard error in a future release!
[INFO] [stderr]     = note: for more information, see issue #79813 <https://github.com/rust-lang/rust/issues/79813>
[INFO] [stderr]     = note: this warning originates in the macro `expect_exit_code` (in Nightly builds, run with -Z macro-backtrace for more info)
[INFO] [stderr] 
[INFO] [stderr] warning: trailing semicolon in macro used in expression position
[INFO] [stderr]    --> tests/known_cases.rs:47:10
[INFO] [stderr]     |
[INFO] [stderr] 47  |           };
[INFO] [stderr]     |            ^
[INFO] [stderr] ...
[INFO] [stderr] 449 |       let output = expect_exit_code!(
[INFO] [stderr]     |  __________________-
[INFO] [stderr] 450 | |         0,
[INFO] [stderr] 451 | |         r#"
[INFO] [stderr] 452 | |         [scripts]
[INFO] [stderr] ...   |
[INFO] [stderr] 457 | |         ["basic"]
[INFO] [stderr] 458 | |     );
[INFO] [stderr]     | |_____- in this macro invocation
[INFO] [stderr]     |
[INFO] [stderr]     = warning: this was previously accepted by the compiler but is being phased out; it will become a hard error in a future release!
[INFO] [stderr]     = note: for more information, see issue #79813 <https://github.com/rust-lang/rust/issues/79813>
[INFO] [stderr]     = note: this warning originates in the macro `expect_exit_code` (in Nightly builds, run with -Z macro-backtrace for more info)
[INFO] [stderr] 
[INFO] [stderr] warning: trailing semicolon in macro used in expression position
[INFO] [stderr]    --> tests/known_cases.rs:47:10
[INFO] [stderr]     |
[INFO] [stderr] 47  |           };
[INFO] [stderr]     |            ^
[INFO] [stderr] ...
[INFO] [stderr] 464 |       let output = expect_exit_code!(
[INFO] [stderr]     |  __________________-
[INFO] [stderr] 465 | |         0,
[INFO] [stderr] 466 | |         r#"
[INFO] [stderr] 467 | |         [scripts]
[INFO] [stderr] ...   |
[INFO] [stderr] 472 | |         ["basic"]
[INFO] [stderr] 473 | |     );
[INFO] [stderr]     | |_____- in this macro invocation
[INFO] [stderr]     |
[INFO] [stderr]     = warning: this was previously accepted by the compiler but is being phased out; it will become a hard error in a future release!
[INFO] [stderr]     = note: for more information, see issue #79813 <https://github.com/rust-lang/rust/issues/79813>
[INFO] [stderr]     = note: this warning originates in the macro `expect_exit_code` (in Nightly builds, run with -Z macro-backtrace for more info)
[INFO] [stderr] 
[INFO] [stderr] warning: trailing semicolon in macro used in expression position
[INFO] [stderr]    --> tests/known_cases.rs:47:10
[INFO] [stderr]     |
[INFO] [stderr] 47  |           };
[INFO] [stderr]     |            ^
[INFO] [stderr] ...
[INFO] [stderr] 479 |       let output = expect_exit_code!(
[INFO] [stderr]     |  __________________-
[INFO] [stderr] 480 | |         1,
[INFO] [stderr] 481 | |         r#"
[INFO] [stderr] 482 | |         env_files = ["src/.env"]
[INFO] [stderr] ...   |
[INFO] [stderr] 494 | |         ["basic", "Name", "foo", "bar"]
[INFO] [stderr] 495 | |     );
[INFO] [stderr]     | |_____- in this macro invocation
[INFO] [stderr]     |
[INFO] [stderr]     = warning: this was previously accepted by the compiler but is being phased out; it will become a hard error in a future release!
[INFO] [stderr]     = note: for more information, see issue #79813 <https://github.com/rust-lang/rust/issues/79813>
[INFO] [stderr]     = note: this warning originates in the macro `expect_exit_code` (in Nightly builds, run with -Z macro-backtrace for more info)
[INFO] [stderr] 
[INFO] [stderr] warning: trailing semicolon in macro used in expression position
[INFO] [stderr]    --> tests/known_cases.rs:47:10
[INFO] [stderr]     |
[INFO] [stderr] 47  |           };
[INFO] [stderr]     |            ^
[INFO] [stderr] ...
[INFO] [stderr] 517 |       let output = expect_exit_code!(
[INFO] [stderr]     |  __________________-
[INFO] [stderr] 518 | |         0,
[INFO] [stderr] 519 | |         r#"
[INFO] [stderr] 520 | |         default_shell = ["bash", "-c", "{COMMAND}"]
[INFO] [stderr] ...   |
[INFO] [stderr] 525 | |         ["basic"]
[INFO] [stderr] 526 | |     );
[INFO] [stderr]     | |_____- in this macro invocation
[INFO] [stderr]     |
[INFO] [stderr]     = warning: this was previously accepted by the compiler but is being phased out; it will become a hard error in a future release!
[INFO] [stderr]     = note: for more information, see issue #79813 <https://github.com/rust-lang/rust/issues/79813>
[INFO] [stderr]     = note: this warning originates in the macro `expect_exit_code` (in Nightly builds, run with -Z macro-backtrace for more info)
[INFO] [stderr] 
[INFO] [stderr] warning: trailing semicolon in macro used in expression position
[INFO] [stderr]    --> tests/known_cases.rs:47:10
[INFO] [stderr]     |
[INFO] [stderr] 47  |           };
[INFO] [stderr]     |            ^
[INFO] [stderr] ...
[INFO] [stderr] 532 |       let output = expect_exit_code!(
[INFO] [stderr]     |  __________________-
[INFO] [stderr] 533 | |         0,
[INFO] [stderr] 534 | |         r#"
[INFO] [stderr] 535 | |         default_shell.generic = ["bash", "-c", "{COMMAND}"]
[INFO] [stderr] ...   |
[INFO] [stderr] 540 | |         ["basic"]
[INFO] [stderr] 541 | |     );
[INFO] [stderr]     | |_____- in this macro invocation
[INFO] [stderr]     |
[INFO] [stderr]     = warning: this was previously accepted by the compiler but is being phased out; it will become a hard error in a future release!
[INFO] [stderr]     = note: for more information, see issue #79813 <https://github.com/rust-lang/rust/issues/79813>
[INFO] [stderr]     = note: this warning originates in the macro `expect_exit_code` (in Nightly builds, run with -Z macro-backtrace for more info)
[INFO] [stderr] 
[INFO] [stderr] warning: trailing semicolon in macro used in expression position
[INFO] [stderr]    --> tests/known_cases.rs:47:10
[INFO] [stderr]     |
[INFO] [stderr] 47  |           };
[INFO] [stderr]     |            ^
[INFO] [stderr] ...
[INFO] [stderr] 547 |       let output = expect_exit_code!(
[INFO] [stderr]     |  __________________-
[INFO] [stderr] 548 | |         0,
[INFO] [stderr] 549 | |         r#"
[INFO] [stderr] 550 | |         default_shell.generic = { parts = ["bash", "-c", "{COMMAND}"], delimiter = " && " }
[INFO] [stderr] ...   |
[INFO] [stderr] 555 | |         ["basic"]
[INFO] [stderr] 556 | |     );
[INFO] [stderr]     | |_____- in this macro invocation
[INFO] [stderr]     |
[INFO] [stderr]     = warning: this was previously accepted by the compiler but is being phased out; it will become a hard error in a future release!
[INFO] [stderr]     = note: for more information, see issue #79813 <https://github.com/rust-lang/rust/issues/79813>
[INFO] [stderr]     = note: this warning originates in the macro `expect_exit_code` (in Nightly builds, run with -Z macro-backtrace for more info)
[INFO] [stderr] 
[INFO] [stderr] warning: trailing semicolon in macro used in expression position
[INFO] [stderr]    --> tests/known_cases.rs:47:10
[INFO] [stderr]     |
[INFO] [stderr] 47  |           };
[INFO] [stderr]     |            ^
[INFO] [stderr] ...
[INFO] [stderr] 562 |       let output = expect_exit_code!(
[INFO] [stderr]     |  __________________-
[INFO] [stderr] 563 | |         0,
[INFO] [stderr] 564 | |         r#"
[INFO] [stderr] 565 | |         default_shell.generic = ["sh", "-c", "{COMMAND}"]
[INFO] [stderr] ...   |
[INFO] [stderr] 571 | |         ["basic"]
[INFO] [stderr] 572 | |     );
[INFO] [stderr]     | |_____- in this macro invocation
[INFO] [stderr]     |
[INFO] [stderr]     = warning: this was previously accepted by the compiler but is being phased out; it will become a hard error in a future release!
[INFO] [stderr]     = note: for more information, see issue #79813 <https://github.com/rust-lang/rust/issues/79813>
[INFO] [stderr]     = note: this warning originates in the macro `expect_exit_code` (in Nightly builds, run with -Z macro-backtrace for more info)
[INFO] [stderr] 
[INFO] [stderr] warning: trailing semicolon in macro used in expression position
[INFO] [stderr]    --> tests/known_cases.rs:47:10
[INFO] [stderr]     |
[INFO] [stderr] 47  |           };
[INFO] [stderr]     |            ^
[INFO] [stderr] ...
[INFO] [stderr] 578 |       let output = expect_exit_code!(
[INFO] [stderr]     |  __________________-
[INFO] [stderr] 579 | |         0,
[INFO] [stderr] 580 | |         r#"
[INFO] [stderr] 581 | |         [scripts]
[INFO] [stderr] ...   |
[INFO] [stderr] 587 | |         ["basic"]
[INFO] [stderr] 588 | |     );
[INFO] [stderr]     | |_____- in this macro invocation
[INFO] [stderr]     |
[INFO] [stderr]     = warning: this was previously accepted by the compiler but is being phased out; it will become a hard error in a future release!
[INFO] [stderr]     = note: for more information, see issue #79813 <https://github.com/rust-lang/rust/issues/79813>
[INFO] [stderr]     = note: this warning originates in the macro `expect_exit_code` (in Nightly builds, run with -Z macro-backtrace for more info)
[INFO] [stderr] 
[INFO] [stderr] warning: trailing semicolon in macro used in expression position
[INFO] [stderr]    --> tests/known_cases.rs:47:10
[INFO] [stderr]     |
[INFO] [stderr] 47  |           };
[INFO] [stderr]     |            ^
[INFO] [stderr] ...
[INFO] [stderr] 594 |       let output = expect_exit_code!(
[INFO] [stderr]     |  __________________-
[INFO] [stderr] 595 | |         1,
[INFO] [stderr] 596 | |         r#"
[INFO] [stderr] 597 | |         [scripts]
[INFO] [stderr] ...   |
[INFO] [stderr] 607 | |         ["basic"]
[INFO] [stderr] 608 | |     );
[INFO] [stderr]     | |_____- in this macro invocation
[INFO] [stderr]     |
[INFO] [stderr]     = warning: this was previously accepted by the compiler but is being phased out; it will become a hard error in a future release!
[INFO] [stderr]     = note: for more information, see issue #79813 <https://github.com/rust-lang/rust/issues/79813>
[INFO] [stderr]     = note: this warning originates in the macro `expect_exit_code` (in Nightly builds, run with -Z macro-backtrace for more info)
[INFO] [stderr] 
[INFO] [stderr] warning: trailing semicolon in macro used in expression position
[INFO] [stderr]    --> tests/known_cases.rs:47:10
[INFO] [stderr]     |
[INFO] [stderr] 47  |           };
[INFO] [stderr]     |            ^
[INFO] [stderr] ...
[INFO] [stderr] 677 |       let output = expect_exit_code!(
[INFO] [stderr]     |  __________________-
[INFO] [stderr] 678 | |         1,
[INFO] [stderr] 679 | |         r#"
[INFO] [stderr] 680 | |         env_files = ["src/.env"]
[INFO] [stderr] ...   |
[INFO] [stderr] 708 | |         ["basic", "Name", "foo", "bar"]
[INFO] [stderr] 709 | |     );
[INFO] [stderr]     | |_____- in this macro invocation
[INFO] [stderr]     |
[INFO] [stderr]     = warning: this was previously accepted by the compiler but is being phased out; it will become a hard error in a future release!
[INFO] [stderr]     = note: for more information, see issue #79813 <https://github.com/rust-lang/rust/issues/79813>
[INFO] [stderr]     = note: this warning originates in the macro `expect_exit_code` (in Nightly builds, run with -Z macro-backtrace for more info)
[INFO] [stderr] 
[INFO] [stderr] warning: trailing semicolon in macro used in expression position
[INFO] [stderr]    --> tests/known_cases.rs:47:10
[INFO] [stderr]     |
[INFO] [stderr] 47  |           };
[INFO] [stderr]     |            ^
[INFO] [stderr] ...
[INFO] [stderr] 724 |       let output1 = expect_exit_code!(
[INFO] [stderr]     |  ___________________-
[INFO] [stderr] 725 | |         1,
[INFO] [stderr] 726 | |         r#"
[INFO] [stderr] 727 | |         [scripts]
[INFO] [stderr] ...   |
[INFO] [stderr] 737 | |         ["basic"]
[INFO] [stderr] 738 | |     );
[INFO] [stderr]     | |_____- in this macro invocation
[INFO] [stderr]     |
[INFO] [stderr]     = warning: this was previously accepted by the compiler but is being phased out; it will become a hard error in a future release!
[INFO] [stderr]     = note: for more information, see issue #79813 <https://github.com/rust-lang/rust/issues/79813>
[INFO] [stderr]     = note: this warning originates in the macro `expect_exit_code` (in Nightly builds, run with -Z macro-backtrace for more info)
[INFO] [stderr] 
[INFO] [stderr] warning: trailing semicolon in macro used in expression position
[INFO] [stderr]    --> tests/known_cases.rs:47:10
[INFO] [stderr]     |
[INFO] [stderr] 47  |           };
[INFO] [stderr]     |            ^
[INFO] [stderr] ...
[INFO] [stderr] 743 |       let output2 = expect_exit_code!(
[INFO] [stderr]     |  ___________________-
[INFO] [stderr] 744 | |         0,
[INFO] [stderr] 745 | |         r#"
[INFO] [stderr] 746 | |         [scripts]
[INFO] [stderr] ...   |
[INFO] [stderr] 756 | |         ["basic"]
[INFO] [stderr] 757 | |     );
[INFO] [stderr]     | |_____- in this macro invocation
[INFO] [stderr]     |
[INFO] [stderr]     = warning: this was previously accepted by the compiler but is being phased out; it will become a hard error in a future release!
[INFO] [stderr]     = note: for more information, see issue #79813 <https://github.com/rust-lang/rust/issues/79813>
[INFO] [stderr]     = note: this warning originates in the macro `expect_exit_code` (in Nightly builds, run with -Z macro-backtrace for more info)
[INFO] [stderr] 
[INFO] [stderr] warning: trailing semicolon in macro used in expression position
[INFO] [stderr]    --> tests/known_cases.rs:47:10
[INFO] [stderr]     |
[INFO] [stderr] 47  |           };
[INFO] [stderr]     |            ^
[INFO] [stderr] ...
[INFO] [stderr] 766 |       let output1 = expect_exit_code!(
[INFO] [stderr]     |  ___________________-
[INFO] [stderr] 767 | |         1,
[INFO] [stderr] 768 | |         r#"
[INFO] [stderr] 769 | |         [scripts]
[INFO] [stderr] ...   |
[INFO] [stderr] 779 | |         ["basic"]
[INFO] [stderr] 780 | |     );
[INFO] [stderr]     | |_____- in this macro invocation
[INFO] [stderr]     |
[INFO] [stderr]     = warning: this was previously accepted by the compiler but is being phased out; it will become a hard error in a future release!
[INFO] [stderr]     = note: for more information, see issue #79813 <https://github.com/rust-lang/rust/issues/79813>
[INFO] [stderr]     = note: this warning originates in the macro `expect_exit_code` (in Nightly builds, run with -Z macro-backtrace for more info)
[INFO] [stderr] 
[INFO] [stderr] warning: trailing semicolon in macro used in expression position
[INFO] [stderr]    --> tests/known_cases.rs:47:10
[INFO] [stderr]     |
[INFO] [stderr] 47  |           };
[INFO] [stderr]     |            ^
[INFO] [stderr] ...
[INFO] [stderr] 785 |       let output2 = expect_exit_code!(
[INFO] [stderr]     |  ___________________-
[INFO] [stderr] 786 | |         0,
[INFO] [stderr] 787 | |         r#"
[INFO] [stderr] 788 | |         [scripts]
[INFO] [stderr] ...   |
[INFO] [stderr] 798 | |         ["basic"]
[INFO] [stderr] 799 | |     );
[INFO] [stderr]     | |_____- in this macro invocation
[INFO] [stderr]     |
[INFO] [stderr]     = warning: this was previously accepted by the compiler but is being phased out; it will become a hard error in a future release!
[INFO] [stderr]     = note: for more information, see issue #79813 <https://github.com/rust-lang/rust/issues/79813>
[INFO] [stderr]     = note: this warning originates in the macro `expect_exit_code` (in Nightly builds, run with -Z macro-backtrace for more info)
[INFO] [stderr] 
[INFO] [stderr] warning: trailing semicolon in macro used in expression position
[INFO] [stderr]    --> tests/known_cases.rs:47:10
[INFO] [stderr]     |
[INFO] [stderr] 47  |           };
[INFO] [stderr]     |            ^
[INFO] [stderr] ...
[INFO] [stderr] 808 |       let output1 = expect_exit_code!(
[INFO] [stderr]     |  ___________________-
[INFO] [stderr] 809 | |         1,
[INFO] [stderr] 810 | |         r#"
[INFO] [stderr] 811 | |         [scripts]
[INFO] [stderr] ...   |
[INFO] [stderr] 821 | |         ["basic"]
[INFO] [stderr] 822 | |     );
[INFO] [stderr]     | |_____- in this macro invocation
[INFO] [stderr]     |
[INFO] [stderr]     = warning: this was previously accepted by the compiler but is being phased out; it will become a hard error in a future release!
[INFO] [stderr]     = note: for more information, see issue #79813 <https://github.com/rust-lang/rust/issues/79813>
[INFO] [stderr]     = note: this warning originates in the macro `expect_exit_code` (in Nightly builds, run with -Z macro-backtrace for more info)
[INFO] [stderr] 
[INFO] [stderr] warning: trailing semicolon in macro used in expression position
[INFO] [stderr]    --> tests/known_cases.rs:47:10
[INFO] [stderr]     |
[INFO] [stderr] 47  |           };
[INFO] [stderr]     |            ^
[INFO] [stderr] ...
[INFO] [stderr] 827 |       let output2 = expect_exit_code!(
[INFO] [stderr]     |  ___________________-
[INFO] [stderr] 828 | |         0,
[INFO] [stderr] 829 | |         r#"
[INFO] [stderr] 830 | |         [scripts]
[INFO] [stderr] ...   |
[INFO] [stderr] 840 | |         ["basic"]
[INFO] [stderr] 841 | |     );
[INFO] [stderr]     | |_____- in this macro invocation
[INFO] [stderr]     |
[INFO] [stderr]     = warning: this was previously accepted by the compiler but is being phased out; it will become a hard error in a future release!
[INFO] [stderr]     = note: for more information, see issue #79813 <https://github.com/rust-lang/rust/issues/79813>
[INFO] [stderr]     = note: this warning originates in the macro `expect_exit_code` (in Nightly builds, run with -Z macro-backtrace for more info)
[INFO] [stderr] 
[INFO] [stderr] warning: trailing semicolon in macro used in expression position
[INFO] [stderr]    --> tests/known_cases.rs:47:10
[INFO] [stderr]     |
[INFO] [stderr] 47  |           };
[INFO] [stderr]     |            ^
[INFO] [stderr] ...
[INFO] [stderr] 850 |       let output1 = expect_exit_code!(
[INFO] [stderr]     |  ___________________-
[INFO] [stderr] 851 | |         1,
[INFO] [stderr] 852 | |         r#"
[INFO] [stderr] 853 | |         [scripts]
[INFO] [stderr] ...   |
[INFO] [stderr] 863 | |         ["basic"]
[INFO] [stderr] 864 | |     );
[INFO] [stderr]     | |_____- in this macro invocation
[INFO] [stderr]     |
[INFO] [stderr]     = warning: this was previously accepted by the compiler but is being phased out; it will become a hard error in a future release!
[INFO] [stderr]     = note: for more information, see issue #79813 <https://github.com/rust-lang/rust/issues/79813>
[INFO] [stderr]     = note: this warning originates in the macro `expect_exit_code` (in Nightly builds, run with -Z macro-backtrace for more info)
[INFO] [stderr] 
[INFO] [stderr] warning: trailing semicolon in macro used in expression position
[INFO] [stderr]    --> tests/known_cases.rs:47:10
[INFO] [stderr]     |
[INFO] [stderr] 47  |           };
[INFO] [stderr]     |            ^
[INFO] [stderr] ...
[INFO] [stderr] 869 |       let output2 = expect_exit_code!(
[INFO] [stderr]     |  ___________________-
[INFO] [stderr] 870 | |         1,
[INFO] [stderr] 871 | |         r#"
[INFO] [stderr] 872 | |         [scripts]
[INFO] [stderr] ...   |
[INFO] [stderr] 882 | |         ["basic"]
[INFO] [stderr] 883 | |     );
[INFO] [stderr]     | |_____- in this macro invocation
[INFO] [stderr]     |
[INFO] [stderr]     = warning: this was previously accepted by the compiler but is being phased out; it will become a hard error in a future release!
[INFO] [stderr]     = note: for more information, see issue #79813 <https://github.com/rust-lang/rust/issues/79813>
[INFO] [stderr]     = note: this warning originates in the macro `expect_exit_code` (in Nightly builds, run with -Z macro-backtrace for more info)
[INFO] [stderr] 
[INFO] [stderr] warning: trailing semicolon in macro used in expression position
[INFO] [stderr]    --> tests/known_cases.rs:47:10
[INFO] [stderr]     |
[INFO] [stderr] 47  |           };
[INFO] [stderr]     |            ^
[INFO] [stderr] ...
[INFO] [stderr] 889 |       let output = expect_exit_code!(
[INFO] [stderr]     |  __________________-
[INFO] [stderr] 890 | |         1,
[INFO] [stderr] 891 | |         r#"
[INFO] [stderr] 892 | |         [scripts]
[INFO] [stderr] ...   |
[INFO] [stderr] 902 | |         ["basic"]
[INFO] [stderr] 903 | |     );
[INFO] [stderr]     | |_____- in this macro invocation
[INFO] [stderr]     |
[INFO] [stderr]     = warning: this was previously accepted by the compiler but is being phased out; it will become a hard error in a future release!
[INFO] [stderr]     = note: for more information, see issue #79813 <https://github.com/rust-lang/rust/issues/79813>
[INFO] [stderr]     = note: this warning originates in the macro `expect_exit_code` (in Nightly builds, run with -Z macro-backtrace for more info)
[INFO] [stderr] 
[INFO] [stderr] warning: trailing semicolon in macro used in expression position
[INFO] [stderr]    --> tests/known_cases.rs:47:10
[INFO] [stderr]     |
[INFO] [stderr] 47  |           };
[INFO] [stderr]     |            ^
[INFO] [stderr] ...
[INFO] [stderr] 912 |       let output = expect_exit_code!(
[INFO] [stderr]     |  __________________-
[INFO] [stderr] 913 | |         1,
[INFO] [stderr] 914 | |         r#"
[INFO] [stderr] 915 | |         [scripts]
[INFO] [stderr] ...   |
[INFO] [stderr] 925 | |         ["basic"]
[INFO] [stderr] 926 | |     );
[INFO] [stderr]     | |_____- in this macro invocation
[INFO] [stderr]     |
[INFO] [stderr]     = warning: this was previously accepted by the compiler but is being phased out; it will become a hard error in a future release!
[INFO] [stderr]     = note: for more information, see issue #79813 <https://github.com/rust-lang/rust/issues/79813>
[INFO] [stderr]     = note: this warning originates in the macro `expect_exit_code` (in Nightly builds, run with -Z macro-backtrace for more info)
[INFO] [stderr] 
[INFO] [stderr] warning: `bonnie` (test "known_cases") generated 41 warnings
[INFO] [stderr]     Finished test [unoptimized + debuginfo] target(s) in 0.02s
[INFO] [stderr] warning: the following packages contain code that will be rejected by a future version of Rust: bonnie v0.3.2 (/opt/rustwide/workdir)
[INFO] [stderr] note: to see what the problems were, use the option `--future-incompat-report`, or run `cargo report future-incompatibilities --id 1`
[INFO] [stderr]      Running unittests src/lib.rs (/opt/rustwide/target/debug/deps/lib-bfa5d99b8b41c5c6)
[INFO] [stdout] 
[INFO] [stdout] running 19 tests
[INFO] [stdout] test version::identifies_identical_versions ... ok
[INFO] [stdout] test version::identifies_identical_versions_in_beta ... ok
[INFO] [stdout] test version::identifies_major_too_new ... ok
[INFO] [stdout] test version::identifies_major_too_new_in_beta ... ok
[INFO] [stdout] test version::identifies_minor_too_new ... ok
[INFO] [stdout] test version::identifies_major_too_old ... ok
[INFO] [stdout] test version::identifies_minor_too_new_in_beta ... ok
[INFO] [stdout] test version::identifies_minor_too_old ... ok
[INFO] [stdout] test version::identifies_minor_too_old_in_beta ... ok
[INFO] [stdout] test version::identifies_patch_too_new_in_beta ... ok
[INFO] [stdout] test version::identifies_patch_too_new ... ok
[INFO] [stdout] test version::identifies_patch_too_old ... ok
[INFO] [stdout] test version::identifies_patch_too_old_in_beta ... ok
[INFO] [stdout] test version::returns_correct_part_division ... ok
[INFO] [stdout] test version::returns_error_on_invalid_major_number ... ok
[INFO] [stdout] test version::returns_error_on_invalid_minor_number ... ok
[INFO] [stdout] test version::returns_error_on_invalid_patch_number ... ok
[INFO] [stdout] test version::returns_error_on_missing_minor_number ... ok
[INFO] [stdout] test version::returns_error_on_missing_patch_number ... ok
[INFO] [stdout] 
[INFO] [stdout] test result: ok. 19 passed; 0 failed; 0 ignored; 0 measured; 0 filtered out; finished in 0.00s
[INFO] [stdout] 
[INFO] [stderr]      Running unittests src/bin/main.rs (/opt/rustwide/target/debug/deps/bonnie-e5e2a5be2b7251df)
[INFO] [stdout] 
[INFO] [stdout] running 0 tests
[INFO] [stdout] 
[INFO] [stdout] test result: ok. 0 passed; 0 failed; 0 ignored; 0 measured; 0 filtered out; finished in 0.00s
[INFO] [stdout] 
[INFO] [stderr]      Running tests/caching.rs (/opt/rustwide/target/debug/deps/caching-ebe46c8503b2bf13)
[INFO] [stdout] 
[INFO] [stdout] running 3 tests
[INFO] [stdout] test returns_error_on_bad_version ... ok
[INFO] [stdout] test cache_works ... ok
[INFO] [stdout] test loads_env_files ... ok
[INFO] [stdout] 
[INFO] [stdout] test result: ok. 3 passed; 0 failed; 0 ignored; 0 measured; 0 filtered out; finished in 0.00s
[INFO] [stdout] 
[INFO] [stderr]      Running tests/known_cases.rs (/opt/rustwide/target/debug/deps/known_cases-bc8f23d0324a847d)
[INFO] [stdout] 
[INFO] [stdout] running 41 tests
[INFO] [stdout] test returns_error_on_non_global_args_for_ordered_subcommands ... ok
[INFO] [stdout] test returns_error_if_generic_os_specifier_not_given ... ok
[INFO] [stdout] test returns_error_on_missing_cmd ... ok
[INFO] [stdout] test returns_error_on_invalid_env_file ... ok
[INFO] [stdout] test returns_error_on_unordered_nesting_in_order ... ok
[INFO] [stdout] test returns_error_on_too_few_args ... ok
[INFO] [stdout] test returns_error_on_nonexistent_env_file ... ok
[INFO] [stdout] Name
[INFO] [stdout] Hello
[INFO] [stdout] test succeeds_with_arg_interpolation ... ok
[INFO] [stdout] test loads_env_files ... ok
[INFO] [stdout] test succeeds_with_kv_syntax ... ok
[INFO] [stdout] foo bar %%
[INFO] [stdout] foo bar
[INFO] [stdout] test succeeds_with_kv_simple_ordered_subcommands ... ok
[INFO] [stdout] test succeeds_with_mass_arg_interpolation_and_escaping ... ok
[INFO] [stdout] Hello Name (extra stuff)
[INFO] [stdout] test returns_error_on_cmd_and_ordered_subcommands ... ok
[INFO] [stdout] test succeeds_with_mass_arg_interpolation_and_many_args ... ok
[INFO] [stdout] test succeeds_with_full_interpolation ... ok
[INFO] [stdout] 
[INFO] [stdout] Test
[INFO] [stdout] Name foo bar
[INFO] [stdout] test succeeds_with_mass_arg_interpolation_and_no_args ... ok
[INFO] [stdout] test succeeds_with_kv_unordered_subcommands ... ok
[INFO] [stdout] test succeeds_with_mass_arg_interpolation_and_one_arg ... ok
[INFO] [stdout] test succeeds_with_mass_arg_interpolation_and_specific_arg_interpolation ... ok
[INFO] [stdout] Hello foo bar
[INFO] [stdout] Name
[INFO] [stdout] Hello foo bar
[INFO] [stdout] Name
[INFO] [stdout] test succeeds_with_multistage ... ok
[INFO] [stdout] test succeeds_with_multistage_with_interpolation ... ok
[INFO] [stdout] Hello foo bar
[INFO] [stdout] Name
[INFO] [stdout] test succeeds_with_os_specific_multistage_and_interpolation_cmd ... ok
[INFO] [stdout] test succeeds_with_multistage_and_interpolation_unordered_subcommands ... ok
[INFO] [stdout] test succeeds_with_os_specific_kv_cmd ... ok
[INFO] [stdout] test succeeds_with_kv_complex_ordered_subcommands ... ok
[INFO] [stdout] test succeeds_with_intersection_order_control ... ok
[INFO] [stdout] test succeeds_with_any_none_order_control ... ok
[INFO] [stdout] Hello foo bar
[INFO] [stdout] Name
[INFO] [stdout] test succeeds_with_root_cmd_for_unordered_subcommands ... ok
[INFO] [stdout] test succeeds_with_exit_code_order_control ... ok
[INFO] [stdout] Hello foo bar
[INFO] [stdout] Name
[INFO] [stdout] test succeeds_with_custom_shell_with_delimiter ... ok
[INFO] [stdout] test uses_simple_default_shell ... ok
[INFO] [stdout] test uses_generic_default_shell_with_delimiter ... ok
[INFO] [stdout] test uses_os_specific_default_shell ... ok
[INFO] [stdout] test succeeds_with_custom_shell ... ok
[INFO] [stdout] test uses_generic_default_shell ... ok
[INFO] [stdout] test succeeds_with_custom_shell_and_os_specificity_and_multistage_and_interpolation ... ok
[INFO] [stdout] test succeeds_with_union_order_control ... ok
[INFO] [stdout] Hello foo bar
[INFO] [stdout] Name
[INFO] [stdout] test succeeds_with_everything ... ok
[INFO] [stdout] test succeeds_with_not_exit_code_order_control ... ok
[INFO] [stdout] test succeeds_with_success_failure_order_control ... ok
[INFO] [stdout] test succeeds_with_env_var_interpolation ... FAILED
[INFO] [stdout] 
[INFO] [stdout] failures:
[INFO] [stdout] 
[INFO] [stdout] ---- succeeds_with_env_var_interpolation stdout ----
[INFO] [stdout] thread 'succeeds_with_env_var_interpolation' panicked at tests/known_cases.rs:126:18:
[INFO] [stdout] assertion `left == right` failed
[INFO] [stdout]   left: Err("The environment variable 'USER' couldn't be loaded. This means it either hasn't been defined (you may need to load another environment variable file) or contains invalid characters.")
[INFO] [stdout]  right: Ok(0)
[INFO] [stdout] stack backtrace:
[INFO] [stdout]    0:     0x558846bc3acc - std::backtrace_rs::backtrace::libunwind::trace::ha637c64ce894333a
[INFO] [stdout]                                at /rustc/82e1608dfa6e0b5569232559e3d385fea5a93112/library/std/src/../../backtrace/src/backtrace/libunwind.rs:104:5
[INFO] [stdout]    1:     0x558846bc3acc - std::backtrace_rs::backtrace::trace_unsynchronized::h47f62dea28e0c88d
[INFO] [stdout]                                at /rustc/82e1608dfa6e0b5569232559e3d385fea5a93112/library/std/src/../../backtrace/src/backtrace/mod.rs:66:5
[INFO] [stdout]    2:     0x558846bc3acc - std::sys_common::backtrace::_print_fmt::h9eef0abe20ede486
[INFO] [stdout]                                at /rustc/82e1608dfa6e0b5569232559e3d385fea5a93112/library/std/src/sys_common/backtrace.rs:67:5
[INFO] [stdout]    3:     0x558846bc3acc - <std::sys_common::backtrace::_print::DisplayBacktrace as core::fmt::Display>::fmt::hed7f999df88cc644
[INFO] [stdout]                                at /rustc/82e1608dfa6e0b5569232559e3d385fea5a93112/library/std/src/sys_common/backtrace.rs:44:22
[INFO] [stdout]    4:     0x558846beede0 - core::fmt::rt::Argument::fmt::h1539a9308b8d058d
[INFO] [stdout]                                at /rustc/82e1608dfa6e0b5569232559e3d385fea5a93112/library/core/src/fmt/rt.rs:142:9
[INFO] [stdout]    5:     0x558846beede0 - core::fmt::write::h3a39390d8560d9c9
[INFO] [stdout]                                at /rustc/82e1608dfa6e0b5569232559e3d385fea5a93112/library/core/src/fmt/mod.rs:1120:17
[INFO] [stdout]    6:     0x558846bc110f - std::io::Write::write_fmt::h040b369f3a0f9cbc
[INFO] [stdout]                                at /rustc/82e1608dfa6e0b5569232559e3d385fea5a93112/library/std/src/io/mod.rs:1762:15
[INFO] [stdout]    7:     0x558846bc38b4 - std::sys_common::backtrace::_print::h894006fb5c6f3d45
[INFO] [stdout]                                at /rustc/82e1608dfa6e0b5569232559e3d385fea5a93112/library/std/src/sys_common/backtrace.rs:47:5
[INFO] [stdout]    8:     0x558846bc38b4 - std::sys_common::backtrace::print::h23a2d212c6fff936
[INFO] [stdout]                                at /rustc/82e1608dfa6e0b5569232559e3d385fea5a93112/library/std/src/sys_common/backtrace.rs:34:9
[INFO] [stdout]    9:     0x558846bc5577 - std::panicking::default_hook::{{closure}}::h8a1d2ee00185001a
[INFO] [stdout]   10:     0x558846bc5263 - std::panicking::default_hook::h6038f2eba384e475
[INFO] [stdout]                                at /rustc/82e1608dfa6e0b5569232559e3d385fea5a93112/library/std/src/panicking.rs:289:9
[INFO] [stdout]   11:     0x5588469420f7 - <alloc::boxed::Box<F,A> as core::ops::function::Fn<Args>>::call::h0ad024c9bdc6d768
[INFO] [stdout]                                at /rustc/82e1608dfa6e0b5569232559e3d385fea5a93112/library/alloc/src/boxed.rs:2021:9
[INFO] [stdout]   12:     0x5588469420f7 - test::test_main::{{closure}}::h7500b54257359db6
[INFO] [stdout]                                at /rustc/82e1608dfa6e0b5569232559e3d385fea5a93112/library/test/src/lib.rs:138:21
[INFO] [stdout]   13:     0x558846bc5b88 - <alloc::boxed::Box<F,A> as core::ops::function::Fn<Args>>::call::h1f8f335eaa9cfaee
[INFO] [stdout]                                at /rustc/82e1608dfa6e0b5569232559e3d385fea5a93112/library/alloc/src/boxed.rs:2021:9
[INFO] [stdout]   14:     0x558846bc5b88 - std::panicking::rust_panic_with_hook::h2b5517d590cab22e
[INFO] [stdout]                                at /rustc/82e1608dfa6e0b5569232559e3d385fea5a93112/library/std/src/panicking.rs:783:13
[INFO] [stdout]   15:     0x558846bc58de - std::panicking::begin_panic_handler::{{closure}}::h233112c06e0ef43e
[INFO] [stdout]                                at /rustc/82e1608dfa6e0b5569232559e3d385fea5a93112/library/std/src/panicking.rs:657:13
[INFO] [stdout]   16:     0x558846bc3f96 - std::sys_common::backtrace::__rust_end_short_backtrace::h6e893f24d7ebbff8
[INFO] [stdout]                                at /rustc/82e1608dfa6e0b5569232559e3d385fea5a93112/library/std/src/sys_common/backtrace.rs:170:18
[INFO] [stdout]   17:     0x558846bc5642 - rust_begin_unwind
[INFO] [stdout]                                at /rustc/82e1608dfa6e0b5569232559e3d385fea5a93112/library/std/src/panicking.rs:645:5
[INFO] [stdout]   18:     0x5588468d23f5 - core::panicking::panic_fmt::hbf0e066aabfa482c
[INFO] [stdout]                                at /rustc/82e1608dfa6e0b5569232559e3d385fea5a93112/library/core/src/panicking.rs:72:14
[INFO] [stdout]   19:     0x5588468d284b - core::panicking::assert_failed_inner::h0bba8b7c26ee4492
[INFO] [stdout]   20:     0x558846905a7e - core::panicking::assert_failed::h3afff96ed741ad6c
[INFO] [stdout]                                at /rustc/82e1608dfa6e0b5569232559e3d385fea5a93112/library/core/src/panicking.rs:279:5
[INFO] [stdout]   21:     0x5588468e6806 - known_cases::succeeds_with_env_var_interpolation::h23f58c6901ba7089
[INFO] [stdout]                                at /opt/rustwide/workdir/tests/known_cases.rs:126:18
[INFO] [stdout]   22:     0x5588468e6467 - known_cases::succeeds_with_env_var_interpolation::{{closure}}::h26a1f379055fdf06
[INFO] [stdout]                                at /opt/rustwide/workdir/tests/known_cases.rs:125:41
[INFO] [stdout]   23:     0x558846903546 - core::ops::function::FnOnce::call_once::h60bcb6444b649f0b
[INFO] [stdout]                                at /rustc/82e1608dfa6e0b5569232559e3d385fea5a93112/library/core/src/ops/function.rs:250:5
[INFO] [stdout]   24:     0x55884694774f - core::ops::function::FnOnce::call_once::h2b5d431d5046312d
[INFO] [stdout]                                at /rustc/82e1608dfa6e0b5569232559e3d385fea5a93112/library/core/src/ops/function.rs:250:5
[INFO] [stdout]   25:     0x55884694774f - test::__rust_begin_short_backtrace::h7714669af176e207
[INFO] [stdout]                                at /rustc/82e1608dfa6e0b5569232559e3d385fea5a93112/library/test/src/lib.rs:628:18
[INFO] [stdout]   26:     0x558846946765 - test::run_test_in_process::{{closure}}::h85218797dcbcec12
[INFO] [stdout]                                at /rustc/82e1608dfa6e0b5569232559e3d385fea5a93112/library/test/src/lib.rs:651:60
[INFO] [stdout]   27:     0x558846946765 - <core::panic::unwind_safe::AssertUnwindSafe<F> as core::ops::function::FnOnce<()>>::call_once::h76c106ea31c14d7b
[INFO] [stdout]                                at /rustc/82e1608dfa6e0b5569232559e3d385fea5a93112/library/core/src/panic/unwind_safe.rs:272:9
[INFO] [stdout]   28:     0x558846946765 - std::panicking::try::do_call::h3bd5d0f6620ee946
[INFO] [stdout]                                at /rustc/82e1608dfa6e0b5569232559e3d385fea5a93112/library/std/src/panicking.rs:552:40
[INFO] [stdout]   29:     0x558846946765 - std::panicking::try::h232e535e4744fe31
[INFO] [stdout]                                at /rustc/82e1608dfa6e0b5569232559e3d385fea5a93112/library/std/src/panicking.rs:516:19
[INFO] [stdout]   30:     0x558846946765 - std::panic::catch_unwind::h3ce3bd6ca8dbac68
[INFO] [stdout]                                at /rustc/82e1608dfa6e0b5569232559e3d385fea5a93112/library/std/src/panic.rs:142:14
[INFO] [stdout]   31:     0x558846946765 - test::run_test_in_process::hc97b257c9621286a
[INFO] [stdout]                                at /rustc/82e1608dfa6e0b5569232559e3d385fea5a93112/library/test/src/lib.rs:651:27
[INFO] [stdout]   32:     0x558846946765 - test::run_test::{{closure}}::h2aa798823a438d38
[INFO] [stdout]                                at /rustc/82e1608dfa6e0b5569232559e3d385fea5a93112/library/test/src/lib.rs:574:43
[INFO] [stdout]   33:     0x55884690ea26 - test::run_test::{{closure}}::h87d231c78fb59832
[INFO] [stdout]                                at /rustc/82e1608dfa6e0b5569232559e3d385fea5a93112/library/test/src/lib.rs:602:41
[INFO] [stdout]   34:     0x55884690ea26 - std::sys_common::backtrace::__rust_begin_short_backtrace::he6df152596625789
[INFO] [stdout]                                at /rustc/82e1608dfa6e0b5569232559e3d385fea5a93112/library/std/src/sys_common/backtrace.rs:154:18
[INFO] [stdout]   35:     0x558846913ad7 - std::thread::Builder::spawn_unchecked_::{{closure}}::{{closure}}::ha94be15d1e0acf36
[INFO] [stdout]                                at /rustc/82e1608dfa6e0b5569232559e3d385fea5a93112/library/std/src/thread/mod.rs:529:17
[INFO] [stdout]   36:     0x558846913ad7 - <core::panic::unwind_safe::AssertUnwindSafe<F> as core::ops::function::FnOnce<()>>::call_once::h9dc6bd6372f16606
[INFO] [stdout]                                at /rustc/82e1608dfa6e0b5569232559e3d385fea5a93112/library/core/src/panic/unwind_safe.rs:272:9
[INFO] [stdout]   37:     0x558846913ad7 - std::panicking::try::do_call::h9057517f80303cd4
[INFO] [stdout]                                at /rustc/82e1608dfa6e0b5569232559e3d385fea5a93112/library/std/src/panicking.rs:552:40
[INFO] [stdout]   38:     0x558846913ad7 - std::panicking::try::he3a30b11ee45340c
[INFO] [stdout]                                at /rustc/82e1608dfa6e0b5569232559e3d385fea5a93112/library/std/src/panicking.rs:516:19
[INFO] [stdout]   39:     0x558846913ad7 - std::panic::catch_unwind::h410458cfd3528b8b
[INFO] [stdout]                                at /rustc/82e1608dfa6e0b5569232559e3d385fea5a93112/library/std/src/panic.rs:142:14
[INFO] [stdout]   40:     0x558846913ad7 - std::thread::Builder::spawn_unchecked_::{{closure}}::h72ac3bdb567b737b
[INFO] [stdout]                                at /rustc/82e1608dfa6e0b5569232559e3d385fea5a93112/library/std/src/thread/mod.rs:528:30
[INFO] [stdout]   41:     0x558846913ad7 - core::ops::function::FnOnce::call_once{{vtable.shim}}::h38f34da3654a8344
[INFO] [stdout]                                at /rustc/82e1608dfa6e0b5569232559e3d385fea5a93112/library/core/src/ops/function.rs:250:5
[INFO] [stdout]   42:     0x558846bca845 - <alloc::boxed::Box<F,A> as core::ops::function::FnOnce<Args>>::call_once::hc7eafaff61e32df9
[INFO] [stdout]                                at /rustc/82e1608dfa6e0b5569232559e3d385fea5a93112/library/alloc/src/boxed.rs:2007:9
[INFO] [stdout]   43:     0x558846bca845 - <alloc::boxed::Box<F,A> as core::ops::function::FnOnce<Args>>::call_once::h6ba4a5de48dd2304
[INFO] [stdout]                                at /rustc/82e1608dfa6e0b5569232559e3d385fea5a93112/library/alloc/src/boxed.rs:2007:9
[INFO] [stdout]   44:     0x558846bca845 - std::sys::unix::thread::Thread::new::thread_start::he469335aef763e45
[INFO] [stdout]                                at /rustc/82e1608dfa6e0b5569232559e3d385fea5a93112/library/std/src/sys/unix/thread.rs:108:17
[INFO] [stdout]   45:     0x7f32a2ca8ac3 - <unknown>
[INFO] [stdout]   46:     0x7f32a2d39bf4 - __clone
[INFO] [stdout]   47:                0x0 - <unknown>
[INFO] [stdout] 
[INFO] [stdout] 
[INFO] [stdout] failures:
[INFO] [stdout]     succeeds_with_env_var_interpolation
[INFO] [stdout] 
[INFO] [stdout] test result: FAILED. 40 passed; 1 failed; 0 ignored; 0 measured; 0 filtered out; finished in 0.03s
[INFO] [stdout] 
[INFO] [stderr] error: test failed, to rerun pass `--test known_cases`
[INFO] running `Command { std: "docker" "inspect" "b02694a540e7b5f0cd448c6930807f1eb7d1eff8ece319d1c40d3de1288461db", kill_on_drop: false }`
[INFO] running `Command { std: "docker" "rm" "-f" "b02694a540e7b5f0cd448c6930807f1eb7d1eff8ece319d1c40d3de1288461db", kill_on_drop: false }`
[INFO] [stdout] b02694a540e7b5f0cd448c6930807f1eb7d1eff8ece319d1c40d3de1288461db
[INFO] testing bonnie-0.3.2 against beta-2023-12-22 for beta-1.76-1
[INFO] extracting crate bonnie 0.3.2 into /workspace/builds/worker-0-tc2/source
[INFO] validating manifest of crates.io crate bonnie 0.3.2 on toolchain beta-2023-12-22
[INFO] running `Command { std: CARGO_HOME="/workspace/cargo-home" RUSTUP_HOME="/workspace/rustup-home" "/workspace/cargo-home/bin/cargo" "+beta-2023-12-22" "metadata" "--manifest-path" "Cargo.toml" "--no-deps", kill_on_drop: false }`
[INFO] started tweaking crates.io crate bonnie 0.3.2
[INFO] finished tweaking crates.io crate bonnie 0.3.2
[INFO] tweaked toml for crates.io crate bonnie 0.3.2 written to /workspace/builds/worker-0-tc2/source/Cargo.toml
[INFO] crate crates.io crate bonnie 0.3.2 already has a lockfile, it will not be regenerated
[INFO] running `Command { std: CARGO_HOME="/workspace/cargo-home" RUSTUP_HOME="/workspace/rustup-home" "/workspace/cargo-home/bin/cargo" "+beta-2023-12-22" "fetch" "--manifest-path" "Cargo.toml", kill_on_drop: false }`
[INFO] running `Command { std: "docker" "create" "-v" "/var/lib/crater-agent-workspace/builds/worker-0-tc2/target:/opt/rustwide/target:rw,Z" "-v" "/var/lib/crater-agent-workspace/builds/worker-0-tc2/source:/opt/rustwide/workdir:ro,Z" "-v" "/var/lib/crater-agent-workspace/cargo-home:/opt/rustwide/cargo-home:ro,Z" "-v" "/var/lib/crater-agent-workspace/rustup-home:/opt/rustwide/rustup-home:ro,Z" "-e" "SOURCE_DIR=/opt/rustwide/workdir" "-e" "CARGO_TARGET_DIR=/opt/rustwide/target" "-e" "CARGO_HOME=/opt/rustwide/cargo-home" "-e" "RUSTUP_HOME=/opt/rustwide/rustup-home" "-w" "/opt/rustwide/workdir" "-m" "1610612736" "--user" "0:0" "--network" "none" "ghcr.io/rust-lang/crates-build-env/linux@sha256:2788e3201cd34a07e3172128adcd8b3090168a8e3bcc40d7c032b9dda1df7d1c" "/opt/rustwide/cargo-home/bin/cargo" "+beta-2023-12-22" "metadata" "--no-deps" "--format-version=1", kill_on_drop: false }`
[INFO] [stdout] 2521c685d517d0be87420b705f756050e3f1d89d654268a16ed36719b7d32c9d
[INFO] running `Command { std: "docker" "start" "-a" "2521c685d517d0be87420b705f756050e3f1d89d654268a16ed36719b7d32c9d", kill_on_drop: false }`
[INFO] running `Command { std: "docker" "inspect" "2521c685d517d0be87420b705f756050e3f1d89d654268a16ed36719b7d32c9d", kill_on_drop: false }`
[INFO] running `Command { std: "docker" "rm" "-f" "2521c685d517d0be87420b705f756050e3f1d89d654268a16ed36719b7d32c9d", kill_on_drop: false }`
[INFO] [stdout] 2521c685d517d0be87420b705f756050e3f1d89d654268a16ed36719b7d32c9d
[INFO] running `Command { std: "docker" "create" "-v" "/var/lib/crater-agent-workspace/builds/worker-0-tc2/target:/opt/rustwide/target:rw,Z" "-v" "/var/lib/crater-agent-workspace/builds/worker-0-tc2/source:/opt/rustwide/workdir:ro,Z" "-v" "/var/lib/crater-agent-workspace/cargo-home:/opt/rustwide/cargo-home:ro,Z" "-v" "/var/lib/crater-agent-workspace/rustup-home:/opt/rustwide/rustup-home:ro,Z" "-e" "SOURCE_DIR=/opt/rustwide/workdir" "-e" "CARGO_TARGET_DIR=/opt/rustwide/target" "-e" "CARGO_INCREMENTAL=0" "-e" "RUST_BACKTRACE=full" "-e" "RUSTFLAGS=--cap-lints=warn" "-e" "RUSTDOCFLAGS=--cap-lints=warn" "-e" "CARGO_HOME=/opt/rustwide/cargo-home" "-e" "RUSTUP_HOME=/opt/rustwide/rustup-home" "-w" "/opt/rustwide/workdir" "-m" "1610612736" "--user" "0:0" "--network" "none" "ghcr.io/rust-lang/crates-build-env/linux@sha256:2788e3201cd34a07e3172128adcd8b3090168a8e3bcc40d7c032b9dda1df7d1c" "/opt/rustwide/cargo-home/bin/cargo" "+beta-2023-12-22" "build" "--frozen" "--message-format=json", kill_on_drop: false }`
[INFO] [stdout] c27a8f1bf865361c5025e9f9a2dab5d09d5428c705ef44e1221c1e272ea662aa
[INFO] running `Command { std: "docker" "start" "-a" "c27a8f1bf865361c5025e9f9a2dab5d09d5428c705ef44e1221c1e272ea662aa", kill_on_drop: false }`
[INFO] [stderr]    Compiling proc-macro2 v1.0.26
[INFO] [stderr]    Compiling unicode-xid v0.2.1
[INFO] [stderr]    Compiling syn v1.0.69
[INFO] [stderr]    Compiling serde_derive v1.0.125
[INFO] [stderr]    Compiling serde v1.0.125
[INFO] [stderr]    Compiling memchr v2.4.0
[INFO] [stderr]    Compiling ryu v1.0.5
[INFO] [stderr]    Compiling serde_json v1.0.64
[INFO] [stderr]    Compiling itoa v0.4.7
[INFO] [stderr]    Compiling regex-syntax v0.6.25
[INFO] [stderr]    Compiling dotenv v0.15.0
[INFO] [stderr]    Compiling home v0.5.3
[INFO] [stderr]    Compiling aho-corasick v0.7.18
[INFO] [stderr]    Compiling quote v1.0.9
[INFO] [stderr]    Compiling regex v1.5.4
[INFO] [stderr]    Compiling toml v0.5.8
[INFO] [stderr]    Compiling bonnie v0.3.2 (/opt/rustwide/workdir)
[INFO] [stderr]     Finished dev [unoptimized + debuginfo] target(s) in 11.97s
[INFO] running `Command { std: "docker" "inspect" "c27a8f1bf865361c5025e9f9a2dab5d09d5428c705ef44e1221c1e272ea662aa", kill_on_drop: false }`
[INFO] running `Command { std: "docker" "rm" "-f" "c27a8f1bf865361c5025e9f9a2dab5d09d5428c705ef44e1221c1e272ea662aa", kill_on_drop: false }`
[INFO] [stdout] c27a8f1bf865361c5025e9f9a2dab5d09d5428c705ef44e1221c1e272ea662aa
[INFO] running `Command { std: "docker" "create" "-v" "/var/lib/crater-agent-workspace/builds/worker-0-tc2/target:/opt/rustwide/target:rw,Z" "-v" "/var/lib/crater-agent-workspace/builds/worker-0-tc2/source:/opt/rustwide/workdir:ro,Z" "-v" "/var/lib/crater-agent-workspace/cargo-home:/opt/rustwide/cargo-home:ro,Z" "-v" "/var/lib/crater-agent-workspace/rustup-home:/opt/rustwide/rustup-home:ro,Z" "-e" "SOURCE_DIR=/opt/rustwide/workdir" "-e" "CARGO_TARGET_DIR=/opt/rustwide/target" "-e" "CARGO_INCREMENTAL=0" "-e" "RUST_BACKTRACE=full" "-e" "RUSTFLAGS=--cap-lints=warn" "-e" "RUSTDOCFLAGS=--cap-lints=warn" "-e" "CARGO_HOME=/opt/rustwide/cargo-home" "-e" "RUSTUP_HOME=/opt/rustwide/rustup-home" "-w" "/opt/rustwide/workdir" "-m" "1610612736" "--user" "0:0" "--network" "none" "ghcr.io/rust-lang/crates-build-env/linux@sha256:2788e3201cd34a07e3172128adcd8b3090168a8e3bcc40d7c032b9dda1df7d1c" "/opt/rustwide/cargo-home/bin/cargo" "+beta-2023-12-22" "test" "--frozen" "--no-run" "--message-format=json", kill_on_drop: false }`
[INFO] [stdout] dcc36ccd36fab2d3bc4a5b5a9b491f2d097ee0a57d2424807e65fcfba3984d08
[INFO] running `Command { std: "docker" "start" "-a" "dcc36ccd36fab2d3bc4a5b5a9b491f2d097ee0a57d2424807e65fcfba3984d08", kill_on_drop: false }`
[INFO] [stderr]    Compiling bonnie v0.3.2 (/opt/rustwide/workdir)
[INFO] [stdout] warning: trailing semicolon in macro used in expression position
[INFO] [stdout]    --> tests/known_cases.rs:47:10
[INFO] [stdout]     |
[INFO] [stdout] 47  |           };
[INFO] [stdout]     |            ^
[INFO] [stdout] ...
[INFO] [stdout] 111 |       let output = expect_exit_code!(
[INFO] [stdout]     |  __________________-
[INFO] [stdout] 112 | |         0,
[INFO] [stdout] 113 | |         r#"
[INFO] [stdout] 114 | |         [scripts]
[INFO] [stdout] ...   |
[INFO] [stdout] 118 | |         ["basic"]
[INFO] [stdout] 119 | |     );
[INFO] [stdout]     | |_____- in this macro invocation
[INFO] [stdout]     |
[INFO] [stdout]     = warning: this was previously accepted by the compiler but is being phased out; it will become a hard error in a future release!
[INFO] [stdout]     = note: for more information, see issue #79813 <https://github.com/rust-lang/rust/issues/79813>
[INFO] [stdout]     = note: `#[warn(semicolon_in_expressions_from_macros)]` on by default
[INFO] [stdout]     = note: this warning originates in the macro `expect_exit_code` (in Nightly builds, run with -Z macro-backtrace for more info)
[INFO] [stdout] 
[INFO] [stdout] 
[INFO] [stdout] warning: trailing semicolon in macro used in expression position
[INFO] [stdout]    --> tests/known_cases.rs:47:10
[INFO] [stdout]     |
[INFO] [stdout] 47  |           };
[INFO] [stdout]     |            ^
[INFO] [stdout] ...
[INFO] [stdout] 126 |       let output = expect_exit_code!(
[INFO] [stdout]     |  __________________-
[INFO] [stdout] 127 | |         0,
[INFO] [stdout] 128 | |         r#"
[INFO] [stdout] 129 | |         [scripts]
[INFO] [stdout] ...   |
[INFO] [stdout] 134 | |         ["basic"]
[INFO] [stdout] 135 | |     );
[INFO] [stdout]     | |_____- in this macro invocation
[INFO] [stdout]     |
[INFO] [stdout]     = warning: this was previously accepted by the compiler but is being phased out; it will become a hard error in a future release!
[INFO] [stdout]     = note: for more information, see issue #79813 <https://github.com/rust-lang/rust/issues/79813>
[INFO] [stdout]     = note: this warning originates in the macro `expect_exit_code` (in Nightly builds, run with -Z macro-backtrace for more info)
[INFO] [stdout] 
[INFO] [stdout] 
[INFO] [stdout] warning: trailing semicolon in macro used in expression position
[INFO] [stdout]    --> tests/known_cases.rs:47:10
[INFO] [stdout]     |
[INFO] [stdout] 47  |           };
[INFO] [stdout]     |            ^
[INFO] [stdout] ...
[INFO] [stdout] 144 |       let output = expect_exit_code!(
[INFO] [stdout]     |  __________________-
[INFO] [stdout] 145 | |         0,
[INFO] [stdout] 146 | |         r#"
[INFO] [stdout] 147 | |         [scripts]
[INFO] [stdout] ...   |
[INFO] [stdout] 152 | |         ["basic", "Name"]
[INFO] [stdout] 153 | |     );
[INFO] [stdout]     | |_____- in this macro invocation
[INFO] [stdout]     |
[INFO] [stdout]     = warning: this was previously accepted by the compiler but is being phased out; it will become a hard error in a future release!
[INFO] [stdout]     = note: for more information, see issue #79813 <https://github.com/rust-lang/rust/issues/79813>
[INFO] [stdout]     = note: this warning originates in the macro `expect_exit_code` (in Nightly builds, run with -Z macro-backtrace for more info)
[INFO] [stdout] 
[INFO] [stdout] 
[INFO] [stdout] warning: trailing semicolon in macro used in expression position
[INFO] [stdout]    --> tests/known_cases.rs:47:10
[INFO] [stdout]     |
[INFO] [stdout] 47  |           };
[INFO] [stdout]     |            ^
[INFO] [stdout] ...
[INFO] [stdout] 172 |       let output = expect_exit_code!(
[INFO] [stdout]     |  __________________-
[INFO] [stdout] 173 | |         0,
[INFO] [stdout] 174 | |         r#"
[INFO] [stdout] 175 | |         [scripts]
[INFO] [stdout] ...   |
[INFO] [stdout] 179 | |         ["basic"]
[INFO] [stdout] 180 | |     );
[INFO] [stdout]     | |_____- in this macro invocation
[INFO] [stdout]     |
[INFO] [stdout]     = warning: this was previously accepted by the compiler but is being phased out; it will become a hard error in a future release!
[INFO] [stdout]     = note: for more information, see issue #79813 <https://github.com/rust-lang/rust/issues/79813>
[INFO] [stdout]     = note: this warning originates in the macro `expect_exit_code` (in Nightly builds, run with -Z macro-backtrace for more info)
[INFO] [stdout] 
[INFO] [stdout] 
[INFO] [stdout] warning: trailing semicolon in macro used in expression position
[INFO] [stdout]    --> tests/known_cases.rs:47:10
[INFO] [stdout]     |
[INFO] [stdout] 47  |           };
[INFO] [stdout]     |            ^
[INFO] [stdout] ...
[INFO] [stdout] 187 |       let output = expect_exit_code!(
[INFO] [stdout]     |  __________________-
[INFO] [stdout] 188 | |         0,
[INFO] [stdout] 189 | |         r#"
[INFO] [stdout] 190 | |         [scripts]
[INFO] [stdout] ...   |
[INFO] [stdout] 194 | |         ["basic", "Test"]
[INFO] [stdout] 195 | |     );
[INFO] [stdout]     | |_____- in this macro invocation
[INFO] [stdout]     |
[INFO] [stdout]     = warning: this was previously accepted by the compiler but is being phased out; it will become a hard error in a future release!
[INFO] [stdout]     = note: for more information, see issue #79813 <https://github.com/rust-lang/rust/issues/79813>
[INFO] [stdout]     = note: this warning originates in the macro `expect_exit_code` (in Nightly builds, run with -Z macro-backtrace for more info)
[INFO] [stdout] 
[INFO] [stdout] 
[INFO] [stdout] warning: trailing semicolon in macro used in expression position
[INFO] [stdout]    --> tests/known_cases.rs:47:10
[INFO] [stdout]     |
[INFO] [stdout] 47  |           };
[INFO] [stdout]     |            ^
[INFO] [stdout] ...
[INFO] [stdout] 201 |       let output = expect_exit_code!(
[INFO] [stdout]     |  __________________-
[INFO] [stdout] 202 | |         0,
[INFO] [stdout] 203 | |         r#"
[INFO] [stdout] 204 | |         [scripts]
[INFO] [stdout] ...   |
[INFO] [stdout] 208 | |         ["basic", "foo", "bar"]
[INFO] [stdout] 209 | |     );
[INFO] [stdout]     | |_____- in this macro invocation
[INFO] [stdout]     |
[INFO] [stdout]     = warning: this was previously accepted by the compiler but is being phased out; it will become a hard error in a future release!
[INFO] [stdout]     = note: for more information, see issue #79813 <https://github.com/rust-lang/rust/issues/79813>
[INFO] [stdout]     = note: this warning originates in the macro `expect_exit_code` (in Nightly builds, run with -Z macro-backtrace for more info)
[INFO] [stdout] 
[INFO] [stdout] 
[INFO] [stdout] warning: trailing semicolon in macro used in expression position
[INFO] [stdout]    --> tests/known_cases.rs:47:10
[INFO] [stdout]     |
[INFO] [stdout] 47  |           };
[INFO] [stdout]     |            ^
[INFO] [stdout] ...
[INFO] [stdout] 215 |       let output = expect_exit_code!(
[INFO] [stdout]     |  __________________-
[INFO] [stdout] 216 | |         0,
[INFO] [stdout] 217 | |         r#"
[INFO] [stdout] 218 | |         [scripts]
[INFO] [stdout] ...   |
[INFO] [stdout] 222 | |         ["basic", "foo", "bar"]
[INFO] [stdout] 223 | |     );
[INFO] [stdout]     | |_____- in this macro invocation
[INFO] [stdout]     |
[INFO] [stdout]     = warning: this was previously accepted by the compiler but is being phased out; it will become a hard error in a future release!
[INFO] [stdout]     = note: for more information, see issue #79813 <https://github.com/rust-lang/rust/issues/79813>
[INFO] [stdout]     = note: this warning originates in the macro `expect_exit_code` (in Nightly builds, run with -Z macro-backtrace for more info)
[INFO] [stdout] 
[INFO] [stdout] 
[INFO] [stdout] warning: trailing semicolon in macro used in expression position
[INFO] [stdout]    --> tests/known_cases.rs:47:10
[INFO] [stdout]     |
[INFO] [stdout] 47  |           };
[INFO] [stdout]     |            ^
[INFO] [stdout] ...
[INFO] [stdout] 229 |       let output = expect_exit_code!(
[INFO] [stdout]     |  __________________-
[INFO] [stdout] 230 | |         0,
[INFO] [stdout] 231 | |         r#"
[INFO] [stdout] 232 | |         [scripts]
[INFO] [stdout] ...   |
[INFO] [stdout] 237 | |         ["basic", "Name", "foo", "bar"]
[INFO] [stdout] 238 | |     );
[INFO] [stdout]     | |_____- in this macro invocation
[INFO] [stdout]     |
[INFO] [stdout]     = warning: this was previously accepted by the compiler but is being phased out; it will become a hard error in a future release!
[INFO] [stdout]     = note: for more information, see issue #79813 <https://github.com/rust-lang/rust/issues/79813>
[INFO] [stdout]     = note: this warning originates in the macro `expect_exit_code` (in Nightly builds, run with -Z macro-backtrace for more info)
[INFO] [stdout] 
[INFO] [stdout] 
[INFO] [stdout] warning: trailing semicolon in macro used in expression position
[INFO] [stdout]    --> tests/known_cases.rs:47:10
[INFO] [stdout]     |
[INFO] [stdout] 47  |           };
[INFO] [stdout]     |            ^
[INFO] [stdout] ...
[INFO] [stdout] 245 |       let output = expect_exit_code!(
[INFO] [stdout]     |  __________________-
[INFO] [stdout] 246 | |         0,
[INFO] [stdout] 247 | |         r#"
[INFO] [stdout] 248 | |         env_files = ["src/.env"]
[INFO] [stdout] ...   |
[INFO] [stdout] 254 | |         ["basic"]
[INFO] [stdout] 255 | |     );
[INFO] [stdout]     | |_____- in this macro invocation
[INFO] [stdout]     |
[INFO] [stdout]     = warning: this was previously accepted by the compiler but is being phased out; it will become a hard error in a future release!
[INFO] [stdout]     = note: for more information, see issue #79813 <https://github.com/rust-lang/rust/issues/79813>
[INFO] [stdout]     = note: this warning originates in the macro `expect_exit_code` (in Nightly builds, run with -Z macro-backtrace for more info)
[INFO] [stdout] 
[INFO] [stdout] 
[INFO] [stdout] warning: trailing semicolon in macro used in expression position
[INFO] [stdout]    --> tests/known_cases.rs:47:10
[INFO] [stdout]     |
[INFO] [stdout] 47  |           };
[INFO] [stdout]     |            ^
[INFO] [stdout] ...
[INFO] [stdout] 289 |       let output = expect_exit_code!(
[INFO] [stdout]     |  __________________-
[INFO] [stdout] 290 | |         0,
[INFO] [stdout] 291 | |         r#"
[INFO] [stdout] 292 | |         env_files = ["src/.env"]
[INFO] [stdout] ...   |
[INFO] [stdout] 299 | |         ["basic", "Name", "(extra stuff)"]
[INFO] [stdout] 300 | |     );
[INFO] [stdout]     | |_____- in this macro invocation
[INFO] [stdout]     |
[INFO] [stdout]     = warning: this was previously accepted by the compiler but is being phased out; it will become a hard error in a future release!
[INFO] [stdout]     = note: for more information, see issue #79813 <https://github.com/rust-lang/rust/issues/79813>
[INFO] [stdout]     = note: this warning originates in the macro `expect_exit_code` (in Nightly builds, run with -Z macro-backtrace for more info)
[INFO] [stdout] 
[INFO] [stdout] 
[INFO] [stdout] warning: trailing semicolon in macro used in expression position
[INFO] [stdout]    --> tests/known_cases.rs:47:10
[INFO] [stdout]     |
[INFO] [stdout] 47  |           };
[INFO] [stdout]     |            ^
[INFO] [stdout] ...
[INFO] [stdout] 309 |       let output = expect_exit_code!(
[INFO] [stdout]     |  __________________-
[INFO] [stdout] 310 | |         1,
[INFO] [stdout] 311 | |         r#"
[INFO] [stdout] 312 | |         [scripts]
[INFO] [stdout] ...   |
[INFO] [stdout] 316 | |         ["basic"]
[INFO] [stdout] 317 | |     );
[INFO] [stdout]     | |_____- in this macro invocation
[INFO] [stdout]     |
[INFO] [stdout]     = warning: this was previously accepted by the compiler but is being phased out; it will become a hard error in a future release!
[INFO] [stdout]     = note: for more information, see issue #79813 <https://github.com/rust-lang/rust/issues/79813>
[INFO] [stdout]     = note: this warning originates in the macro `expect_exit_code` (in Nightly builds, run with -Z macro-backtrace for more info)
[INFO] [stdout] 
[INFO] [stdout] 
[INFO] [stdout] warning: trailing semicolon in macro used in expression position
[INFO] [stdout]    --> tests/known_cases.rs:47:10
[INFO] [stdout]     |
[INFO] [stdout] 47  |           };
[INFO] [stdout]     |            ^
[INFO] [stdout] ...
[INFO] [stdout] 323 |       let output = expect_exit_code!(
[INFO] [stdout]     |  __________________-
[INFO] [stdout] 324 | |         1,
[INFO] [stdout] 325 | |         r#"
[INFO] [stdout] 326 | |         env_files = ["src/.env"]
[INFO] [stdout] ...   |
[INFO] [stdout] 336 | |         ["basic", "Name", "foo", "bar"]
[INFO] [stdout] 337 | |     );
[INFO] [stdout]     | |_____- in this macro invocation
[INFO] [stdout]     |
[INFO] [stdout]     = warning: this was previously accepted by the compiler but is being phased out; it will become a hard error in a future release!
[INFO] [stdout]     = note: for more information, see issue #79813 <https://github.com/rust-lang/rust/issues/79813>
[INFO] [stdout]     = note: this warning originates in the macro `expect_exit_code` (in Nightly builds, run with -Z macro-backtrace for more info)
[INFO] [stdout] 
[INFO] [stdout] 
[INFO] [stdout] warning: trailing semicolon in macro used in expression position
[INFO] [stdout]    --> tests/known_cases.rs:47:10
[INFO] [stdout]     |
[INFO] [stdout] 47  |         };
[INFO] [stdout]     |          ^
[INFO] [stdout] ...
[INFO] [stdout] 351 |     let output1 = expect_exit_code!(0, cfg, BONNIE_VERSION, ["basic", "test"]);
[INFO] [stdout]     |                   ------------------------------------------------------------ in this macro invocation
[INFO] [stdout]     |
[INFO] [stdout]     = warning: this was previously accepted by the compiler but is being phased out; it will become a hard error in a future release!
[INFO] [stdout]     = note: for more information, see issue #79813 <https://github.com/rust-lang/rust/issues/79813>
[INFO] [stdout]     = note: this warning originates in the macro `expect_exit_code` (in Nightly builds, run with -Z macro-backtrace for more info)
[INFO] [stdout] 
[INFO] [stdout] 
[INFO] [stdout] warning: trailing semicolon in macro used in expression position
[INFO] [stdout]    --> tests/known_cases.rs:47:10
[INFO] [stdout]     |
[INFO] [stdout] 47  |         };
[INFO] [stdout]     |          ^
[INFO] [stdout] ...
[INFO] [stdout] 353 |     let output2 = expect_exit_code!(1, cfg, BONNIE_VERSION, ["basic", "other"]);
[INFO] [stdout]     |                   ------------------------------------------------------------- in this macro invocation
[INFO] [stdout]     |
[INFO] [stdout]     = warning: this was previously accepted by the compiler but is being phased out; it will become a hard error in a future release!
[INFO] [stdout]     = note: for more information, see issue #79813 <https://github.com/rust-lang/rust/issues/79813>
[INFO] [stdout]     = note: this warning originates in the macro `expect_exit_code` (in Nightly builds, run with -Z macro-backtrace for more info)
[INFO] [stdout] 
[INFO] [stdout] 
[INFO] [stdout] warning: trailing semicolon in macro used in expression position
[INFO] [stdout]    --> tests/known_cases.rs:47:10
[INFO] [stdout]     |
[INFO] [stdout] 47  |         };
[INFO] [stdout]     |          ^
[INFO] [stdout] ...
[INFO] [stdout] 370 |     let output1 = expect_exit_code!(1, cfg, BONNIE_VERSION, ["basic", "test", "Name", "foo bar"]);
[INFO] [stdout]     |                   ------------------------------------------------------------------------------- in this macro invocation
[INFO] [stdout]     |
[INFO] [stdout]     = warning: this was previously accepted by the compiler but is being phased out; it will become a hard error in a future release!
[INFO] [stdout]     = note: for more information, see issue #79813 <https://github.com/rust-lang/rust/issues/79813>
[INFO] [stdout]     = note: this warning originates in the macro `expect_exit_code` (in Nightly builds, run with -Z macro-backtrace for more info)
[INFO] [stdout] 
[INFO] [stdout] 
[INFO] [stdout] warning: trailing semicolon in macro used in expression position
[INFO] [stdout]    --> tests/known_cases.rs:47:10
[INFO] [stdout]     |
[INFO] [stdout] 47  |         };
[INFO] [stdout]     |          ^
[INFO] [stdout] ...
[INFO] [stdout] 375 |     let output2 = expect_exit_code!(1, cfg, BONNIE_VERSION, ["basic", "other"]);
[INFO] [stdout]     |                   ------------------------------------------------------------- in this macro invocation
[INFO] [stdout]     |
[INFO] [stdout]     = warning: this was previously accepted by the compiler but is being phased out; it will become a hard error in a future release!
[INFO] [stdout]     = note: for more information, see issue #79813 <https://github.com/rust-lang/rust/issues/79813>
[INFO] [stdout]     = note: this warning originates in the macro `expect_exit_code` (in Nightly builds, run with -Z macro-backtrace for more info)
[INFO] [stdout] 
[INFO] [stdout] 
[INFO] [stdout] warning: trailing semicolon in macro used in expression position
[INFO] [stdout]    --> tests/known_cases.rs:47:10
[INFO] [stdout]     |
[INFO] [stdout] 47  |         };
[INFO] [stdout]     |          ^
[INFO] [stdout] ...
[INFO] [stdout] 387 |     let root_output = expect_exit_code!(0, cfg, BONNIE_VERSION, ["basic"]);
[INFO] [stdout]     |                       ---------------------------------------------------- in this macro invocation
[INFO] [stdout]     |
[INFO] [stdout]     = warning: this was previously accepted by the compiler but is being phased out; it will become a hard error in a future release!
[INFO] [stdout]     = note: for more information, see issue #79813 <https://github.com/rust-lang/rust/issues/79813>
[INFO] [stdout]     = note: this warning originates in the macro `expect_exit_code` (in Nightly builds, run with -Z macro-backtrace for more info)
[INFO] [stdout] 
[INFO] [stdout] 
[INFO] [stdout] warning: trailing semicolon in macro used in expression position
[INFO] [stdout]    --> tests/known_cases.rs:47:10
[INFO] [stdout]     |
[INFO] [stdout] 47  |         };
[INFO] [stdout]     |          ^
[INFO] [stdout] ...
[INFO] [stdout] 389 |     let output1 = expect_exit_code!(1, cfg, BONNIE_VERSION, ["basic", "test"]);
[INFO] [stdout]     |                   ------------------------------------------------------------ in this macro invocation
[INFO] [stdout]     |
[INFO] [stdout]     = warning: this was previously accepted by the compiler but is being phased out; it will become a hard error in a future release!
[INFO] [stdout]     = note: for more information, see issue #79813 <https://github.com/rust-lang/rust/issues/79813>
[INFO] [stdout]     = note: this warning originates in the macro `expect_exit_code` (in Nightly builds, run with -Z macro-backtrace for more info)
[INFO] [stdout] 
[INFO] [stdout] 
[INFO] [stdout] warning: trailing semicolon in macro used in expression position
[INFO] [stdout]    --> tests/known_cases.rs:47:10
[INFO] [stdout]     |
[INFO] [stdout] 47  |         };
[INFO] [stdout]     |          ^
[INFO] [stdout] ...
[INFO] [stdout] 391 |     let output2 = expect_exit_code!(2, cfg, BONNIE_VERSION, ["basic", "other"]);
[INFO] [stdout]     |                   ------------------------------------------------------------- in this macro invocation
[INFO] [stdout]     |
[INFO] [stdout]     = warning: this was previously accepted by the compiler but is being phased out; it will become a hard error in a future release!
[INFO] [stdout]     = note: for more information, see issue #79813 <https://github.com/rust-lang/rust/issues/79813>
[INFO] [stdout]     = note: this warning originates in the macro `expect_exit_code` (in Nightly builds, run with -Z macro-backtrace for more info)
[INFO] [stdout] 
[INFO] [stdout] 
[INFO] [stdout] warning: trailing semicolon in macro used in expression position
[INFO] [stdout]    --> tests/known_cases.rs:47:10
[INFO] [stdout]     |
[INFO] [stdout] 47  |           };
[INFO] [stdout]     |            ^
[INFO] [stdout] ...
[INFO] [stdout] 409 |       let output = expect_exit_code!(
[INFO] [stdout]     |  __________________-
[INFO] [stdout] 410 | |         0,
[INFO] [stdout] 411 | |         r#"
[INFO] [stdout] 412 | |         [scripts]
[INFO] [stdout] ...   |
[INFO] [stdout] 417 | |         ["basic"]
[INFO] [stdout] 418 | |     );
[INFO] [stdout]     | |_____- in this macro invocation
[INFO] [stdout]     |
[INFO] [stdout]     = warning: this was previously accepted by the compiler but is being phased out; it will become a hard error in a future release!
[INFO] [stdout]     = note: for more information, see issue #79813 <https://github.com/rust-lang/rust/issues/79813>
[INFO] [stdout]     = note: this warning originates in the macro `expect_exit_code` (in Nightly builds, run with -Z macro-backtrace for more info)
[INFO] [stdout] 
[INFO] [stdout] 
[INFO] [stdout] warning: trailing semicolon in macro used in expression position
[INFO] [stdout]    --> tests/known_cases.rs:47:10
[INFO] [stdout]     |
[INFO] [stdout] 47  |           };
[INFO] [stdout]     |            ^
[INFO] [stdout] ...
[INFO] [stdout] 424 |       let output = expect_exit_code!(
[INFO] [stdout]     |  __________________-
[INFO] [stdout] 425 | |         1,
[INFO] [stdout] 426 | |         r#"
[INFO] [stdout] 427 | |         env_files = ["src/.env"]
[INFO] [stdout] ...   |
[INFO] [stdout] 438 | |         ["basic", "Name", "foo", "bar"]
[INFO] [stdout] 439 | |     );
[INFO] [stdout]     | |_____- in this macro invocation
[INFO] [stdout]     |
[INFO] [stdout]     = warning: this was previously accepted by the compiler but is being phased out; it will become a hard error in a future release!
[INFO] [stdout]     = note: for more information, see issue #79813 <https://github.com/rust-lang/rust/issues/79813>
[INFO] [stdout]     = note: this warning originates in the macro `expect_exit_code` (in Nightly builds, run with -Z macro-backtrace for more info)
[INFO] [stdout] 
[INFO] [stdout] 
[INFO] [stdout] warning: trailing semicolon in macro used in expression position
[INFO] [stdout]    --> tests/known_cases.rs:47:10
[INFO] [stdout]     |
[INFO] [stdout] 47  |           };
[INFO] [stdout]     |            ^
[INFO] [stdout] ...
[INFO] [stdout] 449 |       let output = expect_exit_code!(
[INFO] [stdout]     |  __________________-
[INFO] [stdout] 450 | |         0,
[INFO] [stdout] 451 | |         r#"
[INFO] [stdout] 452 | |         [scripts]
[INFO] [stdout] ...   |
[INFO] [stdout] 457 | |         ["basic"]
[INFO] [stdout] 458 | |     );
[INFO] [stdout]     | |_____- in this macro invocation
[INFO] [stdout]     |
[INFO] [stdout]     = warning: this was previously accepted by the compiler but is being phased out; it will become a hard error in a future release!
[INFO] [stdout]     = note: for more information, see issue #79813 <https://github.com/rust-lang/rust/issues/79813>
[INFO] [stdout]     = note: this warning originates in the macro `expect_exit_code` (in Nightly builds, run with -Z macro-backtrace for more info)
[INFO] [stdout] 
[INFO] [stdout] 
[INFO] [stdout] warning: trailing semicolon in macro used in expression position
[INFO] [stdout]    --> tests/known_cases.rs:47:10
[INFO] [stdout]     |
[INFO] [stdout] 47  |           };
[INFO] [stdout]     |            ^
[INFO] [stdout] ...
[INFO] [stdout] 464 |       let output = expect_exit_code!(
[INFO] [stdout]     |  __________________-
[INFO] [stdout] 465 | |         0,
[INFO] [stdout] 466 | |         r#"
[INFO] [stdout] 467 | |         [scripts]
[INFO] [stdout] ...   |
[INFO] [stdout] 472 | |         ["basic"]
[INFO] [stdout] 473 | |     );
[INFO] [stdout]     | |_____- in this macro invocation
[INFO] [stdout]     |
[INFO] [stdout]     = warning: this was previously accepted by the compiler but is being phased out; it will become a hard error in a future release!
[INFO] [stdout]     = note: for more information, see issue #79813 <https://github.com/rust-lang/rust/issues/79813>
[INFO] [stdout]     = note: this warning originates in the macro `expect_exit_code` (in Nightly builds, run with -Z macro-backtrace for more info)
[INFO] [stdout] 
[INFO] [stdout] 
[INFO] [stdout] warning: trailing semicolon in macro used in expression position
[INFO] [stdout]    --> tests/known_cases.rs:47:10
[INFO] [stdout]     |
[INFO] [stdout] 47  |           };
[INFO] [stdout]     |            ^
[INFO] [stdout] ...
[INFO] [stdout] 479 |       let output = expect_exit_code!(
[INFO] [stdout]     |  __________________-
[INFO] [stdout] 480 | |         1,
[INFO] [stdout] 481 | |         r#"
[INFO] [stdout] 482 | |         env_files = ["src/.env"]
[INFO] [stdout] ...   |
[INFO] [stdout] 494 | |         ["basic", "Name", "foo", "bar"]
[INFO] [stdout] 495 | |     );
[INFO] [stdout]     | |_____- in this macro invocation
[INFO] [stdout]     |
[INFO] [stdout]     = warning: this was previously accepted by the compiler but is being phased out; it will become a hard error in a future release!
[INFO] [stdout]     = note: for more information, see issue #79813 <https://github.com/rust-lang/rust/issues/79813>
[INFO] [stdout]     = note: this warning originates in the macro `expect_exit_code` (in Nightly builds, run with -Z macro-backtrace for more info)
[INFO] [stdout] 
[INFO] [stdout] 
[INFO] [stdout] warning: trailing semicolon in macro used in expression position
[INFO] [stdout]    --> tests/known_cases.rs:47:10
[INFO] [stdout]     |
[INFO] [stdout] 47  |           };
[INFO] [stdout]     |            ^
[INFO] [stdout] ...
[INFO] [stdout] 517 |       let output = expect_exit_code!(
[INFO] [stdout]     |  __________________-
[INFO] [stdout] 518 | |         0,
[INFO] [stdout] 519 | |         r#"
[INFO] [stdout] 520 | |         default_shell = ["bash", "-c", "{COMMAND}"]
[INFO] [stdout] ...   |
[INFO] [stdout] 525 | |         ["basic"]
[INFO] [stdout] 526 | |     );
[INFO] [stdout]     | |_____- in this macro invocation
[INFO] [stdout]     |
[INFO] [stdout]     = warning: this was previously accepted by the compiler but is being phased out; it will become a hard error in a future release!
[INFO] [stdout]     = note: for more information, see issue #79813 <https://github.com/rust-lang/rust/issues/79813>
[INFO] [stdout]     = note: this warning originates in the macro `expect_exit_code` (in Nightly builds, run with -Z macro-backtrace for more info)
[INFO] [stdout] 
[INFO] [stdout] 
[INFO] [stdout] warning: trailing semicolon in macro used in expression position
[INFO] [stdout]    --> tests/known_cases.rs:47:10
[INFO] [stdout]     |
[INFO] [stdout] 47  |           };
[INFO] [stdout]     |            ^
[INFO] [stdout] ...
[INFO] [stdout] 532 |       let output = expect_exit_code!(
[INFO] [stdout]     |  __________________-
[INFO] [stdout] 533 | |         0,
[INFO] [stdout] 534 | |         r#"
[INFO] [stdout] 535 | |         default_shell.generic = ["bash", "-c", "{COMMAND}"]
[INFO] [stdout] ...   |
[INFO] [stdout] 540 | |         ["basic"]
[INFO] [stdout] 541 | |     );
[INFO] [stdout]     | |_____- in this macro invocation
[INFO] [stdout]     |
[INFO] [stdout]     = warning: this was previously accepted by the compiler but is being phased out; it will become a hard error in a future release!
[INFO] [stdout]     = note: for more information, see issue #79813 <https://github.com/rust-lang/rust/issues/79813>
[INFO] [stdout]     = note: this warning originates in the macro `expect_exit_code` (in Nightly builds, run with -Z macro-backtrace for more info)
[INFO] [stdout] 
[INFO] [stdout] 
[INFO] [stdout] warning: trailing semicolon in macro used in expression position
[INFO] [stdout]    --> tests/known_cases.rs:47:10
[INFO] [stdout]     |
[INFO] [stdout] 47  |           };
[INFO] [stdout]     |            ^
[INFO] [stdout] ...
[INFO] [stdout] 547 |       let output = expect_exit_code!(
[INFO] [stdout]     |  __________________-
[INFO] [stdout] 548 | |         0,
[INFO] [stdout] 549 | |         r#"
[INFO] [stdout] 550 | |         default_shell.generic = { parts = ["bash", "-c", "{COMMAND}"], delimiter = " && " }
[INFO] [stdout] ...   |
[INFO] [stdout] 555 | |         ["basic"]
[INFO] [stdout] 556 | |     );
[INFO] [stdout]     | |_____- in this macro invocation
[INFO] [stdout]     |
[INFO] [stdout]     = warning: this was previously accepted by the compiler but is being phased out; it will become a hard error in a future release!
[INFO] [stdout]     = note: for more information, see issue #79813 <https://github.com/rust-lang/rust/issues/79813>
[INFO] [stdout]     = note: this warning originates in the macro `expect_exit_code` (in Nightly builds, run with -Z macro-backtrace for more info)
[INFO] [stdout] 
[INFO] [stdout] 
[INFO] [stdout] warning: trailing semicolon in macro used in expression position
[INFO] [stdout]    --> tests/known_cases.rs:47:10
[INFO] [stdout]     |
[INFO] [stdout] 47  |           };
[INFO] [stdout]     |            ^
[INFO] [stdout] ...
[INFO] [stdout] 562 |       let output = expect_exit_code!(
[INFO] [stdout]     |  __________________-
[INFO] [stdout] 563 | |         0,
[INFO] [stdout] 564 | |         r#"
[INFO] [stdout] 565 | |         default_shell.generic = ["sh", "-c", "{COMMAND}"]
[INFO] [stdout] ...   |
[INFO] [stdout] 571 | |         ["basic"]
[INFO] [stdout] 572 | |     );
[INFO] [stdout]     | |_____- in this macro invocation
[INFO] [stdout]     |
[INFO] [stdout]     = warning: this was previously accepted by the compiler but is being phased out; it will become a hard error in a future release!
[INFO] [stdout]     = note: for more information, see issue #79813 <https://github.com/rust-lang/rust/issues/79813>
[INFO] [stdout]     = note: this warning originates in the macro `expect_exit_code` (in Nightly builds, run with -Z macro-backtrace for more info)
[INFO] [stdout] 
[INFO] [stdout] 
[INFO] [stdout] warning: trailing semicolon in macro used in expression position
[INFO] [stdout]    --> tests/known_cases.rs:47:10
[INFO] [stdout]     |
[INFO] [stdout] 47  |           };
[INFO] [stdout]     |            ^
[INFO] [stdout] ...
[INFO] [stdout] 578 |       let output = expect_exit_code!(
[INFO] [stdout]     |  __________________-
[INFO] [stdout] 579 | |         0,
[INFO] [stdout] 580 | |         r#"
[INFO] [stdout] 581 | |         [scripts]
[INFO] [stdout] ...   |
[INFO] [stdout] 587 | |         ["basic"]
[INFO] [stdout] 588 | |     );
[INFO] [stdout]     | |_____- in this macro invocation
[INFO] [stdout]     |
[INFO] [stdout]     = warning: this was previously accepted by the compiler but is being phased out; it will become a hard error in a future release!
[INFO] [stdout]     = note: for more information, see issue #79813 <https://github.com/rust-lang/rust/issues/79813>
[INFO] [stdout]     = note: this warning originates in the macro `expect_exit_code` (in Nightly builds, run with -Z macro-backtrace for more info)
[INFO] [stdout] 
[INFO] [stdout] 
[INFO] [stdout] warning: trailing semicolon in macro used in expression position
[INFO] [stdout]    --> tests/known_cases.rs:47:10
[INFO] [stdout]     |
[INFO] [stdout] 47  |           };
[INFO] [stdout]     |            ^
[INFO] [stdout] ...
[INFO] [stdout] 594 |       let output = expect_exit_code!(
[INFO] [stdout]     |  __________________-
[INFO] [stdout] 595 | |         1,
[INFO] [stdout] 596 | |         r#"
[INFO] [stdout] 597 | |         [scripts]
[INFO] [stdout] ...   |
[INFO] [stdout] 607 | |         ["basic"]
[INFO] [stdout] 608 | |     );
[INFO] [stdout]     | |_____- in this macro invocation
[INFO] [stdout]     |
[INFO] [stdout]     = warning: this was previously accepted by the compiler but is being phased out; it will become a hard error in a future release!
[INFO] [stdout]     = note: for more information, see issue #79813 <https://github.com/rust-lang/rust/issues/79813>
[INFO] [stdout]     = note: this warning originates in the macro `expect_exit_code` (in Nightly builds, run with -Z macro-backtrace for more info)
[INFO] [stdout] 
[INFO] [stdout] 
[INFO] [stdout] warning: trailing semicolon in macro used in expression position
[INFO] [stdout]    --> tests/known_cases.rs:47:10
[INFO] [stdout]     |
[INFO] [stdout] 47  |           };
[INFO] [stdout]     |            ^
[INFO] [stdout] ...
[INFO] [stdout] 677 |       let output = expect_exit_code!(
[INFO] [stdout]     |  __________________-
[INFO] [stdout] 678 | |         1,
[INFO] [stdout] 679 | |         r#"
[INFO] [stdout] 680 | |         env_files = ["src/.env"]
[INFO] [stdout] ...   |
[INFO] [stdout] 708 | |         ["basic", "Name", "foo", "bar"]
[INFO] [stdout] 709 | |     );
[INFO] [stdout]     | |_____- in this macro invocation
[INFO] [stdout]     |
[INFO] [stdout]     = warning: this was previously accepted by the compiler but is being phased out; it will become a hard error in a future release!
[INFO] [stdout]     = note: for more information, see issue #79813 <https://github.com/rust-lang/rust/issues/79813>
[INFO] [stdout]     = note: this warning originates in the macro `expect_exit_code` (in Nightly builds, run with -Z macro-backtrace for more info)
[INFO] [stdout] 
[INFO] [stdout] 
[INFO] [stdout] warning: trailing semicolon in macro used in expression position
[INFO] [stdout]    --> tests/known_cases.rs:47:10
[INFO] [stdout]     |
[INFO] [stdout] 47  |           };
[INFO] [stdout]     |            ^
[INFO] [stdout] ...
[INFO] [stdout] 724 |       let output1 = expect_exit_code!(
[INFO] [stdout]     |  ___________________-
[INFO] [stdout] 725 | |         1,
[INFO] [stdout] 726 | |         r#"
[INFO] [stdout] 727 | |         [scripts]
[INFO] [stdout] ...   |
[INFO] [stdout] 737 | |         ["basic"]
[INFO] [stdout] 738 | |     );
[INFO] [stdout]     | |_____- in this macro invocation
[INFO] [stdout]     |
[INFO] [stdout]     = warning: this was previously accepted by the compiler but is being phased out; it will become a hard error in a future release!
[INFO] [stdout]     = note: for more information, see issue #79813 <https://github.com/rust-lang/rust/issues/79813>
[INFO] [stdout]     = note: this warning originates in the macro `expect_exit_code` (in Nightly builds, run with -Z macro-backtrace for more info)
[INFO] [stdout] 
[INFO] [stdout] 
[INFO] [stdout] warning: trailing semicolon in macro used in expression position
[INFO] [stdout]    --> tests/known_cases.rs:47:10
[INFO] [stdout]     |
[INFO] [stdout] 47  |           };
[INFO] [stdout]     |            ^
[INFO] [stdout] ...
[INFO] [stdout] 743 |       let output2 = expect_exit_code!(
[INFO] [stdout]     |  ___________________-
[INFO] [stdout] 744 | |         0,
[INFO] [stdout] 745 | |         r#"
[INFO] [stdout] 746 | |         [scripts]
[INFO] [stdout] ...   |
[INFO] [stdout] 756 | |         ["basic"]
[INFO] [stdout] 757 | |     );
[INFO] [stdout]     | |_____- in this macro invocation
[INFO] [stdout]     |
[INFO] [stdout]     = warning: this was previously accepted by the compiler but is being phased out; it will become a hard error in a future release!
[INFO] [stdout]     = note: for more information, see issue #79813 <https://github.com/rust-lang/rust/issues/79813>
[INFO] [stdout]     = note: this warning originates in the macro `expect_exit_code` (in Nightly builds, run with -Z macro-backtrace for more info)
[INFO] [stdout] 
[INFO] [stdout] 
[INFO] [stdout] warning: trailing semicolon in macro used in expression position
[INFO] [stdout]    --> tests/known_cases.rs:47:10
[INFO] [stdout]     |
[INFO] [stdout] 47  |           };
[INFO] [stdout]     |            ^
[INFO] [stdout] ...
[INFO] [stdout] 766 |       let output1 = expect_exit_code!(
[INFO] [stdout]     |  ___________________-
[INFO] [stdout] 767 | |         1,
[INFO] [stdout] 768 | |         r#"
[INFO] [stdout] 769 | |         [scripts]
[INFO] [stdout] ...   |
[INFO] [stdout] 779 | |         ["basic"]
[INFO] [stdout] 780 | |     );
[INFO] [stdout]     | |_____- in this macro invocation
[INFO] [stdout]     |
[INFO] [stdout]     = warning: this was previously accepted by the compiler but is being phased out; it will become a hard error in a future release!
[INFO] [stdout]     = note: for more information, see issue #79813 <https://github.com/rust-lang/rust/issues/79813>
[INFO] [stdout]     = note: this warning originates in the macro `expect_exit_code` (in Nightly builds, run with -Z macro-backtrace for more info)
[INFO] [stdout] 
[INFO] [stdout] 
[INFO] [stdout] warning: trailing semicolon in macro used in expression position
[INFO] [stdout]    --> tests/known_cases.rs:47:10
[INFO] [stdout]     |
[INFO] [stdout] 47  |           };
[INFO] [stdout]     |            ^
[INFO] [stdout] ...
[INFO] [stdout] 785 |       let output2 = expect_exit_code!(
[INFO] [stdout]     |  ___________________-
[INFO] [stdout] 786 | |         0,
[INFO] [stdout] 787 | |         r#"
[INFO] [stdout] 788 | |         [scripts]
[INFO] [stdout] ...   |
[INFO] [stdout] 798 | |         ["basic"]
[INFO] [stdout] 799 | |     );
[INFO] [stdout]     | |_____- in this macro invocation
[INFO] [stdout]     |
[INFO] [stdout]     = warning: this was previously accepted by the compiler but is being phased out; it will become a hard error in a future release!
[INFO] [stdout]     = note: for more information, see issue #79813 <https://github.com/rust-lang/rust/issues/79813>
[INFO] [stdout]     = note: this warning originates in the macro `expect_exit_code` (in Nightly builds, run with -Z macro-backtrace for more info)
[INFO] [stdout] 
[INFO] [stdout] 
[INFO] [stdout] warning: trailing semicolon in macro used in expression position
[INFO] [stdout]    --> tests/known_cases.rs:47:10
[INFO] [stdout]     |
[INFO] [stdout] 47  |           };
[INFO] [stdout]     |            ^
[INFO] [stdout] ...
[INFO] [stdout] 808 |       let output1 = expect_exit_code!(
[INFO] [stdout]     |  ___________________-
[INFO] [stdout] 809 | |         1,
[INFO] [stdout] 810 | |         r#"
[INFO] [stdout] 811 | |         [scripts]
[INFO] [stdout] ...   |
[INFO] [stdout] 821 | |         ["basic"]
[INFO] [stdout] 822 | |     );
[INFO] [stdout]     | |_____- in this macro invocation
[INFO] [stdout]     |
[INFO] [stdout]     = warning: this was previously accepted by the compiler but is being phased out; it will become a hard error in a future release!
[INFO] [stdout]     = note: for more information, see issue #79813 <https://github.com/rust-lang/rust/issues/79813>
[INFO] [stdout]     = note: this warning originates in the macro `expect_exit_code` (in Nightly builds, run with -Z macro-backtrace for more info)
[INFO] [stdout] 
[INFO] [stdout] 
[INFO] [stdout] warning: trailing semicolon in macro used in expression position
[INFO] [stdout]    --> tests/known_cases.rs:47:10
[INFO] [stdout]     |
[INFO] [stdout] 47  |           };
[INFO] [stdout]     |            ^
[INFO] [stdout] ...
[INFO] [stdout] 827 |       let output2 = expect_exit_code!(
[INFO] [stdout]     |  ___________________-
[INFO] [stdout] 828 | |         0,
[INFO] [stdout] 829 | |         r#"
[INFO] [stdout] 830 | |         [scripts]
[INFO] [stdout] ...   |
[INFO] [stdout] 840 | |         ["basic"]
[INFO] [stdout] 841 | |     );
[INFO] [stdout]     | |_____- in this macro invocation
[INFO] [stdout]     |
[INFO] [stdout]     = warning: this was previously accepted by the compiler but is being phased out; it will become a hard error in a future release!
[INFO] [stdout]     = note: for more information, see issue #79813 <https://github.com/rust-lang/rust/issues/79813>
[INFO] [stdout]     = note: this warning originates in the macro `expect_exit_code` (in Nightly builds, run with -Z macro-backtrace for more info)
[INFO] [stdout] 
[INFO] [stdout] 
[INFO] [stdout] warning: trailing semicolon in macro used in expression position
[INFO] [stdout]    --> tests/known_cases.rs:47:10
[INFO] [stdout]     |
[INFO] [stdout] 47  |           };
[INFO] [stdout]     |            ^
[INFO] [stdout] ...
[INFO] [stdout] 850 |       let output1 = expect_exit_code!(
[INFO] [stdout]     |  ___________________-
[INFO] [stdout] 851 | |         1,
[INFO] [stdout] 852 | |         r#"
[INFO] [stdout] 853 | |         [scripts]
[INFO] [stdout] ...   |
[INFO] [stdout] 863 | |         ["basic"]
[INFO] [stdout] 864 | |     );
[INFO] [stdout]     | |_____- in this macro invocation
[INFO] [stdout]     |
[INFO] [stdout]     = warning: this was previously accepted by the compiler but is being phased out; it will become a hard error in a future release!
[INFO] [stdout]     = note: for more information, see issue #79813 <https://github.com/rust-lang/rust/issues/79813>
[INFO] [stdout]     = note: this warning originates in the macro `expect_exit_code` (in Nightly builds, run with -Z macro-backtrace for more info)
[INFO] [stdout] 
[INFO] [stdout] 
[INFO] [stdout] warning: trailing semicolon in macro used in expression position
[INFO] [stdout]    --> tests/known_cases.rs:47:10
[INFO] [stdout]     |
[INFO] [stdout] 47  |           };
[INFO] [stdout]     |            ^
[INFO] [stdout] ...
[INFO] [stdout] 869 |       let output2 = expect_exit_code!(
[INFO] [stdout]     |  ___________________-
[INFO] [stdout] 870 | |         1,
[INFO] [stdout] 871 | |         r#"
[INFO] [stdout] 872 | |         [scripts]
[INFO] [stdout] ...   |
[INFO] [stdout] 882 | |         ["basic"]
[INFO] [stdout] 883 | |     );
[INFO] [stdout]     | |_____- in this macro invocation
[INFO] [stdout]     |
[INFO] [stdout]     = warning: this was previously accepted by the compiler but is being phased out; it will become a hard error in a future release!
[INFO] [stdout]     = note: for more information, see issue #79813 <https://github.com/rust-lang/rust/issues/79813>
[INFO] [stdout]     = note: this warning originates in the macro `expect_exit_code` (in Nightly builds, run with -Z macro-backtrace for more info)
[INFO] [stdout] 
[INFO] [stdout] 
[INFO] [stdout] warning: trailing semicolon in macro used in expression position
[INFO] [stdout]    --> tests/known_cases.rs:47:10
[INFO] [stdout]     |
[INFO] [stdout] 47  |           };
[INFO] [stdout]     |            ^
[INFO] [stdout] ...
[INFO] [stdout] 889 |       let output = expect_exit_code!(
[INFO] [stdout]     |  __________________-
[INFO] [stdout] 890 | |         1,
[INFO] [stdout] 891 | |         r#"
[INFO] [stdout] 892 | |         [scripts]
[INFO] [stdout] ...   |
[INFO] [stdout] 902 | |         ["basic"]
[INFO] [stdout] 903 | |     );
[INFO] [stdout]     | |_____- in this macro invocation
[INFO] [stdout]     |
[INFO] [stdout]     = warning: this was previously accepted by the compiler but is being phased out; it will become a hard error in a future release!
[INFO] [stdout]     = note: for more information, see issue #79813 <https://github.com/rust-lang/rust/issues/79813>
[INFO] [stdout]     = note: this warning originates in the macro `expect_exit_code` (in Nightly builds, run with -Z macro-backtrace for more info)
[INFO] [stdout] 
[INFO] [stdout] 
[INFO] [stdout] warning: trailing semicolon in macro used in expression position
[INFO] [stdout]    --> tests/known_cases.rs:47:10
[INFO] [stdout]     |
[INFO] [stdout] 47  |           };
[INFO] [stdout]     |            ^
[INFO] [stdout] ...
[INFO] [stdout] 912 |       let output = expect_exit_code!(
[INFO] [stdout]     |  __________________-
[INFO] [stdout] 913 | |         1,
[INFO] [stdout] 914 | |         r#"
[INFO] [stdout] 915 | |         [scripts]
[INFO] [stdout] ...   |
[INFO] [stdout] 925 | |         ["basic"]
[INFO] [stdout] 926 | |     );
[INFO] [stdout]     | |_____- in this macro invocation
[INFO] [stdout]     |
[INFO] [stdout]     = warning: this was previously accepted by the compiler but is being phased out; it will become a hard error in a future release!
[INFO] [stdout]     = note: for more information, see issue #79813 <https://github.com/rust-lang/rust/issues/79813>
[INFO] [stdout]     = note: this warning originates in the macro `expect_exit_code` (in Nightly builds, run with -Z macro-backtrace for more info)
[INFO] [stdout] 
[INFO] [stdout] 
[INFO] [stdout] warning: 41 warnings emitted
[INFO] [stdout] 
[INFO] [stdout] 
[INFO] [stderr]     Finished test [unoptimized + debuginfo] target(s) in 1.30s
[INFO] [stderr] warning: the following packages contain code that will be rejected by a future version of Rust: bonnie v0.3.2 (/opt/rustwide/workdir)
[INFO] [stderr] note: to see what the problems were, use the option `--future-incompat-report`, or run `cargo report future-incompatibilities --id 1`
[INFO] running `Command { std: "docker" "inspect" "dcc36ccd36fab2d3bc4a5b5a9b491f2d097ee0a57d2424807e65fcfba3984d08", kill_on_drop: false }`
[INFO] running `Command { std: "docker" "rm" "-f" "dcc36ccd36fab2d3bc4a5b5a9b491f2d097ee0a57d2424807e65fcfba3984d08", kill_on_drop: false }`
[INFO] [stdout] dcc36ccd36fab2d3bc4a5b5a9b491f2d097ee0a57d2424807e65fcfba3984d08
[INFO] running `Command { std: "docker" "create" "-v" "/var/lib/crater-agent-workspace/builds/worker-0-tc2/target:/opt/rustwide/target:rw,Z" "-v" "/var/lib/crater-agent-workspace/builds/worker-0-tc2/source:/opt/rustwide/workdir:ro,Z" "-v" "/var/lib/crater-agent-workspace/cargo-home:/opt/rustwide/cargo-home:ro,Z" "-v" "/var/lib/crater-agent-workspace/rustup-home:/opt/rustwide/rustup-home:ro,Z" "-e" "SOURCE_DIR=/opt/rustwide/workdir" "-e" "CARGO_TARGET_DIR=/opt/rustwide/target" "-e" "CARGO_INCREMENTAL=0" "-e" "RUST_BACKTRACE=full" "-e" "RUSTFLAGS=--cap-lints=warn" "-e" "RUSTDOCFLAGS=--cap-lints=warn" "-e" "CARGO_HOME=/opt/rustwide/cargo-home" "-e" "RUSTUP_HOME=/opt/rustwide/rustup-home" "-w" "/opt/rustwide/workdir" "-m" "1610612736" "--user" "0:0" "--network" "none" "ghcr.io/rust-lang/crates-build-env/linux@sha256:2788e3201cd34a07e3172128adcd8b3090168a8e3bcc40d7c032b9dda1df7d1c" "/opt/rustwide/cargo-home/bin/cargo" "+beta-2023-12-22" "test" "--frozen", kill_on_drop: false }`
[INFO] [stdout] bea2fe05b8afcfdbb891f17cd19d55220ff179cb480e2c4405852469c9311e37
[INFO] running `Command { std: "docker" "start" "-a" "bea2fe05b8afcfdbb891f17cd19d55220ff179cb480e2c4405852469c9311e37", kill_on_drop: false }`
[INFO] [stderr] warning: trailing semicolon in macro used in expression position
[INFO] [stderr]    --> tests/known_cases.rs:47:10
[INFO] [stderr]     |
[INFO] [stderr] 47  |           };
[INFO] [stderr]     |            ^
[INFO] [stderr] ...
[INFO] [stderr] 111 |       let output = expect_exit_code!(
[INFO] [stderr]     |  __________________-
[INFO] [stderr] 112 | |         0,
[INFO] [stderr] 113 | |         r#"
[INFO] [stderr] 114 | |         [scripts]
[INFO] [stderr] ...   |
[INFO] [stderr] 118 | |         ["basic"]
[INFO] [stderr] 119 | |     );
[INFO] [stderr]     | |_____- in this macro invocation
[INFO] [stderr]     |
[INFO] [stderr]     = warning: this was previously accepted by the compiler but is being phased out; it will become a hard error in a future release!
[INFO] [stderr]     = note: for more information, see issue #79813 <https://github.com/rust-lang/rust/issues/79813>
[INFO] [stderr]     = note: `#[warn(semicolon_in_expressions_from_macros)]` on by default
[INFO] [stderr]     = note: this warning originates in the macro `expect_exit_code` (in Nightly builds, run with -Z macro-backtrace for more info)
[INFO] [stderr] 
[INFO] [stderr] warning: trailing semicolon in macro used in expression position
[INFO] [stderr]    --> tests/known_cases.rs:47:10
[INFO] [stderr]     |
[INFO] [stderr] 47  |           };
[INFO] [stderr]     |            ^
[INFO] [stderr] ...
[INFO] [stderr] 126 |       let output = expect_exit_code!(
[INFO] [stderr]     |  __________________-
[INFO] [stderr] 127 | |         0,
[INFO] [stderr] 128 | |         r#"
[INFO] [stderr] 129 | |         [scripts]
[INFO] [stderr] ...   |
[INFO] [stderr] 134 | |         ["basic"]
[INFO] [stderr] 135 | |     );
[INFO] [stderr]     | |_____- in this macro invocation
[INFO] [stderr]     |
[INFO] [stderr]     = warning: this was previously accepted by the compiler but is being phased out; it will become a hard error in a future release!
[INFO] [stderr]     = note: for more information, see issue #79813 <https://github.com/rust-lang/rust/issues/79813>
[INFO] [stderr]     = note: this warning originates in the macro `expect_exit_code` (in Nightly builds, run with -Z macro-backtrace for more info)
[INFO] [stderr] 
[INFO] [stderr] warning: trailing semicolon in macro used in expression position
[INFO] [stderr]    --> tests/known_cases.rs:47:10
[INFO] [stderr]     |
[INFO] [stderr] 47  |           };
[INFO] [stderr]     |            ^
[INFO] [stderr] ...
[INFO] [stderr] 144 |       let output = expect_exit_code!(
[INFO] [stderr]     |  __________________-
[INFO] [stderr] 145 | |         0,
[INFO] [stderr] 146 | |         r#"
[INFO] [stderr] 147 | |         [scripts]
[INFO] [stderr] ...   |
[INFO] [stderr] 152 | |         ["basic", "Name"]
[INFO] [stderr] 153 | |     );
[INFO] [stderr]     | |_____- in this macro invocation
[INFO] [stderr]     |
[INFO] [stderr]     = warning: this was previously accepted by the compiler but is being phased out; it will become a hard error in a future release!
[INFO] [stderr]     = note: for more information, see issue #79813 <https://github.com/rust-lang/rust/issues/79813>
[INFO] [stderr]     = note: this warning originates in the macro `expect_exit_code` (in Nightly builds, run with -Z macro-backtrace for more info)
[INFO] [stderr] 
[INFO] [stderr] warning: trailing semicolon in macro used in expression position
[INFO] [stderr]    --> tests/known_cases.rs:47:10
[INFO] [stderr]     |
[INFO] [stderr] 47  |           };
[INFO] [stderr]     |            ^
[INFO] [stderr] ...
[INFO] [stderr] 172 |       let output = expect_exit_code!(
[INFO] [stderr]     |  __________________-
[INFO] [stderr] 173 | |         0,
[INFO] [stderr] 174 | |         r#"
[INFO] [stderr] 175 | |         [scripts]
[INFO] [stderr] ...   |
[INFO] [stderr] 179 | |         ["basic"]
[INFO] [stderr] 180 | |     );
[INFO] [stderr]     | |_____- in this macro invocation
[INFO] [stderr]     |
[INFO] [stderr]     = warning: this was previously accepted by the compiler but is being phased out; it will become a hard error in a future release!
[INFO] [stderr]     = note: for more information, see issue #79813 <https://github.com/rust-lang/rust/issues/79813>
[INFO] [stderr]     = note: this warning originates in the macro `expect_exit_code` (in Nightly builds, run with -Z macro-backtrace for more info)
[INFO] [stderr] 
[INFO] [stderr] warning: trailing semicolon in macro used in expression position
[INFO] [stderr]    --> tests/known_cases.rs:47:10
[INFO] [stderr]     |
[INFO] [stderr] 47  |           };
[INFO] [stderr]     |            ^
[INFO] [stderr] ...
[INFO] [stderr] 187 |       let output = expect_exit_code!(
[INFO] [stderr]     |  __________________-
[INFO] [stderr] 188 | |         0,
[INFO] [stderr] 189 | |         r#"
[INFO] [stderr] 190 | |         [scripts]
[INFO] [stderr] ...   |
[INFO] [stderr] 194 | |         ["basic", "Test"]
[INFO] [stderr] 195 | |     );
[INFO] [stderr]     | |_____- in this macro invocation
[INFO] [stderr]     |
[INFO] [stderr]     = warning: this was previously accepted by the compiler but is being phased out; it will become a hard error in a future release!
[INFO] [stderr]     = note: for more information, see issue #79813 <https://github.com/rust-lang/rust/issues/79813>
[INFO] [stderr]     = note: this warning originates in the macro `expect_exit_code` (in Nightly builds, run with -Z macro-backtrace for more info)
[INFO] [stderr] 
[INFO] [stderr] warning: trailing semicolon in macro used in expression position
[INFO] [stderr]    --> tests/known_cases.rs:47:10
[INFO] [stderr]     |
[INFO] [stderr] 47  |           };
[INFO] [stderr]     |            ^
[INFO] [stderr] ...
[INFO] [stderr] 201 |       let output = expect_exit_code!(
[INFO] [stderr]     |  __________________-
[INFO] [stderr] 202 | |         0,
[INFO] [stderr] 203 | |         r#"
[INFO] [stderr] 204 | |         [scripts]
[INFO] [stderr] ...   |
[INFO] [stderr] 208 | |         ["basic", "foo", "bar"]
[INFO] [stderr] 209 | |     );
[INFO] [stderr]     | |_____- in this macro invocation
[INFO] [stderr]     |
[INFO] [stderr]     = warning: this was previously accepted by the compiler but is being phased out; it will become a hard error in a future release!
[INFO] [stderr]     = note: for more information, see issue #79813 <https://github.com/rust-lang/rust/issues/79813>
[INFO] [stderr]     = note: this warning originates in the macro `expect_exit_code` (in Nightly builds, run with -Z macro-backtrace for more info)
[INFO] [stderr] 
[INFO] [stderr] warning: trailing semicolon in macro used in expression position
[INFO] [stderr]    --> tests/known_cases.rs:47:10
[INFO] [stderr]     |
[INFO] [stderr] 47  |           };
[INFO] [stderr]     |            ^
[INFO] [stderr] ...
[INFO] [stderr] 215 |       let output = expect_exit_code!(
[INFO] [stderr]     |  __________________-
[INFO] [stderr] 216 | |         0,
[INFO] [stderr] 217 | |         r#"
[INFO] [stderr] 218 | |         [scripts]
[INFO] [stderr] ...   |
[INFO] [stderr] 222 | |         ["basic", "foo", "bar"]
[INFO] [stderr] 223 | |     );
[INFO] [stderr]     | |_____- in this macro invocation
[INFO] [stderr]     |
[INFO] [stderr]     = warning: this was previously accepted by the compiler but is being phased out; it will become a hard error in a future release!
[INFO] [stderr]     = note: for more information, see issue #79813 <https://github.com/rust-lang/rust/issues/79813>
[INFO] [stderr]     = note: this warning originates in the macro `expect_exit_code` (in Nightly builds, run with -Z macro-backtrace for more info)
[INFO] [stderr] 
[INFO] [stderr] warning: trailing semicolon in macro used in expression position
[INFO] [stderr]    --> tests/known_cases.rs:47:10
[INFO] [stderr]     |
[INFO] [stderr] 47  |           };
[INFO] [stderr]     |            ^
[INFO] [stderr] ...
[INFO] [stderr] 229 |       let output = expect_exit_code!(
[INFO] [stderr]     |  __________________-
[INFO] [stderr] 230 | |         0,
[INFO] [stderr] 231 | |         r#"
[INFO] [stderr] 232 | |         [scripts]
[INFO] [stderr] ...   |
[INFO] [stderr] 237 | |         ["basic", "Name", "foo", "bar"]
[INFO] [stderr] 238 | |     );
[INFO] [stderr]     | |_____- in this macro invocation
[INFO] [stderr]     |
[INFO] [stderr]     = warning: this was previously accepted by the compiler but is being phased out; it will become a hard error in a future release!
[INFO] [stderr]     = note: for more information, see issue #79813 <https://github.com/rust-lang/rust/issues/79813>
[INFO] [stderr]     = note: this warning originates in the macro `expect_exit_code` (in Nightly builds, run with -Z macro-backtrace for more info)
[INFO] [stderr] 
[INFO] [stderr] warning: trailing semicolon in macro used in expression position
[INFO] [stderr]    --> tests/known_cases.rs:47:10
[INFO] [stderr]     |
[INFO] [stderr] 47  |           };
[INFO] [stderr]     |            ^
[INFO] [stderr] ...
[INFO] [stderr] 245 |       let output = expect_exit_code!(
[INFO] [stderr]     |  __________________-
[INFO] [stderr] 246 | |         0,
[INFO] [stderr] 247 | |         r#"
[INFO] [stderr] 248 | |         env_files = ["src/.env"]
[INFO] [stderr] ...   |
[INFO] [stderr] 254 | |         ["basic"]
[INFO] [stderr] 255 | |     );
[INFO] [stderr]     | |_____- in this macro invocation
[INFO] [stderr]     |
[INFO] [stderr]     = warning: this was previously accepted by the compiler but is being phased out; it will become a hard error in a future release!
[INFO] [stderr]     = note: for more information, see issue #79813 <https://github.com/rust-lang/rust/issues/79813>
[INFO] [stderr]     = note: this warning originates in the macro `expect_exit_code` (in Nightly builds, run with -Z macro-backtrace for more info)
[INFO] [stderr] 
[INFO] [stderr] warning: trailing semicolon in macro used in expression position
[INFO] [stderr]    --> tests/known_cases.rs:47:10
[INFO] [stderr]     |
[INFO] [stderr] 47  |           };
[INFO] [stderr]     |            ^
[INFO] [stderr] ...
[INFO] [stderr] 289 |       let output = expect_exit_code!(
[INFO] [stderr]     |  __________________-
[INFO] [stderr] 290 | |         0,
[INFO] [stderr] 291 | |         r#"
[INFO] [stderr] 292 | |         env_files = ["src/.env"]
[INFO] [stderr] ...   |
[INFO] [stderr] 299 | |         ["basic", "Name", "(extra stuff)"]
[INFO] [stderr] 300 | |     );
[INFO] [stderr]     | |_____- in this macro invocation
[INFO] [stderr]     |
[INFO] [stderr]     = warning: this was previously accepted by the compiler but is being phased out; it will become a hard error in a future release!
[INFO] [stderr]     = note: for more information, see issue #79813 <https://github.com/rust-lang/rust/issues/79813>
[INFO] [stderr]     = note: this warning originates in the macro `expect_exit_code` (in Nightly builds, run with -Z macro-backtrace for more info)
[INFO] [stderr] 
[INFO] [stderr] warning: trailing semicolon in macro used in expression position
[INFO] [stderr]    --> tests/known_cases.rs:47:10
[INFO] [stderr]     |
[INFO] [stderr] 47  |           };
[INFO] [stderr]     |            ^
[INFO] [stderr] ...
[INFO] [stderr] 309 |       let output = expect_exit_code!(
[INFO] [stderr]     |  __________________-
[INFO] [stderr] 310 | |         1,
[INFO] [stderr] 311 | |         r#"
[INFO] [stderr] 312 | |         [scripts]
[INFO] [stderr] ...   |
[INFO] [stderr] 316 | |         ["basic"]
[INFO] [stderr] 317 | |     );
[INFO] [stderr]     | |_____- in this macro invocation
[INFO] [stderr]     |
[INFO] [stderr]     = warning: this was previously accepted by the compiler but is being phased out; it will become a hard error in a future release!
[INFO] [stderr]     = note: for more information, see issue #79813 <https://github.com/rust-lang/rust/issues/79813>
[INFO] [stderr]     = note: this warning originates in the macro `expect_exit_code` (in Nightly builds, run with -Z macro-backtrace for more info)
[INFO] [stderr] 
[INFO] [stderr] warning: trailing semicolon in macro used in expression position
[INFO] [stderr]    --> tests/known_cases.rs:47:10
[INFO] [stderr]     |
[INFO] [stderr] 47  |           };
[INFO] [stderr]     |            ^
[INFO] [stderr] ...
[INFO] [stderr] 323 |       let output = expect_exit_code!(
[INFO] [stderr]     |  __________________-
[INFO] [stderr] 324 | |         1,
[INFO] [stderr] 325 | |         r#"
[INFO] [stderr] 326 | |         env_files = ["src/.env"]
[INFO] [stderr] ...   |
[INFO] [stderr] 336 | |         ["basic", "Name", "foo", "bar"]
[INFO] [stderr] 337 | |     );
[INFO] [stderr]     | |_____- in this macro invocation
[INFO] [stderr]     |
[INFO] [stderr]     = warning: this was previously accepted by the compiler but is being phased out; it will become a hard error in a future release!
[INFO] [stderr]     = note: for more information, see issue #79813 <https://github.com/rust-lang/rust/issues/79813>
[INFO] [stderr]     = note: this warning originates in the macro `expect_exit_code` (in Nightly builds, run with -Z macro-backtrace for more info)
[INFO] [stderr] 
[INFO] [stderr] warning: trailing semicolon in macro used in expression position
[INFO] [stderr]    --> tests/known_cases.rs:47:10
[INFO] [stderr]     |
[INFO] [stderr] 47  |         };
[INFO] [stderr]     |          ^
[INFO] [stderr] ...
[INFO] [stderr] 351 |     let output1 = expect_exit_code!(0, cfg, BONNIE_VERSION, ["basic", "test"]);
[INFO] [stderr]     |                   ------------------------------------------------------------ in this macro invocation
[INFO] [stderr]     |
[INFO] [stderr]     = warning: this was previously accepted by the compiler but is being phased out; it will become a hard error in a future release!
[INFO] [stderr]     = note: for more information, see issue #79813 <https://github.com/rust-lang/rust/issues/79813>
[INFO] [stderr]     = note: this warning originates in the macro `expect_exit_code` (in Nightly builds, run with -Z macro-backtrace for more info)
[INFO] [stderr] 
[INFO] [stderr] warning: trailing semicolon in macro used in expression position
[INFO] [stderr]    --> tests/known_cases.rs:47:10
[INFO] [stderr]     |
[INFO] [stderr] 47  |         };
[INFO] [stderr]     |          ^
[INFO] [stderr] ...
[INFO] [stderr] 353 |     let output2 = expect_exit_code!(1, cfg, BONNIE_VERSION, ["basic", "other"]);
[INFO] [stderr]     |                   ------------------------------------------------------------- in this macro invocation
[INFO] [stderr]     |
[INFO] [stderr]     = warning: this was previously accepted by the compiler but is being phased out; it will become a hard error in a future release!
[INFO] [stderr]     = note: for more information, see issue #79813 <https://github.com/rust-lang/rust/issues/79813>
[INFO] [stderr]     = note: this warning originates in the macro `expect_exit_code` (in Nightly builds, run with -Z macro-backtrace for more info)
[INFO] [stderr] 
[INFO] [stderr] warning: trailing semicolon in macro used in expression position
[INFO] [stderr]    --> tests/known_cases.rs:47:10
[INFO] [stderr]     |
[INFO] [stderr] 47  |         };
[INFO] [stderr]     |          ^
[INFO] [stderr] ...
[INFO] [stderr] 370 |     let output1 = expect_exit_code!(1, cfg, BONNIE_VERSION, ["basic", "test", "Name", "foo bar"]);
[INFO] [stderr]     |                   ------------------------------------------------------------------------------- in this macro invocation
[INFO] [stderr]     |
[INFO] [stderr]     = warning: this was previously accepted by the compiler but is being phased out; it will become a hard error in a future release!
[INFO] [stderr]     = note: for more information, see issue #79813 <https://github.com/rust-lang/rust/issues/79813>
[INFO] [stderr]     = note: this warning originates in the macro `expect_exit_code` (in Nightly builds, run with -Z macro-backtrace for more info)
[INFO] [stderr] 
[INFO] [stderr] warning: trailing semicolon in macro used in expression position
[INFO] [stderr]    --> tests/known_cases.rs:47:10
[INFO] [stderr]     |
[INFO] [stderr] 47  |         };
[INFO] [stderr]     |          ^
[INFO] [stderr] ...
[INFO] [stderr] 375 |     let output2 = expect_exit_code!(1, cfg, BONNIE_VERSION, ["basic", "other"]);
[INFO] [stderr]     |                   ------------------------------------------------------------- in this macro invocation
[INFO] [stderr]     |
[INFO] [stderr]     = warning: this was previously accepted by the compiler but is being phased out; it will become a hard error in a future release!
[INFO] [stderr]     = note: for more information, see issue #79813 <https://github.com/rust-lang/rust/issues/79813>
[INFO] [stderr]     = note: this warning originates in the macro `expect_exit_code` (in Nightly builds, run with -Z macro-backtrace for more info)
[INFO] [stderr] 
[INFO] [stderr] warning: trailing semicolon in macro used in expression position
[INFO] [stderr]    --> tests/known_cases.rs:47:10
[INFO] [stderr]     |
[INFO] [stderr] 47  |         };
[INFO] [stderr]     |          ^
[INFO] [stderr] ...
[INFO] [stderr] 387 |     let root_output = expect_exit_code!(0, cfg, BONNIE_VERSION, ["basic"]);
[INFO] [stderr]     |                       ---------------------------------------------------- in this macro invocation
[INFO] [stderr]     |
[INFO] [stderr]     = warning: this was previously accepted by the compiler but is being phased out; it will become a hard error in a future release!
[INFO] [stderr]     = note: for more information, see issue #79813 <https://github.com/rust-lang/rust/issues/79813>
[INFO] [stderr]     = note: this warning originates in the macro `expect_exit_code` (in Nightly builds, run with -Z macro-backtrace for more info)
[INFO] [stderr] 
[INFO] [stderr] warning: trailing semicolon in macro used in expression position
[INFO] [stderr]    --> tests/known_cases.rs:47:10
[INFO] [stderr]     |
[INFO] [stderr] 47  |         };
[INFO] [stderr]     |          ^
[INFO] [stderr] ...
[INFO] [stderr] 389 |     let output1 = expect_exit_code!(1, cfg, BONNIE_VERSION, ["basic", "test"]);
[INFO] [stderr]     |                   ------------------------------------------------------------ in this macro invocation
[INFO] [stderr]     |
[INFO] [stderr]     = warning: this was previously accepted by the compiler but is being phased out; it will become a hard error in a future release!
[INFO] [stderr]     = note: for more information, see issue #79813 <https://github.com/rust-lang/rust/issues/79813>
[INFO] [stderr]     = note: this warning originates in the macro `expect_exit_code` (in Nightly builds, run with -Z macro-backtrace for more info)
[INFO] [stderr] 
[INFO] [stderr] warning: trailing semicolon in macro used in expression position
[INFO] [stderr]    --> tests/known_cases.rs:47:10
[INFO] [stderr]     |
[INFO] [stderr] 47  |         };
[INFO] [stderr]     |          ^
[INFO] [stderr] ...
[INFO] [stderr] 391 |     let output2 = expect_exit_code!(2, cfg, BONNIE_VERSION, ["basic", "other"]);
[INFO] [stderr]     |                   ------------------------------------------------------------- in this macro invocation
[INFO] [stderr]     |
[INFO] [stderr]     = warning: this was previously accepted by the compiler but is being phased out; it will become a hard error in a future release!
[INFO] [stderr]     = note: for more information, see issue #79813 <https://github.com/rust-lang/rust/issues/79813>
[INFO] [stderr]     = note: this warning originates in the macro `expect_exit_code` (in Nightly builds, run with -Z macro-backtrace for more info)
[INFO] [stderr] 
[INFO] [stderr] warning: trailing semicolon in macro used in expression position
[INFO] [stderr]    --> tests/known_cases.rs:47:10
[INFO] [stderr]     |
[INFO] [stderr] 47  |           };
[INFO] [stderr]     |            ^
[INFO] [stderr] ...
[INFO] [stderr] 409 |       let output = expect_exit_code!(
[INFO] [stderr]     |  __________________-
[INFO] [stderr] 410 | |         0,
[INFO] [stderr] 411 | |         r#"
[INFO] [stderr] 412 | |         [scripts]
[INFO] [stderr] ...   |
[INFO] [stderr] 417 | |         ["basic"]
[INFO] [stderr] 418 | |     );
[INFO] [stderr]     | |_____- in this macro invocation
[INFO] [stderr]     |
[INFO] [stderr]     = warning: this was previously accepted by the compiler but is being phased out; it will become a hard error in a future release!
[INFO] [stderr]     = note: for more information, see issue #79813 <https://github.com/rust-lang/rust/issues/79813>
[INFO] [stderr]     = note: this warning originates in the macro `expect_exit_code` (in Nightly builds, run with -Z macro-backtrace for more info)
[INFO] [stderr] 
[INFO] [stderr] warning: trailing semicolon in macro used in expression position
[INFO] [stderr]    --> tests/known_cases.rs:47:10
[INFO] [stderr]     |
[INFO] [stderr] 47  |           };
[INFO] [stderr]     |            ^
[INFO] [stderr] ...
[INFO] [stderr] 424 |       let output = expect_exit_code!(
[INFO] [stderr]     |  __________________-
[INFO] [stderr] 425 | |         1,
[INFO] [stderr] 426 | |         r#"
[INFO] [stderr] 427 | |         env_files = ["src/.env"]
[INFO] [stderr] ...   |
[INFO] [stderr] 438 | |         ["basic", "Name", "foo", "bar"]
[INFO] [stderr] 439 | |     );
[INFO] [stderr]     | |_____- in this macro invocation
[INFO] [stderr]     |
[INFO] [stderr]     = warning: this was previously accepted by the compiler but is being phased out; it will become a hard error in a future release!
[INFO] [stderr]     = note: for more information, see issue #79813 <https://github.com/rust-lang/rust/issues/79813>
[INFO] [stderr]     = note: this warning originates in the macro `expect_exit_code` (in Nightly builds, run with -Z macro-backtrace for more info)
[INFO] [stderr] 
[INFO] [stderr] warning: trailing semicolon in macro used in expression position
[INFO] [stderr]    --> tests/known_cases.rs:47:10
[INFO] [stderr]     |
[INFO] [stderr] 47  |           };
[INFO] [stderr]     |            ^
[INFO] [stderr] ...
[INFO] [stderr] 449 |       let output = expect_exit_code!(
[INFO] [stderr]     |  __________________-
[INFO] [stderr] 450 | |         0,
[INFO] [stderr] 451 | |         r#"
[INFO] [stderr] 452 | |         [scripts]
[INFO] [stderr] ...   |
[INFO] [stderr] 457 | |         ["basic"]
[INFO] [stderr] 458 | |     );
[INFO] [stderr]     | |_____- in this macro invocation
[INFO] [stderr]     |
[INFO] [stderr]     = warning: this was previously accepted by the compiler but is being phased out; it will become a hard error in a future release!
[INFO] [stderr]     = note: for more information, see issue #79813 <https://github.com/rust-lang/rust/issues/79813>
[INFO] [stderr]     = note: this warning originates in the macro `expect_exit_code` (in Nightly builds, run with -Z macro-backtrace for more info)
[INFO] [stderr] 
[INFO] [stderr] warning: trailing semicolon in macro used in expression position
[INFO] [stderr]    --> tests/known_cases.rs:47:10
[INFO] [stderr]     |
[INFO] [stderr] 47  |           };
[INFO] [stderr]     |            ^
[INFO] [stderr] ...
[INFO] [stderr] 464 |       let output = expect_exit_code!(
[INFO] [stderr]     |  __________________-
[INFO] [stderr] 465 | |         0,
[INFO] [stderr] 466 | |         r#"
[INFO] [stderr] 467 | |         [scripts]
[INFO] [stderr] ...   |
[INFO] [stderr] 472 | |         ["basic"]
[INFO] [stderr] 473 | |     );
[INFO] [stderr]     | |_____- in this macro invocation
[INFO] [stderr]     |
[INFO] [stderr]     = warning: this was previously accepted by the compiler but is being phased out; it will become a hard error in a future release!
[INFO] [stderr]     = note: for more information, see issue #79813 <https://github.com/rust-lang/rust/issues/79813>
[INFO] [stderr]     = note: this warning originates in the macro `expect_exit_code` (in Nightly builds, run with -Z macro-backtrace for more info)
[INFO] [stderr] 
[INFO] [stderr] warning: trailing semicolon in macro used in expression position
[INFO] [stderr]    --> tests/known_cases.rs:47:10
[INFO] [stderr]     |
[INFO] [stderr] 47  |           };
[INFO] [stderr]     |            ^
[INFO] [stderr] ...
[INFO] [stderr] 479 |       let output = expect_exit_code!(
[INFO] [stderr]     |  __________________-
[INFO] [stderr] 480 | |         1,
[INFO] [stderr] 481 | |         r#"
[INFO] [stderr] 482 | |         env_files = ["src/.env"]
[INFO] [stderr] ...   |
[INFO] [stderr] 494 | |         ["basic", "Name", "foo", "bar"]
[INFO] [stderr] 495 | |     );
[INFO] [stderr]     | |_____- in this macro invocation
[INFO] [stderr]     |
[INFO] [stderr]     = warning: this was previously accepted by the compiler but is being phased out; it will become a hard error in a future release!
[INFO] [stderr]     = note: for more information, see issue #79813 <https://github.com/rust-lang/rust/issues/79813>
[INFO] [stderr]     = note: this warning originates in the macro `expect_exit_code` (in Nightly builds, run with -Z macro-backtrace for more info)
[INFO] [stderr] 
[INFO] [stderr] warning: trailing semicolon in macro used in expression position
[INFO] [stderr]    --> tests/known_cases.rs:47:10
[INFO] [stderr]     |
[INFO] [stderr] 47  |           };
[INFO] [stderr]     |            ^
[INFO] [stderr] ...
[INFO] [stderr] 517 |       let output = expect_exit_code!(
[INFO] [stderr]     |  __________________-
[INFO] [stderr] 518 | |         0,
[INFO] [stderr] 519 | |         r#"
[INFO] [stderr] 520 | |         default_shell = ["bash", "-c", "{COMMAND}"]
[INFO] [stderr] ...   |
[INFO] [stderr] 525 | |         ["basic"]
[INFO] [stderr] 526 | |     );
[INFO] [stderr]     | |_____- in this macro invocation
[INFO] [stderr]     |
[INFO] [stderr]     = warning: this was previously accepted by the compiler but is being phased out; it will become a hard error in a future release!
[INFO] [stderr]     = note: for more information, see issue #79813 <https://github.com/rust-lang/rust/issues/79813>
[INFO] [stderr]     = note: this warning originates in the macro `expect_exit_code` (in Nightly builds, run with -Z macro-backtrace for more info)
[INFO] [stderr] 
[INFO] [stderr] warning: trailing semicolon in macro used in expression position
[INFO] [stderr]    --> tests/known_cases.rs:47:10
[INFO] [stderr]     |
[INFO] [stderr] 47  |           };
[INFO] [stderr]     |            ^
[INFO] [stderr] ...
[INFO] [stderr] 532 |       let output = expect_exit_code!(
[INFO] [stderr]     |  __________________-
[INFO] [stderr] 533 | |         0,
[INFO] [stderr] 534 | |         r#"
[INFO] [stderr] 535 | |         default_shell.generic = ["bash", "-c", "{COMMAND}"]
[INFO] [stderr] ...   |
[INFO] [stderr] 540 | |         ["basic"]
[INFO] [stderr] 541 | |     );
[INFO] [stderr]     | |_____- in this macro invocation
[INFO] [stderr]     |
[INFO] [stderr]     = warning: this was previously accepted by the compiler but is being phased out; it will become a hard error in a future release!
[INFO] [stderr]     = note: for more information, see issue #79813 <https://github.com/rust-lang/rust/issues/79813>
[INFO] [stderr]     = note: this warning originates in the macro `expect_exit_code` (in Nightly builds, run with -Z macro-backtrace for more info)
[INFO] [stderr] 
[INFO] [stderr] warning: trailing semicolon in macro used in expression position
[INFO] [stderr]    --> tests/known_cases.rs:47:10
[INFO] [stderr]     |
[INFO] [stderr] 47  |           };
[INFO] [stderr]     |            ^
[INFO] [stderr] ...
[INFO] [stderr] 547 |       let output = expect_exit_code!(
[INFO] [stderr]     |  __________________-
[INFO] [stderr] 548 | |         0,
[INFO] [stderr] 549 | |         r#"
[INFO] [stderr] 550 | |         default_shell.generic = { parts = ["bash", "-c", "{COMMAND}"], delimiter = " && " }
[INFO] [stderr] ...   |
[INFO] [stderr] 555 | |         ["basic"]
[INFO] [stderr] 556 | |     );
[INFO] [stderr]     | |_____- in this macro invocation
[INFO] [stderr]     |
[INFO] [stderr]     = warning: this was previously accepted by the compiler but is being phased out; it will become a hard error in a future release!
[INFO] [stderr]     = note: for more information, see issue #79813 <https://github.com/rust-lang/rust/issues/79813>
[INFO] [stderr]     = note: this warning originates in the macro `expect_exit_code` (in Nightly builds, run with -Z macro-backtrace for more info)
[INFO] [stderr] 
[INFO] [stderr] warning: trailing semicolon in macro used in expression position
[INFO] [stderr]    --> tests/known_cases.rs:47:10
[INFO] [stderr]     |
[INFO] [stderr] 47  |           };
[INFO] [stderr]     |            ^
[INFO] [stderr] ...
[INFO] [stderr] 562 |       let output = expect_exit_code!(
[INFO] [stderr]     |  __________________-
[INFO] [stderr] 563 | |         0,
[INFO] [stderr] 564 | |         r#"
[INFO] [stderr] 565 | |         default_shell.generic = ["sh", "-c", "{COMMAND}"]
[INFO] [stderr] ...   |
[INFO] [stderr] 571 | |         ["basic"]
[INFO] [stderr] 572 | |     );
[INFO] [stderr]     | |_____- in this macro invocation
[INFO] [stderr]     |
[INFO] [stderr]     = warning: this was previously accepted by the compiler but is being phased out; it will become a hard error in a future release!
[INFO] [stderr]     = note: for more information, see issue #79813 <https://github.com/rust-lang/rust/issues/79813>
[INFO] [stderr]     = note: this warning originates in the macro `expect_exit_code` (in Nightly builds, run with -Z macro-backtrace for more info)
[INFO] [stderr] 
[INFO] [stderr] warning: trailing semicolon in macro used in expression position
[INFO] [stderr]    --> tests/known_cases.rs:47:10
[INFO] [stderr]     |
[INFO] [stderr] 47  |           };
[INFO] [stderr]     |            ^
[INFO] [stderr] ...
[INFO] [stderr] 578 |       let output = expect_exit_code!(
[INFO] [stderr]     |  __________________-
[INFO] [stderr] 579 | |         0,
[INFO] [stderr] 580 | |         r#"
[INFO] [stderr] 581 | |         [scripts]
[INFO] [stderr] ...   |
[INFO] [stderr] 587 | |         ["basic"]
[INFO] [stderr] 588 | |     );
[INFO] [stderr]     | |_____- in this macro invocation
[INFO] [stderr]     |
[INFO] [stderr]     = warning: this was previously accepted by the compiler but is being phased out; it will become a hard error in a future release!
[INFO] [stderr]     = note: for more information, see issue #79813 <https://github.com/rust-lang/rust/issues/79813>
[INFO] [stderr]     = note: this warning originates in the macro `expect_exit_code` (in Nightly builds, run with -Z macro-backtrace for more info)
[INFO] [stderr] 
[INFO] [stderr] warning: trailing semicolon in macro used in expression position
[INFO] [stderr]    --> tests/known_cases.rs:47:10
[INFO] [stderr]     |
[INFO] [stderr] 47  |           };
[INFO] [stderr]     |            ^
[INFO] [stderr] ...
[INFO] [stderr] 594 |       let output = expect_exit_code!(
[INFO] [stderr]     |  __________________-
[INFO] [stderr] 595 | |         1,
[INFO] [stderr] 596 | |         r#"
[INFO] [stderr] 597 | |         [scripts]
[INFO] [stderr] ...   |
[INFO] [stderr] 607 | |         ["basic"]
[INFO] [stderr] 608 | |     );
[INFO] [stderr]     | |_____- in this macro invocation
[INFO] [stderr]     |
[INFO] [stderr]     = warning: this was previously accepted by the compiler but is being phased out; it will become a hard error in a future release!
[INFO] [stderr]     = note: for more information, see issue #79813 <https://github.com/rust-lang/rust/issues/79813>
[INFO] [stderr]     = note: this warning originates in the macro `expect_exit_code` (in Nightly builds, run with -Z macro-backtrace for more info)
[INFO] [stderr] 
[INFO] [stderr] warning: trailing semicolon in macro used in expression position
[INFO] [stderr]    --> tests/known_cases.rs:47:10
[INFO] [stderr]     |
[INFO] [stderr] 47  |           };
[INFO] [stderr]     |            ^
[INFO] [stderr] ...
[INFO] [stderr] 677 |       let output = expect_exit_code!(
[INFO] [stderr]     |  __________________-
[INFO] [stderr] 678 | |         1,
[INFO] [stderr] 679 | |         r#"
[INFO] [stderr] 680 | |         env_files = ["src/.env"]
[INFO] [stderr] ...   |
[INFO] [stderr] 708 | |         ["basic", "Name", "foo", "bar"]
[INFO] [stderr] 709 | |     );
[INFO] [stderr]     | |_____- in this macro invocation
[INFO] [stderr]     |
[INFO] [stderr]     = warning: this was previously accepted by the compiler but is being phased out; it will become a hard error in a future release!
[INFO] [stderr]     = note: for more information, see issue #79813 <https://github.com/rust-lang/rust/issues/79813>
[INFO] [stderr]     = note: this warning originates in the macro `expect_exit_code` (in Nightly builds, run with -Z macro-backtrace for more info)
[INFO] [stderr] 
[INFO] [stderr] warning: trailing semicolon in macro used in expression position
[INFO] [stderr]    --> tests/known_cases.rs:47:10
[INFO] [stderr]     |
[INFO] [stderr] 47  |           };
[INFO] [stderr]     |            ^
[INFO] [stderr] ...
[INFO] [stderr] 724 |       let output1 = expect_exit_code!(
[INFO] [stderr]     |  ___________________-
[INFO] [stderr] 725 | |         1,
[INFO] [stderr] 726 | |         r#"
[INFO] [stderr] 727 | |         [scripts]
[INFO] [stderr] ...   |
[INFO] [stderr] 737 | |         ["basic"]
[INFO] [stderr] 738 | |     );
[INFO] [stderr]     | |_____- in this macro invocation
[INFO] [stderr]     |
[INFO] [stderr]     = warning: this was previously accepted by the compiler but is being phased out; it will become a hard error in a future release!
[INFO] [stderr]     = note: for more information, see issue #79813 <https://github.com/rust-lang/rust/issues/79813>
[INFO] [stderr]     = note: this warning originates in the macro `expect_exit_code` (in Nightly builds, run with -Z macro-backtrace for more info)
[INFO] [stderr] 
[INFO] [stderr] warning: trailing semicolon in macro used in expression position
[INFO] [stderr]    --> tests/known_cases.rs:47:10
[INFO] [stderr]     |
[INFO] [stderr] 47  |           };
[INFO] [stderr]     |            ^
[INFO] [stderr] ...
[INFO] [stderr] 743 |       let output2 = expect_exit_code!(
[INFO] [stderr]     |  ___________________-
[INFO] [stderr] 744 | |         0,
[INFO] [stderr] 745 | |         r#"
[INFO] [stderr] 746 | |         [scripts]
[INFO] [stderr] ...   |
[INFO] [stderr] 756 | |         ["basic"]
[INFO] [stderr] 757 | |     );
[INFO] [stderr]     | |_____- in this macro invocation
[INFO] [stderr]     |
[INFO] [stderr]     = warning: this was previously accepted by the compiler but is being phased out; it will become a hard error in a future release!
[INFO] [stderr]     = note: for more information, see issue #79813 <https://github.com/rust-lang/rust/issues/79813>
[INFO] [stderr]     = note: this warning originates in the macro `expect_exit_code` (in Nightly builds, run with -Z macro-backtrace for more info)
[INFO] [stderr] 
[INFO] [stderr] warning: trailing semicolon in macro used in expression position
[INFO] [stderr]    --> tests/known_cases.rs:47:10
[INFO] [stderr]     |
[INFO] [stderr] 47  |           };
[INFO] [stderr]     |            ^
[INFO] [stderr] ...
[INFO] [stderr] 766 |       let output1 = expect_exit_code!(
[INFO] [stderr]     |  ___________________-
[INFO] [stderr] 767 | |         1,
[INFO] [stderr] 768 | |         r#"
[INFO] [stderr] 769 | |         [scripts]
[INFO] [stderr] ...   |
[INFO] [stderr] 779 | |         ["basic"]
[INFO] [stderr] 780 | |     );
[INFO] [stderr]     | |_____- in this macro invocation
[INFO] [stderr]     |
[INFO] [stderr]     = warning: this was previously accepted by the compiler but is being phased out; it will become a hard error in a future release!
[INFO] [stderr]     = note: for more information, see issue #79813 <https://github.com/rust-lang/rust/issues/79813>
[INFO] [stderr]     = note: this warning originates in the macro `expect_exit_code` (in Nightly builds, run with -Z macro-backtrace for more info)
[INFO] [stderr] 
[INFO] [stderr] warning: trailing semicolon in macro used in expression position
[INFO] [stderr]    --> tests/known_cases.rs:47:10
[INFO] [stderr]     |
[INFO] [stderr] 47  |           };
[INFO] [stderr]     |            ^
[INFO] [stderr] ...
[INFO] [stderr] 785 |       let output2 = expect_exit_code!(
[INFO] [stderr]     |  ___________________-
[INFO] [stderr] 786 | |         0,
[INFO] [stderr] 787 | |         r#"
[INFO] [stderr] 788 | |         [scripts]
[INFO] [stderr] ...   |
[INFO] [stderr] 798 | |         ["basic"]
[INFO] [stderr] 799 | |     );
[INFO] [stderr]     | |_____- in this macro invocation
[INFO] [stderr]     |
[INFO] [stderr]     = warning: this was previously accepted by the compiler but is being phased out; it will become a hard error in a future release!
[INFO] [stderr]     = note: for more information, see issue #79813 <https://github.com/rust-lang/rust/issues/79813>
[INFO] [stderr]     = note: this warning originates in the macro `expect_exit_code` (in Nightly builds, run with -Z macro-backtrace for more info)
[INFO] [stderr] 
[INFO] [stderr] warning: trailing semicolon in macro used in expression position
[INFO] [stderr]    --> tests/known_cases.rs:47:10
[INFO] [stderr]     |
[INFO] [stderr] 47  |           };
[INFO] [stderr]     |            ^
[INFO] [stderr] ...
[INFO] [stderr] 808 |       let output1 = expect_exit_code!(
[INFO] [stderr]     |  ___________________-
[INFO] [stderr] 809 | |         1,
[INFO] [stderr] 810 | |         r#"
[INFO] [stderr] 811 | |         [scripts]
[INFO] [stderr] ...   |
[INFO] [stderr] 821 | |         ["basic"]
[INFO] [stderr] 822 | |     );
[INFO] [stderr]     | |_____- in this macro invocation
[INFO] [stderr]     |
[INFO] [stderr]     = warning: this was previously accepted by the compiler but is being phased out; it will become a hard error in a future release!
[INFO] [stderr]     = note: for more information, see issue #79813 <https://github.com/rust-lang/rust/issues/79813>
[INFO] [stderr]     = note: this warning originates in the macro `expect_exit_code` (in Nightly builds, run with -Z macro-backtrace for more info)
[INFO] [stderr] 
[INFO] [stderr] warning: trailing semicolon in macro used in expression position
[INFO] [stderr]    --> tests/known_cases.rs:47:10
[INFO] [stderr]     |
[INFO] [stderr] 47  |           };
[INFO] [stderr]     |            ^
[INFO] [stderr] ...
[INFO] [stderr] 827 |       let output2 = expect_exit_code!(
[INFO] [stderr]     |  ___________________-
[INFO] [stderr] 828 | |         0,
[INFO] [stderr] 829 | |         r#"
[INFO] [stderr] 830 | |         [scripts]
[INFO] [stderr] ...   |
[INFO] [stderr] 840 | |         ["basic"]
[INFO] [stderr] 841 | |     );
[INFO] [stderr]     | |_____- in this macro invocation
[INFO] [stderr]     |
[INFO] [stderr]     = warning: this was previously accepted by the compiler but is being phased out; it will become a hard error in a future release!
[INFO] [stderr]     = note: for more information, see issue #79813 <https://github.com/rust-lang/rust/issues/79813>
[INFO] [stderr]     = note: this warning originates in the macro `expect_exit_code` (in Nightly builds, run with -Z macro-backtrace for more info)
[INFO] [stderr] 
[INFO] [stderr] warning: trailing semicolon in macro used in expression position
[INFO] [stderr]    --> tests/known_cases.rs:47:10
[INFO] [stderr]     |
[INFO] [stderr] 47  |           };
[INFO] [stderr]     |            ^
[INFO] [stderr] ...
[INFO] [stderr] 850 |       let output1 = expect_exit_code!(
[INFO] [stderr]     |  ___________________-
[INFO] [stderr] 851 | |         1,
[INFO] [stderr] 852 | |         r#"
[INFO] [stderr] 853 | |         [scripts]
[INFO] [stderr] ...   |
[INFO] [stderr] 863 | |         ["basic"]
[INFO] [stderr] 864 | |     );
[INFO] [stderr]     | |_____- in this macro invocation
[INFO] [stderr]     |
[INFO] [stderr]     = warning: this was previously accepted by the compiler but is being phased out; it will become a hard error in a future release!
[INFO] [stderr]     = note: for more information, see issue #79813 <https://github.com/rust-lang/rust/issues/79813>
[INFO] [stderr]     = note: this warning originates in the macro `expect_exit_code` (in Nightly builds, run with -Z macro-backtrace for more info)
[INFO] [stderr] 
[INFO] [stderr] warning: trailing semicolon in macro used in expression position
[INFO] [stderr]    --> tests/known_cases.rs:47:10
[INFO] [stderr]     |
[INFO] [stderr] 47  |           };
[INFO] [stderr]     |            ^
[INFO] [stderr] ...
[INFO] [stderr] 869 |       let output2 = expect_exit_code!(
[INFO] [stderr]     |  ___________________-
[INFO] [stderr] 870 | |         1,
[INFO] [stderr] 871 | |         r#"
[INFO] [stderr] 872 | |         [scripts]
[INFO] [stderr] ...   |
[INFO] [stderr] 882 | |         ["basic"]
[INFO] [stderr] 883 | |     );
[INFO] [stderr]     | |_____- in this macro invocation
[INFO] [stderr]     |
[INFO] [stderr]     = warning: this was previously accepted by the compiler but is being phased out; it will become a hard error in a future release!
[INFO] [stderr]     = note: for more information, see issue #79813 <https://github.com/rust-lang/rust/issues/79813>
[INFO] [stderr]     = note: this warning originates in the macro `expect_exit_code` (in Nightly builds, run with -Z macro-backtrace for more info)
[INFO] [stderr] 
[INFO] [stderr] warning: trailing semicolon in macro used in expression position
[INFO] [stderr]    --> tests/known_cases.rs:47:10
[INFO] [stderr]     |
[INFO] [stderr] 47  |           };
[INFO] [stderr]     |            ^
[INFO] [stderr] ...
[INFO] [stderr] 889 |       let output = expect_exit_code!(
[INFO] [stderr]     |  __________________-
[INFO] [stderr] 890 | |         1,
[INFO] [stderr] 891 | |         r#"
[INFO] [stderr] 892 | |         [scripts]
[INFO] [stderr] ...   |
[INFO] [stderr] 902 | |         ["basic"]
[INFO] [stderr] 903 | |     );
[INFO] [stderr]     | |_____- in this macro invocation
[INFO] [stderr]     |
[INFO] [stderr]     = warning: this was previously accepted by the compiler but is being phased out; it will become a hard error in a future release!
[INFO] [stderr]     = note: for more information, see issue #79813 <https://github.com/rust-lang/rust/issues/79813>
[INFO] [stderr]     = note: this warning originates in the macro `expect_exit_code` (in Nightly builds, run with -Z macro-backtrace for more info)
[INFO] [stderr] 
[INFO] [stderr] warning: trailing semicolon in macro used in expression position
[INFO] [stderr]    --> tests/known_cases.rs:47:10
[INFO] [stderr]     |
[INFO] [stderr] 47  |           };
[INFO] [stderr]     |            ^
[INFO] [stderr] ...
[INFO] [stderr] 912 |       let output = expect_exit_code!(
[INFO] [stderr]     |  __________________-
[INFO] [stderr] 913 | |         1,
[INFO] [stderr] 914 | |         r#"
[INFO] [stderr] 915 | |         [scripts]
[INFO] [stderr] ...   |
[INFO] [stderr] 925 | |         ["basic"]
[INFO] [stderr] 926 | |     );
[INFO] [stderr]     | |_____- in this macro invocation
[INFO] [stderr]     |
[INFO] [stderr]     = warning: this was previously accepted by the compiler but is being phased out; it will become a hard error in a future release!
[INFO] [stderr]     = note: for more information, see issue #79813 <https://github.com/rust-lang/rust/issues/79813>
[INFO] [stderr]     = note: this warning originates in the macro `expect_exit_code` (in Nightly builds, run with -Z macro-backtrace for more info)
[INFO] [stderr] 
[INFO] [stderr] warning: `bonnie` (test "known_cases") generated 41 warnings
[INFO] [stderr]     Finished test [unoptimized + debuginfo] target(s) in 0.03s
[INFO] [stderr] warning: the following packages contain code that will be rejected by a future version of Rust: bonnie v0.3.2 (/opt/rustwide/workdir)
[INFO] [stderr] note: to see what the problems were, use the option `--future-incompat-report`, or run `cargo report future-incompatibilities --id 1`
[INFO] [stderr]      Running unittests src/lib.rs (/opt/rustwide/target/debug/deps/lib-bd11e5eebc14e0b4)
[INFO] [stdout] 
[INFO] [stdout] running 19 tests
[INFO] [stdout] test version::identifies_identical_versions_in_beta ... ok
[INFO] [stdout] test version::identifies_identical_versions ... ok
[INFO] [stdout] test version::identifies_major_too_new ... ok
[INFO] [stdout] test version::identifies_major_too_new_in_beta ... ok
[INFO] [stdout] test version::identifies_major_too_old ... ok
[INFO] [stdout] test version::identifies_minor_too_new ... ok
[INFO] [stdout] test version::identifies_minor_too_new_in_beta ... ok
[INFO] [stdout] test version::identifies_minor_too_old ... ok
[INFO] [stdout] test version::identifies_minor_too_old_in_beta ... ok
[INFO] [stdout] test version::identifies_patch_too_new ... ok
[INFO] [stdout] test version::identifies_patch_too_new_in_beta ... ok
[INFO] [stdout] test version::identifies_patch_too_old ... ok
[INFO] [stdout] test version::identifies_patch_too_old_in_beta ... ok
[INFO] [stdout] test version::returns_correct_part_division ... ok
[INFO] [stdout] test version::returns_error_on_invalid_major_number ... ok
[INFO] [stdout] test version::returns_error_on_invalid_minor_number ... ok
[INFO] [stdout] test version::returns_error_on_invalid_patch_number ... ok
[INFO] [stdout] test version::returns_error_on_missing_minor_number ... ok
[INFO] [stdout] test version::returns_error_on_missing_patch_number ... ok
[INFO] [stdout] 
[INFO] [stdout] test result: ok. 19 passed; 0 failed; 0 ignored; 0 measured; 0 filtered out; finished in 0.00s
[INFO] [stdout] 
[INFO] [stderr]      Running unittests src/bin/main.rs (/opt/rustwide/target/debug/deps/bonnie-50c892cd215f48a8)
[INFO] [stdout] 
[INFO] [stdout] running 0 tests
[INFO] [stdout] 
[INFO] [stdout] test result: ok. 0 passed; 0 failed; 0 ignored; 0 measured; 0 filtered out; finished in 0.00s
[INFO] [stdout] 
[INFO] [stderr]      Running tests/caching.rs (/opt/rustwide/target/debug/deps/caching-d81d019997b53c5e)
[INFO] [stdout] 
[INFO] [stdout] running 3 tests
[INFO] [stdout] test returns_error_on_bad_version ... ok
[INFO] [stdout] test loads_env_files ... ok
[INFO] [stdout] test cache_works ... ok
[INFO] [stdout] 
[INFO] [stdout] test result: ok. 3 passed; 0 failed; 0 ignored; 0 measured; 0 filtered out; finished in 0.00s
[INFO] [stdout] 
[INFO] [stderr]      Running tests/known_cases.rs (/opt/rustwide/target/debug/deps/known_cases-1f013aa81c90b801)
[INFO] [stdout] 
[INFO] [stdout] running 41 tests
[INFO] [stdout] Hello
[INFO] [stdout] test returns_error_on_missing_cmd ... ok
[INFO] [stdout] test returns_error_if_generic_os_specifier_not_given ... ok
[INFO] [stdout] test returns_error_on_invalid_env_file ... ok
[INFO] [stdout] test returns_error_on_non_global_args_for_ordered_subcommands ... ok
[INFO] [stdout] test returns_error_on_too_few_args ... ok
[INFO] [stdout] test returns_error_on_nonexistent_env_file ... ok
[INFO] [stdout] test returns_error_on_unordered_nesting_in_order ... ok
[INFO] [stdout] test loads_env_files ... ok
[INFO] [stdout] Name
[INFO] [stdout] test succeeds_with_arg_interpolation ... ok
[INFO] [stdout] foo bar %%
[INFO] [stdout] test succeeds_with_custom_shell ... ok
[INFO] [stdout] test succeeds_with_mass_arg_interpolation_and_escaping ... ok
[INFO] [stdout] Hello foo bar
[INFO] [stdout] Name
[INFO] [stdout] test succeeds_with_custom_shell_and_os_specificity_and_multistage_and_interpolation ... ok
[INFO] [stdout] Hello Name (extra stuff)
[INFO] [stdout] foo bar
[INFO] [stdout] test succeeds_with_custom_shell_with_delimiter ... ok
[INFO] [stdout] test returns_error_on_cmd_and_ordered_subcommands ... ok
[INFO] [stdout] test succeeds_with_kv_syntax ... ok
[INFO] [stdout] test succeeds_with_full_interpolation ... ok
[INFO] [stdout] test succeeds_with_mass_arg_interpolation_and_many_args ... ok
[INFO] [stdout] 
[INFO] [stdout] test succeeds_with_kv_simple_ordered_subcommands ... ok
[INFO] [stdout] test succeeds_with_mass_arg_interpolation_and_no_args ... ok
[INFO] [stdout] Test
[INFO] [stdout] Name foo bar
[INFO] [stdout] test succeeds_with_mass_arg_interpolation_and_one_arg ... ok
[INFO] [stdout] test succeeds_with_mass_arg_interpolation_and_specific_arg_interpolation ... ok
[INFO] [stdout] test succeeds_with_kv_unordered_subcommands ... ok
[INFO] [stdout] test succeeds_with_multistage ... ok
[INFO] [stdout] Hello foo bar
[INFO] [stdout] Name
[INFO] [stdout] Hello foo bar
[INFO] [stdout] Name
[INFO] [stdout] test succeeds_with_multistage_with_interpolation ... ok
[INFO] [stdout] test succeeds_with_os_specific_kv_cmd ... ok
[INFO] [stdout] Hello foo bar
[INFO] [stdout] Name
[INFO] [stdout] test succeeds_with_os_specific_multistage_and_interpolation_cmd ... ok
[INFO] [stdout] test uses_generic_default_shell ... ok
[INFO] [stdout] test succeeds_with_multistage_and_interpolation_unordered_subcommands ... ok
[INFO] [stdout] test uses_generic_default_shell_with_delimiter ... ok
[INFO] [stdout] test uses_os_specific_default_shell ... ok
[INFO] [stdout] test succeeds_with_intersection_order_control ... ok
[INFO] [stdout] test uses_simple_default_shell ... ok
[INFO] [stdout] test succeeds_with_root_cmd_for_unordered_subcommands ... ok
[INFO] [stdout] test succeeds_with_any_none_order_control ... ok
[INFO] [stdout] test succeeds_with_kv_complex_ordered_subcommands ... ok
[INFO] [stdout] Hello foo bar
[INFO] [stdout] Name
[INFO] [stdout] test succeeds_with_union_order_control ... ok
[INFO] [stdout] test succeeds_with_exit_code_order_control ... ok
[INFO] [stdout] Hello foo bar
[INFO] [stdout] Name
[INFO] [stdout] test succeeds_with_everything ... ok
[INFO] [stdout] test succeeds_with_success_failure_order_control ... ok
[INFO] [stdout] test succeeds_with_not_exit_code_order_control ... ok
[INFO] [stdout] test succeeds_with_env_var_interpolation ... FAILED
[INFO] [stdout] 
[INFO] [stdout] failures:
[INFO] [stdout] 
[INFO] [stdout] ---- succeeds_with_env_var_interpolation stdout ----
[INFO] [stdout] thread 'succeeds_with_env_var_interpolation' panicked at tests/known_cases.rs:126:18:
[INFO] [stdout] assertion `left == right` failed
[INFO] [stdout]   left: Err("The environment variable 'USER' couldn't be loaded. This means it either hasn't been defined (you may need to load another environment variable file) or contains invalid characters.")
[INFO] [stdout]  right: Ok(0)
[INFO] [stdout] stack backtrace:
[INFO] [stdout]    0:     0x55b1c7b3c946 - std::backtrace_rs::backtrace::libunwind::trace::h261606ad26a499c1
[INFO] [stdout]                                at /rustc/0e09125c6c3c2fd70d7de961bcf0e51575235fad/library/std/src/../../backtrace/src/backtrace/libunwind.rs:104:5
[INFO] [stdout]    1:     0x55b1c7b3c946 - std::backtrace_rs::backtrace::trace_unsynchronized::hd183f0625477fb28
[INFO] [stdout]                                at /rustc/0e09125c6c3c2fd70d7de961bcf0e51575235fad/library/std/src/../../backtrace/src/backtrace/mod.rs:66:5
[INFO] [stdout]    2:     0x55b1c7b3c946 - std::sys_common::backtrace::_print_fmt::hd7f8fef21b4eda67
[INFO] [stdout]                                at /rustc/0e09125c6c3c2fd70d7de961bcf0e51575235fad/library/std/src/sys_common/backtrace.rs:68:5
[INFO] [stdout]    3:     0x55b1c7b3c946 - <std::sys_common::backtrace::_print::DisplayBacktrace as core::fmt::Display>::fmt::h623d9b51f2f453f1
[INFO] [stdout]                                at /rustc/0e09125c6c3c2fd70d7de961bcf0e51575235fad/library/std/src/sys_common/backtrace.rs:44:22
[INFO] [stdout]    4:     0x55b1c7b66f40 - core::fmt::rt::Argument::fmt::h9f417ac76a86f368
[INFO] [stdout]                                at /rustc/0e09125c6c3c2fd70d7de961bcf0e51575235fad/library/core/src/fmt/rt.rs:142:9
[INFO] [stdout]    5:     0x55b1c7b66f40 - core::fmt::write::hc9b6faf4ac2aeff7
[INFO] [stdout]                                at /rustc/0e09125c6c3c2fd70d7de961bcf0e51575235fad/library/core/src/fmt/mod.rs:1120:17
[INFO] [stdout]    6:     0x55b1c7b3a0bf - std::io::Write::write_fmt::he04625a3a989fec3
[INFO] [stdout]                                at /rustc/0e09125c6c3c2fd70d7de961bcf0e51575235fad/library/std/src/io/mod.rs:1810:15
[INFO] [stdout]    7:     0x55b1c7b3c724 - std::sys_common::backtrace::_print::hd5d66399c7df88a2
[INFO] [stdout]                                at /rustc/0e09125c6c3c2fd70d7de961bcf0e51575235fad/library/std/src/sys_common/backtrace.rs:47:5
[INFO] [stdout]    8:     0x55b1c7b3c724 - std::sys_common::backtrace::print::he81ed2da642d37e5
[INFO] [stdout]                                at /rustc/0e09125c6c3c2fd70d7de961bcf0e51575235fad/library/std/src/sys_common/backtrace.rs:34:9
[INFO] [stdout]    9:     0x55b1c7b3e497 - std::panicking::default_hook::{{closure}}::h85773f4fa117163d
[INFO] [stdout]   10:     0x55b1c7b3e17d - std::panicking::default_hook::h6a1694a91d09b278
[INFO] [stdout]                                at /rustc/0e09125c6c3c2fd70d7de961bcf0e51575235fad/library/std/src/panicking.rs:289:9
[INFO] [stdout]   11:     0x55b1c78b72e7 - <alloc::boxed::Box<F,A> as core::ops::function::Fn<Args>>::call::h616ac37fa3cd6c8f
[INFO] [stdout]                                at /rustc/0e09125c6c3c2fd70d7de961bcf0e51575235fad/library/alloc/src/boxed.rs:2029:9
[INFO] [stdout]   12:     0x55b1c78b72e7 - test::test_main::{{closure}}::h00d84697cefdcbb6
[INFO] [stdout]                                at /rustc/0e09125c6c3c2fd70d7de961bcf0e51575235fad/library/test/src/lib.rs:138:21
[INFO] [stdout]   13:     0x55b1c7b3eab6 - <alloc::boxed::Box<F,A> as core::ops::function::Fn<Args>>::call::hcb3fe3b9bb537ba8
[INFO] [stdout]                                at /rustc/0e09125c6c3c2fd70d7de961bcf0e51575235fad/library/alloc/src/boxed.rs:2029:9
[INFO] [stdout]   14:     0x55b1c7b3eab6 - std::panicking::rust_panic_with_hook::h0a7ad96e90f7145b
[INFO] [stdout]                                at /rustc/0e09125c6c3c2fd70d7de961bcf0e51575235fad/library/std/src/panicking.rs:783:13
[INFO] [stdout]   15:     0x55b1c7b3e802 - std::panicking::begin_panic_handler::{{closure}}::h7919090525c6485e
[INFO] [stdout]                                at /rustc/0e09125c6c3c2fd70d7de961bcf0e51575235fad/library/std/src/panicking.rs:657:13
[INFO] [stdout]   16:     0x55b1c7b3ce46 - std::sys_common::backtrace::__rust_end_short_backtrace::hf3289479464f7dfe
[INFO] [stdout]                                at /rustc/0e09125c6c3c2fd70d7de961bcf0e51575235fad/library/std/src/sys_common/backtrace.rs:171:18
[INFO] [stdout]   17:     0x55b1c7b3e560 - rust_begin_unwind
[INFO] [stdout]                                at /rustc/0e09125c6c3c2fd70d7de961bcf0e51575235fad/library/std/src/panicking.rs:645:5
[INFO] [stdout]   18:     0x55b1c78463d5 - core::panicking::panic_fmt::hcc9f77c5c132af55
[INFO] [stdout]                                at /rustc/0e09125c6c3c2fd70d7de961bcf0e51575235fad/library/core/src/panicking.rs:72:14
[INFO] [stdout]   19:     0x55b1c784684b - core::panicking::assert_failed_inner::h9f13e27dd63c3a08
[INFO] [stdout]                                at /rustc/0e09125c6c3c2fd70d7de961bcf0e51575235fad/library/core/src/panicking.rs:342:17
[INFO] [stdout]   20:     0x55b1c7879bfe - core::panicking::assert_failed::h42aa9f9b7be0c590
[INFO] [stdout]                                at /rustc/0e09125c6c3c2fd70d7de961bcf0e51575235fad/library/core/src/panicking.rs:297:5
[INFO] [stdout]   21:     0x55b1c785ab24 - known_cases::succeeds_with_env_var_interpolation::hba8fb20bedf064b2
[INFO] [stdout]                                at /opt/rustwide/workdir/tests/known_cases.rs:126:18
[INFO] [stdout]   22:     0x55b1c785a787 - known_cases::succeeds_with_env_var_interpolation::{{closure}}::h7eaa75473049dc1c
[INFO] [stdout]                                at /opt/rustwide/workdir/tests/known_cases.rs:125:41
[INFO] [stdout]   23:     0x55b1c787fa96 - core::ops::function::FnOnce::call_once::h3a1a19877def58ce
[INFO] [stdout]                                at /rustc/0e09125c6c3c2fd70d7de961bcf0e51575235fad/library/core/src/ops/function.rs:250:5
[INFO] [stdout]   24:     0x55b1c78bcbbf - core::ops::function::FnOnce::call_once::hd64d26f405258157
[INFO] [stdout]                                at /rustc/0e09125c6c3c2fd70d7de961bcf0e51575235fad/library/core/src/ops/function.rs:250:5
[INFO] [stdout]   25:     0x55b1c78bcbbf - test::__rust_begin_short_backtrace::he21b0b7a6d731bf9
[INFO] [stdout]                                at /rustc/0e09125c6c3c2fd70d7de961bcf0e51575235fad/library/test/src/lib.rs:627:18
[INFO] [stdout]   26:     0x55b1c78bb941 - test::run_test_in_process::{{closure}}::hf5c73986d7bdfde2
[INFO] [stdout]                                at /rustc/0e09125c6c3c2fd70d7de961bcf0e51575235fad/library/test/src/lib.rs:650:60
[INFO] [stdout]   27:     0x55b1c78bb941 - <core::panic::unwind_safe::AssertUnwindSafe<F> as core::ops::function::FnOnce<()>>::call_once::h330011ad032aadc0
[INFO] [stdout]                                at /rustc/0e09125c6c3c2fd70d7de961bcf0e51575235fad/library/core/src/panic/unwind_safe.rs:272:9
[INFO] [stdout]   28:     0x55b1c78bb941 - std::panicking::try::do_call::he61b0a958b795a41
[INFO] [stdout]                                at /rustc/0e09125c6c3c2fd70d7de961bcf0e51575235fad/library/std/src/panicking.rs:552:40
[INFO] [stdout]   29:     0x55b1c78bb941 - std::panicking::try::h7309da130f906eb7
[INFO] [stdout]                                at /rustc/0e09125c6c3c2fd70d7de961bcf0e51575235fad/library/std/src/panicking.rs:516:19
[INFO] [stdout]   30:     0x55b1c78bb941 - std::panic::catch_unwind::hc5c3a06fdaf0a92a
[INFO] [stdout]                                at /rustc/0e09125c6c3c2fd70d7de961bcf0e51575235fad/library/std/src/panic.rs:142:14
[INFO] [stdout]   31:     0x55b1c78bb941 - test::run_test_in_process::h7e7b7c71c3324e0f
[INFO] [stdout]                                at /rustc/0e09125c6c3c2fd70d7de961bcf0e51575235fad/library/test/src/lib.rs:650:27
[INFO] [stdout]   32:     0x55b1c78bb941 - test::run_test::{{closure}}::h1f509f28f5cf20b1
[INFO] [stdout]                                at /rustc/0e09125c6c3c2fd70d7de961bcf0e51575235fad/library/test/src/lib.rs:573:43
[INFO] [stdout]   33:     0x55b1c7882c76 - test::run_test::{{closure}}::h1754218abf443f6d
[INFO] [stdout]                                at /rustc/0e09125c6c3c2fd70d7de961bcf0e51575235fad/library/test/src/lib.rs:601:41
[INFO] [stdout]   34:     0x55b1c7882c76 - std::sys_common::backtrace::__rust_begin_short_backtrace::h2ee174b9d5954948
[INFO] [stdout]                                at /rustc/0e09125c6c3c2fd70d7de961bcf0e51575235fad/library/std/src/sys_common/backtrace.rs:155:18
[INFO] [stdout]   35:     0x55b1c7887cd7 - std::thread::Builder::spawn_unchecked_::{{closure}}::{{closure}}::hf60bee9c1a17ef09
[INFO] [stdout]                                at /rustc/0e09125c6c3c2fd70d7de961bcf0e51575235fad/library/std/src/thread/mod.rs:529:17
[INFO] [stdout]   36:     0x55b1c7887cd7 - <core::panic::unwind_safe::AssertUnwindSafe<F> as core::ops::function::FnOnce<()>>::call_once::h33d0dddec5216160
[INFO] [stdout]                                at /rustc/0e09125c6c3c2fd70d7de961bcf0e51575235fad/library/core/src/panic/unwind_safe.rs:272:9
[INFO] [stdout]   37:     0x55b1c7887cd7 - std::panicking::try::do_call::h144b3048b546f835
[INFO] [stdout]                                at /rustc/0e09125c6c3c2fd70d7de961bcf0e51575235fad/library/std/src/panicking.rs:552:40
[INFO] [stdout]   38:     0x55b1c7887cd7 - std::panicking::try::h978244d04646189f
[INFO] [stdout]                                at /rustc/0e09125c6c3c2fd70d7de961bcf0e51575235fad/library/std/src/panicking.rs:516:19
[INFO] [stdout]   39:     0x55b1c7887cd7 - std::panic::catch_unwind::hdf436369d188fe86
[INFO] [stdout]                                at /rustc/0e09125c6c3c2fd70d7de961bcf0e51575235fad/library/std/src/panic.rs:142:14
[INFO] [stdout]   40:     0x55b1c7887cd7 - std::thread::Builder::spawn_unchecked_::{{closure}}::h87329cbdd33c79ec
[INFO] [stdout]                                at /rustc/0e09125c6c3c2fd70d7de961bcf0e51575235fad/library/std/src/thread/mod.rs:528:30
[INFO] [stdout]   41:     0x55b1c7887cd7 - core::ops::function::FnOnce::call_once{{vtable.shim}}::h401abbe67897d450
[INFO] [stdout]                                at /rustc/0e09125c6c3c2fd70d7de961bcf0e51575235fad/library/core/src/ops/function.rs:250:5
[INFO] [stdout]   42:     0x55b1c7b43785 - <alloc::boxed::Box<F,A> as core::ops::function::FnOnce<Args>>::call_once::h5d7c8f150ab9c84c
[INFO] [stdout]                                at /rustc/0e09125c6c3c2fd70d7de961bcf0e51575235fad/library/alloc/src/boxed.rs:2015:9
[INFO] [stdout]   43:     0x55b1c7b43785 - <alloc::boxed::Box<F,A> as core::ops::function::FnOnce<Args>>::call_once::h570d5b005c242c15
[INFO] [stdout]                                at /rustc/0e09125c6c3c2fd70d7de961bcf0e51575235fad/library/alloc/src/boxed.rs:2015:9
[INFO] [stdout]   44:     0x55b1c7b43785 - std::sys::unix::thread::Thread::new::thread_start::h36b0a20c0b2361ad
[INFO] [stdout]                                at /rustc/0e09125c6c3c2fd70d7de961bcf0e51575235fad/library/std/src/sys/unix/thread.rs:108:17
[INFO] [stdout]   45:     0x7f4d61578ac3 - <unknown>
[INFO] [stdout]   46:     0x7f4d61609bf4 - __clone
[INFO] [stdout]   47:                0x0 - <unknown>
[INFO] [stdout] 
[INFO] [stdout] 
[INFO] [stdout] failures:
[INFO] [stdout]     succeeds_with_env_var_interpolation
[INFO] [stdout] 
[INFO] [stdout] test result: FAILED. 40 passed; 1 failed; 0 ignored; 0 measured; 0 filtered out; finished in 0.03s
[INFO] [stdout] 
[INFO] [stderr] error: test failed, to rerun pass `--test known_cases`
[INFO] running `Command { std: "docker" "inspect" "bea2fe05b8afcfdbb891f17cd19d55220ff179cb480e2c4405852469c9311e37", kill_on_drop: false }`
[INFO] running `Command { std: "docker" "rm" "-f" "bea2fe05b8afcfdbb891f17cd19d55220ff179cb480e2c4405852469c9311e37", kill_on_drop: false }`
[INFO] [stdout] bea2fe05b8afcfdbb891f17cd19d55220ff179cb480e2c4405852469c9311e37
