[INFO] fetching crate boa_parser 0.17.3...
[INFO] testing boa_parser-0.17.3 against 1.75.0 for beta-1.76-1
[INFO] extracting crate boa_parser 0.17.3 into /workspace/builds/worker-0-tc1/source
[INFO] validating manifest of crates.io crate boa_parser 0.17.3 on toolchain 1.75.0
[INFO] running `Command { std: CARGO_HOME="/workspace/cargo-home" RUSTUP_HOME="/workspace/rustup-home" "/workspace/cargo-home/bin/cargo" "+1.75.0" "metadata" "--manifest-path" "Cargo.toml" "--no-deps", kill_on_drop: false }`
[INFO] started tweaking crates.io crate boa_parser 0.17.3
[INFO] finished tweaking crates.io crate boa_parser 0.17.3
[INFO] tweaked toml for crates.io crate boa_parser 0.17.3 written to /workspace/builds/worker-0-tc1/source/Cargo.toml
[INFO] running `Command { std: CARGO_HOME="/workspace/cargo-home" RUSTUP_HOME="/workspace/rustup-home" "/workspace/cargo-home/bin/cargo" "+1.75.0" "generate-lockfile" "--manifest-path" "Cargo.toml", kill_on_drop: false }`
[INFO] [stderr]     Updating crates.io index
[INFO] running `Command { std: CARGO_HOME="/workspace/cargo-home" RUSTUP_HOME="/workspace/rustup-home" "/workspace/cargo-home/bin/cargo" "+1.75.0" "fetch" "--manifest-path" "Cargo.toml", kill_on_drop: false }`
[INFO] [stderr]  Downloading crates ...
[INFO] [stderr]   Downloaded zerofrom v0.1.3
[INFO] [stderr]   Downloaded yoke-derive v0.7.3
[INFO] [stderr]   Downloaded zerofrom-derive v0.1.3
[INFO] [stderr]   Downloaded boa_interner v0.17.3
[INFO] [stderr]   Downloaded yoke v0.7.3
[INFO] [stderr]   Downloaded utf8_iter v1.0.4
[INFO] [stderr]   Downloaded boa_profiler v0.17.3
[INFO] [stderr]   Downloaded utf16_iter v1.0.5
[INFO] [stderr]   Downloaded write16 v1.0.0
[INFO] [stderr]   Downloaded boa_macros v0.17.3
[INFO] [stderr]   Downloaded icu_provider_macros v1.2.0
[INFO] [stderr]   Downloaded icu_provider_blob v1.2.0
[INFO] [stderr]   Downloaded embedded-io v0.4.0
[INFO] [stderr]   Downloaded fast-float v0.2.0
[INFO] [stderr]   Downloaded boa_ast v0.17.3
[INFO] [stderr]   Downloaded regress v0.6.0
[INFO] [stderr]   Downloaded icu_collections v1.2.0
[INFO] [stderr]   Downloaded boa_icu_provider v0.17.3
[INFO] [stderr]   Downloaded postcard v1.0.8
[INFO] [stderr]   Downloaded portable-atomic v1.6.0
[INFO] [stderr]   Downloaded icu_locid v1.2.0
[INFO] [stderr]   Downloaded icu_normalizer v1.2.0
[INFO] [stderr]   Downloaded icu_properties v1.2.0
[INFO] [stderr]   Downloaded cobs v0.2.3
[INFO] [stderr]   Downloaded writeable v0.5.4
[INFO] [stderr]   Downloaded boa_gc v0.17.3
[INFO] [stderr]   Downloaded litemap v0.7.2
[INFO] [stderr]   Downloaded zerovec-derive v0.9.6
[INFO] [stderr]   Downloaded icu_provider v1.2.0
[INFO] [stderr]   Downloaded tinystr v0.7.2
[INFO] [stderr]   Downloaded synstructure v0.13.0
[INFO] [stderr]   Downloaded zerovec v0.9.6
[INFO] [stderr]   Downloaded icu_provider_adapters v1.2.0
[INFO] running `Command { std: "docker" "create" "-v" "/var/lib/crater-agent-workspace/builds/worker-0-tc1/target:/opt/rustwide/target:rw,Z" "-v" "/var/lib/crater-agent-workspace/builds/worker-0-tc1/source:/opt/rustwide/workdir:ro,Z" "-v" "/var/lib/crater-agent-workspace/cargo-home:/opt/rustwide/cargo-home:ro,Z" "-v" "/var/lib/crater-agent-workspace/rustup-home:/opt/rustwide/rustup-home:ro,Z" "-e" "SOURCE_DIR=/opt/rustwide/workdir" "-e" "CARGO_TARGET_DIR=/opt/rustwide/target" "-e" "CARGO_HOME=/opt/rustwide/cargo-home" "-e" "RUSTUP_HOME=/opt/rustwide/rustup-home" "-w" "/opt/rustwide/workdir" "-m" "1610612736" "--user" "0:0" "--network" "none" "ghcr.io/rust-lang/crates-build-env/linux@sha256:2788e3201cd34a07e3172128adcd8b3090168a8e3bcc40d7c032b9dda1df7d1c" "/opt/rustwide/cargo-home/bin/cargo" "+1.75.0" "metadata" "--no-deps" "--format-version=1", kill_on_drop: false }`
[INFO] [stdout] 035137b79daf6464dfbb3ceef7c06d8a354fa7d84a3a2bcff98d0216a18ae75f
[INFO] running `Command { std: "docker" "start" "-a" "035137b79daf6464dfbb3ceef7c06d8a354fa7d84a3a2bcff98d0216a18ae75f", kill_on_drop: false }`
[INFO] running `Command { std: "docker" "inspect" "035137b79daf6464dfbb3ceef7c06d8a354fa7d84a3a2bcff98d0216a18ae75f", kill_on_drop: false }`
[INFO] running `Command { std: "docker" "rm" "-f" "035137b79daf6464dfbb3ceef7c06d8a354fa7d84a3a2bcff98d0216a18ae75f", kill_on_drop: false }`
[INFO] [stdout] 035137b79daf6464dfbb3ceef7c06d8a354fa7d84a3a2bcff98d0216a18ae75f
[INFO] running `Command { std: "docker" "create" "-v" "/var/lib/crater-agent-workspace/builds/worker-0-tc1/target:/opt/rustwide/target:rw,Z" "-v" "/var/lib/crater-agent-workspace/builds/worker-0-tc1/source:/opt/rustwide/workdir:ro,Z" "-v" "/var/lib/crater-agent-workspace/cargo-home:/opt/rustwide/cargo-home:ro,Z" "-v" "/var/lib/crater-agent-workspace/rustup-home:/opt/rustwide/rustup-home:ro,Z" "-e" "SOURCE_DIR=/opt/rustwide/workdir" "-e" "CARGO_TARGET_DIR=/opt/rustwide/target" "-e" "CARGO_INCREMENTAL=0" "-e" "RUST_BACKTRACE=full" "-e" "RUSTFLAGS=--cap-lints=warn" "-e" "RUSTDOCFLAGS=--cap-lints=warn" "-e" "CARGO_HOME=/opt/rustwide/cargo-home" "-e" "RUSTUP_HOME=/opt/rustwide/rustup-home" "-w" "/opt/rustwide/workdir" "-m" "1610612736" "--user" "0:0" "--network" "none" "ghcr.io/rust-lang/crates-build-env/linux@sha256:2788e3201cd34a07e3172128adcd8b3090168a8e3bcc40d7c032b9dda1df7d1c" "/opt/rustwide/cargo-home/bin/cargo" "+1.75.0" "build" "--frozen" "--message-format=json", kill_on_drop: false }`
[INFO] [stdout] 487c583643c6fd5710c0643e138cef3dc8de0e3090c8108bf67809131adb521a
[INFO] running `Command { std: "docker" "start" "-a" "487c583643c6fd5710c0643e138cef3dc8de0e3090c8108bf67809131adb521a", kill_on_drop: false }`
[INFO] [stderr]    Compiling proc-macro2 v1.0.75
[INFO] [stderr]    Compiling unicode-ident v1.0.12
[INFO] [stderr]    Compiling unicode-xid v0.2.4
[INFO] [stderr]    Compiling serde v1.0.194
[INFO] [stderr]    Compiling stable_deref_trait v1.2.0
[INFO] [stderr]    Compiling autocfg v1.1.0
[INFO] [stderr]    Compiling portable-atomic v1.6.0
[INFO] [stderr]    Compiling syn v1.0.109
[INFO] [stderr]    Compiling litemap v0.7.2
[INFO] [stderr]    Compiling writeable v0.5.4
[INFO] [stderr]    Compiling cobs v0.2.3
[INFO] [stderr]    Compiling embedded-io v0.4.0
[INFO] [stderr]    Compiling critical-section v1.1.2
[INFO] [stderr]    Compiling siphasher v0.3.11
[INFO] [stderr]    Compiling rand_core v0.6.4
[INFO] [stderr]    Compiling version_check v0.9.4
[INFO] [stderr]    Compiling zerocopy v0.7.32
[INFO] [stderr]    Compiling cfg-if v1.0.0
[INFO] [stderr]    Compiling boa_profiler v0.17.3
[INFO] [stderr]    Compiling hashbrown v0.14.3
[INFO] [stderr]    Compiling equivalent v1.0.1
[INFO] [stderr]    Compiling smallvec v1.11.2
[INFO] [stderr]    Compiling utf16_iter v1.0.5
[INFO] [stderr]    Compiling rand v0.8.5
[INFO] [stderr]    Compiling rustc-hash v1.1.0
[INFO] [stderr]    Compiling utf8_iter v1.0.4
[INFO] [stderr]    Compiling static_assertions v1.1.0
[INFO] [stderr]    Compiling phf_shared v0.11.2
[INFO] [stderr]    Compiling ahash v0.8.7
[INFO] [stderr]    Compiling write16 v1.0.0
[INFO] [stderr]    Compiling bitflags v2.4.1
[INFO] [stderr]    Compiling memchr v2.7.1
[INFO] [stderr]    Compiling fast-float v0.2.0
[INFO] [stderr]    Compiling num-traits v0.2.17
[INFO] [stderr]    Compiling num-integer v0.1.45
[INFO] [stderr]    Compiling num-bigint v0.4.4
[INFO] [stderr]    Compiling indexmap v2.1.0
[INFO] [stderr]    Compiling quote v1.0.35
[INFO] [stderr]    Compiling syn v2.0.48
[INFO] [stderr]    Compiling phf_generator v0.11.2
[INFO] [stderr]    Compiling once_cell v1.19.0
[INFO] [stderr]    Compiling hashbrown v0.13.2
[INFO] [stderr]    Compiling regress v0.6.0
[INFO] [stderr]    Compiling icu_provider_macros v1.2.0
[INFO] [stderr]    Compiling synstructure v0.13.0
[INFO] [stderr]    Compiling serde_derive v1.0.194
[INFO] [stderr]    Compiling zerofrom-derive v0.1.3
[INFO] [stderr]    Compiling yoke-derive v0.7.3
[INFO] [stderr]    Compiling zerovec-derive v0.9.6
[INFO] [stderr]    Compiling displaydoc v0.2.4
[INFO] [stderr]    Compiling phf_macros v0.11.2
[INFO] [stderr]    Compiling boa_macros v0.17.3
[INFO] [stderr]    Compiling boa_gc v0.17.3
[INFO] [stderr]    Compiling phf v0.11.2
[INFO] [stderr]    Compiling boa_interner v0.17.3
[INFO] [stderr]    Compiling boa_ast v0.17.3
[INFO] [stderr]    Compiling zerofrom v0.1.3
[INFO] [stderr]    Compiling yoke v0.7.3
[INFO] [stderr]    Compiling postcard v1.0.8
[INFO] [stderr]    Compiling zerovec v0.9.6
[INFO] [stderr]    Compiling tinystr v0.7.2
[INFO] [stderr]    Compiling icu_collections v1.2.0
[INFO] [stderr]    Compiling icu_locid v1.2.0
[INFO] [stderr]    Compiling icu_provider v1.2.0
[INFO] [stderr]    Compiling icu_properties v1.2.0
[INFO] [stderr]    Compiling icu_provider_blob v1.2.0
[INFO] [stderr]    Compiling icu_provider_adapters v1.2.0
[INFO] [stderr]    Compiling icu_normalizer v1.2.0
[INFO] [stderr]    Compiling boa_icu_provider v0.17.3
[INFO] [stderr]    Compiling boa_parser v0.17.3 (/opt/rustwide/workdir)
[INFO] [stdout] warning: external crate `icu_locid` unused in `boa_parser`: remove the dependency or add `use icu_locid as _;`
[INFO] [stdout]    |
[INFO] [stdout] note: the lint level is defined here
[INFO] [stdout]   --> src/lib.rs:44:5
[INFO] [stdout]    |
[INFO] [stdout] 44 |     unused_crate_dependencies,
[INFO] [stdout]    |     ^^^^^^^^^^^^^^^^^^^^^^^^^
[INFO] [stdout] 
[INFO] [stdout] 
[INFO] [stdout] warning: external crate `icu_provider_macros` unused in `boa_parser`: remove the dependency or add `use icu_provider_macros as _;`
[INFO] [stdout] 
[INFO] [stdout] 
[INFO] [stdout] warning: external crate `tinystr` unused in `boa_parser`: remove the dependency or add `use tinystr as _;`
[INFO] [stdout] 
[INFO] [stdout] 
[INFO] [stdout] warning: 3 warnings emitted
[INFO] [stdout] 
[INFO] [stdout] 
[INFO] [stderr]     Finished dev [unoptimized + debuginfo] target(s) in 24.97s
[INFO] running `Command { std: "docker" "inspect" "487c583643c6fd5710c0643e138cef3dc8de0e3090c8108bf67809131adb521a", kill_on_drop: false }`
[INFO] running `Command { std: "docker" "rm" "-f" "487c583643c6fd5710c0643e138cef3dc8de0e3090c8108bf67809131adb521a", kill_on_drop: false }`
[INFO] [stdout] 487c583643c6fd5710c0643e138cef3dc8de0e3090c8108bf67809131adb521a
[INFO] running `Command { std: "docker" "create" "-v" "/var/lib/crater-agent-workspace/builds/worker-0-tc1/target:/opt/rustwide/target:rw,Z" "-v" "/var/lib/crater-agent-workspace/builds/worker-0-tc1/source:/opt/rustwide/workdir:ro,Z" "-v" "/var/lib/crater-agent-workspace/cargo-home:/opt/rustwide/cargo-home:ro,Z" "-v" "/var/lib/crater-agent-workspace/rustup-home:/opt/rustwide/rustup-home:ro,Z" "-e" "SOURCE_DIR=/opt/rustwide/workdir" "-e" "CARGO_TARGET_DIR=/opt/rustwide/target" "-e" "CARGO_INCREMENTAL=0" "-e" "RUST_BACKTRACE=full" "-e" "RUSTFLAGS=--cap-lints=warn" "-e" "RUSTDOCFLAGS=--cap-lints=warn" "-e" "CARGO_HOME=/opt/rustwide/cargo-home" "-e" "RUSTUP_HOME=/opt/rustwide/rustup-home" "-w" "/opt/rustwide/workdir" "-m" "1610612736" "--user" "0:0" "--network" "none" "ghcr.io/rust-lang/crates-build-env/linux@sha256:2788e3201cd34a07e3172128adcd8b3090168a8e3bcc40d7c032b9dda1df7d1c" "/opt/rustwide/cargo-home/bin/cargo" "+1.75.0" "test" "--frozen" "--no-run" "--message-format=json", kill_on_drop: false }`
[INFO] [stdout] f820b2fb32cd371abd35a573917bc4268137bfff998cd296b6c2de182936c45c
[INFO] running `Command { std: "docker" "start" "-a" "f820b2fb32cd371abd35a573917bc4268137bfff998cd296b6c2de182936c45c", kill_on_drop: false }`
[INFO] [stderr]    Compiling boa_parser v0.17.3 (/opt/rustwide/workdir)
[INFO] [stdout] warning: external crate `icu_locid` unused in `boa_parser`: remove the dependency or add `use icu_locid as _;`
[INFO] [stdout]    |
[INFO] [stdout] note: the lint level is defined here
[INFO] [stdout]   --> src/lib.rs:44:5
[INFO] [stdout]    |
[INFO] [stdout] 44 |     unused_crate_dependencies,
[INFO] [stdout]    |     ^^^^^^^^^^^^^^^^^^^^^^^^^
[INFO] [stdout] 
[INFO] [stdout] 
[INFO] [stdout] warning: external crate `icu_provider_macros` unused in `boa_parser`: remove the dependency or add `use icu_provider_macros as _;`
[INFO] [stdout] 
[INFO] [stdout] 
[INFO] [stdout] warning: external crate `tinystr` unused in `boa_parser`: remove the dependency or add `use tinystr as _;`
[INFO] [stdout] 
[INFO] [stdout] 
[INFO] [stdout] warning: 3 warnings emitted
[INFO] [stdout] 
[INFO] [stdout] 
[INFO] [stdout] warning: external crate `icu_locid` unused in `boa_parser`: remove the dependency or add `use icu_locid as _;`
[INFO] [stdout]    |
[INFO] [stdout] note: the lint level is defined here
[INFO] [stdout]   --> src/lib.rs:44:5
[INFO] [stdout]    |
[INFO] [stdout] 44 |     unused_crate_dependencies,
[INFO] [stdout]    |     ^^^^^^^^^^^^^^^^^^^^^^^^^
[INFO] [stdout] 
[INFO] [stdout] 
[INFO] [stdout] warning: external crate `icu_provider_macros` unused in `boa_parser`: remove the dependency or add `use icu_provider_macros as _;`
[INFO] [stdout] 
[INFO] [stdout] 
[INFO] [stdout] warning: external crate `tinystr` unused in `boa_parser`: remove the dependency or add `use tinystr as _;`
[INFO] [stdout] 
[INFO] [stdout] 
[INFO] [stdout] warning: 3 warnings emitted
[INFO] [stdout] 
[INFO] [stdout] 
[INFO] [stderr]     Finished test [unoptimized + debuginfo] target(s) in 4.57s
[INFO] running `Command { std: "docker" "inspect" "f820b2fb32cd371abd35a573917bc4268137bfff998cd296b6c2de182936c45c", kill_on_drop: false }`
[INFO] running `Command { std: "docker" "rm" "-f" "f820b2fb32cd371abd35a573917bc4268137bfff998cd296b6c2de182936c45c", kill_on_drop: false }`
[INFO] [stdout] f820b2fb32cd371abd35a573917bc4268137bfff998cd296b6c2de182936c45c
[INFO] running `Command { std: "docker" "create" "-v" "/var/lib/crater-agent-workspace/builds/worker-0-tc1/target:/opt/rustwide/target:rw,Z" "-v" "/var/lib/crater-agent-workspace/builds/worker-0-tc1/source:/opt/rustwide/workdir:ro,Z" "-v" "/var/lib/crater-agent-workspace/cargo-home:/opt/rustwide/cargo-home:ro,Z" "-v" "/var/lib/crater-agent-workspace/rustup-home:/opt/rustwide/rustup-home:ro,Z" "-e" "SOURCE_DIR=/opt/rustwide/workdir" "-e" "CARGO_TARGET_DIR=/opt/rustwide/target" "-e" "CARGO_INCREMENTAL=0" "-e" "RUST_BACKTRACE=full" "-e" "RUSTFLAGS=--cap-lints=warn" "-e" "RUSTDOCFLAGS=--cap-lints=warn" "-e" "CARGO_HOME=/opt/rustwide/cargo-home" "-e" "RUSTUP_HOME=/opt/rustwide/rustup-home" "-w" "/opt/rustwide/workdir" "-m" "1610612736" "--user" "0:0" "--network" "none" "ghcr.io/rust-lang/crates-build-env/linux@sha256:2788e3201cd34a07e3172128adcd8b3090168a8e3bcc40d7c032b9dda1df7d1c" "/opt/rustwide/cargo-home/bin/cargo" "+1.75.0" "test" "--frozen", kill_on_drop: false }`
[INFO] [stdout] e6071b4bdbfa7db2ed9c450eefe0ea08c132319925c7e29f2251c407660bec42
[INFO] running `Command { std: "docker" "start" "-a" "e6071b4bdbfa7db2ed9c450eefe0ea08c132319925c7e29f2251c407660bec42", kill_on_drop: false }`
[INFO] [stderr] warning: external crate `icu_locid` unused in `boa_parser`: remove the dependency or add `use icu_locid as _;`
[INFO] [stderr]    |
[INFO] [stderr] note: the lint level is defined here
[INFO] [stderr]   --> src/lib.rs:44:5
[INFO] [stderr]    |
[INFO] [stderr] 44 |     unused_crate_dependencies,
[INFO] [stderr]    |     ^^^^^^^^^^^^^^^^^^^^^^^^^
[INFO] [stderr] 
[INFO] [stderr] warning: external crate `icu_provider_macros` unused in `boa_parser`: remove the dependency or add `use icu_provider_macros as _;`
[INFO] [stderr] 
[INFO] [stderr] warning: external crate `tinystr` unused in `boa_parser`: remove the dependency or add `use tinystr as _;`
[INFO] [stderr] 
[INFO] [stderr] warning: `boa_parser` (lib) generated 3 warnings
[INFO] [stderr] warning: `boa_parser` (lib test) generated 3 warnings (3 duplicates)
[INFO] [stderr]     Finished test [unoptimized + debuginfo] target(s) in 0.04s
[INFO] [stderr]      Running unittests src/lib.rs (/opt/rustwide/target/debug/deps/boa_parser-1b4988f71bbda763)
[INFO] [stdout] 
[INFO] [stdout] running 271 tests
[INFO] [stdout] test error::tests::context ... ok
[INFO] [stdout] test lexer::error::tests::io ... ok
[INFO] [stdout] test error::tests::from_lex_error ... ok
[INFO] [stdout] test error::tests::misplaced_function_declaration ... ok
[INFO] [stdout] test error::tests::wrong_labelled_function_declaration ... ok
[INFO] [stdout] test lexer::error::tests::syntax ... ok
[INFO] [stdout] test error::tests::display ... ok
[INFO] [stdout] test lexer::tests::addition_no_spaces_left_side ... ok
[INFO] [stdout] test lexer::tests::addition_no_spaces ... ok
[INFO] [stdout] test lexer::tests::addition_no_spaces_right_side ... ok
[INFO] [stdout] test lexer::tests::addition_no_spaces_e_number ... ok
[INFO] [stdout] test lexer::tests::addition_no_spaces_e_number_right_side ... ok
[INFO] [stdout] test lexer::tests::big_exp_numbers ... ok
[INFO] [stdout] test lexer::tests::check_invalid_identifier_start ... ok
[INFO] [stdout] test lexer::tests::carriage_return::mixed_line ... ok
[INFO] [stdout] test lexer::tests::addition_no_spaces_e_number_left_side ... ok
[INFO] [stdout] test lexer::tests::check_decrement_advances_lexer_2_places ... ok
[INFO] [stdout] test lexer::tests::carriage_return::regular_line ... ok
[INFO] [stdout] test lexer::tests::check_line_numbers ... ok
[INFO] [stdout] test lexer::tests::check_invalid_identifier_part ... ok
[INFO] [stdout] test lexer::tests::carriage_return::windows_line ... ok
[INFO] [stdout] test lexer::tests::check_keywords ... ok
[INFO] [stdout] test lexer::tests::check_multi_line_comment ... ok
[INFO] [stdout] test lexer::tests::check_single_line_comment_with_crlf_ending ... ok
[INFO] [stdout] test lexer::tests::big_literal_numbers ... ok
[INFO] [stdout] test lexer::tests::check_identifier ... ok
[INFO] [stdout] test lexer::tests::carriage_return::carriage_return ... ok
[INFO] [stdout] test lexer::tests::illegal_code_point_following_numeric_literal ... ignored
[INFO] [stdout] test lexer::tests::hexadecimal_edge_case ... ok
[INFO] [stdout] test lexer::tests::check_variable_definition_tokens ... ok
[INFO] [stdout] test lexer::tests::illegal_following_numeric_literal ... ok
[INFO] [stdout] test lexer::tests::implicit_octal_edge_case ... ok
[INFO] [stdout] test lexer::tests::number_followed_by_dot ... ok
[INFO] [stdout] test lexer::tests::numbers ... ok
[INFO] [stdout] test lexer::tests::numbers_with_bad_separators ... ok
[INFO] [stdout] test lexer::tests::check_template_literal_simple ... ok
[INFO] [stdout] test lexer::tests::check_template_literal_unterminated ... ok
[INFO] [stdout] test lexer::tests::check_positions_codepoint ... ok
[INFO] [stdout] test lexer::tests::check_string ... ok
[INFO] [stdout] test lexer::tests::check_single_line_comment ... ok
[INFO] [stdout] test lexer::tests::check_punctuators ... ok
[INFO] [stdout] test lexer::tests::check_positions ... ok
[INFO] [stdout] test lexer::tests::numbers_with_separators ... ok
[INFO] [stdout] test lexer::tests::regex_equals_following_assignment ... ok
[INFO] [stdout] test lexer::tests::regex_literal ... ok
[INFO] [stdout] test lexer::tests::single_int ... ok
[INFO] [stdout] test lexer::tests::regex_literal_flags ... ok
[INFO] [stdout] test lexer::tests::single_number_without_semicolon ... ok
[INFO] [stdout] test lexer::tests::regex_literal_flags_err ... ok
[INFO] [stdout] test lexer::tests::string_codepoint_with_no_braces ... ok
[INFO] [stdout] test lexer::tests::string_legacy_octal_escape ... ok
[INFO] [stdout] test lexer::tests::string_unicode ... ok
[INFO] [stdout] test lexer::tests::string_line_continuation ... ok
[INFO] [stdout] test lexer::tests::string_with_single_escape ... ok
[INFO] [stdout] test lexer::tests::string_unicode_escape_with_braces_2 ... ok
[INFO] [stdout] test lexer::tests::string_zero_escape ... ok
[INFO] [stdout] test lexer::tests::take_while_ascii_pred_entire_str ... ok
[INFO] [stdout] test lexer::tests::take_while_ascii_pred_immediate_stop ... ok
[INFO] [stdout] test lexer::tests::take_while_char_pred_entire_str ... ok
[INFO] [stdout] test lexer::tests::take_while_ascii_pred_non_ascii_stop ... ok
[INFO] [stdout] test lexer::tests::take_while_char_pred_immediate_stop ... ok
[INFO] [stdout] test lexer::tests::take_while_char_pred_simple ... ok
[INFO] [stdout] test parser::cursor::buffered_lexer::tests::issue_1768 ... ok
[INFO] [stdout] test lexer::tests::string_unicode_escape_with_braces ... ok
[INFO] [stdout] test lexer::tests::take_while_char_pred_utf8_char ... ok
[INFO] [stdout] test parser::cursor::buffered_lexer::tests::peek_next_till_end ... ok
[INFO] [stdout] test parser::cursor::buffered_lexer::tests::peek_skip_accending ... ok
[INFO] [stdout] test lexer::tests::string_non_octal_decimal_escape ... ok
[INFO] [stdout] test lexer::tests::take_while_ascii_pred_simple ... ok
[INFO] [stdout] test parser::cursor::buffered_lexer::tests::peek_skip_next_till_end ... ok
[INFO] [stdout] test parser::cursor::buffered_lexer::tests::skip_peeked_terminators ... ok
[INFO] [stdout] test parser::cursor::buffered_lexer::tests::peek_skip_next ... ok
[INFO] [stdout] test parser::cursor::buffered_lexer::tests::peek_skip_next_alternating ... ok
[INFO] [stdout] test parser::expression::primary::array_initializer::tests::check_empty_slot ... ok
[INFO] [stdout] test parser::expression::primary::array_initializer::tests::check_numeric_array_trailing ... ok
[INFO] [stdout] test parser::expression::primary::array_initializer::tests::check_empty ... ok
[INFO] [stdout] test parser::expression::left_hand_side::optional::tests::simple ... ok
[INFO] [stdout] test parser::expression::primary::array_initializer::tests::check_numeric_array ... ok
[INFO] [stdout] test parser::expression::primary::array_initializer::tests::check_combined ... ok
[INFO] [stdout] test parser::expression::left_hand_side::optional::tests::complex_chain ... ok
[INFO] [stdout] test parser::expression::left_hand_side::optional::tests::reject_templates ... ok
[INFO] [stdout] test parser::expression::left_hand_side::tests::check_member_properties ... ok
[INFO] [stdout] test parser::expression::left_hand_side::optional::tests::private_identifier_early_error ... ok
[INFO] [stdout] test parser::expression::left_hand_side::tests::check_call_properties ... ok
[INFO] [stdout] test parser::expression::primary::array_initializer::tests::check_combined_empty_str ... ok
[INFO] [stdout] test parser::expression::primary::array_initializer::tests::check_numeric_array_repeated_elision ... ok
[INFO] [stdout] test parser::expression::primary::object_initializer::tests::check_async_generator_method ... ok
[INFO] [stdout] test parser::expression::primary::async_function_expression::tests::check_async_expression ... ok
[INFO] [stdout] test parser::expression::primary::array_initializer::tests::check_numeric_array_elision ... ok
[INFO] [stdout] test parser::expression::primary::generator_expression::tests::check_generator_function_expression ... ok
[INFO] [stdout] test parser::expression::primary::object_initializer::tests::check_async_ordinary_method ... ok
[INFO] [stdout] test parser::expression::primary::object_initializer::tests::check_async_method ... ok
[INFO] [stdout] test parser::expression::primary::object_initializer::tests::check_async_gen_method_lineterminator ... ok
[INFO] [stdout] test parser::expression::primary::async_generator_expression::tests::check_async_generator_expr ... ok
[INFO] [stdout] test parser::expression::primary::object_initializer::tests::check_async_property ... ok
[INFO] [stdout] test parser::expression::primary::object_initializer::tests::check_async_method_lineterminator ... ok
[INFO] [stdout] test parser::expression::primary::function_expression::tests::check_nested_function_expression ... ok
[INFO] [stdout] test parser::expression::primary::function_expression::tests::check_function_expression ... ok
[INFO] [stdout] test parser::expression::primary::object_initializer::tests::check_object_short_function ... ok
[INFO] [stdout] test parser::expression::primary::generator_expression::tests::check_generator_function_delegate_yield_expression ... ok
[INFO] [stdout] test parser::expression::primary::object_initializer::tests::check_object_shorthand_property_names ... ok
[INFO] [stdout] test parser::expression::primary::object_initializer::tests::check_object_spread ... ok
[INFO] [stdout] test parser::expression::primary::object_initializer::tests::check_object_short_function_arguments ... ok
[INFO] [stdout] test parser::expression::primary::object_initializer::tests::check_object_getter ... ok
[INFO] [stdout] test parser::expression::primary::object_initializer::tests::check_object_literal ... ok
[INFO] [stdout] test parser::expression::primary::async_generator_expression::tests::check_nested_async_generator_expr ... ok
[INFO] [stdout] test parser::expression::primary::async_function_expression::tests::check_nested_async_expression ... ok
[INFO] [stdout] test parser::expression::primary::function_expression::tests::check_function_non_reserved_keyword ... ok
[INFO] [stdout] test parser::expression::primary::object_initializer::tests::check_object_short_function_get ... ok
[INFO] [stdout] test parser::expression::primary::object_initializer::tests::check_object_short_function_set ... ok
[INFO] [stdout] test parser::expression::primary::tests::check_string ... ok
[INFO] [stdout] test parser::expression::primary::object_initializer::tests::check_object_setter ... ok
[INFO] [stdout] test parser::expression::primary::object_initializer::tests::check_object_shorthand_multiple_properties ... ok
[INFO] [stdout] test parser::expression::tests::check_bitwise_operations ... ok
[INFO] [stdout] test parser::function::tests::check_arrow_assignment_nobrackets ... ok
[INFO] [stdout] test parser::function::tests::check_arrow_assignment_noparenthesis_nobrackets ... ok
[INFO] [stdout] test parser::expression::tests::check_complex_numeric_operations ... ok
[INFO] [stdout] test parser::function::tests::check_arrow_assignment_noparenthesis ... ok
[INFO] [stdout] test parser::function::tests::check_arrow_assignment_3arg ... ok
[INFO] [stdout] test parser::function::tests::check_arrow ... ok
[INFO] [stdout] test parser::function::tests::check_arrow_assignment_2arg ... ok
[INFO] [stdout] test parser::expression::tests::check_relational_operations ... ok
[INFO] [stdout] test parser::expression::tests::check_non_reserved_identifiers ... ok
[INFO] [stdout] test parser::expression::tests::check_assign_operations ... ok
[INFO] [stdout] test parser::function::tests::check_arrow_assignment_2arg_nobrackets ... ok
[INFO] [stdout] test parser::function::tests::check_arrow_assignment ... ok
[INFO] [stdout] test parser::function::tests::check_arrow_semicolon_insertion ... ok
[INFO] [stdout] test parser::function::tests::check_arrow_assignment_3arg_nobrackets ... ok
[INFO] [stdout] test parser::expression::tests::check_logical_expressions ... ok
[INFO] [stdout] test parser::expression::tests::check_numeric_operations ... ok
[INFO] [stdout] test parser::function::tests::check_basic_semicolon_insertion ... ok
[INFO] [stdout] test parser::function::tests::check_duplicates_strict_on ... ok
[INFO] [stdout] test parser::function::tests::check_arrow_empty_return_semicolon_insertion ... ok
[INFO] [stdout] test parser::function::tests::check_empty_return ... ok
[INFO] [stdout] test parser::function::tests::check_arrow_only_rest ... ok
[INFO] [stdout] test parser::statement::block::tests::empty ... ok
[INFO] [stdout] test parser::statement::break_stm::tests::inline ... ok
[INFO] [stdout] test parser::function::tests::check_empty_return_semicolon_insertion ... ok
[INFO] [stdout] test parser::function::tests::check_arrow_epty_return ... ok
[INFO] [stdout] test parser::function::tests::check_rest_operator ... ok
[INFO] [stdout] test parser::statement::block::tests::hoisting ... ok
[INFO] [stdout] test parser::function::tests::check_duplicates_strict_off ... ok
[INFO] [stdout] test parser::function::tests::check_basic ... ok
[INFO] [stdout] test parser::function::tests::check_arrow_rest ... ok
[INFO] [stdout] test parser::statement::break_stm::tests::new_line_block_empty ... ok
[INFO] [stdout] test parser::statement::break_stm::tests::new_line ... ok
[INFO] [stdout] test parser::statement::break_stm::tests::inline_block_semicolon_insertion ... ok
[INFO] [stdout] test parser::statement::continue_stm::tests::inline_block_semicolon_insertion ... ok
[INFO] [stdout] test parser::statement::continue_stm::tests::new_line_block ... ok
[INFO] [stdout] test parser::statement::break_stm::tests::new_line_block_empty_semicolon_insertion ... ok
[INFO] [stdout] test parser::statement::continue_stm::tests::new_line_block_empty_semicolon_insertion ... ok
[INFO] [stdout] test parser::statement::break_stm::tests::inline_block ... ok
[INFO] [stdout] test parser::statement::continue_stm::tests::inline ... ok
[INFO] [stdout] test parser::statement::break_stm::tests::reserved_label ... ok
[INFO] [stdout] test parser::statement::block::tests::non_empty ... ok
[INFO] [stdout] test parser::statement::continue_stm::tests::inline_block ... ok
[INFO] [stdout] test parser::statement::continue_stm::tests::new_line ... ok
[INFO] [stdout] test parser::statement::declaration::hoistable::async_generator_decl::tests::async_generator_function_declaration ... ok
[INFO] [stdout] test parser::statement::declaration::hoistable::async_function_decl::tests::async_function_declaration ... ok
[INFO] [stdout] test parser::statement::continue_stm::tests::new_line_block_empty ... ok
[INFO] [stdout] test parser::statement::break_stm::tests::new_line_semicolon_insertion ... ok
[INFO] [stdout] test parser::statement::declaration::hoistable::async_function_decl::tests::async_function_declaration_keywords ... ok
[INFO] [stdout] test parser::statement::continue_stm::tests::new_line_semicolon_insertion ... ok
[INFO] [stdout] test parser::statement::declaration::hoistable::function_decl::tests::function_declaration ... ok
[INFO] [stdout] test parser::statement::declaration::hoistable::generator_decl::tests::generator_function_declaration ... ok
[INFO] [stdout] test parser::statement::declaration::hoistable::function_decl::tests::function_declaration_keywords ... ok
[INFO] [stdout] test parser::statement::declaration::tests::empty_const_declaration ... ok
[INFO] [stdout] test parser::statement::break_stm::tests::new_line_block ... ok
[INFO] [stdout] test parser::statement::declaration::tests::empty_let_declaration ... ok
[INFO] [stdout] test parser::statement::declaration::hoistable::class_decl::tests::check_async_field ... ok
[INFO] [stdout] test parser::statement::declaration::tests::var_declaration ... ok
[INFO] [stdout] test parser::statement::declaration::tests::let_declaration_no_spaces ... ok
[INFO] [stdout] test parser::statement::declaration::hoistable::class_decl::tests::check_async_field_initialization ... ok
[INFO] [stdout] test parser::statement::declaration::hoistable::class_decl::tests::check_async_ordinary_method ... ok
[INFO] [stdout] test parser::statement::declaration::tests::const_declaration_keywords ... ok
[INFO] [stdout] test parser::statement::declaration::tests::multiple_let_declaration ... ok
[INFO] [stdout] test parser::statement::declaration::tests::empty_var_declaration ... ok
[INFO] [stdout] test parser::statement::declaration::tests::const_declaration_no_spaces ... ok
[INFO] [stdout] test parser::statement::continue_stm::tests::reserved_label ... ok
[INFO] [stdout] test parser::statement::declaration::tests::const_declaration ... ok
[INFO] [stdout] test parser::statement::declaration::tests::multiple_const_declaration ... ok
[INFO] [stdout] test parser::statement::iteration::tests::reject_for_await_in_loop ... ok
[INFO] [stdout] test parser::statement::declaration::tests::let_declaration ... ok
[INFO] [stdout] test parser::statement::iteration::tests::reject_const_no_init_for_loop ... ok
[INFO] [stdout] test parser::statement::declaration::tests::var_declaration_keywords ... ok
[INFO] [stdout] test parser::statement::declaration::tests::multiple_var_declaration ... ok
[INFO] [stdout] test parser::statement::declaration::tests::let_declaration_keywords ... ok
[INFO] [stdout] test parser::statement::iteration::tests::check_do_while_semicolon_insertion ... ok
[INFO] [stdout] test parser::statement::declaration::tests::var_declaration_no_spaces ... ok
[INFO] [stdout] test parser::statement::iteration::tests::check_do_while ... ok
[INFO] [stdout] test parser::statement::iteration::tests::do_while_spaces ... ok
[INFO] [stdout] test parser::statement::if_stm::tests::if_without_else_block ... ok
[INFO] [stdout] test parser::statement::if_stm::tests::if_without_else_block_with_trailing_newline ... ok
[INFO] [stdout] test parser::statement::throw::tests::check_throw_parsing ... ok
[INFO] [stdout] test parser::statement::try_stm::tests::check_inline_invalid_catch ... ok
[INFO] [stdout] test parser::statement::try_stm::tests::check_inline_invalid_catch_parameter ... ok
[INFO] [stdout] test parser::statement::iteration::tests::while_spaces ... ok
[INFO] [stdout] test parser::statement::iteration::tests::check_do_while_semicolon_insertion_no_space ... ok
[INFO] [stdout] test parser::statement::declaration::hoistable::class_decl::tests::check_new_target_with_property_access ... ok
[INFO] [stdout] test parser::statement::switch::tests::check_switch_case_unclosed ... ok
[INFO] [stdout] test parser::statement::try_stm::tests::check_inline_invalid_catch_without_closing_paren ... ok
[INFO] [stdout] test parser::statement::try_stm::tests::check_inline_with_empty_try_catch_finally ... ok
[INFO] [stdout] test parser::statement::try_stm::tests::check_inline_with_binding_pattern_array ... ok
[INFO] [stdout] test parser::statement::try_stm::tests::check_inline_with_empty_try_catch ... ok
[INFO] [stdout] test parser::statement::try_stm::tests::check_inline_with_empty_try_finally ... ok
[INFO] [stdout] test parser::statement::switch::tests::check_switch_no_closeblock ... ok
[INFO] [stdout] test parser::statement::switch::tests::check_separated_switch ... ok
[INFO] [stdout] test parser::statement::switch::tests::check_switch_no_expr ... ok
[INFO] [stdout] test parser::statement::try_stm::tests::check_inline_with_binding_pattern_object ... ok
[INFO] [stdout] test parser::statement::try_stm::tests::check_inline_empty_try_paramless_catch ... ok
[INFO] [stdout] test parser::statement::switch::tests::check_switch_two_default ... ok
[INFO] [stdout] test parser::statement::try_stm::tests::check_catch_with_var_redeclaration ... ok
[INFO] [stdout] test parser::statement::try_stm::tests::check_invalid_catch_with_empty_paren ... ok
[INFO] [stdout] test parser::statement::switch::tests::check_switch_unknown_label ... ok
[INFO] [stdout] test parser::statement::try_stm::tests::check_inline_with_var_decl_inside_catch ... ok
[INFO] [stdout] test parser::statement::try_stm::tests::check_invalid_try_no_catch_finally ... ok
[INFO] [stdout] test parser::statement::try_stm::tests::check_invalid_catch_with_duplicate_params ... ok
[INFO] [stdout] test parser::statement::switch::tests::check_switch_seperated_defaults ... ok
[INFO] [stdout] test parser::tests::assign_operator_precedence ... ok
[INFO] [stdout] test parser::tests::comment_semi_colon_insertion ... ok
[INFO] [stdout] test parser::tests::deny_unicode_escape_in_true_expression ... ok
[INFO] [stdout] test parser::tests::check_construct_call_precedence ... ok
[INFO] [stdout] test parser::statement::try_stm::tests::check_invalid_catch_with_lexical_redeclaration ... ok
[INFO] [stdout] test parser::tests::assignment_line_terminator ... ok
[INFO] [stdout] test parser::statement::try_stm::tests::check_inline_with_var_decl_inside_try ... ok
[INFO] [stdout] test parser::statement::try_stm::tests::check_inline_with_empty_try_var_decl_in_finally ... ok
[INFO] [stdout] test parser::tests::ambigous_regex_divide_expression ... ok
[INFO] [stdout] test parser::tests::bracketed_expr ... ok
[INFO] [stdout] test parser::tests::empty_statement ... ok
[INFO] [stdout] test parser::tests::assignment_multiline_terminator ... ok
[INFO] [stdout] test parser::tests::deny_unicode_escape_in_null_expression ... ok
[INFO] [stdout] test parser::tests::deny_unicode_escape_in_false_expression ... ok
[INFO] [stdout] test parser::tests::format::expression::assign ... ok
[INFO] [stdout] test parser::tests::empty_statement_ends_directive_prologues ... ok
[INFO] [stdout] test parser::tests::format::function::class::class_declaration_empty ... ok
[INFO] [stdout] test parser::tests::format::expression::array ... ok
[INFO] [stdout] test parser::tests::format::expression::new ... ok
[INFO] [stdout] test parser::tests::format::expression::spread ... ok
[INFO] [stdout] test parser::tests::format::expression::call ... ok
[INFO] [stdout] test parser::tests::format::function::arrow ... ok
[INFO] [stdout] test parser::tests::format::expression::r#await ... ok
[INFO] [stdout] test parser::tests::format::statement::r#if ... ok
[INFO] [stdout] test parser::tests::format::function::class::class_declaration_constructor ... ok
[INFO] [stdout] test parser::tests::format::function::class::class_declaration_empty_extends ... ok
[INFO] [stdout] test parser::tests::format::expression::object ... ok
[INFO] [stdout] test parser::tests::format::statement::r#try ... ok
[INFO] [stdout] test parser::tests::format::statement::r#return ... ok
[INFO] [stdout] test parser::tests::format::function::class::class_declaration_elements_static ... ok
[INFO] [stdout] test parser::tests::format::declaration::binding_pattern ... ok
[INFO] [stdout] test parser::tests::format::function::class::class_declaration_elements_private ... ok
[INFO] [stdout] test parser::tests::format::function::class::class_declaration_elements_private_static ... ok
[INFO] [stdout] test parser::tests::hashbang_use_strict_with_with_statement ... ignored
[INFO] [stdout] test parser::tests::format::function::class::class_declaration_elements ... ok
[INFO] [stdout] test parser::tests::format::expression::template ... ok
[INFO] [stdout] test parser::tests::hashbang_comment ... ok
[INFO] [stdout] test parser::tests::hashbang_use_strict_no_with ... ok
[INFO] [stdout] test source::tests::from_bytes ... ok
[INFO] [stdout] test parser::tests::format::statement::block ... ok
[INFO] [stdout] test source::tests::from_reader ... ok
[INFO] [stdout] test parser::tests::two_divisions_in_expression ... ok
[INFO] [stdout] test parser::tests::spread_in_object ... ok
[INFO] [stdout] test parser::tests::multiline_comment_no_lineterminator ... ok
[INFO] [stdout] test parser::tests::hoisting ... ok
[INFO] [stdout] test parser::tests::format::function::function ... ok
[INFO] [stdout] test parser::tests::increment_in_comma_op ... ok
[INFO] [stdout] test parser::tests::multiline_comment_semi_colon_insertion ... ok
[INFO] [stdout] test parser::tests::format::statement::switch ... ok
[INFO] [stdout] test parser::tests::format::function::r#async ... ok
[INFO] [stdout] test parser::tests::spread_in_arrow_function ... ok
[INFO] [stdout] test parser::tests::format::statement::throw ... ok
[INFO] [stdout] test source::tests::from_filepath ... FAILED
[INFO] [stdout] 
[INFO] [stdout] failures:
[INFO] [stdout] 
[INFO] [stdout] ---- source::tests::from_filepath stdout ----
[INFO] [stdout] thread 'source::tests::from_filepath' panicked at src/source.rs:109:52:
[INFO] [stdout] called `Result::unwrap()` on an `Err` value: Os { code: 30, kind: ReadOnlyFilesystem, message: "Read-only file system" }
[INFO] [stdout] stack backtrace:
[INFO] [stdout]    0:     0x55d6e1caa57c - std::backtrace_rs::backtrace::libunwind::trace::ha637c64ce894333a
[INFO] [stdout]                                at /rustc/82e1608dfa6e0b5569232559e3d385fea5a93112/library/std/src/../../backtrace/src/backtrace/libunwind.rs:104:5
[INFO] [stdout]    1:     0x55d6e1caa57c - std::backtrace_rs::backtrace::trace_unsynchronized::h47f62dea28e0c88d
[INFO] [stdout]                                at /rustc/82e1608dfa6e0b5569232559e3d385fea5a93112/library/std/src/../../backtrace/src/backtrace/mod.rs:66:5
[INFO] [stdout]    2:     0x55d6e1caa57c - std::sys_common::backtrace::_print_fmt::h9eef0abe20ede486
[INFO] [stdout]                                at /rustc/82e1608dfa6e0b5569232559e3d385fea5a93112/library/std/src/sys_common/backtrace.rs:67:5
[INFO] [stdout]    3:     0x55d6e1caa57c - <std::sys_common::backtrace::_print::DisplayBacktrace as core::fmt::Display>::fmt::hed7f999df88cc644
[INFO] [stdout]                                at /rustc/82e1608dfa6e0b5569232559e3d385fea5a93112/library/std/src/sys_common/backtrace.rs:44:22
[INFO] [stdout]    4:     0x55d6e1cd4c30 - core::fmt::rt::Argument::fmt::h1539a9308b8d058d
[INFO] [stdout]                                at /rustc/82e1608dfa6e0b5569232559e3d385fea5a93112/library/core/src/fmt/rt.rs:142:9
[INFO] [stdout]    5:     0x55d6e1cd4c30 - core::fmt::write::h3a39390d8560d9c9
[INFO] [stdout]                                at /rustc/82e1608dfa6e0b5569232559e3d385fea5a93112/library/core/src/fmt/mod.rs:1120:17
[INFO] [stdout]    6:     0x55d6e1ca7eff - std::io::Write::write_fmt::h040b369f3a0f9cbc
[INFO] [stdout]                                at /rustc/82e1608dfa6e0b5569232559e3d385fea5a93112/library/std/src/io/mod.rs:1762:15
[INFO] [stdout]    7:     0x55d6e1caa364 - std::sys_common::backtrace::_print::h894006fb5c6f3d45
[INFO] [stdout]                                at /rustc/82e1608dfa6e0b5569232559e3d385fea5a93112/library/std/src/sys_common/backtrace.rs:47:5
[INFO] [stdout]    8:     0x55d6e1caa364 - std::sys_common::backtrace::print::h23a2d212c6fff936
[INFO] [stdout]                                at /rustc/82e1608dfa6e0b5569232559e3d385fea5a93112/library/std/src/sys_common/backtrace.rs:34:9
[INFO] [stdout]    9:     0x55d6e1cac027 - std::panicking::default_hook::{{closure}}::h8a1d2ee00185001a
[INFO] [stdout]   10:     0x55d6e1cabd13 - std::panicking::default_hook::h6038f2eba384e475
[INFO] [stdout]                                at /rustc/82e1608dfa6e0b5569232559e3d385fea5a93112/library/std/src/panicking.rs:289:9
[INFO] [stdout]   11:     0x55d6e1b54237 - <alloc::boxed::Box<F,A> as core::ops::function::Fn<Args>>::call::h0ad024c9bdc6d768
[INFO] [stdout]                                at /rustc/82e1608dfa6e0b5569232559e3d385fea5a93112/library/alloc/src/boxed.rs:2021:9
[INFO] [stdout]   12:     0x55d6e1b54237 - test::test_main::{{closure}}::h7500b54257359db6
[INFO] [stdout]                                at /rustc/82e1608dfa6e0b5569232559e3d385fea5a93112/library/test/src/lib.rs:138:21
[INFO] [stdout]   13:     0x55d6e1cac638 - <alloc::boxed::Box<F,A> as core::ops::function::Fn<Args>>::call::h1f8f335eaa9cfaee
[INFO] [stdout]                                at /rustc/82e1608dfa6e0b5569232559e3d385fea5a93112/library/alloc/src/boxed.rs:2021:9
[INFO] [stdout]   14:     0x55d6e1cac638 - std::panicking::rust_panic_with_hook::h2b5517d590cab22e
[INFO] [stdout]                                at /rustc/82e1608dfa6e0b5569232559e3d385fea5a93112/library/std/src/panicking.rs:783:13
[INFO] [stdout]   15:     0x55d6e1cac38e - std::panicking::begin_panic_handler::{{closure}}::h233112c06e0ef43e
[INFO] [stdout]                                at /rustc/82e1608dfa6e0b5569232559e3d385fea5a93112/library/std/src/panicking.rs:657:13
[INFO] [stdout]   16:     0x55d6e1caaa46 - std::sys_common::backtrace::__rust_end_short_backtrace::h6e893f24d7ebbff8
[INFO] [stdout]                                at /rustc/82e1608dfa6e0b5569232559e3d385fea5a93112/library/std/src/sys_common/backtrace.rs:170:18
[INFO] [stdout]   17:     0x55d6e1cac0f2 - rust_begin_unwind
[INFO] [stdout]                                at /rustc/82e1608dfa6e0b5569232559e3d385fea5a93112/library/std/src/panicking.rs:645:5
[INFO] [stdout]   18:     0x55d6e1990d75 - core::panicking::panic_fmt::hbf0e066aabfa482c
[INFO] [stdout]                                at /rustc/82e1608dfa6e0b5569232559e3d385fea5a93112/library/core/src/panicking.rs:72:14
[INFO] [stdout]   19:     0x55d6e1991303 - core::result::unwrap_failed::hddb4fea594200c52
[INFO] [stdout]                                at /rustc/82e1608dfa6e0b5569232559e3d385fea5a93112/library/core/src/result.rs:1653:5
[INFO] [stdout]   20:     0x55d6e19d072d - core::result::Result<T,E>::unwrap::h6b8d6de75bf00573
[INFO] [stdout]                                at /rustc/82e1608dfa6e0b5569232559e3d385fea5a93112/library/core/src/result.rs:1077:23
[INFO] [stdout]   21:     0x55d6e1a829ed - boa_parser::source::tests::from_filepath::hb56a7ac778b0457f
[INFO] [stdout]                                at /opt/rustwide/workdir/src/source.rs:109:9
[INFO] [stdout]   22:     0x55d6e1a82997 - boa_parser::source::tests::from_filepath::{{closure}}::h344a9ea5ac3f534f
[INFO] [stdout]                                at /opt/rustwide/workdir/src/source.rs:108:23
[INFO] [stdout]   23:     0x55d6e1acfdd6 - core::ops::function::FnOnce::call_once::hcbaf888a12ac6633
[INFO] [stdout]                                at /rustc/82e1608dfa6e0b5569232559e3d385fea5a93112/library/core/src/ops/function.rs:250:5
[INFO] [stdout]   24:     0x55d6e1b5988f - core::ops::function::FnOnce::call_once::h2b5d431d5046312d
[INFO] [stdout]                                at /rustc/82e1608dfa6e0b5569232559e3d385fea5a93112/library/core/src/ops/function.rs:250:5
[INFO] [stdout]   25:     0x55d6e1b5988f - test::__rust_begin_short_backtrace::h7714669af176e207
[INFO] [stdout]                                at /rustc/82e1608dfa6e0b5569232559e3d385fea5a93112/library/test/src/lib.rs:628:18
[INFO] [stdout]   26:     0x55d6e1b588a5 - test::run_test_in_process::{{closure}}::h85218797dcbcec12
[INFO] [stdout]                                at /rustc/82e1608dfa6e0b5569232559e3d385fea5a93112/library/test/src/lib.rs:651:60
[INFO] [stdout]   27:     0x55d6e1b588a5 - <core::panic::unwind_safe::AssertUnwindSafe<F> as core::ops::function::FnOnce<()>>::call_once::h76c106ea31c14d7b
[INFO] [stdout]                                at /rustc/82e1608dfa6e0b5569232559e3d385fea5a93112/library/core/src/panic/unwind_safe.rs:272:9
[INFO] [stdout]   28:     0x55d6e1b588a5 - std::panicking::try::do_call::h3bd5d0f6620ee946
[INFO] [stdout]                                at /rustc/82e1608dfa6e0b5569232559e3d385fea5a93112/library/std/src/panicking.rs:552:40
[INFO] [stdout]   29:     0x55d6e1b588a5 - std::panicking::try::h232e535e4744fe31
[INFO] [stdout]                                at /rustc/82e1608dfa6e0b5569232559e3d385fea5a93112/library/std/src/panicking.rs:516:19
[INFO] [stdout]   30:     0x55d6e1b588a5 - std::panic::catch_unwind::h3ce3bd6ca8dbac68
[INFO] [stdout]                                at /rustc/82e1608dfa6e0b5569232559e3d385fea5a93112/library/std/src/panic.rs:142:14
[INFO] [stdout]   31:     0x55d6e1b588a5 - test::run_test_in_process::hc97b257c9621286a
[INFO] [stdout]                                at /rustc/82e1608dfa6e0b5569232559e3d385fea5a93112/library/test/src/lib.rs:651:27
[INFO] [stdout]   32:     0x55d6e1b588a5 - test::run_test::{{closure}}::h2aa798823a438d38
[INFO] [stdout]                                at /rustc/82e1608dfa6e0b5569232559e3d385fea5a93112/library/test/src/lib.rs:574:43
[INFO] [stdout]   33:     0x55d6e1b20b66 - test::run_test::{{closure}}::h87d231c78fb59832
[INFO] [stdout]                                at /rustc/82e1608dfa6e0b5569232559e3d385fea5a93112/library/test/src/lib.rs:602:41
[INFO] [stdout]   34:     0x55d6e1b20b66 - std::sys_common::backtrace::__rust_begin_short_backtrace::he6df152596625789
[INFO] [stdout]                                at /rustc/82e1608dfa6e0b5569232559e3d385fea5a93112/library/std/src/sys_common/backtrace.rs:154:18
[INFO] [stdout]   35:     0x55d6e1b25c17 - std::thread::Builder::spawn_unchecked_::{{closure}}::{{closure}}::ha94be15d1e0acf36
[INFO] [stdout]                                at /rustc/82e1608dfa6e0b5569232559e3d385fea5a93112/library/std/src/thread/mod.rs:529:17
[INFO] [stdout]   36:     0x55d6e1b25c17 - <core::panic::unwind_safe::AssertUnwindSafe<F> as core::ops::function::FnOnce<()>>::call_once::h9dc6bd6372f16606
[INFO] [stdout]                                at /rustc/82e1608dfa6e0b5569232559e3d385fea5a93112/library/core/src/panic/unwind_safe.rs:272:9
[INFO] [stdout]   37:     0x55d6e1b25c17 - std::panicking::try::do_call::h9057517f80303cd4
[INFO] [stdout]                                at /rustc/82e1608dfa6e0b5569232559e3d385fea5a93112/library/std/src/panicking.rs:552:40
[INFO] [stdout]   38:     0x55d6e1b25c17 - std::panicking::try::he3a30b11ee45340c
[INFO] [stdout]                                at /rustc/82e1608dfa6e0b5569232559e3d385fea5a93112/library/std/src/panicking.rs:516:19
[INFO] [stdout]   39:     0x55d6e1b25c17 - std::panic::catch_unwind::h410458cfd3528b8b
[INFO] [stdout]                                at /rustc/82e1608dfa6e0b5569232559e3d385fea5a93112/library/std/src/panic.rs:142:14
[INFO] [stdout]   40:     0x55d6e1b25c17 - std::thread::Builder::spawn_unchecked_::{{closure}}::h72ac3bdb567b737b
[INFO] [stdout]                                at /rustc/82e1608dfa6e0b5569232559e3d385fea5a93112/library/std/src/thread/mod.rs:528:30
[INFO] [stdout]   41:     0x55d6e1b25c17 - core::ops::function::FnOnce::call_once{{vtable.shim}}::h38f34da3654a8344
[INFO] [stdout]                                at /rustc/82e1608dfa6e0b5569232559e3d385fea5a93112/library/core/src/ops/function.rs:250:5
[INFO] [stdout]   42:     0x55d6e1cb10c5 - <alloc::boxed::Box<F,A> as core::ops::function::FnOnce<Args>>::call_once::hc7eafaff61e32df9
[INFO] [stdout]                                at /rustc/82e1608dfa6e0b5569232559e3d385fea5a93112/library/alloc/src/boxed.rs:2007:9
[INFO] [stdout]   43:     0x55d6e1cb10c5 - <alloc::boxed::Box<F,A> as core::ops::function::FnOnce<Args>>::call_once::h6ba4a5de48dd2304
[INFO] [stdout]                                at /rustc/82e1608dfa6e0b5569232559e3d385fea5a93112/library/alloc/src/boxed.rs:2007:9
[INFO] [stdout]   44:     0x55d6e1cb10c5 - std::sys::unix::thread::Thread::new::thread_start::he469335aef763e45
[INFO] [stdout]                                at /rustc/82e1608dfa6e0b5569232559e3d385fea5a93112/library/std/src/sys/unix/thread.rs:108:17
[INFO] [stdout]   45:     0x7fab0be6cac3 - <unknown>
[INFO] [stdout]   46:     0x7fab0befdbf4 - __clone
[INFO] [stdout]   47:                0x0 - <unknown>
[INFO] [stdout] 
[INFO] [stdout] 
[INFO] [stdout] failures:
[INFO] [stdout]     source::tests::from_filepath
[INFO] [stdout] 
[INFO] [stdout] test result: FAILED. 268 passed; 1 failed; 2 ignored; 0 measured; 0 filtered out; finished in 0.08s
[INFO] [stdout] 
[INFO] [stderr] error: test failed, to rerun pass `--lib`
[INFO] running `Command { std: "docker" "inspect" "e6071b4bdbfa7db2ed9c450eefe0ea08c132319925c7e29f2251c407660bec42", kill_on_drop: false }`
[INFO] running `Command { std: "docker" "rm" "-f" "e6071b4bdbfa7db2ed9c450eefe0ea08c132319925c7e29f2251c407660bec42", kill_on_drop: false }`
[INFO] [stdout] e6071b4bdbfa7db2ed9c450eefe0ea08c132319925c7e29f2251c407660bec42
[INFO] testing boa_parser-0.17.3 against beta-2023-12-22 for beta-1.76-1
[INFO] extracting crate boa_parser 0.17.3 into /workspace/builds/worker-0-tc2/source
[INFO] validating manifest of crates.io crate boa_parser 0.17.3 on toolchain beta-2023-12-22
[INFO] running `Command { std: CARGO_HOME="/workspace/cargo-home" RUSTUP_HOME="/workspace/rustup-home" "/workspace/cargo-home/bin/cargo" "+beta-2023-12-22" "metadata" "--manifest-path" "Cargo.toml" "--no-deps", kill_on_drop: false }`
[INFO] started tweaking crates.io crate boa_parser 0.17.3
[INFO] finished tweaking crates.io crate boa_parser 0.17.3
[INFO] tweaked toml for crates.io crate boa_parser 0.17.3 written to /workspace/builds/worker-0-tc2/source/Cargo.toml
[INFO] running `Command { std: CARGO_HOME="/workspace/cargo-home" RUSTUP_HOME="/workspace/rustup-home" "/workspace/cargo-home/bin/cargo" "+beta-2023-12-22" "generate-lockfile" "--manifest-path" "Cargo.toml", kill_on_drop: false }`
[INFO] [stderr]     Updating crates.io index
[INFO] running `Command { std: CARGO_HOME="/workspace/cargo-home" RUSTUP_HOME="/workspace/rustup-home" "/workspace/cargo-home/bin/cargo" "+beta-2023-12-22" "fetch" "--manifest-path" "Cargo.toml", kill_on_drop: false }`
[INFO] running `Command { std: "docker" "create" "-v" "/var/lib/crater-agent-workspace/builds/worker-0-tc2/target:/opt/rustwide/target:rw,Z" "-v" "/var/lib/crater-agent-workspace/builds/worker-0-tc2/source:/opt/rustwide/workdir:ro,Z" "-v" "/var/lib/crater-agent-workspace/cargo-home:/opt/rustwide/cargo-home:ro,Z" "-v" "/var/lib/crater-agent-workspace/rustup-home:/opt/rustwide/rustup-home:ro,Z" "-e" "SOURCE_DIR=/opt/rustwide/workdir" "-e" "CARGO_TARGET_DIR=/opt/rustwide/target" "-e" "CARGO_HOME=/opt/rustwide/cargo-home" "-e" "RUSTUP_HOME=/opt/rustwide/rustup-home" "-w" "/opt/rustwide/workdir" "-m" "1610612736" "--user" "0:0" "--network" "none" "ghcr.io/rust-lang/crates-build-env/linux@sha256:2788e3201cd34a07e3172128adcd8b3090168a8e3bcc40d7c032b9dda1df7d1c" "/opt/rustwide/cargo-home/bin/cargo" "+beta-2023-12-22" "metadata" "--no-deps" "--format-version=1", kill_on_drop: false }`
[INFO] [stdout] 721be7be2a9ef61a8d1392e20ac0a17a97df92f176cf3e523daa1e70d288d3e4
[INFO] running `Command { std: "docker" "start" "-a" "721be7be2a9ef61a8d1392e20ac0a17a97df92f176cf3e523daa1e70d288d3e4", kill_on_drop: false }`
[INFO] running `Command { std: "docker" "inspect" "721be7be2a9ef61a8d1392e20ac0a17a97df92f176cf3e523daa1e70d288d3e4", kill_on_drop: false }`
[INFO] running `Command { std: "docker" "rm" "-f" "721be7be2a9ef61a8d1392e20ac0a17a97df92f176cf3e523daa1e70d288d3e4", kill_on_drop: false }`
[INFO] [stdout] 721be7be2a9ef61a8d1392e20ac0a17a97df92f176cf3e523daa1e70d288d3e4
[INFO] running `Command { std: "docker" "create" "-v" "/var/lib/crater-agent-workspace/builds/worker-0-tc2/target:/opt/rustwide/target:rw,Z" "-v" "/var/lib/crater-agent-workspace/builds/worker-0-tc2/source:/opt/rustwide/workdir:ro,Z" "-v" "/var/lib/crater-agent-workspace/cargo-home:/opt/rustwide/cargo-home:ro,Z" "-v" "/var/lib/crater-agent-workspace/rustup-home:/opt/rustwide/rustup-home:ro,Z" "-e" "SOURCE_DIR=/opt/rustwide/workdir" "-e" "CARGO_TARGET_DIR=/opt/rustwide/target" "-e" "CARGO_INCREMENTAL=0" "-e" "RUST_BACKTRACE=full" "-e" "RUSTFLAGS=--cap-lints=warn" "-e" "RUSTDOCFLAGS=--cap-lints=warn" "-e" "CARGO_HOME=/opt/rustwide/cargo-home" "-e" "RUSTUP_HOME=/opt/rustwide/rustup-home" "-w" "/opt/rustwide/workdir" "-m" "1610612736" "--user" "0:0" "--network" "none" "ghcr.io/rust-lang/crates-build-env/linux@sha256:2788e3201cd34a07e3172128adcd8b3090168a8e3bcc40d7c032b9dda1df7d1c" "/opt/rustwide/cargo-home/bin/cargo" "+beta-2023-12-22" "build" "--frozen" "--message-format=json", kill_on_drop: false }`
[INFO] [stdout] eae8e667729f0aa16f3167a0c9c13cd626285146ef295cfc9ab7310f47e77190
[INFO] running `Command { std: "docker" "start" "-a" "eae8e667729f0aa16f3167a0c9c13cd626285146ef295cfc9ab7310f47e77190", kill_on_drop: false }`
[INFO] [stderr]    Compiling proc-macro2 v1.0.75
[INFO] [stderr]    Compiling unicode-ident v1.0.12
[INFO] [stderr]    Compiling unicode-xid v0.2.4
[INFO] [stderr]    Compiling serde v1.0.194
[INFO] [stderr]    Compiling stable_deref_trait v1.2.0
[INFO] [stderr]    Compiling autocfg v1.1.0
[INFO] [stderr]    Compiling syn v1.0.109
[INFO] [stderr]    Compiling portable-atomic v1.6.0
[INFO] [stderr]    Compiling embedded-io v0.4.0
[INFO] [stderr]    Compiling writeable v0.5.4
[INFO] [stderr]    Compiling cobs v0.2.3
[INFO] [stderr]    Compiling litemap v0.7.2
[INFO] [stderr]    Compiling critical-section v1.1.2
[INFO] [stderr]    Compiling siphasher v0.3.11
[INFO] [stderr]    Compiling rand_core v0.6.4
[INFO] [stderr]    Compiling version_check v0.9.4
[INFO] [stderr]    Compiling boa_profiler v0.17.3
[INFO] [stderr]    Compiling hashbrown v0.14.3
[INFO] [stderr]    Compiling cfg-if v1.0.0
[INFO] [stderr]    Compiling equivalent v1.0.1
[INFO] [stderr]    Compiling zerocopy v0.7.32
[INFO] [stderr]    Compiling rustc-hash v1.1.0
[INFO] [stderr]    Compiling utf8_iter v1.0.4
[INFO] [stderr]    Compiling static_assertions v1.1.0
[INFO] [stderr]    Compiling utf16_iter v1.0.5
[INFO] [stderr]    Compiling rand v0.8.5
[INFO] [stderr]    Compiling phf_shared v0.11.2
[INFO] [stderr]    Compiling write16 v1.0.0
[INFO] [stderr]    Compiling smallvec v1.11.2
[INFO] [stderr]    Compiling memchr v2.7.1
[INFO] [stderr]    Compiling bitflags v2.4.1
[INFO] [stderr]    Compiling fast-float v0.2.0
[INFO] [stderr]    Compiling ahash v0.8.7
[INFO] [stderr]    Compiling num-traits v0.2.17
[INFO] [stderr]    Compiling num-integer v0.1.45
[INFO] [stderr]    Compiling num-bigint v0.4.4
[INFO] [stderr]    Compiling quote v1.0.35
[INFO] [stderr]    Compiling phf_generator v0.11.2
[INFO] [stderr]    Compiling indexmap v2.1.0
[INFO] [stderr]    Compiling syn v2.0.48
[INFO] [stderr]    Compiling once_cell v1.19.0
[INFO] [stderr]    Compiling hashbrown v0.13.2
[INFO] [stderr]    Compiling regress v0.6.0
[INFO] [stderr]    Compiling icu_provider_macros v1.2.0
[INFO] [stderr]    Compiling synstructure v0.13.0
[INFO] [stderr]    Compiling serde_derive v1.0.194
[INFO] [stderr]    Compiling zerofrom-derive v0.1.3
[INFO] [stderr]    Compiling yoke-derive v0.7.3
[INFO] [stderr]    Compiling zerovec-derive v0.9.6
[INFO] [stderr]    Compiling displaydoc v0.2.4
[INFO] [stderr]    Compiling boa_macros v0.17.3
[INFO] [stderr]    Compiling phf_macros v0.11.2
[INFO] [stderr]    Compiling phf v0.11.2
[INFO] [stderr]    Compiling boa_gc v0.17.3
[INFO] [stderr]    Compiling boa_interner v0.17.3
[INFO] [stderr]    Compiling boa_ast v0.17.3
[INFO] [stderr]    Compiling zerofrom v0.1.3
[INFO] [stderr]    Compiling yoke v0.7.3
[INFO] [stderr]    Compiling postcard v1.0.8
[INFO] [stderr]    Compiling zerovec v0.9.6
[INFO] [stderr]    Compiling tinystr v0.7.2
[INFO] [stderr]    Compiling icu_collections v1.2.0
[INFO] [stderr]    Compiling icu_locid v1.2.0
[INFO] [stderr]    Compiling icu_provider v1.2.0
[INFO] [stderr]    Compiling icu_properties v1.2.0
[INFO] [stderr]    Compiling icu_provider_blob v1.2.0
[INFO] [stderr]    Compiling icu_provider_adapters v1.2.0
[INFO] [stderr]    Compiling icu_normalizer v1.2.0
[INFO] [stderr]    Compiling boa_icu_provider v0.17.3
[INFO] [stderr]    Compiling boa_parser v0.17.3 (/opt/rustwide/workdir)
[INFO] [stdout] warning: external crate `icu_locid` unused in `boa_parser`: remove the dependency or add `use icu_locid as _;`
[INFO] [stdout]    |
[INFO] [stdout] note: the lint level is defined here
[INFO] [stdout]   --> src/lib.rs:44:5
[INFO] [stdout]    |
[INFO] [stdout] 44 |     unused_crate_dependencies,
[INFO] [stdout]    |     ^^^^^^^^^^^^^^^^^^^^^^^^^
[INFO] [stdout] 
[INFO] [stdout] 
[INFO] [stdout] warning: external crate `icu_provider_macros` unused in `boa_parser`: remove the dependency or add `use icu_provider_macros as _;`
[INFO] [stdout] 
[INFO] [stdout] 
[INFO] [stdout] warning: external crate `tinystr` unused in `boa_parser`: remove the dependency or add `use tinystr as _;`
[INFO] [stdout] 
[INFO] [stdout] 
[INFO] [stdout] warning: 3 warnings emitted
[INFO] [stdout] 
[INFO] [stdout] 
[INFO] [stderr]     Finished dev [unoptimized + debuginfo] target(s) in 17.56s
[INFO] running `Command { std: "docker" "inspect" "eae8e667729f0aa16f3167a0c9c13cd626285146ef295cfc9ab7310f47e77190", kill_on_drop: false }`
[INFO] running `Command { std: "docker" "rm" "-f" "eae8e667729f0aa16f3167a0c9c13cd626285146ef295cfc9ab7310f47e77190", kill_on_drop: false }`
[INFO] [stdout] eae8e667729f0aa16f3167a0c9c13cd626285146ef295cfc9ab7310f47e77190
[INFO] running `Command { std: "docker" "create" "-v" "/var/lib/crater-agent-workspace/builds/worker-0-tc2/target:/opt/rustwide/target:rw,Z" "-v" "/var/lib/crater-agent-workspace/builds/worker-0-tc2/source:/opt/rustwide/workdir:ro,Z" "-v" "/var/lib/crater-agent-workspace/cargo-home:/opt/rustwide/cargo-home:ro,Z" "-v" "/var/lib/crater-agent-workspace/rustup-home:/opt/rustwide/rustup-home:ro,Z" "-e" "SOURCE_DIR=/opt/rustwide/workdir" "-e" "CARGO_TARGET_DIR=/opt/rustwide/target" "-e" "CARGO_INCREMENTAL=0" "-e" "RUST_BACKTRACE=full" "-e" "RUSTFLAGS=--cap-lints=warn" "-e" "RUSTDOCFLAGS=--cap-lints=warn" "-e" "CARGO_HOME=/opt/rustwide/cargo-home" "-e" "RUSTUP_HOME=/opt/rustwide/rustup-home" "-w" "/opt/rustwide/workdir" "-m" "1610612736" "--user" "0:0" "--network" "none" "ghcr.io/rust-lang/crates-build-env/linux@sha256:2788e3201cd34a07e3172128adcd8b3090168a8e3bcc40d7c032b9dda1df7d1c" "/opt/rustwide/cargo-home/bin/cargo" "+beta-2023-12-22" "test" "--frozen" "--no-run" "--message-format=json", kill_on_drop: false }`
[INFO] [stdout] 46cb37348af97f776ceaccf19716d395b7c4d6869d42ad33a10c4afa7a5e44f7
[INFO] running `Command { std: "docker" "start" "-a" "46cb37348af97f776ceaccf19716d395b7c4d6869d42ad33a10c4afa7a5e44f7", kill_on_drop: false }`
[INFO] [stdout] warning: external crate `icu_locid` unused in `boa_parser`: remove the dependency or add `use icu_locid as _;`
[INFO] [stdout]    |
[INFO] [stdout] note: the lint level is defined here
[INFO] [stdout]   --> src/lib.rs:44:5
[INFO] [stdout]    |
[INFO] [stdout] 44 |     unused_crate_dependencies,
[INFO] [stdout]    |     ^^^^^^^^^^^^^^^^^^^^^^^^^
[INFO] [stdout] 
[INFO] [stdout] 
[INFO] [stdout] warning: external crate `icu_provider_macros` unused in `boa_parser`: remove the dependency or add `use icu_provider_macros as _;`
[INFO] [stdout] 
[INFO] [stdout] 
[INFO] [stdout] warning: external crate `tinystr` unused in `boa_parser`: remove the dependency or add `use tinystr as _;`
[INFO] [stdout] 
[INFO] [stdout] 
[INFO] [stdout] warning: 3 warnings emitted
[INFO] [stdout] 
[INFO] [stdout] 
[INFO] [stderr]    Compiling boa_parser v0.17.3 (/opt/rustwide/workdir)
[INFO] [stdout] warning: external crate `icu_locid` unused in `boa_parser`: remove the dependency or add `use icu_locid as _;`
[INFO] [stdout]    |
[INFO] [stdout] note: the lint level is defined here
[INFO] [stdout]   --> src/lib.rs:44:5
[INFO] [stdout]    |
[INFO] [stdout] 44 |     unused_crate_dependencies,
[INFO] [stdout]    |     ^^^^^^^^^^^^^^^^^^^^^^^^^
[INFO] [stdout] 
[INFO] [stdout] 
[INFO] [stdout] warning: external crate `icu_provider_macros` unused in `boa_parser`: remove the dependency or add `use icu_provider_macros as _;`
[INFO] [stdout] 
[INFO] [stdout] 
[INFO] [stdout] warning: external crate `tinystr` unused in `boa_parser`: remove the dependency or add `use tinystr as _;`
[INFO] [stdout] 
[INFO] [stdout] 
[INFO] [stdout] warning: 3 warnings emitted
[INFO] [stdout] 
[INFO] [stdout] 
[INFO] [stderr]     Finished test [unoptimized + debuginfo] target(s) in 5.95s
[INFO] running `Command { std: "docker" "inspect" "46cb37348af97f776ceaccf19716d395b7c4d6869d42ad33a10c4afa7a5e44f7", kill_on_drop: false }`
[INFO] running `Command { std: "docker" "rm" "-f" "46cb37348af97f776ceaccf19716d395b7c4d6869d42ad33a10c4afa7a5e44f7", kill_on_drop: false }`
[INFO] [stdout] 46cb37348af97f776ceaccf19716d395b7c4d6869d42ad33a10c4afa7a5e44f7
[INFO] running `Command { std: "docker" "create" "-v" "/var/lib/crater-agent-workspace/builds/worker-0-tc2/target:/opt/rustwide/target:rw,Z" "-v" "/var/lib/crater-agent-workspace/builds/worker-0-tc2/source:/opt/rustwide/workdir:ro,Z" "-v" "/var/lib/crater-agent-workspace/cargo-home:/opt/rustwide/cargo-home:ro,Z" "-v" "/var/lib/crater-agent-workspace/rustup-home:/opt/rustwide/rustup-home:ro,Z" "-e" "SOURCE_DIR=/opt/rustwide/workdir" "-e" "CARGO_TARGET_DIR=/opt/rustwide/target" "-e" "CARGO_INCREMENTAL=0" "-e" "RUST_BACKTRACE=full" "-e" "RUSTFLAGS=--cap-lints=warn" "-e" "RUSTDOCFLAGS=--cap-lints=warn" "-e" "CARGO_HOME=/opt/rustwide/cargo-home" "-e" "RUSTUP_HOME=/opt/rustwide/rustup-home" "-w" "/opt/rustwide/workdir" "-m" "1610612736" "--user" "0:0" "--network" "none" "ghcr.io/rust-lang/crates-build-env/linux@sha256:2788e3201cd34a07e3172128adcd8b3090168a8e3bcc40d7c032b9dda1df7d1c" "/opt/rustwide/cargo-home/bin/cargo" "+beta-2023-12-22" "test" "--frozen", kill_on_drop: false }`
[INFO] [stdout] 146cf36d75f610130cffa75e8c589bf4ef14104ed26bb600c56c3c04fc1cbdb7
[INFO] running `Command { std: "docker" "start" "-a" "146cf36d75f610130cffa75e8c589bf4ef14104ed26bb600c56c3c04fc1cbdb7", kill_on_drop: false }`
[INFO] [stderr] warning: external crate `icu_locid` unused in `boa_parser`: remove the dependency or add `use icu_locid as _;`
[INFO] [stderr]    |
[INFO] [stderr] note: the lint level is defined here
[INFO] [stderr]   --> src/lib.rs:44:5
[INFO] [stderr]    |
[INFO] [stderr] 44 |     unused_crate_dependencies,
[INFO] [stderr]    |     ^^^^^^^^^^^^^^^^^^^^^^^^^
[INFO] [stderr] 
[INFO] [stderr] warning: external crate `icu_provider_macros` unused in `boa_parser`: remove the dependency or add `use icu_provider_macros as _;`
[INFO] [stderr] 
[INFO] [stderr] warning: external crate `tinystr` unused in `boa_parser`: remove the dependency or add `use tinystr as _;`
[INFO] [stderr] 
[INFO] [stderr] warning: `boa_parser` (lib) generated 3 warnings
[INFO] [stderr] warning: `boa_parser` (lib test) generated 3 warnings (3 duplicates)
[INFO] [stderr]     Finished test [unoptimized + debuginfo] target(s) in 0.05s
[INFO] [stderr]      Running unittests src/lib.rs (/opt/rustwide/target/debug/deps/boa_parser-ee073d40849ff051)
[INFO] [stdout] 
[INFO] [stdout] running 271 tests
[INFO] [stdout] test error::tests::from_lex_error ... ok
[INFO] [stdout] test error::tests::wrong_labelled_function_declaration ... ok
[INFO] [stdout] test lexer::error::tests::io ... ok
[INFO] [stdout] test error::tests::misplaced_function_declaration ... ok
[INFO] [stdout] test error::tests::context ... ok
[INFO] [stdout] test error::tests::display ... ok
[INFO] [stdout] test lexer::error::tests::syntax ... ok
[INFO] [stdout] test lexer::tests::addition_no_spaces ... ok
[INFO] [stdout] test lexer::tests::addition_no_spaces_e_number_left_side ... ok
[INFO] [stdout] test lexer::tests::addition_no_spaces_e_number ... ok
[INFO] [stdout] test lexer::tests::addition_no_spaces_e_number_right_side ... ok
[INFO] [stdout] test lexer::tests::addition_no_spaces_right_side ... ok
[INFO] [stdout] test lexer::tests::addition_no_spaces_left_side ... ok
[INFO] [stdout] test lexer::tests::big_exp_numbers ... ok
[INFO] [stdout] test lexer::tests::big_literal_numbers ... ok
[INFO] [stdout] test lexer::tests::carriage_return::carriage_return ... ok
[INFO] [stdout] test lexer::tests::carriage_return::mixed_line ... ok
[INFO] [stdout] test lexer::tests::carriage_return::regular_line ... ok
[INFO] [stdout] test lexer::tests::carriage_return::windows_line ... ok
[INFO] [stdout] test lexer::tests::check_decrement_advances_lexer_2_places ... ok
[INFO] [stdout] test lexer::tests::check_invalid_identifier_part ... ok
[INFO] [stdout] test lexer::tests::check_identifier ... ok
[INFO] [stdout] test lexer::tests::check_line_numbers ... ok
[INFO] [stdout] test lexer::tests::check_keywords ... ok
[INFO] [stdout] test lexer::tests::check_invalid_identifier_start ... ok
[INFO] [stdout] test lexer::tests::check_multi_line_comment ... ok
[INFO] [stdout] test lexer::tests::check_positions ... ok
[INFO] [stdout] test lexer::tests::check_single_line_comment ... ok
[INFO] [stdout] test lexer::tests::check_positions_codepoint ... ok
[INFO] [stdout] test lexer::tests::check_punctuators ... ok
[INFO] [stdout] test lexer::tests::check_single_line_comment_with_crlf_ending ... ok
[INFO] [stdout] test lexer::tests::illegal_code_point_following_numeric_literal ... ignored
[INFO] [stdout] test lexer::tests::check_variable_definition_tokens ... ok
[INFO] [stdout] test lexer::tests::check_template_literal_unterminated ... ok
[INFO] [stdout] test lexer::tests::check_string ... ok
[INFO] [stdout] test lexer::tests::hexadecimal_edge_case ... ok
[INFO] [stdout] test lexer::tests::implicit_octal_edge_case ... ok
[INFO] [stdout] test lexer::tests::number_followed_by_dot ... ok
[INFO] [stdout] test lexer::tests::check_template_literal_simple ... ok
[INFO] [stdout] test lexer::tests::illegal_following_numeric_literal ... ok
[INFO] [stdout] test lexer::tests::numbers_with_separators ... ok
[INFO] [stdout] test lexer::tests::numbers_with_bad_separators ... ok
[INFO] [stdout] test lexer::tests::numbers ... ok
[INFO] [stdout] test lexer::tests::regex_literal ... ok
[INFO] [stdout] test lexer::tests::regex_literal_flags ... ok
[INFO] [stdout] test lexer::tests::single_number_without_semicolon ... ok
[INFO] [stdout] test lexer::tests::string_codepoint_with_no_braces ... ok
[INFO] [stdout] test lexer::tests::single_int ... ok
[INFO] [stdout] test lexer::tests::regex_equals_following_assignment ... ok
[INFO] [stdout] test lexer::tests::string_legacy_octal_escape ... ok
[INFO] [stdout] test lexer::tests::string_unicode_escape_with_braces_2 ... ok
[INFO] [stdout] test lexer::tests::string_with_single_escape ... ok
[INFO] [stdout] test lexer::tests::regex_literal_flags_err ... ok
[INFO] [stdout] test lexer::tests::string_zero_escape ... ok
[INFO] [stdout] test lexer::tests::take_while_ascii_pred_entire_str ... ok
[INFO] [stdout] test lexer::tests::string_non_octal_decimal_escape ... ok
[INFO] [stdout] test lexer::tests::take_while_ascii_pred_immediate_stop ... ok
[INFO] [stdout] test lexer::tests::take_while_ascii_pred_non_ascii_stop ... ok
[INFO] [stdout] test lexer::tests::take_while_ascii_pred_simple ... ok
[INFO] [stdout] test lexer::tests::take_while_char_pred_entire_str ... ok
[INFO] [stdout] test lexer::tests::string_line_continuation ... ok
[INFO] [stdout] test lexer::tests::string_unicode ... ok
[INFO] [stdout] test lexer::tests::string_unicode_escape_with_braces ... ok
[INFO] [stdout] test lexer::tests::take_while_char_pred_immediate_stop ... ok
[INFO] [stdout] test lexer::tests::take_while_char_pred_simple ... ok
[INFO] [stdout] test lexer::tests::take_while_char_pred_utf8_char ... ok
[INFO] [stdout] test parser::cursor::buffered_lexer::tests::issue_1768 ... ok
[INFO] [stdout] test parser::cursor::buffered_lexer::tests::peek_next_till_end ... ok
[INFO] [stdout] test parser::cursor::buffered_lexer::tests::peek_skip_accending ... ok
[INFO] [stdout] test parser::cursor::buffered_lexer::tests::peek_skip_next_alternating ... ok
[INFO] [stdout] test parser::cursor::buffered_lexer::tests::peek_skip_next ... ok
[INFO] [stdout] test parser::cursor::buffered_lexer::tests::peek_skip_next_till_end ... ok
[INFO] [stdout] test parser::cursor::buffered_lexer::tests::skip_peeked_terminators ... ok
[INFO] [stdout] test parser::expression::left_hand_side::optional::tests::reject_templates ... ok
[INFO] [stdout] test parser::expression::left_hand_side::tests::check_member_properties ... ok
[INFO] [stdout] test parser::expression::primary::array_initializer::tests::check_numeric_array ... ok
[INFO] [stdout] test parser::expression::primary::array_initializer::tests::check_numeric_array_elision ... ok
[INFO] [stdout] test parser::expression::primary::array_initializer::tests::check_combined_empty_str ... ok
[INFO] [stdout] test parser::expression::left_hand_side::optional::tests::simple ... ok
[INFO] [stdout] test parser::expression::primary::async_generator_expression::tests::check_nested_async_generator_expr ... ok
[INFO] [stdout] test parser::expression::left_hand_side::tests::check_call_properties ... ok
[INFO] [stdout] test parser::expression::left_hand_side::optional::tests::private_identifier_early_error ... ok
[INFO] [stdout] test parser::expression::primary::array_initializer::tests::check_empty_slot ... ok
[INFO] [stdout] test parser::expression::left_hand_side::optional::tests::complex_chain ... ok
[INFO] [stdout] test parser::expression::primary::object_initializer::tests::check_async_generator_method ... ok
[INFO] [stdout] test parser::expression::primary::array_initializer::tests::check_empty ... ok
[INFO] [stdout] test parser::expression::primary::object_initializer::tests::check_async_gen_method_lineterminator ... ok
[INFO] [stdout] test parser::expression::primary::object_initializer::tests::check_async_ordinary_method ... ok
[INFO] [stdout] test parser::expression::primary::async_function_expression::tests::check_async_expression ... ok
[INFO] [stdout] test parser::expression::primary::async_generator_expression::tests::check_async_generator_expr ... ok
[INFO] [stdout] test parser::expression::primary::array_initializer::tests::check_numeric_array_repeated_elision ... ok
[INFO] [stdout] test parser::expression::primary::function_expression::tests::check_function_non_reserved_keyword ... ok
[INFO] [stdout] test parser::expression::primary::async_function_expression::tests::check_nested_async_expression ... ok
[INFO] [stdout] test parser::expression::primary::generator_expression::tests::check_generator_function_expression ... ok
[INFO] [stdout] test parser::expression::primary::object_initializer::tests::check_object_getter ... ok
[INFO] [stdout] test parser::expression::primary::object_initializer::tests::check_object_setter ... ok
[INFO] [stdout] test parser::expression::primary::function_expression::tests::check_nested_function_expression ... ok
[INFO] [stdout] test parser::expression::primary::array_initializer::tests::check_numeric_array_trailing ... ok
[INFO] [stdout] test parser::expression::primary::object_initializer::tests::check_async_method_lineterminator ... ok
[INFO] [stdout] test parser::expression::primary::object_initializer::tests::check_object_short_function_set ... ok
[INFO] [stdout] test parser::expression::primary::function_expression::tests::check_function_expression ... ok
[INFO] [stdout] test parser::expression::primary::generator_expression::tests::check_generator_function_delegate_yield_expression ... ok
[INFO] [stdout] test parser::expression::primary::array_initializer::tests::check_combined ... ok
[INFO] [stdout] test parser::expression::primary::tests::check_string ... ok
[INFO] [stdout] test parser::expression::tests::check_logical_expressions ... ok
[INFO] [stdout] test parser::expression::primary::object_initializer::tests::check_async_method ... ok
[INFO] [stdout] test parser::expression::primary::object_initializer::tests::check_object_short_function ... ok
[INFO] [stdout] test parser::expression::primary::object_initializer::tests::check_object_short_function_get ... ok
[INFO] [stdout] test parser::expression::tests::check_complex_numeric_operations ... ok
[INFO] [stdout] test parser::expression::primary::object_initializer::tests::check_object_literal ... ok
[INFO] [stdout] test parser::expression::primary::object_initializer::tests::check_async_property ... ok
[INFO] [stdout] test parser::expression::primary::object_initializer::tests::check_object_shorthand_property_names ... ok
[INFO] [stdout] test parser::expression::tests::check_relational_operations ... ok
[INFO] [stdout] test parser::expression::tests::check_assign_operations ... ok
[INFO] [stdout] test parser::expression::tests::check_bitwise_operations ... ok
[INFO] [stdout] test parser::expression::primary::object_initializer::tests::check_object_short_function_arguments ... ok
[INFO] [stdout] test parser::expression::tests::check_numeric_operations ... ok
[INFO] [stdout] test parser::function::tests::check_arrow_assignment_2arg_nobrackets ... ok
[INFO] [stdout] test parser::function::tests::check_arrow ... ok
[INFO] [stdout] test parser::expression::primary::object_initializer::tests::check_object_shorthand_multiple_properties ... ok
[INFO] [stdout] test parser::expression::primary::object_initializer::tests::check_object_spread ... ok
[INFO] [stdout] test parser::function::tests::check_arrow_epty_return ... ok
[INFO] [stdout] test parser::function::tests::check_arrow_assignment_noparenthesis_nobrackets ... ok
[INFO] [stdout] test parser::function::tests::check_arrow_assignment_noparenthesis ... ok
[INFO] [stdout] test parser::function::tests::check_arrow_assignment_nobrackets ... ok
[INFO] [stdout] test parser::function::tests::check_basic ... ok
[INFO] [stdout] test parser::function::tests::check_arrow_assignment_3arg ... ok
[INFO] [stdout] test parser::function::tests::check_arrow_assignment_3arg_nobrackets ... ok
[INFO] [stdout] test parser::expression::tests::check_non_reserved_identifiers ... ok
[INFO] [stdout] test parser::function::tests::check_empty_return ... ok
[INFO] [stdout] test parser::function::tests::check_empty_return_semicolon_insertion ... ok
[INFO] [stdout] test parser::function::tests::check_rest_operator ... ok
[INFO] [stdout] test parser::function::tests::check_basic_semicolon_insertion ... ok
[INFO] [stdout] test parser::function::tests::check_arrow_only_rest ... ok
[INFO] [stdout] test parser::function::tests::check_arrow_empty_return_semicolon_insertion ... ok
[INFO] [stdout] test parser::function::tests::check_duplicates_strict_on ... ok
[INFO] [stdout] test parser::function::tests::check_duplicates_strict_off ... ok
[INFO] [stdout] test parser::statement::block::tests::empty ... ok
[INFO] [stdout] test parser::function::tests::check_arrow_assignment_2arg ... ok
[INFO] [stdout] test parser::function::tests::check_arrow_rest ... ok
[INFO] [stdout] test parser::function::tests::check_arrow_semicolon_insertion ... ok
[INFO] [stdout] test parser::function::tests::check_arrow_assignment ... ok
[INFO] [stdout] test parser::statement::block::tests::hoisting ... ok
[INFO] [stdout] test parser::statement::block::tests::non_empty ... ok
[INFO] [stdout] test parser::statement::break_stm::tests::new_line_semicolon_insertion ... ok
[INFO] [stdout] test parser::statement::break_stm::tests::new_line_block_empty_semicolon_insertion ... ok
[INFO] [stdout] test parser::statement::continue_stm::tests::new_line_semicolon_insertion ... ok
[INFO] [stdout] test parser::statement::continue_stm::tests::new_line_block_empty ... ok
[INFO] [stdout] test parser::statement::continue_stm::tests::reserved_label ... ok
[INFO] [stdout] test parser::statement::continue_stm::tests::new_line ... ok
[INFO] [stdout] test parser::statement::break_stm::tests::new_line ... ok
[INFO] [stdout] test parser::statement::break_stm::tests::inline_block ... ok
[INFO] [stdout] test parser::statement::declaration::hoistable::async_function_decl::tests::async_function_declaration ... ok
[INFO] [stdout] test parser::statement::continue_stm::tests::new_line_block ... ok
[INFO] [stdout] test parser::statement::continue_stm::tests::new_line_block_empty_semicolon_insertion ... ok
[INFO] [stdout] test parser::statement::continue_stm::tests::inline_block ... ok
[INFO] [stdout] test parser::statement::declaration::hoistable::async_generator_decl::tests::async_generator_function_declaration ... ok
[INFO] [stdout] test parser::statement::break_stm::tests::inline ... ok
[INFO] [stdout] test parser::statement::continue_stm::tests::inline_block_semicolon_insertion ... ok
[INFO] [stdout] test parser::statement::declaration::hoistable::async_function_decl::tests::async_function_declaration_keywords ... ok
[INFO] [stdout] test parser::statement::declaration::hoistable::generator_decl::tests::generator_function_declaration ... ok
[INFO] [stdout] test parser::statement::break_stm::tests::new_line_block_empty ... ok
[INFO] [stdout] test parser::statement::declaration::hoistable::class_decl::tests::check_async_field_initialization ... ok
[INFO] [stdout] test parser::statement::continue_stm::tests::inline ... ok
[INFO] [stdout] test parser::statement::break_stm::tests::new_line_block ... ok
[INFO] [stdout] test parser::statement::break_stm::tests::inline_block_semicolon_insertion ... ok
[INFO] [stdout] test parser::statement::declaration::hoistable::function_decl::tests::function_declaration ... ok
[INFO] [stdout] test parser::statement::declaration::tests::const_declaration_no_spaces ... ok
[INFO] [stdout] test parser::statement::declaration::hoistable::function_decl::tests::function_declaration_keywords ... ok
[INFO] [stdout] test parser::statement::declaration::hoistable::class_decl::tests::check_async_field ... ok
[INFO] [stdout] test parser::statement::declaration::tests::empty_const_declaration ... ok
[INFO] [stdout] test parser::statement::declaration::tests::empty_var_declaration ... ok
[INFO] [stdout] test parser::statement::declaration::tests::let_declaration ... ok
[INFO] [stdout] test parser::statement::declaration::tests::empty_let_declaration ... ok
[INFO] [stdout] test parser::statement::break_stm::tests::reserved_label ... ok
[INFO] [stdout] test parser::statement::declaration::tests::let_declaration_keywords ... ok
[INFO] [stdout] test parser::statement::declaration::hoistable::class_decl::tests::check_new_target_with_property_access ... ok
[INFO] [stdout] test parser::statement::declaration::hoistable::class_decl::tests::check_async_ordinary_method ... ok
[INFO] [stdout] test parser::statement::if_stm::tests::if_without_else_block_with_trailing_newline ... ok
[INFO] [stdout] test parser::statement::declaration::tests::var_declaration ... ok
[INFO] [stdout] test parser::statement::declaration::tests::multiple_let_declaration ... ok
[INFO] [stdout] test parser::statement::iteration::tests::check_do_while_semicolon_insertion_no_space ... ok
[INFO] [stdout] test parser::statement::iteration::tests::reject_for_await_in_loop ... ok
[INFO] [stdout] test parser::statement::iteration::tests::do_while_spaces ... ok
[INFO] [stdout] test parser::statement::iteration::tests::while_spaces ... ok
[INFO] [stdout] test parser::statement::iteration::tests::reject_const_no_init_for_loop ... ok
[INFO] [stdout] test parser::statement::iteration::tests::check_do_while ... ok
[INFO] [stdout] test parser::statement::declaration::tests::multiple_var_declaration ... ok
[INFO] [stdout] test parser::statement::declaration::tests::let_declaration_no_spaces ... ok
[INFO] [stdout] test parser::statement::if_stm::tests::if_without_else_block ... ok
[INFO] [stdout] test parser::statement::declaration::tests::const_declaration ... ok
[INFO] [stdout] test parser::statement::declaration::tests::var_declaration_keywords ... ok
[INFO] [stdout] test parser::statement::switch::tests::check_switch_two_default ... ok
[INFO] [stdout] test parser::statement::switch::tests::check_switch_unknown_label ... ok
[INFO] [stdout] test parser::statement::declaration::tests::const_declaration_keywords ... ok
[INFO] [stdout] test parser::statement::switch::tests::check_switch_case_unclosed ... ok
[INFO] [stdout] test parser::statement::declaration::tests::multiple_const_declaration ... ok
[INFO] [stdout] test parser::statement::throw::tests::check_throw_parsing ... ok
[INFO] [stdout] test parser::statement::try_stm::tests::check_inline_invalid_catch ... ok
[INFO] [stdout] test parser::statement::try_stm::tests::check_inline_invalid_catch_without_closing_paren ... ok
[INFO] [stdout] test parser::statement::declaration::tests::var_declaration_no_spaces ... ok
[INFO] [stdout] test parser::statement::switch::tests::check_separated_switch ... ok
[INFO] [stdout] test parser::statement::try_stm::tests::check_inline_with_binding_pattern_array ... ok
[INFO] [stdout] test parser::statement::try_stm::tests::check_inline_with_binding_pattern_object ... ok
[INFO] [stdout] test parser::statement::try_stm::tests::check_inline_with_empty_try_catch_finally ... ok
[INFO] [stdout] test parser::statement::try_stm::tests::check_inline_invalid_catch_parameter ... ok
[INFO] [stdout] test parser::statement::try_stm::tests::check_inline_with_empty_try_finally ... ok
[INFO] [stdout] test parser::statement::try_stm::tests::check_inline_with_empty_try_catch ... ok
[INFO] [stdout] test parser::statement::try_stm::tests::check_inline_with_var_decl_inside_try ... ok
[INFO] [stdout] test parser::statement::try_stm::tests::check_invalid_catch_with_duplicate_params ... ok
[INFO] [stdout] test parser::statement::switch::tests::check_switch_seperated_defaults ... ok
[INFO] [stdout] test parser::statement::try_stm::tests::check_inline_empty_try_paramless_catch ... ok
[INFO] [stdout] test parser::statement::iteration::tests::check_do_while_semicolon_insertion ... ok
[INFO] [stdout] test parser::statement::try_stm::tests::check_inline_with_empty_try_var_decl_in_finally ... ok
[INFO] [stdout] test parser::statement::switch::tests::check_switch_no_expr ... ok
[INFO] [stdout] test parser::statement::switch::tests::check_switch_no_closeblock ... ok
[INFO] [stdout] test parser::statement::try_stm::tests::check_catch_with_var_redeclaration ... ok
[INFO] [stdout] test parser::statement::try_stm::tests::check_inline_with_var_decl_inside_catch ... ok
[INFO] [stdout] test parser::statement::try_stm::tests::check_invalid_try_no_catch_finally ... ok
[INFO] [stdout] test parser::tests::ambigous_regex_divide_expression ... ok
[INFO] [stdout] test parser::tests::assignment_line_terminator ... ok
[INFO] [stdout] test parser::tests::assign_operator_precedence ... ok
[INFO] [stdout] test parser::statement::try_stm::tests::check_invalid_catch_with_empty_paren ... ok
[INFO] [stdout] test parser::tests::bracketed_expr ... ok
[INFO] [stdout] test parser::tests::assignment_multiline_terminator ... ok
[INFO] [stdout] test parser::tests::deny_unicode_escape_in_false_expression ... ok
[INFO] [stdout] test parser::tests::check_construct_call_precedence ... ok
[INFO] [stdout] test parser::statement::try_stm::tests::check_invalid_catch_with_lexical_redeclaration ... ok
[INFO] [stdout] test parser::tests::format::declaration::binding_pattern ... ok
[INFO] [stdout] test parser::tests::deny_unicode_escape_in_true_expression ... ok
[INFO] [stdout] test parser::tests::format::expression::r#await ... ok
[INFO] [stdout] test parser::tests::comment_semi_colon_insertion ... ok
[INFO] [stdout] test parser::tests::format::expression::new ... ok
[INFO] [stdout] test parser::tests::format::expression::spread ... ok
[INFO] [stdout] test parser::tests::format::expression::assign ... ok
[INFO] [stdout] test parser::tests::format::function::class::class_declaration_elements_private ... ok
[INFO] [stdout] test parser::tests::format::function::class::class_declaration_constructor ... ok
[INFO] [stdout] test parser::tests::empty_statement ... ok
[INFO] [stdout] test parser::tests::empty_statement_ends_directive_prologues ... ok
[INFO] [stdout] test parser::tests::format::function::class::class_declaration_elements_static ... ok
[INFO] [stdout] test parser::tests::deny_unicode_escape_in_null_expression ... ok
[INFO] [stdout] test parser::tests::format::statement::block ... ok
[INFO] [stdout] test parser::tests::format::expression::call ... ok
[INFO] [stdout] test parser::tests::format::function::class::class_declaration_empty ... ok
[INFO] [stdout] test parser::tests::format::statement::r#return ... ok
[INFO] [stdout] test parser::tests::format::expression::array ... ok
[INFO] [stdout] test parser::tests::format::statement::r#try ... ok
[INFO] [stdout] test parser::tests::format::function::class::class_declaration_empty_extends ... ok
[INFO] [stdout] test parser::tests::format::statement::r#if ... ok
[INFO] [stdout] test parser::tests::format::expression::object ... ok
[INFO] [stdout] test parser::tests::format::function::function ... ok
[INFO] [stdout] test parser::tests::format::function::class::class_declaration_elements_private_static ... ok
[INFO] [stdout] test parser::tests::format::function::arrow ... ok
[INFO] [stdout] test parser::tests::hashbang_comment ... ok
[INFO] [stdout] test parser::tests::hashbang_use_strict_with_with_statement ... ignored
[INFO] [stdout] test parser::tests::format::expression::template ... ok
[INFO] [stdout] test parser::tests::format::statement::throw ... ok
[INFO] [stdout] test source::tests::from_bytes ... ok
[INFO] [stdout] test parser::tests::hashbang_use_strict_no_with ... ok
[INFO] [stdout] test parser::tests::increment_in_comma_op ... ok
[INFO] [stdout] test parser::tests::format::function::class::class_declaration_elements ... ok
[INFO] [stdout] test source::tests::from_reader ... ok
[INFO] [stdout] test parser::tests::format::statement::switch ... ok
[INFO] [stdout] test parser::tests::spread_in_arrow_function ... ok
[INFO] [stdout] test parser::tests::multiline_comment_no_lineterminator ... ok
[INFO] [stdout] test parser::tests::spread_in_object ... ok
[INFO] [stdout] test parser::tests::two_divisions_in_expression ... ok
[INFO] [stdout] test parser::tests::multiline_comment_semi_colon_insertion ... ok
[INFO] [stdout] test parser::tests::format::function::r#async ... ok
[INFO] [stdout] test parser::tests::hoisting ... ok
[INFO] [stdout] test source::tests::from_filepath ... FAILED
[INFO] [stdout] 
[INFO] [stdout] failures:
[INFO] [stdout] 
[INFO] [stdout] ---- source::tests::from_filepath stdout ----
[INFO] [stdout] thread 'source::tests::from_filepath' panicked at src/source.rs:109:52:
[INFO] [stdout] called `Result::unwrap()` on an `Err` value: Os { code: 30, kind: ReadOnlyFilesystem, message: "Read-only file system" }
[INFO] [stdout] stack backtrace:
[INFO] [stdout]    0:     0x55a15f7266b6 - std::backtrace_rs::backtrace::libunwind::trace::h261606ad26a499c1
[INFO] [stdout]                                at /rustc/0e09125c6c3c2fd70d7de961bcf0e51575235fad/library/std/src/../../backtrace/src/backtrace/libunwind.rs:104:5
[INFO] [stdout]    1:     0x55a15f7266b6 - std::backtrace_rs::backtrace::trace_unsynchronized::hd183f0625477fb28
[INFO] [stdout]                                at /rustc/0e09125c6c3c2fd70d7de961bcf0e51575235fad/library/std/src/../../backtrace/src/backtrace/mod.rs:66:5
[INFO] [stdout]    2:     0x55a15f7266b6 - std::sys_common::backtrace::_print_fmt::hd7f8fef21b4eda67
[INFO] [stdout]                                at /rustc/0e09125c6c3c2fd70d7de961bcf0e51575235fad/library/std/src/sys_common/backtrace.rs:68:5
[INFO] [stdout]    3:     0x55a15f7266b6 - <std::sys_common::backtrace::_print::DisplayBacktrace as core::fmt::Display>::fmt::h623d9b51f2f453f1
[INFO] [stdout]                                at /rustc/0e09125c6c3c2fd70d7de961bcf0e51575235fad/library/std/src/sys_common/backtrace.rs:44:22
[INFO] [stdout]    4:     0x55a15f750070 - core::fmt::rt::Argument::fmt::h9f417ac76a86f368
[INFO] [stdout]                                at /rustc/0e09125c6c3c2fd70d7de961bcf0e51575235fad/library/core/src/fmt/rt.rs:142:9
[INFO] [stdout]    5:     0x55a15f750070 - core::fmt::write::hc9b6faf4ac2aeff7
[INFO] [stdout]                                at /rustc/0e09125c6c3c2fd70d7de961bcf0e51575235fad/library/core/src/fmt/mod.rs:1120:17
[INFO] [stdout]    6:     0x55a15f7240ef - std::io::Write::write_fmt::he04625a3a989fec3
[INFO] [stdout]                                at /rustc/0e09125c6c3c2fd70d7de961bcf0e51575235fad/library/std/src/io/mod.rs:1810:15
[INFO] [stdout]    7:     0x55a15f726494 - std::sys_common::backtrace::_print::hd5d66399c7df88a2
[INFO] [stdout]                                at /rustc/0e09125c6c3c2fd70d7de961bcf0e51575235fad/library/std/src/sys_common/backtrace.rs:47:5
[INFO] [stdout]    8:     0x55a15f726494 - std::sys_common::backtrace::print::he81ed2da642d37e5
[INFO] [stdout]                                at /rustc/0e09125c6c3c2fd70d7de961bcf0e51575235fad/library/std/src/sys_common/backtrace.rs:34:9
[INFO] [stdout]    9:     0x55a15f728207 - std::panicking::default_hook::{{closure}}::h85773f4fa117163d
[INFO] [stdout]   10:     0x55a15f727eed - std::panicking::default_hook::h6a1694a91d09b278
[INFO] [stdout]                                at /rustc/0e09125c6c3c2fd70d7de961bcf0e51575235fad/library/std/src/panicking.rs:289:9
[INFO] [stdout]   11:     0x55a15f5cf117 - <alloc::boxed::Box<F,A> as core::ops::function::Fn<Args>>::call::h616ac37fa3cd6c8f
[INFO] [stdout]                                at /rustc/0e09125c6c3c2fd70d7de961bcf0e51575235fad/library/alloc/src/boxed.rs:2029:9
[INFO] [stdout]   12:     0x55a15f5cf117 - test::test_main::{{closure}}::h00d84697cefdcbb6
[INFO] [stdout]                                at /rustc/0e09125c6c3c2fd70d7de961bcf0e51575235fad/library/test/src/lib.rs:138:21
[INFO] [stdout]   13:     0x55a15f728826 - <alloc::boxed::Box<F,A> as core::ops::function::Fn<Args>>::call::hcb3fe3b9bb537ba8
[INFO] [stdout]                                at /rustc/0e09125c6c3c2fd70d7de961bcf0e51575235fad/library/alloc/src/boxed.rs:2029:9
[INFO] [stdout]   14:     0x55a15f728826 - std::panicking::rust_panic_with_hook::h0a7ad96e90f7145b
[INFO] [stdout]                                at /rustc/0e09125c6c3c2fd70d7de961bcf0e51575235fad/library/std/src/panicking.rs:783:13
[INFO] [stdout]   15:     0x55a15f728572 - std::panicking::begin_panic_handler::{{closure}}::h7919090525c6485e
[INFO] [stdout]                                at /rustc/0e09125c6c3c2fd70d7de961bcf0e51575235fad/library/std/src/panicking.rs:657:13
[INFO] [stdout]   16:     0x55a15f726bb6 - std::sys_common::backtrace::__rust_end_short_backtrace::hf3289479464f7dfe
[INFO] [stdout]                                at /rustc/0e09125c6c3c2fd70d7de961bcf0e51575235fad/library/std/src/sys_common/backtrace.rs:171:18
[INFO] [stdout]   17:     0x55a15f7282d0 - rust_begin_unwind
[INFO] [stdout]                                at /rustc/0e09125c6c3c2fd70d7de961bcf0e51575235fad/library/std/src/panicking.rs:645:5
[INFO] [stdout]   18:     0x55a15f40ad55 - core::panicking::panic_fmt::hcc9f77c5c132af55
[INFO] [stdout]                                at /rustc/0e09125c6c3c2fd70d7de961bcf0e51575235fad/library/core/src/panicking.rs:72:14
[INFO] [stdout]   19:     0x55a15f40b2f3 - core::result::unwrap_failed::hbe14f498be1452f9
[INFO] [stdout]                                at /rustc/0e09125c6c3c2fd70d7de961bcf0e51575235fad/library/core/src/result.rs:1649:5
[INFO] [stdout]   20:     0x55a15f47ca0d - core::result::Result<T,E>::unwrap::hc38856f1d58aa579
[INFO] [stdout]                                at /rustc/0e09125c6c3c2fd70d7de961bcf0e51575235fad/library/core/src/result.rs:1073:23
[INFO] [stdout]   21:     0x55a15f55935d - boa_parser::source::tests::from_filepath::h6cce9c52510cfc0e
[INFO] [stdout]                                at /opt/rustwide/workdir/src/source.rs:109:9
[INFO] [stdout]   22:     0x55a15f559307 - boa_parser::source::tests::from_filepath::{{closure}}::he82b3ffc74ca4f1c
[INFO] [stdout]                                at /opt/rustwide/workdir/src/source.rs:108:23
[INFO] [stdout]   23:     0x55a15f535376 - core::ops::function::FnOnce::call_once::h3095e6d9e13b9da3
[INFO] [stdout]                                at /rustc/0e09125c6c3c2fd70d7de961bcf0e51575235fad/library/core/src/ops/function.rs:250:5
[INFO] [stdout]   24:     0x55a15f5d49ef - core::ops::function::FnOnce::call_once::hd64d26f405258157
[INFO] [stdout]                                at /rustc/0e09125c6c3c2fd70d7de961bcf0e51575235fad/library/core/src/ops/function.rs:250:5
[INFO] [stdout]   25:     0x55a15f5d49ef - test::__rust_begin_short_backtrace::he21b0b7a6d731bf9
[INFO] [stdout]                                at /rustc/0e09125c6c3c2fd70d7de961bcf0e51575235fad/library/test/src/lib.rs:627:18
[INFO] [stdout]   26:     0x55a15f5d3771 - test::run_test_in_process::{{closure}}::hf5c73986d7bdfde2
[INFO] [stdout]                                at /rustc/0e09125c6c3c2fd70d7de961bcf0e51575235fad/library/test/src/lib.rs:650:60
[INFO] [stdout]   27:     0x55a15f5d3771 - <core::panic::unwind_safe::AssertUnwindSafe<F> as core::ops::function::FnOnce<()>>::call_once::h330011ad032aadc0
[INFO] [stdout]                                at /rustc/0e09125c6c3c2fd70d7de961bcf0e51575235fad/library/core/src/panic/unwind_safe.rs:272:9
[INFO] [stdout]   28:     0x55a15f5d3771 - std::panicking::try::do_call::he61b0a958b795a41
[INFO] [stdout]                                at /rustc/0e09125c6c3c2fd70d7de961bcf0e51575235fad/library/std/src/panicking.rs:552:40
[INFO] [stdout]   29:     0x55a15f5d3771 - std::panicking::try::h7309da130f906eb7
[INFO] [stdout]                                at /rustc/0e09125c6c3c2fd70d7de961bcf0e51575235fad/library/std/src/panicking.rs:516:19
[INFO] [stdout]   30:     0x55a15f5d3771 - std::panic::catch_unwind::hc5c3a06fdaf0a92a
[INFO] [stdout]                                at /rustc/0e09125c6c3c2fd70d7de961bcf0e51575235fad/library/std/src/panic.rs:142:14
[INFO] [stdout]   31:     0x55a15f5d3771 - test::run_test_in_process::h7e7b7c71c3324e0f
[INFO] [stdout]                                at /rustc/0e09125c6c3c2fd70d7de961bcf0e51575235fad/library/test/src/lib.rs:650:27
[INFO] [stdout]   32:     0x55a15f5d3771 - test::run_test::{{closure}}::h1f509f28f5cf20b1
[INFO] [stdout]                                at /rustc/0e09125c6c3c2fd70d7de961bcf0e51575235fad/library/test/src/lib.rs:573:43
[INFO] [stdout]   33:     0x55a15f59aaa6 - test::run_test::{{closure}}::h1754218abf443f6d
[INFO] [stdout]                                at /rustc/0e09125c6c3c2fd70d7de961bcf0e51575235fad/library/test/src/lib.rs:601:41
[INFO] [stdout]   34:     0x55a15f59aaa6 - std::sys_common::backtrace::__rust_begin_short_backtrace::h2ee174b9d5954948
[INFO] [stdout]                                at /rustc/0e09125c6c3c2fd70d7de961bcf0e51575235fad/library/std/src/sys_common/backtrace.rs:155:18
[INFO] [stdout]   35:     0x55a15f59fb07 - std::thread::Builder::spawn_unchecked_::{{closure}}::{{closure}}::hf60bee9c1a17ef09
[INFO] [stdout]                                at /rustc/0e09125c6c3c2fd70d7de961bcf0e51575235fad/library/std/src/thread/mod.rs:529:17
[INFO] [stdout]   36:     0x55a15f59fb07 - <core::panic::unwind_safe::AssertUnwindSafe<F> as core::ops::function::FnOnce<()>>::call_once::h33d0dddec5216160
[INFO] [stdout]                                at /rustc/0e09125c6c3c2fd70d7de961bcf0e51575235fad/library/core/src/panic/unwind_safe.rs:272:9
[INFO] [stdout]   37:     0x55a15f59fb07 - std::panicking::try::do_call::h144b3048b546f835
[INFO] [stdout]                                at /rustc/0e09125c6c3c2fd70d7de961bcf0e51575235fad/library/std/src/panicking.rs:552:40
[INFO] [stdout]   38:     0x55a15f59fb07 - std::panicking::try::h978244d04646189f
[INFO] [stdout]                                at /rustc/0e09125c6c3c2fd70d7de961bcf0e51575235fad/library/std/src/panicking.rs:516:19
[INFO] [stdout]   39:     0x55a15f59fb07 - std::panic::catch_unwind::hdf436369d188fe86
[INFO] [stdout]                                at /rustc/0e09125c6c3c2fd70d7de961bcf0e51575235fad/library/std/src/panic.rs:142:14
[INFO] [stdout]   40:     0x55a15f59fb07 - std::thread::Builder::spawn_unchecked_::{{closure}}::h87329cbdd33c79ec
[INFO] [stdout]                                at /rustc/0e09125c6c3c2fd70d7de961bcf0e51575235fad/library/std/src/thread/mod.rs:528:30
[INFO] [stdout]   41:     0x55a15f59fb07 - core::ops::function::FnOnce::call_once{{vtable.shim}}::h401abbe67897d450
[INFO] [stdout]                                at /rustc/0e09125c6c3c2fd70d7de961bcf0e51575235fad/library/core/src/ops/function.rs:250:5
[INFO] [stdout]   42:     0x55a15f72d2d5 - <alloc::boxed::Box<F,A> as core::ops::function::FnOnce<Args>>::call_once::h5d7c8f150ab9c84c
[INFO] [stdout]                                at /rustc/0e09125c6c3c2fd70d7de961bcf0e51575235fad/library/alloc/src/boxed.rs:2015:9
[INFO] [stdout]   43:     0x55a15f72d2d5 - <alloc::boxed::Box<F,A> as core::ops::function::FnOnce<Args>>::call_once::h570d5b005c242c15
[INFO] [stdout]                                at /rustc/0e09125c6c3c2fd70d7de961bcf0e51575235fad/library/alloc/src/boxed.rs:2015:9
[INFO] [stdout]   44:     0x55a15f72d2d5 - std::sys::unix::thread::Thread::new::thread_start::h36b0a20c0b2361ad
[INFO] [stdout]                                at /rustc/0e09125c6c3c2fd70d7de961bcf0e51575235fad/library/std/src/sys/unix/thread.rs:108:17
[INFO] [stdout]   45:     0x7f454b6baac3 - <unknown>
[INFO] [stdout]   46:     0x7f454b74bbf4 - __clone
[INFO] [stdout]   47:                0x0 - <unknown>
[INFO] [stdout] 
[INFO] [stdout] 
[INFO] [stdout] failures:
[INFO] [stdout]     source::tests::from_filepath
[INFO] [stdout] 
[INFO] [stdout] test result: FAILED. 268 passed; 1 failed; 2 ignored; 0 measured; 0 filtered out; finished in 0.15s
[INFO] [stdout] 
[INFO] [stderr] error: test failed, to rerun pass `--lib`
[INFO] running `Command { std: "docker" "inspect" "146cf36d75f610130cffa75e8c589bf4ef14104ed26bb600c56c3c04fc1cbdb7", kill_on_drop: false }`
[INFO] running `Command { std: "docker" "rm" "-f" "146cf36d75f610130cffa75e8c589bf4ef14104ed26bb600c56c3c04fc1cbdb7", kill_on_drop: false }`
[INFO] [stdout] 146cf36d75f610130cffa75e8c589bf4ef14104ed26bb600c56c3c04fc1cbdb7
