[INFO] fetching crate bnx-sal 0.1.0...
[INFO] testing bnx-sal-0.1.0 against 1.75.0 for beta-1.76-1
[INFO] extracting crate bnx-sal 0.1.0 into /workspace/builds/worker-2-tc1/source
[INFO] validating manifest of crates.io crate bnx-sal 0.1.0 on toolchain 1.75.0
[INFO] running `Command { std: CARGO_HOME="/workspace/cargo-home" RUSTUP_HOME="/workspace/rustup-home" "/workspace/cargo-home/bin/cargo" "+1.75.0" "metadata" "--manifest-path" "Cargo.toml" "--no-deps", kill_on_drop: false }`
[INFO] started tweaking crates.io crate bnx-sal 0.1.0
[INFO] finished tweaking crates.io crate bnx-sal 0.1.0
[INFO] tweaked toml for crates.io crate bnx-sal 0.1.0 written to /workspace/builds/worker-2-tc1/source/Cargo.toml
[INFO] running `Command { std: CARGO_HOME="/workspace/cargo-home" RUSTUP_HOME="/workspace/rustup-home" "/workspace/cargo-home/bin/cargo" "+1.75.0" "generate-lockfile" "--manifest-path" "Cargo.toml", kill_on_drop: false }`
[INFO] running `Command { std: CARGO_HOME="/workspace/cargo-home" RUSTUP_HOME="/workspace/rustup-home" "/workspace/cargo-home/bin/cargo" "+1.75.0" "fetch" "--manifest-path" "Cargo.toml", kill_on_drop: false }`
[INFO] running `Command { std: "docker" "create" "-v" "/var/lib/crater-agent-workspace/builds/worker-2-tc1/target:/opt/rustwide/target:rw,Z" "-v" "/var/lib/crater-agent-workspace/builds/worker-2-tc1/source:/opt/rustwide/workdir:ro,Z" "-v" "/var/lib/crater-agent-workspace/cargo-home:/opt/rustwide/cargo-home:ro,Z" "-v" "/var/lib/crater-agent-workspace/rustup-home:/opt/rustwide/rustup-home:ro,Z" "-e" "SOURCE_DIR=/opt/rustwide/workdir" "-e" "CARGO_TARGET_DIR=/opt/rustwide/target" "-e" "CARGO_HOME=/opt/rustwide/cargo-home" "-e" "RUSTUP_HOME=/opt/rustwide/rustup-home" "-w" "/opt/rustwide/workdir" "-m" "1610612736" "--user" "0:0" "--network" "none" "ghcr.io/rust-lang/crates-build-env/linux@sha256:2788e3201cd34a07e3172128adcd8b3090168a8e3bcc40d7c032b9dda1df7d1c" "/opt/rustwide/cargo-home/bin/cargo" "+1.75.0" "metadata" "--no-deps" "--format-version=1", kill_on_drop: false }`
[INFO] [stdout] 3cd8a55b5db4e5a0aca8e769980e4965b3ac521aeb3453417d2bc9067bae260e
[INFO] running `Command { std: "docker" "start" "-a" "3cd8a55b5db4e5a0aca8e769980e4965b3ac521aeb3453417d2bc9067bae260e", kill_on_drop: false }`
[INFO] running `Command { std: "docker" "inspect" "3cd8a55b5db4e5a0aca8e769980e4965b3ac521aeb3453417d2bc9067bae260e", kill_on_drop: false }`
[INFO] running `Command { std: "docker" "rm" "-f" "3cd8a55b5db4e5a0aca8e769980e4965b3ac521aeb3453417d2bc9067bae260e", kill_on_drop: false }`
[INFO] [stdout] 3cd8a55b5db4e5a0aca8e769980e4965b3ac521aeb3453417d2bc9067bae260e
[INFO] running `Command { std: "docker" "create" "-v" "/var/lib/crater-agent-workspace/builds/worker-2-tc1/target:/opt/rustwide/target:rw,Z" "-v" "/var/lib/crater-agent-workspace/builds/worker-2-tc1/source:/opt/rustwide/workdir:ro,Z" "-v" "/var/lib/crater-agent-workspace/cargo-home:/opt/rustwide/cargo-home:ro,Z" "-v" "/var/lib/crater-agent-workspace/rustup-home:/opt/rustwide/rustup-home:ro,Z" "-e" "SOURCE_DIR=/opt/rustwide/workdir" "-e" "CARGO_TARGET_DIR=/opt/rustwide/target" "-e" "CARGO_INCREMENTAL=0" "-e" "RUST_BACKTRACE=full" "-e" "RUSTFLAGS=--cap-lints=warn" "-e" "RUSTDOCFLAGS=--cap-lints=warn" "-e" "CARGO_HOME=/opt/rustwide/cargo-home" "-e" "RUSTUP_HOME=/opt/rustwide/rustup-home" "-w" "/opt/rustwide/workdir" "-m" "1610612736" "--user" "0:0" "--network" "none" "ghcr.io/rust-lang/crates-build-env/linux@sha256:2788e3201cd34a07e3172128adcd8b3090168a8e3bcc40d7c032b9dda1df7d1c" "/opt/rustwide/cargo-home/bin/cargo" "+1.75.0" "build" "--frozen" "--message-format=json", kill_on_drop: false }`
[INFO] [stdout] 58d5a2a7a905b8a9ffcbcca3b5342e0435be23aaf595565bb23275bc0e09f498
[INFO] running `Command { std: "docker" "start" "-a" "58d5a2a7a905b8a9ffcbcca3b5342e0435be23aaf595565bb23275bc0e09f498", kill_on_drop: false }`
[INFO] [stderr]    Compiling bnx-sal v0.1.0 (/opt/rustwide/workdir)
[INFO] [stderr]     Finished dev [unoptimized + debuginfo] target(s) in 0.08s
[INFO] running `Command { std: "docker" "inspect" "58d5a2a7a905b8a9ffcbcca3b5342e0435be23aaf595565bb23275bc0e09f498", kill_on_drop: false }`
[INFO] running `Command { std: "docker" "rm" "-f" "58d5a2a7a905b8a9ffcbcca3b5342e0435be23aaf595565bb23275bc0e09f498", kill_on_drop: false }`
[INFO] [stdout] 58d5a2a7a905b8a9ffcbcca3b5342e0435be23aaf595565bb23275bc0e09f498
[INFO] running `Command { std: "docker" "create" "-v" "/var/lib/crater-agent-workspace/builds/worker-2-tc1/target:/opt/rustwide/target:rw,Z" "-v" "/var/lib/crater-agent-workspace/builds/worker-2-tc1/source:/opt/rustwide/workdir:ro,Z" "-v" "/var/lib/crater-agent-workspace/cargo-home:/opt/rustwide/cargo-home:ro,Z" "-v" "/var/lib/crater-agent-workspace/rustup-home:/opt/rustwide/rustup-home:ro,Z" "-e" "SOURCE_DIR=/opt/rustwide/workdir" "-e" "CARGO_TARGET_DIR=/opt/rustwide/target" "-e" "CARGO_INCREMENTAL=0" "-e" "RUST_BACKTRACE=full" "-e" "RUSTFLAGS=--cap-lints=warn" "-e" "RUSTDOCFLAGS=--cap-lints=warn" "-e" "CARGO_HOME=/opt/rustwide/cargo-home" "-e" "RUSTUP_HOME=/opt/rustwide/rustup-home" "-w" "/opt/rustwide/workdir" "-m" "1610612736" "--user" "0:0" "--network" "none" "ghcr.io/rust-lang/crates-build-env/linux@sha256:2788e3201cd34a07e3172128adcd8b3090168a8e3bcc40d7c032b9dda1df7d1c" "/opt/rustwide/cargo-home/bin/cargo" "+1.75.0" "test" "--frozen" "--no-run" "--message-format=json", kill_on_drop: false }`
[INFO] [stdout] fdfc55f8e7edf664132e4aabbf4908dc01dd4fca50c7392840e5750b2e867fdd
[INFO] running `Command { std: "docker" "start" "-a" "fdfc55f8e7edf664132e4aabbf4908dc01dd4fca50c7392840e5750b2e867fdd", kill_on_drop: false }`
[INFO] [stderr]    Compiling bnx-sal v0.1.0 (/opt/rustwide/workdir)
[INFO] [stderr]     Finished test [unoptimized + debuginfo] target(s) in 0.22s
[INFO] running `Command { std: "docker" "inspect" "fdfc55f8e7edf664132e4aabbf4908dc01dd4fca50c7392840e5750b2e867fdd", kill_on_drop: false }`
[INFO] running `Command { std: "docker" "rm" "-f" "fdfc55f8e7edf664132e4aabbf4908dc01dd4fca50c7392840e5750b2e867fdd", kill_on_drop: false }`
[INFO] [stdout] fdfc55f8e7edf664132e4aabbf4908dc01dd4fca50c7392840e5750b2e867fdd
[INFO] running `Command { std: "docker" "create" "-v" "/var/lib/crater-agent-workspace/builds/worker-2-tc1/target:/opt/rustwide/target:rw,Z" "-v" "/var/lib/crater-agent-workspace/builds/worker-2-tc1/source:/opt/rustwide/workdir:ro,Z" "-v" "/var/lib/crater-agent-workspace/cargo-home:/opt/rustwide/cargo-home:ro,Z" "-v" "/var/lib/crater-agent-workspace/rustup-home:/opt/rustwide/rustup-home:ro,Z" "-e" "SOURCE_DIR=/opt/rustwide/workdir" "-e" "CARGO_TARGET_DIR=/opt/rustwide/target" "-e" "CARGO_INCREMENTAL=0" "-e" "RUST_BACKTRACE=full" "-e" "RUSTFLAGS=--cap-lints=warn" "-e" "RUSTDOCFLAGS=--cap-lints=warn" "-e" "CARGO_HOME=/opt/rustwide/cargo-home" "-e" "RUSTUP_HOME=/opt/rustwide/rustup-home" "-w" "/opt/rustwide/workdir" "-m" "1610612736" "--user" "0:0" "--network" "none" "ghcr.io/rust-lang/crates-build-env/linux@sha256:2788e3201cd34a07e3172128adcd8b3090168a8e3bcc40d7c032b9dda1df7d1c" "/opt/rustwide/cargo-home/bin/cargo" "+1.75.0" "test" "--frozen", kill_on_drop: false }`
[INFO] [stdout] 62c30e66b71abf59eaeed65062dfb3126caa235529d7ed1ab5993ccb7ab2f6bd
[INFO] running `Command { std: "docker" "start" "-a" "62c30e66b71abf59eaeed65062dfb3126caa235529d7ed1ab5993ccb7ab2f6bd", kill_on_drop: false }`
[INFO] [stderr]     Finished test [unoptimized + debuginfo] target(s) in 0.01s
[INFO] [stderr]      Running unittests src/lib.rs (/opt/rustwide/target/debug/deps/bnx_sal-ec45f3e8b6df8015)
[INFO] [stdout] 
[INFO] [stdout] running 1 test
[INFO] [stdout] test tests::it_works ... ok
[INFO] [stdout] 
[INFO] [stdout] test result: ok. 1 passed; 0 failed; 0 ignored; 0 measured; 0 filtered out; finished in 0.00s
[INFO] [stdout] 
[INFO] [stderr]    Doc-tests bnx-sal
[INFO] [stdout] 
[INFO] [stdout] running 7 tests
[INFO] [stdout] test src/fe310/sal_uart.rs - fe310::sal_uart::SalUartControls::ie (line 93) ... FAILED
[INFO] [stdout] test src/fe310/sal_uart.rs - fe310::sal_uart::SalUartControls::ip (line 104) ... FAILED
[INFO] [stdout] test src/lib.rs - (line 18) ... FAILED
[INFO] [stdout] test src/fe310/sal_uart.rs - fe310::sal_uart::SalUartControls::rxctrl (line 72) ... FAILED
[INFO] [stdout] test src/fe310/sal_uart.rs - fe310::sal_uart::SalUartControls::txdata (line 22) ... FAILED
[INFO] [stdout] test src/fe310/sal_uart.rs - fe310::sal_uart::SalUartControls::rxdata (line 42) ... FAILED
[INFO] [stdout] test src/fe310/sal_uart.rs - fe310::sal_uart::SalUartControls::txctrl (line 57) ... FAILED
[INFO] [stdout] 
[INFO] [stdout] failures:
[INFO] [stdout] 
[INFO] [stdout] ---- src/fe310/sal_uart.rs - fe310::sal_uart::SalUartControls::ie (line 93) stdout ----
[INFO] [stdout] error: expected one of `!`, `.`, `::`, `;`, `?`, `{`, `}`, or an operator, found `WATERMARK`
[INFO] [stdout]  --> src/fe310/sal_uart.rs:95:17
[INFO] [stdout]   |
[INFO] [stdout] 4 | | RESERVED | Rx WATERMARK INTR ENABLE | Tx WATERMARK INTR ENABLE | 
[INFO] [stdout]   |                 ^^^^^^^^^ expected one of 8 possible tokens
[INFO] [stdout] 
[INFO] [stdout] error: aborting due to previous error
[INFO] [stdout] 
[INFO] [stdout] Couldn't compile the test.
[INFO] [stdout] ---- src/fe310/sal_uart.rs - fe310::sal_uart::SalUartControls::ip (line 104) stdout ----
[INFO] [stdout] error: expected one of `!`, `.`, `::`, `;`, `?`, `{`, `}`, or an operator, found `WATERMARK`
[INFO] [stdout]  --> src/fe310/sal_uart.rs:106:17
[INFO] [stdout]   |
[INFO] [stdout] 4 | | RESERVED | Rx WATERMARK INTR PEND | Tx WATERMARK INTR PEND | 
[INFO] [stdout]   |                 ^^^^^^^^^ expected one of 8 possible tokens
[INFO] [stdout] 
[INFO] [stdout] error: aborting due to previous error
[INFO] [stdout] 
[INFO] [stdout] Couldn't compile the test.
[INFO] [stdout] ---- src/lib.rs - (line 18) stdout ----
[INFO] [stdout] error: expected one of `!`, `.`, `::`, `;`, `?`, `{`, `}`, or an operator, found `Abstraction`
[INFO] [stdout]  --> src/lib.rs:19:27
[INFO] [stdout]   |
[INFO] [stdout] 3 | ---------------- Hardware Abstraction Layer --------------------------
[INFO] [stdout]   |                           ^^^^^^^^^^^ expected one of 8 possible tokens
[INFO] [stdout] 
[INFO] [stdout] error: aborting due to previous error
[INFO] [stdout] 
[INFO] [stdout] Couldn't compile the test.
[INFO] [stdout] ---- src/fe310/sal_uart.rs - fe310::sal_uart::SalUartControls::rxctrl (line 72) stdout ----
[INFO] [stdout] error: expected one of `,`, `...`, `..=`, `..`, `]`, or `|`, found `:`
[INFO] [stdout]  --> src/fe310/sal_uart.rs:76:6
[INFO] [stdout]   |
[INFO] [stdout] 4 | | RESERVED | WATERMARK | RESERVED | ENABLE|
[INFO] [stdout]   | ------------ while parsing the body of this closure
[INFO] [stdout] 5 | ------------------------------------------------------
[INFO] [stdout] 6 | | [31:19]  | [18:16]   |  [15:1]  |   0   |
[INFO] [stdout]   |      ^ expected one of `,`, `...`, `..=`, `..`, `]`, or `|`
[INFO] [stdout]   |
[INFO] [stdout] help: you might have meant to open the body of the closure
[INFO] [stdout]   |
[INFO] [stdout] 4 | | RESERVED | { WATERMARK | RESERVED | ENABLE|
[INFO] [stdout]   |              +
[INFO] [stdout] help: maybe write a path separator here
[INFO] [stdout]   |
[INFO] [stdout] 6 | | [31::19]  | [18:16]   |  [15:1]  |   0   |
[INFO] [stdout]   |      ~~
[INFO] [stdout] 
[INFO] [stdout] error: aborting due to previous error
[INFO] [stdout] 
[INFO] [stdout] Couldn't compile the test.
[INFO] [stdout] ---- src/fe310/sal_uart.rs - fe310::sal_uart::SalUartControls::txdata (line 22) stdout ----
[INFO] [stdout] error: expected one of `.`, `;`, `?`, `}`, or an operator, found `:`
[INFO] [stdout]  --> src/fe310/sal_uart.rs:26:13
[INFO] [stdout]   |
[INFO] [stdout] 6 | | 31   | 30 : 8 | [7:0]|
[INFO] [stdout]   |             ^ expected one of `.`, `;`, `?`, `}`, or an operator
[INFO] [stdout] 
[INFO] [stdout] error: aborting due to previous error
[INFO] [stdout] 
[INFO] [stdout] Couldn't compile the test.
[INFO] [stdout] ---- src/fe310/sal_uart.rs - fe310::sal_uart::SalUartControls::rxdata (line 42) stdout ----
[INFO] [stdout] error: expected one of `,`, `.`, `;`, `?`, `]`, or an operator, found `:`
[INFO] [stdout]  --> src/fe310/sal_uart.rs:46:13
[INFO] [stdout]   |
[INFO] [stdout] 4 | | EMPTY | RESERVED | DATA |
[INFO] [stdout]   | --------- while parsing the body of this closure
[INFO] [stdout] 5 | --------------------------
[INFO] [stdout] 6 | | 31   | [30: 8]  | [7:0]|
[INFO] [stdout]   | --------    ^ expected one of `,`, `.`, `;`, `?`, `]`, or an operator
[INFO] [stdout]   | |
[INFO] [stdout]   | while parsing the body of this closure
[INFO] [stdout]   |
[INFO] [stdout] help: you might have meant to open the body of the closure
[INFO] [stdout]   |
[INFO] [stdout] 6 | | 31   | { [30: 8]  | [7:0]|
[INFO] [stdout]   |          +
[INFO] [stdout] help: you might have meant to open the body of the closure
[INFO] [stdout]   |
[INFO] [stdout] 4 | | EMPTY | { RESERVED | DATA |
[INFO] [stdout]   |           +
[INFO] [stdout] 
[INFO] [stdout] error: aborting due to previous error
[INFO] [stdout] 
[INFO] [stdout] Couldn't compile the test.
[INFO] [stdout] ---- src/fe310/sal_uart.rs - fe310::sal_uart::SalUartControls::txctrl (line 57) stdout ----
[INFO] [stdout] error: expected one of `!`, `.`, `::`, `;`, `?`, `{`, `}`, or an operator, found `BITS`
[INFO] [stdout]  --> src/fe310/sal_uart.rs:59:42
[INFO] [stdout]   |
[INFO] [stdout] 4 | | RESERVED | WATERMARK | RESERVED | STOP BITS | ENABLE|
[INFO] [stdout]   |                                          ^^^^ expected one of 8 possible tokens
[INFO] [stdout] 
[INFO] [stdout] error: aborting due to previous error
[INFO] [stdout] 
[INFO] [stdout] Couldn't compile the test.
[INFO] [stdout] 
[INFO] [stdout] failures:
[INFO] [stdout]     src/fe310/sal_uart.rs - fe310::sal_uart::SalUartControls::ie (line 93)
[INFO] [stdout]     src/fe310/sal_uart.rs - fe310::sal_uart::SalUartControls::ip (line 104)
[INFO] [stdout]     src/fe310/sal_uart.rs - fe310::sal_uart::SalUartControls::rxctrl (line 72)
[INFO] [stdout]     src/fe310/sal_uart.rs - fe310::sal_uart::SalUartControls::rxdata (line 42)
[INFO] [stdout]     src/fe310/sal_uart.rs - fe310::sal_uart::SalUartControls::txctrl (line 57)
[INFO] [stdout]     src/fe310/sal_uart.rs - fe310::sal_uart::SalUartControls::txdata (line 22)
[INFO] [stdout]     src/lib.rs - (line 18)
[INFO] [stdout] 
[INFO] [stdout] test result: FAILED. 0 passed; 7 failed; 0 ignored; 0 measured; 0 filtered out; finished in 0.08s
[INFO] [stdout] 
[INFO] [stderr] error: doctest failed, to rerun pass `--doc`
[INFO] running `Command { std: "docker" "inspect" "62c30e66b71abf59eaeed65062dfb3126caa235529d7ed1ab5993ccb7ab2f6bd", kill_on_drop: false }`
[INFO] running `Command { std: "docker" "rm" "-f" "62c30e66b71abf59eaeed65062dfb3126caa235529d7ed1ab5993ccb7ab2f6bd", kill_on_drop: false }`
[INFO] [stdout] 62c30e66b71abf59eaeed65062dfb3126caa235529d7ed1ab5993ccb7ab2f6bd
