[INFO] fetching crate blaze-pk-derive 0.1.1...
[INFO] testing blaze-pk-derive-0.1.1 against 1.75.0 for beta-1.76-1
[INFO] extracting crate blaze-pk-derive 0.1.1 into /workspace/builds/worker-3-tc1/source
[INFO] validating manifest of crates.io crate blaze-pk-derive 0.1.1 on toolchain 1.75.0
[INFO] running `Command { std: CARGO_HOME="/workspace/cargo-home" RUSTUP_HOME="/workspace/rustup-home" "/workspace/cargo-home/bin/cargo" "+1.75.0" "metadata" "--manifest-path" "Cargo.toml" "--no-deps", kill_on_drop: false }`
[INFO] started tweaking crates.io crate blaze-pk-derive 0.1.1
[INFO] finished tweaking crates.io crate blaze-pk-derive 0.1.1
[INFO] tweaked toml for crates.io crate blaze-pk-derive 0.1.1 written to /workspace/builds/worker-3-tc1/source/Cargo.toml
[INFO] running `Command { std: CARGO_HOME="/workspace/cargo-home" RUSTUP_HOME="/workspace/rustup-home" "/workspace/cargo-home/bin/cargo" "+1.75.0" "generate-lockfile" "--manifest-path" "Cargo.toml", kill_on_drop: false }`
[INFO] [stderr]     Updating crates.io index
[INFO] running `Command { std: CARGO_HOME="/workspace/cargo-home" RUSTUP_HOME="/workspace/rustup-home" "/workspace/cargo-home/bin/cargo" "+1.75.0" "fetch" "--manifest-path" "Cargo.toml", kill_on_drop: false }`
[INFO] running `Command { std: "docker" "create" "-v" "/var/lib/crater-agent-workspace/builds/worker-3-tc1/target:/opt/rustwide/target:rw,Z" "-v" "/var/lib/crater-agent-workspace/builds/worker-3-tc1/source:/opt/rustwide/workdir:ro,Z" "-v" "/var/lib/crater-agent-workspace/cargo-home:/opt/rustwide/cargo-home:ro,Z" "-v" "/var/lib/crater-agent-workspace/rustup-home:/opt/rustwide/rustup-home:ro,Z" "-e" "SOURCE_DIR=/opt/rustwide/workdir" "-e" "CARGO_TARGET_DIR=/opt/rustwide/target" "-e" "CARGO_HOME=/opt/rustwide/cargo-home" "-e" "RUSTUP_HOME=/opt/rustwide/rustup-home" "-w" "/opt/rustwide/workdir" "-m" "1610612736" "--user" "0:0" "--network" "none" "ghcr.io/rust-lang/crates-build-env/linux@sha256:2788e3201cd34a07e3172128adcd8b3090168a8e3bcc40d7c032b9dda1df7d1c" "/opt/rustwide/cargo-home/bin/cargo" "+1.75.0" "metadata" "--no-deps" "--format-version=1", kill_on_drop: false }`
[INFO] [stdout] 450f37bce8fa3c5ccfa2c41ddb7a65078402402b1edb3f52a8a095d1bdd63800
[INFO] running `Command { std: "docker" "start" "-a" "450f37bce8fa3c5ccfa2c41ddb7a65078402402b1edb3f52a8a095d1bdd63800", kill_on_drop: false }`
[INFO] running `Command { std: "docker" "inspect" "450f37bce8fa3c5ccfa2c41ddb7a65078402402b1edb3f52a8a095d1bdd63800", kill_on_drop: false }`
[INFO] running `Command { std: "docker" "rm" "-f" "450f37bce8fa3c5ccfa2c41ddb7a65078402402b1edb3f52a8a095d1bdd63800", kill_on_drop: false }`
[INFO] [stdout] 450f37bce8fa3c5ccfa2c41ddb7a65078402402b1edb3f52a8a095d1bdd63800
[INFO] running `Command { std: "docker" "create" "-v" "/var/lib/crater-agent-workspace/builds/worker-3-tc1/target:/opt/rustwide/target:rw,Z" "-v" "/var/lib/crater-agent-workspace/builds/worker-3-tc1/source:/opt/rustwide/workdir:ro,Z" "-v" "/var/lib/crater-agent-workspace/cargo-home:/opt/rustwide/cargo-home:ro,Z" "-v" "/var/lib/crater-agent-workspace/rustup-home:/opt/rustwide/rustup-home:ro,Z" "-e" "SOURCE_DIR=/opt/rustwide/workdir" "-e" "CARGO_TARGET_DIR=/opt/rustwide/target" "-e" "CARGO_INCREMENTAL=0" "-e" "RUST_BACKTRACE=full" "-e" "RUSTFLAGS=--cap-lints=warn" "-e" "RUSTDOCFLAGS=--cap-lints=warn" "-e" "CARGO_HOME=/opt/rustwide/cargo-home" "-e" "RUSTUP_HOME=/opt/rustwide/rustup-home" "-w" "/opt/rustwide/workdir" "-m" "1610612736" "--user" "0:0" "--network" "none" "ghcr.io/rust-lang/crates-build-env/linux@sha256:2788e3201cd34a07e3172128adcd8b3090168a8e3bcc40d7c032b9dda1df7d1c" "/opt/rustwide/cargo-home/bin/cargo" "+1.75.0" "build" "--frozen" "--message-format=json", kill_on_drop: false }`
[INFO] [stdout] 53969321f0e8db555ef56659fb7d9fa50e487a80f0efb1b491d7c2e4f241b3b6
[INFO] running `Command { std: "docker" "start" "-a" "53969321f0e8db555ef56659fb7d9fa50e487a80f0efb1b491d7c2e4f241b3b6", kill_on_drop: false }`
[INFO] [stderr]    Compiling proc-macro2 v1.0.75
[INFO] [stderr]    Compiling unicode-ident v1.0.12
[INFO] [stderr]    Compiling strsim v0.10.0
[INFO] [stderr]    Compiling fnv v1.0.7
[INFO] [stderr]    Compiling ident_case v1.0.1
[INFO] [stderr]    Compiling quote v1.0.35
[INFO] [stderr]    Compiling syn v2.0.48
[INFO] [stderr]    Compiling darling_core v0.20.3
[INFO] [stderr]    Compiling darling_macro v0.20.3
[INFO] [stderr]    Compiling darling v0.20.3
[INFO] [stderr]    Compiling blaze-pk-derive v0.1.1 (/opt/rustwide/workdir)
[INFO] [stderr]     Finished dev [unoptimized + debuginfo] target(s) in 8.67s
[INFO] running `Command { std: "docker" "inspect" "53969321f0e8db555ef56659fb7d9fa50e487a80f0efb1b491d7c2e4f241b3b6", kill_on_drop: false }`
[INFO] running `Command { std: "docker" "rm" "-f" "53969321f0e8db555ef56659fb7d9fa50e487a80f0efb1b491d7c2e4f241b3b6", kill_on_drop: false }`
[INFO] [stdout] 53969321f0e8db555ef56659fb7d9fa50e487a80f0efb1b491d7c2e4f241b3b6
[INFO] running `Command { std: "docker" "create" "-v" "/var/lib/crater-agent-workspace/builds/worker-3-tc1/target:/opt/rustwide/target:rw,Z" "-v" "/var/lib/crater-agent-workspace/builds/worker-3-tc1/source:/opt/rustwide/workdir:ro,Z" "-v" "/var/lib/crater-agent-workspace/cargo-home:/opt/rustwide/cargo-home:ro,Z" "-v" "/var/lib/crater-agent-workspace/rustup-home:/opt/rustwide/rustup-home:ro,Z" "-e" "SOURCE_DIR=/opt/rustwide/workdir" "-e" "CARGO_TARGET_DIR=/opt/rustwide/target" "-e" "CARGO_INCREMENTAL=0" "-e" "RUST_BACKTRACE=full" "-e" "RUSTFLAGS=--cap-lints=warn" "-e" "RUSTDOCFLAGS=--cap-lints=warn" "-e" "CARGO_HOME=/opt/rustwide/cargo-home" "-e" "RUSTUP_HOME=/opt/rustwide/rustup-home" "-w" "/opt/rustwide/workdir" "-m" "1610612736" "--user" "0:0" "--network" "none" "ghcr.io/rust-lang/crates-build-env/linux@sha256:2788e3201cd34a07e3172128adcd8b3090168a8e3bcc40d7c032b9dda1df7d1c" "/opt/rustwide/cargo-home/bin/cargo" "+1.75.0" "test" "--frozen" "--no-run" "--message-format=json", kill_on_drop: false }`
[INFO] [stdout] 839ed9dfab54502ef3612ad81c094645fec8c5b5d0d9b1425b4b0eef593a3cd3
[INFO] running `Command { std: "docker" "start" "-a" "839ed9dfab54502ef3612ad81c094645fec8c5b5d0d9b1425b4b0eef593a3cd3", kill_on_drop: false }`
[INFO] [stderr]    Compiling blaze-pk-derive v0.1.1 (/opt/rustwide/workdir)
[INFO] [stderr]     Finished test [unoptimized + debuginfo] target(s) in 0.81s
[INFO] running `Command { std: "docker" "inspect" "839ed9dfab54502ef3612ad81c094645fec8c5b5d0d9b1425b4b0eef593a3cd3", kill_on_drop: false }`
[INFO] running `Command { std: "docker" "rm" "-f" "839ed9dfab54502ef3612ad81c094645fec8c5b5d0d9b1425b4b0eef593a3cd3", kill_on_drop: false }`
[INFO] [stdout] 839ed9dfab54502ef3612ad81c094645fec8c5b5d0d9b1425b4b0eef593a3cd3
[INFO] running `Command { std: "docker" "create" "-v" "/var/lib/crater-agent-workspace/builds/worker-3-tc1/target:/opt/rustwide/target:rw,Z" "-v" "/var/lib/crater-agent-workspace/builds/worker-3-tc1/source:/opt/rustwide/workdir:ro,Z" "-v" "/var/lib/crater-agent-workspace/cargo-home:/opt/rustwide/cargo-home:ro,Z" "-v" "/var/lib/crater-agent-workspace/rustup-home:/opt/rustwide/rustup-home:ro,Z" "-e" "SOURCE_DIR=/opt/rustwide/workdir" "-e" "CARGO_TARGET_DIR=/opt/rustwide/target" "-e" "CARGO_INCREMENTAL=0" "-e" "RUST_BACKTRACE=full" "-e" "RUSTFLAGS=--cap-lints=warn" "-e" "RUSTDOCFLAGS=--cap-lints=warn" "-e" "CARGO_HOME=/opt/rustwide/cargo-home" "-e" "RUSTUP_HOME=/opt/rustwide/rustup-home" "-w" "/opt/rustwide/workdir" "-m" "1610612736" "--user" "0:0" "--network" "none" "ghcr.io/rust-lang/crates-build-env/linux@sha256:2788e3201cd34a07e3172128adcd8b3090168a8e3bcc40d7c032b9dda1df7d1c" "/opt/rustwide/cargo-home/bin/cargo" "+1.75.0" "test" "--frozen", kill_on_drop: false }`
[INFO] [stdout] fc551ed8d2ab559447f8eb2e79bbf16f76c2e032b4699fe4c11e8299222a4528
[INFO] running `Command { std: "docker" "start" "-a" "fc551ed8d2ab559447f8eb2e79bbf16f76c2e032b4699fe4c11e8299222a4528", kill_on_drop: false }`
[INFO] [stderr]     Finished test [unoptimized + debuginfo] target(s) in 0.01s
[INFO] [stderr]      Running unittests src/lib.rs (/opt/rustwide/target/debug/deps/blaze_pk_derive-77bc2c1be4aab985)
[INFO] [stdout] 
[INFO] [stdout] running 0 tests
[INFO] [stdout] 
[INFO] [stdout] test result: ok. 0 passed; 0 failed; 0 ignored; 0 measured; 0 filtered out; finished in 0.00s
[INFO] [stdout] 
[INFO] [stderr]    Doc-tests blaze-pk-derive
[INFO] [stdout] 
[INFO] [stdout] running 2 tests
[INFO] [stdout] test src/lib.rs - derive_componets (line 21) ... FAILED
[INFO] [stdout] test src/lib.rs - derive_component (line 128) ... FAILED
[INFO] [stdout] 
[INFO] [stdout] failures:
[INFO] [stdout] 
[INFO] [stdout] ---- src/lib.rs - derive_componets (line 21) stdout ----
[INFO] [stdout] error: expected `;`, found `#`
[INFO] [stdout]  --> src/lib.rs:22:50
[INFO] [stdout]   |
[INFO] [stdout] 3 | use blaze_pk::{PacketComponents, PacketComponent}
[INFO] [stdout]   |                                                  ^ help: add `;` here
[INFO] [stdout] 4 |
[INFO] [stdout] 5 | #[derive(Debug, Hash, PartialEq, Eq, PacketComponents)]
[INFO] [stdout]   | - unexpected token
[INFO] [stdout] 
[INFO] [stdout] error[E0432]: unresolved import `blaze_pk`
[INFO] [stdout]  --> src/lib.rs:22:5
[INFO] [stdout]   |
[INFO] [stdout] 3 | use blaze_pk::{PacketComponents, PacketComponent}
[INFO] [stdout]   |     ^^^^^^^^ use of undeclared crate or module `blaze_pk`
[INFO] [stdout] 
[INFO] [stdout] error: cannot determine resolution for the derive macro `PacketComponents`
[INFO] [stdout]   --> src/lib.rs:30:38
[INFO] [stdout]    |
[INFO] [stdout] 11 | #[derive(Debug, Hash, PartialEq, Eq, PacketComponents)]
[INFO] [stdout]    |                                      ^^^^^^^^^^^^^^^^
[INFO] [stdout]    |
[INFO] [stdout]    = note: import resolution is stuck, try simplifying macro imports
[INFO] [stdout] 
[INFO] [stdout] error: cannot find attribute `command` in this scope
[INFO] [stdout]   --> src/lib.rs:32:7
[INFO] [stdout]    |
[INFO] [stdout] 13 |     #[command(target = 0x14)]
[INFO] [stdout]    |       ^^^^^^^
[INFO] [stdout] 
[INFO] [stdout] error: cannot find attribute `command` in this scope
[INFO] [stdout]   --> src/lib.rs:34:7
[INFO] [stdout]    |
[INFO] [stdout] 15 |     #[command(target = 0x14, notify)]
[INFO] [stdout]    |       ^^^^^^^
[INFO] [stdout] 
[INFO] [stdout] error: cannot determine resolution for the derive macro `PacketComponents`
[INFO] [stdout]  --> src/lib.rs:24:38
[INFO] [stdout]   |
[INFO] [stdout] 5 | #[derive(Debug, Hash, PartialEq, Eq, PacketComponents)]
[INFO] [stdout]   |                                      ^^^^^^^^^^^^^^^^
[INFO] [stdout]   |
[INFO] [stdout]   = note: import resolution is stuck, try simplifying macro imports
[INFO] [stdout] 
[INFO] [stdout] error: cannot find attribute `component` in this scope
[INFO] [stdout]  --> src/lib.rs:26:7
[INFO] [stdout]   |
[INFO] [stdout] 7 |     #[component(target = 0x1)]
[INFO] [stdout]   |       ^^^^^^^^^
[INFO] [stdout] 
[INFO] [stdout] error: aborting due to 7 previous errors
[INFO] [stdout] 
[INFO] [stdout] For more information about this error, try `rustc --explain E0432`.
[INFO] [stdout] Couldn't compile the test.
[INFO] [stdout] ---- src/lib.rs - derive_component (line 128) stdout ----
[INFO] [stdout] error: expected `;`, found `#`
[INFO] [stdout]  --> src/lib.rs:129:32
[INFO] [stdout]   |
[INFO] [stdout] 3 | use blaze_pk::{PacketComponent}
[INFO] [stdout]   |                                ^ help: add `;` here
[INFO] [stdout] 4 |
[INFO] [stdout] 5 | #[derive(Debug, Hash, PartialEq, Eq, PacketComponents)]
[INFO] [stdout]   | - unexpected token
[INFO] [stdout] 
[INFO] [stdout] error[E0432]: unresolved import `blaze_pk`
[INFO] [stdout]  --> src/lib.rs:129:5
[INFO] [stdout]   |
[INFO] [stdout] 3 | use blaze_pk::{PacketComponent}
[INFO] [stdout]   |     ^^^^^^^^ use of undeclared crate or module `blaze_pk`
[INFO] [stdout] 
[INFO] [stdout] error: cannot find derive macro `PacketComponents` in this scope
[INFO] [stdout]  --> src/lib.rs:131:38
[INFO] [stdout]   |
[INFO] [stdout] 5 | #[derive(Debug, Hash, PartialEq, Eq, PacketComponents)]
[INFO] [stdout]   |                                      ^^^^^^^^^^^^^^^^
[INFO] [stdout]   |
[INFO] [stdout] help: consider importing this derive macro
[INFO] [stdout]   |
[INFO] [stdout] 2 + use blaze_pk_derive::PacketComponents;
[INFO] [stdout]   |
[INFO] [stdout] 
[INFO] [stdout] error: cannot find attribute `command` in this scope
[INFO] [stdout]  --> src/lib.rs:133:7
[INFO] [stdout]   |
[INFO] [stdout] 7 |     #[command(target = 0x14)]
[INFO] [stdout]   |       ^^^^^^^
[INFO] [stdout] 
[INFO] [stdout] error: cannot find attribute `command` in this scope
[INFO] [stdout]  --> src/lib.rs:135:7
[INFO] [stdout]   |
[INFO] [stdout] 9 |     #[command(target = 0x14, notify)]
[INFO] [stdout]   |       ^^^^^^^
[INFO] [stdout] 
[INFO] [stdout] error: aborting due to 5 previous errors
[INFO] [stdout] 
[INFO] [stdout] For more information about this error, try `rustc --explain E0432`.
[INFO] [stdout] Couldn't compile the test.
[INFO] [stdout] 
[INFO] [stdout] failures:
[INFO] [stdout]     src/lib.rs - derive_component (line 128)
[INFO] [stdout]     src/lib.rs - derive_componets (line 21)
[INFO] [stdout] 
[INFO] [stdout] test result: FAILED. 0 passed; 2 failed; 0 ignored; 0 measured; 0 filtered out; finished in 0.06s
[INFO] [stdout] 
[INFO] [stderr] error: doctest failed, to rerun pass `--doc`
[INFO] running `Command { std: "docker" "inspect" "fc551ed8d2ab559447f8eb2e79bbf16f76c2e032b4699fe4c11e8299222a4528", kill_on_drop: false }`
[INFO] running `Command { std: "docker" "rm" "-f" "fc551ed8d2ab559447f8eb2e79bbf16f76c2e032b4699fe4c11e8299222a4528", kill_on_drop: false }`
[INFO] [stdout] fc551ed8d2ab559447f8eb2e79bbf16f76c2e032b4699fe4c11e8299222a4528
