[INFO] fetching crate biscuit-auth 4.0.0...
[INFO] testing biscuit-auth-4.0.0 against 1.75.0 for beta-1.76-1
[INFO] extracting crate biscuit-auth 4.0.0 into /workspace/builds/worker-6-tc1/source
[INFO] validating manifest of crates.io crate biscuit-auth 4.0.0 on toolchain 1.75.0
[INFO] running `Command { std: CARGO_HOME="/workspace/cargo-home" RUSTUP_HOME="/workspace/rustup-home" "/workspace/cargo-home/bin/cargo" "+1.75.0" "metadata" "--manifest-path" "Cargo.toml" "--no-deps", kill_on_drop: false }`
[INFO] started tweaking crates.io crate biscuit-auth 4.0.0
[INFO] removed 0 missing examples
[INFO] finished tweaking crates.io crate biscuit-auth 4.0.0
[INFO] tweaked toml for crates.io crate biscuit-auth 4.0.0 written to /workspace/builds/worker-6-tc1/source/Cargo.toml
[INFO] crate crates.io crate biscuit-auth 4.0.0 already has a lockfile, it will not be regenerated
[INFO] running `Command { std: CARGO_HOME="/workspace/cargo-home" RUSTUP_HOME="/workspace/rustup-home" "/workspace/cargo-home/bin/cargo" "+1.75.0" "fetch" "--manifest-path" "Cargo.toml", kill_on_drop: false }`
[INFO] [stderr]     Updating crates.io index
[INFO] [stderr]  Downloading crates ...
[INFO] [stderr]   Downloaded bumpalo v3.10.0
[INFO] [stderr]   Downloaded platforms v3.0.2
[INFO] [stderr]   Downloaded const-oid v0.9.5
[INFO] [stderr]   Downloaded ed25519 v2.2.2
[INFO] [stderr]   Downloaded termtree v0.2.4
[INFO] [stderr]   Downloaded predicates-tree v1.0.5
[INFO] [stderr]   Downloaded predicates-core v1.0.3
[INFO] [stderr]   Downloaded colored-diff v0.2.3
[INFO] [stderr]   Downloaded target-lexicon v0.11.2
[INFO] [stderr]   Downloaded assert_cmd v1.0.8
[INFO] [stderr]   Downloaded pest v2.2.1
[INFO] [stderr]   Downloaded difference v2.0.0
[INFO] [stderr]   Downloaded nom v7.1.1
[INFO] [stderr]   Downloaded time v0.3.13
[INFO] [stderr]   Downloaded chrono v0.4.27
[INFO] [stderr]   Downloaded fiat-crypto v0.1.20
[INFO] [stderr]   Downloaded prost-build v0.10.4
[INFO] [stderr]   Downloaded inline-c-macro v0.1.5
[INFO] [stderr]   Downloaded inline-c v0.1.6
[INFO] [stderr]   Downloaded curve25519-dalek v4.0.0
[INFO] [stderr]   Downloaded anyhow v1.0.61
[INFO] [stderr]   Downloaded serde v1.0.143
[INFO] [stderr]   Downloaded serde_derive v1.0.143
[INFO] [stderr]   Downloaded dissimilar v1.0.4
[INFO] [stderr]   Downloaded float-cmp v0.8.0
[INFO] [stderr]   Downloaded predicates v1.0.8
[INFO] [stderr]   Downloaded prost v0.10.4
[INFO] [stderr]   Downloaded prost-types v0.10.1
[INFO] [stderr]   Downloaded once_cell v1.13.0
[INFO] [stderr]   Downloaded biscuit-parser v0.1.2
[INFO] [stderr]   Downloaded prost-derive v0.10.1
[INFO] [stderr]   Downloaded bencher v0.1.5
[INFO] [stderr]   Downloaded multimap v0.8.3
[INFO] [stderr]   Downloaded predicates v2.1.1
[INFO] [stderr]   Downloaded biscuit-quote v0.2.2
[INFO] [stderr]   Downloaded ed25519-dalek v2.0.0
[INFO] running `Command { std: "docker" "create" "-v" "/var/lib/crater-agent-workspace/builds/worker-6-tc1/target:/opt/rustwide/target:rw,Z" "-v" "/var/lib/crater-agent-workspace/builds/worker-6-tc1/source:/opt/rustwide/workdir:ro,Z" "-v" "/var/lib/crater-agent-workspace/cargo-home:/opt/rustwide/cargo-home:ro,Z" "-v" "/var/lib/crater-agent-workspace/rustup-home:/opt/rustwide/rustup-home:ro,Z" "-e" "SOURCE_DIR=/opt/rustwide/workdir" "-e" "CARGO_TARGET_DIR=/opt/rustwide/target" "-e" "CARGO_HOME=/opt/rustwide/cargo-home" "-e" "RUSTUP_HOME=/opt/rustwide/rustup-home" "-w" "/opt/rustwide/workdir" "-m" "1610612736" "--user" "0:0" "--network" "none" "ghcr.io/rust-lang/crates-build-env/linux@sha256:2788e3201cd34a07e3172128adcd8b3090168a8e3bcc40d7c032b9dda1df7d1c" "/opt/rustwide/cargo-home/bin/cargo" "+1.75.0" "metadata" "--no-deps" "--format-version=1", kill_on_drop: false }`
[INFO] [stdout] ff44640e0d6e6b2adf16f9505348f5a5f857a49c8a9fed40d6faf89967d472fc
[INFO] running `Command { std: "docker" "start" "-a" "ff44640e0d6e6b2adf16f9505348f5a5f857a49c8a9fed40d6faf89967d472fc", kill_on_drop: false }`
[INFO] running `Command { std: "docker" "inspect" "ff44640e0d6e6b2adf16f9505348f5a5f857a49c8a9fed40d6faf89967d472fc", kill_on_drop: false }`
[INFO] running `Command { std: "docker" "rm" "-f" "ff44640e0d6e6b2adf16f9505348f5a5f857a49c8a9fed40d6faf89967d472fc", kill_on_drop: false }`
[INFO] [stdout] ff44640e0d6e6b2adf16f9505348f5a5f857a49c8a9fed40d6faf89967d472fc
[INFO] running `Command { std: "docker" "create" "-v" "/var/lib/crater-agent-workspace/builds/worker-6-tc1/target:/opt/rustwide/target:rw,Z" "-v" "/var/lib/crater-agent-workspace/builds/worker-6-tc1/source:/opt/rustwide/workdir:ro,Z" "-v" "/var/lib/crater-agent-workspace/cargo-home:/opt/rustwide/cargo-home:ro,Z" "-v" "/var/lib/crater-agent-workspace/rustup-home:/opt/rustwide/rustup-home:ro,Z" "-e" "SOURCE_DIR=/opt/rustwide/workdir" "-e" "CARGO_TARGET_DIR=/opt/rustwide/target" "-e" "CARGO_INCREMENTAL=0" "-e" "RUST_BACKTRACE=full" "-e" "RUSTFLAGS=--cap-lints=warn" "-e" "RUSTDOCFLAGS=--cap-lints=warn" "-e" "CARGO_HOME=/opt/rustwide/cargo-home" "-e" "RUSTUP_HOME=/opt/rustwide/rustup-home" "-w" "/opt/rustwide/workdir" "-m" "1610612736" "--user" "0:0" "--network" "none" "ghcr.io/rust-lang/crates-build-env/linux@sha256:2788e3201cd34a07e3172128adcd8b3090168a8e3bcc40d7c032b9dda1df7d1c" "/opt/rustwide/cargo-home/bin/cargo" "+1.75.0" "build" "--frozen" "--message-format=json", kill_on_drop: false }`
[INFO] [stdout] d3bc18b265839ba007cee735fffa6441d25cde1a02a71a81485748f07e488553
[INFO] running `Command { std: "docker" "start" "-a" "d3bc18b265839ba007cee735fffa6441d25cde1a02a71a81485748f07e488553", kill_on_drop: false }`
[INFO] [stderr]    Compiling proc-macro2 v1.0.66
[INFO] [stderr]    Compiling unicode-ident v1.0.3
[INFO] [stderr]    Compiling typenum v1.15.0
[INFO] [stderr]    Compiling generic-array v0.14.6
[INFO] [stderr]    Compiling libc v0.2.144
[INFO] [stderr]    Compiling syn v1.0.99
[INFO] [stderr]    Compiling semver v1.0.18
[INFO] [stderr]    Compiling platforms v3.0.2
[INFO] [stderr]    Compiling anyhow v1.0.61
[INFO] [stderr]    Compiling proc-macro-error-attr v1.0.4
[INFO] [stderr]    Compiling either v1.7.0
[INFO] [stderr]    Compiling cpufeatures v0.2.9
[INFO] [stderr]    Compiling proc-macro-error v1.0.4
[INFO] [stderr]    Compiling minimal-lexical v0.2.1
[INFO] [stderr]    Compiling num_threads v0.1.6
[INFO] [stderr]    Compiling itoa v1.0.3
[INFO] [stderr]    Compiling zeroize v1.6.0
[INFO] [stderr]    Compiling signature v2.1.0
[INFO] [stderr]    Compiling getrandom v0.1.16
[INFO] [stderr]    Compiling hex v0.4.3
[INFO] [stderr]    Compiling itertools v0.10.3
[INFO] [stderr]    Compiling nom v7.1.1
[INFO] [stderr]    Compiling subtle v2.4.1
[INFO] [stderr]    Compiling bytes v1.2.1
[INFO] [stderr]    Compiling ppv-lite86 v0.2.16
[INFO] [stderr]    Compiling ed25519 v2.2.2
[INFO] [stderr]    Compiling aho-corasick v0.7.18
[INFO] [stderr]    Compiling regex-syntax v0.6.27
[INFO] [stderr]    Compiling biscuit-auth v4.0.0 (/opt/rustwide/workdir)
[INFO] [stderr]    Compiling opaque-debug v0.3.0
[INFO] [stderr]    Compiling base64 v0.13.0
[INFO] [stderr]    Compiling rustc_version v0.4.0
[INFO] [stderr]    Compiling quote v1.0.32
[INFO] [stderr]    Compiling curve25519-dalek v4.0.0
[INFO] [stderr]    Compiling syn v2.0.28
[INFO] [stderr]    Compiling getrandom v0.2.10
[INFO] [stderr]    Compiling time v0.3.13
[INFO] [stderr]    Compiling rand_core v0.6.4
[INFO] [stderr]    Compiling rand_chacha v0.3.1
[INFO] [stderr]    Compiling rand v0.8.5
[INFO] [stderr]    Compiling block-buffer v0.10.4
[INFO] [stderr]    Compiling crypto-common v0.1.6
[INFO] [stderr]    Compiling digest v0.9.0
[INFO] [stderr]    Compiling block-buffer v0.9.0
[INFO] [stderr]    Compiling sha2 v0.9.9
[INFO] [stderr]    Compiling digest v0.10.7
[INFO] [stderr]    Compiling regex v1.6.0
[INFO] [stderr]    Compiling sha2 v0.10.7
[INFO] [stderr]    Compiling curve25519-dalek-derive v0.1.0
[INFO] [stderr]    Compiling thiserror-impl v1.0.32
[INFO] [stderr]    Compiling prost-derive v0.10.1
[INFO] [stderr]    Compiling ed25519-dalek v2.0.0
[INFO] [stderr]    Compiling thiserror v1.0.32
[INFO] [stderr]    Compiling biscuit-parser v0.1.2
[INFO] [stderr]    Compiling prost v0.10.4
[INFO] [stderr]    Compiling prost-types v0.10.1
[INFO] [stderr]    Compiling biscuit-quote v0.2.2
[INFO] [stdout] warning: unused import: `snapshot::*`
[INFO] [stdout]   --> src/token/authorizer.rs:27:9
[INFO] [stdout]    |
[INFO] [stdout] 27 | pub use snapshot::*;
[INFO] [stdout]    |         ^^^^^^^^^^^
[INFO] [stdout]    |
[INFO] [stdout]    = note: `#[warn(unused_imports)]` on by default
[INFO] [stdout] 
[INFO] [stdout] 
[INFO] [stdout] warning: 1 warning emitted
[INFO] [stdout] 
[INFO] [stdout] 
[INFO] [stderr]     Finished dev [unoptimized + debuginfo] target(s) in 11.38s
[INFO] running `Command { std: "docker" "inspect" "d3bc18b265839ba007cee735fffa6441d25cde1a02a71a81485748f07e488553", kill_on_drop: false }`
[INFO] running `Command { std: "docker" "rm" "-f" "d3bc18b265839ba007cee735fffa6441d25cde1a02a71a81485748f07e488553", kill_on_drop: false }`
[INFO] [stdout] d3bc18b265839ba007cee735fffa6441d25cde1a02a71a81485748f07e488553
[INFO] running `Command { std: "docker" "create" "-v" "/var/lib/crater-agent-workspace/builds/worker-6-tc1/target:/opt/rustwide/target:rw,Z" "-v" "/var/lib/crater-agent-workspace/builds/worker-6-tc1/source:/opt/rustwide/workdir:ro,Z" "-v" "/var/lib/crater-agent-workspace/cargo-home:/opt/rustwide/cargo-home:ro,Z" "-v" "/var/lib/crater-agent-workspace/rustup-home:/opt/rustwide/rustup-home:ro,Z" "-e" "SOURCE_DIR=/opt/rustwide/workdir" "-e" "CARGO_TARGET_DIR=/opt/rustwide/target" "-e" "CARGO_INCREMENTAL=0" "-e" "RUST_BACKTRACE=full" "-e" "RUSTFLAGS=--cap-lints=warn" "-e" "RUSTDOCFLAGS=--cap-lints=warn" "-e" "CARGO_HOME=/opt/rustwide/cargo-home" "-e" "RUSTUP_HOME=/opt/rustwide/rustup-home" "-w" "/opt/rustwide/workdir" "-m" "1610612736" "--user" "0:0" "--network" "none" "ghcr.io/rust-lang/crates-build-env/linux@sha256:2788e3201cd34a07e3172128adcd8b3090168a8e3bcc40d7c032b9dda1df7d1c" "/opt/rustwide/cargo-home/bin/cargo" "+1.75.0" "test" "--frozen" "--no-run" "--message-format=json", kill_on_drop: false }`
[INFO] [stdout] 3fbe278c19419d3d5eee7f71305611ed08e9e24614f4af74b9f9ed94e54a8418
[INFO] running `Command { std: "docker" "start" "-a" "3fbe278c19419d3d5eee7f71305611ed08e9e24614f4af74b9f9ed94e54a8418", kill_on_drop: false }`
[INFO] [stderr]    Compiling either v1.7.0
[INFO] [stderr]    Compiling serde_derive v1.0.143
[INFO] [stderr]    Compiling serde v1.0.143
[INFO] [stderr]    Compiling cc v1.0.83
[INFO] [stderr]    Compiling num-traits v0.2.15
[INFO] [stderr]    Compiling log v0.4.17
[INFO] [stderr]    Compiling hashbrown v0.14.0
[INFO] [stderr]    Compiling fastrand v1.8.0
[INFO] [stderr]    Compiling remove_dir_all v0.5.3
[INFO] [stderr]    Compiling serde_json v1.0.83
[INFO] [stderr]    Compiling fixedbitset v0.4.2
[INFO] [stderr]    Compiling time v0.1.45
[INFO] [stderr]    Compiling dissimilar v1.0.4
[INFO] [stderr]    Compiling heck v0.4.1
[INFO] [stderr]    Compiling multimap v0.8.3
[INFO] [stderr]    Compiling ansi_term v0.12.1
[INFO] [stderr]    Compiling ryu v1.0.11
[INFO] [stderr]    Compiling bencher v0.1.5
[INFO] [stderr]    Compiling itertools v0.10.3
[INFO] [stderr]    Compiling which v4.4.0
[INFO] [stderr]    Compiling tempfile v3.3.0
[INFO] [stderr]    Compiling cmake v0.1.50
[INFO] [stderr]    Compiling indexmap v2.0.0
[INFO] [stderr]    Compiling prost-build v0.10.4
[INFO] [stderr]    Compiling petgraph v0.6.4
[INFO] [stderr]    Compiling colored-diff v0.2.3
[INFO] [stderr]    Compiling prost-derive v0.10.1
[INFO] [stderr]    Compiling prost v0.10.4
[INFO] [stderr]    Compiling prost-types v0.10.1
[INFO] [stderr]    Compiling biscuit-auth v4.0.0 (/opt/rustwide/workdir)
[INFO] [stdout] warning: unused import: `snapshot::*`
[INFO] [stdout]   --> src/token/authorizer.rs:27:9
[INFO] [stdout]    |
[INFO] [stdout] 27 | pub use snapshot::*;
[INFO] [stdout]    |         ^^^^^^^^^^^
[INFO] [stdout]    |
[INFO] [stdout]    = note: `#[warn(unused_imports)]` on by default
[INFO] [stdout] 
[INFO] [stdout] 
[INFO] [stderr]    Compiling chrono v0.4.27
[INFO] [stdout] warning: unused import: `snapshot::*`
[INFO] [stdout]   --> src/token/authorizer.rs:27:9
[INFO] [stdout]    |
[INFO] [stdout] 27 | pub use snapshot::*;
[INFO] [stdout]    |         ^^^^^^^^^^^
[INFO] [stdout]    |
[INFO] [stdout]    = note: `#[warn(unused_imports)]` on by default
[INFO] [stdout] 
[INFO] [stdout] 
[INFO] [stdout] warning: 1 warning emitted
[INFO] [stdout] 
[INFO] [stdout] 
[INFO] [stdout] warning: 1 warning emitted
[INFO] [stdout] 
[INFO] [stdout] 
[INFO] [stderr]     Finished test [unoptimized + debuginfo] target(s) in 11.52s
[INFO] running `Command { std: "docker" "inspect" "3fbe278c19419d3d5eee7f71305611ed08e9e24614f4af74b9f9ed94e54a8418", kill_on_drop: false }`
[INFO] running `Command { std: "docker" "rm" "-f" "3fbe278c19419d3d5eee7f71305611ed08e9e24614f4af74b9f9ed94e54a8418", kill_on_drop: false }`
[INFO] [stdout] 3fbe278c19419d3d5eee7f71305611ed08e9e24614f4af74b9f9ed94e54a8418
[INFO] running `Command { std: "docker" "create" "-v" "/var/lib/crater-agent-workspace/builds/worker-6-tc1/target:/opt/rustwide/target:rw,Z" "-v" "/var/lib/crater-agent-workspace/builds/worker-6-tc1/source:/opt/rustwide/workdir:ro,Z" "-v" "/var/lib/crater-agent-workspace/cargo-home:/opt/rustwide/cargo-home:ro,Z" "-v" "/var/lib/crater-agent-workspace/rustup-home:/opt/rustwide/rustup-home:ro,Z" "-e" "SOURCE_DIR=/opt/rustwide/workdir" "-e" "CARGO_TARGET_DIR=/opt/rustwide/target" "-e" "CARGO_INCREMENTAL=0" "-e" "RUST_BACKTRACE=full" "-e" "RUSTFLAGS=--cap-lints=warn" "-e" "RUSTDOCFLAGS=--cap-lints=warn" "-e" "CARGO_HOME=/opt/rustwide/cargo-home" "-e" "RUSTUP_HOME=/opt/rustwide/rustup-home" "-w" "/opt/rustwide/workdir" "-m" "1610612736" "--user" "0:0" "--network" "none" "ghcr.io/rust-lang/crates-build-env/linux@sha256:2788e3201cd34a07e3172128adcd8b3090168a8e3bcc40d7c032b9dda1df7d1c" "/opt/rustwide/cargo-home/bin/cargo" "+1.75.0" "test" "--frozen", kill_on_drop: false }`
[INFO] [stdout] 6568782edd6175520fbbbf61dc833924b0fb1bea0fc6c86142ecd27f415e0eb9
[INFO] running `Command { std: "docker" "start" "-a" "6568782edd6175520fbbbf61dc833924b0fb1bea0fc6c86142ecd27f415e0eb9", kill_on_drop: false }`
[INFO] [stderr] warning: unused import: `snapshot::*`
[INFO] [stderr]   --> src/token/authorizer.rs:27:9
[INFO] [stderr]    |
[INFO] [stderr] 27 | pub use snapshot::*;
[INFO] [stderr]    |         ^^^^^^^^^^^
[INFO] [stderr]    |
[INFO] [stderr]    = note: `#[warn(unused_imports)]` on by default
[INFO] [stderr] 
[INFO] [stderr] warning: `biscuit-auth` (lib) generated 1 warning (run `cargo fix --lib -p biscuit-auth` to apply 1 suggestion)
[INFO] [stderr] warning: `biscuit-auth` (lib test) generated 1 warning (1 duplicate)
[INFO] [stderr]     Finished test [unoptimized + debuginfo] target(s) in 0.12s
[INFO] [stderr]      Running unittests src/lib.rs (/opt/rustwide/target/debug/deps/biscuit_auth-762973262b768091)
[INFO] [stdout] 
[INFO] [stdout] running 46 tests
[INFO] [stdout] test datalog::expression::tests::bitwise ... ok
[INFO] [stdout] test datalog::expression::tests::checked ... ok
[INFO] [stdout] test datalog::expression::tests::printer ... ok
[INFO] [stdout] test datalog::expression::tests::negate ... ok
[INFO] [stdout] test datalog::tests::date_constraint ... ok
[INFO] [stdout] test datalog::tests::family ... ok
[INFO] [stdout] test datalog::tests::int_expr ... ok
[INFO] [stdout] test parser::tests::rule ... ok
[INFO] [stdout] test error::tests::error_format_strings ... ok
[INFO] [stdout] test datalog::tests::numbers ... ok
[INFO] [stdout] test datalog::tests::unbound_variables ... ok
[INFO] [stdout] test datalog::tests::resource ... ok
[INFO] [stdout] test parser::tests::constrained_rule_ordering ... ok
[INFO] [stdout] test parser::tests::expression ... ok
[INFO] [stdout] test parser::tests::invalid_check ... ok
[INFO] [stdout] test datalog::tests::str ... ok
[INFO] [stdout] test parser::tests::parens ... ok
[INFO] [stdout] test parser::tests::rule_with_unused_head_variables ... ok
[INFO] [stdout] test parser::tests::check ... ok
[INFO] [stdout] test datalog::tests::set_constraint ... ok
[INFO] [stdout] test parser::tests::source_file ... ok
[INFO] [stdout] test parser::tests::constrained_rule ... ok
[INFO] [stdout] test token::builder::tests::forbid_unbound_parameters_in_set_code ... ok
[INFO] [stdout] test token::authorizer::tests::forbid_unbound_parameters_in_add_code ... ok
[INFO] [stdout] test token::authorizer::tests::empty_authorizer ... ok
[INFO] [stdout] test token::authorizer::tests::query_authorizer_from_token_string ... ok
[INFO] [stdout] test token::builder::tests::set_code_parameters ... ok
[INFO] [stdout] test token::builder::tests::set_rule_scope_parameters ... ok
[INFO] [stdout] test token::builder::tests::set_rule_parameters ... ok
[INFO] [stdout] test token::authorizer::tests::query_authorizer_from_token_tuple ... ok
[INFO] [stdout] test token::tests::folders ... ok
[INFO] [stdout] test parser::tests::block_source_file ... ok
[INFO] [stdout] test token::authorizer::tests::parameter_substitution ... ok
[INFO] [stdout] test token::tests::authorizer_queries ... ok
[INFO] [stdout] test token::tests::constraints ... ok
[INFO] [stdout] test token::builder::tests::forbid_unbound_parameters ... ok
[INFO] [stdout] test token::authorizer::tests::forbid_unbound_parameters ... ok
[INFO] [stdout] test token::tests::verif_no_blocks ... ok
[INFO] [stdout] test token::tests::check_head_name ... ok
[INFO] [stdout] test token::tests::check_all ... ok
[INFO] [stdout] test token::authorizer::tests::authorizer_with_scopes ... ok
[INFO] [stdout] test format::tests::proto ... ok
[INFO] [stdout] test token::tests::sealed_token ... ok
[INFO] [stdout] test token::tests::block1_generates_authority_or_ambient ... ok
[INFO] [stdout] test token::tests::bytes_constraints ... FAILED
[INFO] [stdout] test token::tests::basic ... ok
[INFO] [stdout] 
[INFO] [stdout] failures:
[INFO] [stdout] 
[INFO] [stdout] ---- token::tests::bytes_constraints stdout ----
[INFO] [stdout] biscuit1 (authority): Biscuit {
[INFO] [stdout]     symbols: ["bytes"]
[INFO] [stdout]     public keys: []
[INFO] [stdout]     authority: Block {
[INFO] [stdout]             symbols: ["bytes"]
[INFO] [stdout]             version: 3
[INFO] [stdout]             context: ""
[INFO] [stdout]             external key: 
[INFO] [stdout]             public keys: []
[INFO] [stdout]             scopes: []
[INFO] [stdout]             facts: [
[INFO] [stdout]                 bytes(hex:0102ab)
[INFO] [stdout]             ]
[INFO] [stdout]             rules: []
[INFO] [stdout]             checks: []
[INFO] [stdout]         }
[INFO] [stdout]     blocks: [
[INFO] [stdout]         
[INFO] [stdout]     ]
[INFO] [stdout] }
[INFO] [stdout] res1: Err(RunLimit(Timeout))
[INFO] [stdout] thread 'token::tests::bytes_constraints' panicked at src/token/mod.rs:1313:13:
[INFO] [stdout] called `Result::unwrap()` on an `Err` value: RunLimit(Timeout)
[INFO] [stdout] stack backtrace:
[INFO] [stdout]    0:     0x5569213d50cc - std::backtrace_rs::backtrace::libunwind::trace::ha637c64ce894333a
[INFO] [stdout]                                at /rustc/82e1608dfa6e0b5569232559e3d385fea5a93112/library/std/src/../../backtrace/src/backtrace/libunwind.rs:104:5
[INFO] [stdout]    1:     0x5569213d50cc - std::backtrace_rs::backtrace::trace_unsynchronized::h47f62dea28e0c88d
[INFO] [stdout]                                at /rustc/82e1608dfa6e0b5569232559e3d385fea5a93112/library/std/src/../../backtrace/src/backtrace/mod.rs:66:5
[INFO] [stdout]    2:     0x5569213d50cc - std::sys_common::backtrace::_print_fmt::h9eef0abe20ede486
[INFO] [stdout]                                at /rustc/82e1608dfa6e0b5569232559e3d385fea5a93112/library/std/src/sys_common/backtrace.rs:67:5
[INFO] [stdout]    3:     0x5569213d50cc - <std::sys_common::backtrace::_print::DisplayBacktrace as core::fmt::Display>::fmt::hed7f999df88cc644
[INFO] [stdout]                                at /rustc/82e1608dfa6e0b5569232559e3d385fea5a93112/library/std/src/sys_common/backtrace.rs:44:22
[INFO] [stdout]    4:     0x5569214002b0 - core::fmt::rt::Argument::fmt::h1539a9308b8d058d
[INFO] [stdout]                                at /rustc/82e1608dfa6e0b5569232559e3d385fea5a93112/library/core/src/fmt/rt.rs:142:9
[INFO] [stdout]    5:     0x5569214002b0 - core::fmt::write::h3a39390d8560d9c9
[INFO] [stdout]                                at /rustc/82e1608dfa6e0b5569232559e3d385fea5a93112/library/core/src/fmt/mod.rs:1120:17
[INFO] [stdout]    6:     0x5569213d274f - std::io::Write::write_fmt::h040b369f3a0f9cbc
[INFO] [stdout]                                at /rustc/82e1608dfa6e0b5569232559e3d385fea5a93112/library/std/src/io/mod.rs:1762:15
[INFO] [stdout]    7:     0x5569213d4eb4 - std::sys_common::backtrace::_print::h894006fb5c6f3d45
[INFO] [stdout]                                at /rustc/82e1608dfa6e0b5569232559e3d385fea5a93112/library/std/src/sys_common/backtrace.rs:47:5
[INFO] [stdout]    8:     0x5569213d4eb4 - std::sys_common::backtrace::print::h23a2d212c6fff936
[INFO] [stdout]                                at /rustc/82e1608dfa6e0b5569232559e3d385fea5a93112/library/std/src/sys_common/backtrace.rs:34:9
[INFO] [stdout]    9:     0x5569213d6b77 - std::panicking::default_hook::{{closure}}::h8a1d2ee00185001a
[INFO] [stdout]   10:     0x5569213d6863 - std::panicking::default_hook::h6038f2eba384e475
[INFO] [stdout]                                at /rustc/82e1608dfa6e0b5569232559e3d385fea5a93112/library/std/src/panicking.rs:289:9
[INFO] [stdout]   11:     0x5569210fc7a7 - <alloc::boxed::Box<F,A> as core::ops::function::Fn<Args>>::call::h0ad024c9bdc6d768
[INFO] [stdout]                                at /rustc/82e1608dfa6e0b5569232559e3d385fea5a93112/library/alloc/src/boxed.rs:2021:9
[INFO] [stdout]   12:     0x5569210fc7a7 - test::test_main::{{closure}}::h7500b54257359db6
[INFO] [stdout]                                at /rustc/82e1608dfa6e0b5569232559e3d385fea5a93112/library/test/src/lib.rs:138:21
[INFO] [stdout]   13:     0x5569213d7188 - <alloc::boxed::Box<F,A> as core::ops::function::Fn<Args>>::call::h1f8f335eaa9cfaee
[INFO] [stdout]                                at /rustc/82e1608dfa6e0b5569232559e3d385fea5a93112/library/alloc/src/boxed.rs:2021:9
[INFO] [stdout]   14:     0x5569213d7188 - std::panicking::rust_panic_with_hook::h2b5517d590cab22e
[INFO] [stdout]                                at /rustc/82e1608dfa6e0b5569232559e3d385fea5a93112/library/std/src/panicking.rs:783:13
[INFO] [stdout]   15:     0x5569213d6ede - std::panicking::begin_panic_handler::{{closure}}::h233112c06e0ef43e
[INFO] [stdout]                                at /rustc/82e1608dfa6e0b5569232559e3d385fea5a93112/library/std/src/panicking.rs:657:13
[INFO] [stdout]   16:     0x5569213d5596 - std::sys_common::backtrace::__rust_end_short_backtrace::h6e893f24d7ebbff8
[INFO] [stdout]                                at /rustc/82e1608dfa6e0b5569232559e3d385fea5a93112/library/std/src/sys_common/backtrace.rs:170:18
[INFO] [stdout]   17:     0x5569213d6c42 - rust_begin_unwind
[INFO] [stdout]                                at /rustc/82e1608dfa6e0b5569232559e3d385fea5a93112/library/std/src/panicking.rs:645:5
[INFO] [stdout]   18:     0x556920e03605 - core::panicking::panic_fmt::hbf0e066aabfa482c
[INFO] [stdout]                                at /rustc/82e1608dfa6e0b5569232559e3d385fea5a93112/library/core/src/panicking.rs:72:14
[INFO] [stdout]   19:     0x556920e03c33 - core::result::unwrap_failed::hddb4fea594200c52
[INFO] [stdout]                                at /rustc/82e1608dfa6e0b5569232559e3d385fea5a93112/library/core/src/result.rs:1653:5
[INFO] [stdout]   20:     0x556920fe7440 - core::result::Result<T,E>::unwrap::hfb652b24a8500a8e
[INFO] [stdout]                                at /rustc/82e1608dfa6e0b5569232559e3d385fea5a93112/library/core/src/result.rs:1077:23
[INFO] [stdout]   21:     0x556920fb1db0 - biscuit_auth::token::tests::bytes_constraints::h05d72e986b09e627
[INFO] [stdout]                                at /opt/rustwide/workdir/src/token/mod.rs:1313:9
[INFO] [stdout]   22:     0x556920fb1707 - biscuit_auth::token::tests::bytes_constraints::{{closure}}::hc6c06225f2d86bf7
[INFO] [stdout]                                at /opt/rustwide/workdir/src/token/mod.rs:1286:27
[INFO] [stdout]   23:     0x5569210073c6 - core::ops::function::FnOnce::call_once::ha33ec4fa46d213b6
[INFO] [stdout]                                at /rustc/82e1608dfa6e0b5569232559e3d385fea5a93112/library/core/src/ops/function.rs:250:5
[INFO] [stdout]   24:     0x556921101dff - core::ops::function::FnOnce::call_once::h2b5d431d5046312d
[INFO] [stdout]                                at /rustc/82e1608dfa6e0b5569232559e3d385fea5a93112/library/core/src/ops/function.rs:250:5
[INFO] [stdout]   25:     0x556921101dff - test::__rust_begin_short_backtrace::h7714669af176e207
[INFO] [stdout]                                at /rustc/82e1608dfa6e0b5569232559e3d385fea5a93112/library/test/src/lib.rs:628:18
[INFO] [stdout]   26:     0x556921100e15 - test::run_test_in_process::{{closure}}::h85218797dcbcec12
[INFO] [stdout]                                at /rustc/82e1608dfa6e0b5569232559e3d385fea5a93112/library/test/src/lib.rs:651:60
[INFO] [stdout]   27:     0x556921100e15 - <core::panic::unwind_safe::AssertUnwindSafe<F> as core::ops::function::FnOnce<()>>::call_once::h76c106ea31c14d7b
[INFO] [stdout]                                at /rustc/82e1608dfa6e0b5569232559e3d385fea5a93112/library/core/src/panic/unwind_safe.rs:272:9
[INFO] [stdout]   28:     0x556921100e15 - std::panicking::try::do_call::h3bd5d0f6620ee946
[INFO] [stdout]                                at /rustc/82e1608dfa6e0b5569232559e3d385fea5a93112/library/std/src/panicking.rs:552:40
[INFO] [stdout]   29:     0x556921100e15 - std::panicking::try::h232e535e4744fe31
[INFO] [stdout]                                at /rustc/82e1608dfa6e0b5569232559e3d385fea5a93112/library/std/src/panicking.rs:516:19
[INFO] [stdout]   30:     0x556921100e15 - std::panic::catch_unwind::h3ce3bd6ca8dbac68
[INFO] [stdout]                                at /rustc/82e1608dfa6e0b5569232559e3d385fea5a93112/library/std/src/panic.rs:142:14
[INFO] [stdout]   31:     0x556921100e15 - test::run_test_in_process::hc97b257c9621286a
[INFO] [stdout]                                at /rustc/82e1608dfa6e0b5569232559e3d385fea5a93112/library/test/src/lib.rs:651:27
[INFO] [stdout]   32:     0x556921100e15 - test::run_test::{{closure}}::h2aa798823a438d38
[INFO] [stdout]                                at /rustc/82e1608dfa6e0b5569232559e3d385fea5a93112/library/test/src/lib.rs:574:43
[INFO] [stdout]   33:     0x5569210c90d6 - test::run_test::{{closure}}::h87d231c78fb59832
[INFO] [stdout]                                at /rustc/82e1608dfa6e0b5569232559e3d385fea5a93112/library/test/src/lib.rs:602:41
[INFO] [stdout]   34:     0x5569210c90d6 - std::sys_common::backtrace::__rust_begin_short_backtrace::he6df152596625789
[INFO] [stdout]                                at /rustc/82e1608dfa6e0b5569232559e3d385fea5a93112/library/std/src/sys_common/backtrace.rs:154:18
[INFO] [stdout]   35:     0x5569210ce187 - std::thread::Builder::spawn_unchecked_::{{closure}}::{{closure}}::ha94be15d1e0acf36
[INFO] [stdout]                                at /rustc/82e1608dfa6e0b5569232559e3d385fea5a93112/library/std/src/thread/mod.rs:529:17
[INFO] [stdout]   36:     0x5569210ce187 - <core::panic::unwind_safe::AssertUnwindSafe<F> as core::ops::function::FnOnce<()>>::call_once::h9dc6bd6372f16606
[INFO] [stdout]                                at /rustc/82e1608dfa6e0b5569232559e3d385fea5a93112/library/core/src/panic/unwind_safe.rs:272:9
[INFO] [stdout]   37:     0x5569210ce187 - std::panicking::try::do_call::h9057517f80303cd4
[INFO] [stdout]                                at /rustc/82e1608dfa6e0b5569232559e3d385fea5a93112/library/std/src/panicking.rs:552:40
[INFO] [stdout]   38:     0x5569210ce187 - std::panicking::try::he3a30b11ee45340c
[INFO] [stdout]                                at /rustc/82e1608dfa6e0b5569232559e3d385fea5a93112/library/std/src/panicking.rs:516:19
[INFO] [stdout]   39:     0x5569210ce187 - std::panic::catch_unwind::h410458cfd3528b8b
[INFO] [stdout]                                at /rustc/82e1608dfa6e0b5569232559e3d385fea5a93112/library/std/src/panic.rs:142:14
[INFO] [stdout]   40:     0x5569210ce187 - std::thread::Builder::spawn_unchecked_::{{closure}}::h72ac3bdb567b737b
[INFO] [stdout]                                at /rustc/82e1608dfa6e0b5569232559e3d385fea5a93112/library/std/src/thread/mod.rs:528:30
[INFO] [stdout]   41:     0x5569210ce187 - core::ops::function::FnOnce::call_once{{vtable.shim}}::h38f34da3654a8344
[INFO] [stdout]                                at /rustc/82e1608dfa6e0b5569232559e3d385fea5a93112/library/core/src/ops/function.rs:250:5
[INFO] [stdout]   42:     0x5569213dc675 - <alloc::boxed::Box<F,A> as core::ops::function::FnOnce<Args>>::call_once::hc7eafaff61e32df9
[INFO] [stdout]                                at /rustc/82e1608dfa6e0b5569232559e3d385fea5a93112/library/alloc/src/boxed.rs:2007:9
[INFO] [stdout]   43:     0x5569213dc675 - <alloc::boxed::Box<F,A> as core::ops::function::FnOnce<Args>>::call_once::h6ba4a5de48dd2304
[INFO] [stdout]                                at /rustc/82e1608dfa6e0b5569232559e3d385fea5a93112/library/alloc/src/boxed.rs:2007:9
[INFO] [stdout]   44:     0x5569213dc675 - std::sys::unix::thread::Thread::new::thread_start::he469335aef763e45
[INFO] [stdout]                                at /rustc/82e1608dfa6e0b5569232559e3d385fea5a93112/library/std/src/sys/unix/thread.rs:108:17
[INFO] [stdout]   45:     0x7f936eeb2ac3 - <unknown>
[INFO] [stdout]   46:     0x7f936ef43bf4 - __clone
[INFO] [stdout]   47:                0x0 - <unknown>
[INFO] [stdout] 
[INFO] [stdout] 
[INFO] [stdout] failures:
[INFO] [stdout]     token::tests::bytes_constraints
[INFO] [stdout] 
[INFO] [stdout] test result: FAILED. 45 passed; 1 failed; 0 ignored; 0 measured; 0 filtered out; finished in 0.14s
[INFO] [stdout] 
[INFO] [stderr] error: test failed, to rerun pass `--lib`
[INFO] running `Command { std: "docker" "inspect" "6568782edd6175520fbbbf61dc833924b0fb1bea0fc6c86142ecd27f415e0eb9", kill_on_drop: false }`
[INFO] running `Command { std: "docker" "rm" "-f" "6568782edd6175520fbbbf61dc833924b0fb1bea0fc6c86142ecd27f415e0eb9", kill_on_drop: false }`
[INFO] [stdout] 6568782edd6175520fbbbf61dc833924b0fb1bea0fc6c86142ecd27f415e0eb9
