[INFO] fetching crate bionic_reading_api 0.1.1...
[INFO] testing bionic_reading_api-0.1.1 against 1.75.0 for beta-1.76-1
[INFO] extracting crate bionic_reading_api 0.1.1 into /workspace/builds/worker-0-tc1/source
[INFO] validating manifest of crates.io crate bionic_reading_api 0.1.1 on toolchain 1.75.0
[INFO] running `Command { std: CARGO_HOME="/workspace/cargo-home" RUSTUP_HOME="/workspace/rustup-home" "/workspace/cargo-home/bin/cargo" "+1.75.0" "metadata" "--manifest-path" "Cargo.toml" "--no-deps", kill_on_drop: false }`
[INFO] started tweaking crates.io crate bionic_reading_api 0.1.1
[INFO] finished tweaking crates.io crate bionic_reading_api 0.1.1
[INFO] tweaked toml for crates.io crate bionic_reading_api 0.1.1 written to /workspace/builds/worker-0-tc1/source/Cargo.toml
[INFO] running `Command { std: CARGO_HOME="/workspace/cargo-home" RUSTUP_HOME="/workspace/rustup-home" "/workspace/cargo-home/bin/cargo" "+1.75.0" "generate-lockfile" "--manifest-path" "Cargo.toml", kill_on_drop: false }`
[INFO] [stderr]     Updating crates.io index
[INFO] running `Command { std: CARGO_HOME="/workspace/cargo-home" RUSTUP_HOME="/workspace/rustup-home" "/workspace/cargo-home/bin/cargo" "+1.75.0" "fetch" "--manifest-path" "Cargo.toml", kill_on_drop: false }`
[INFO] [stderr]  Downloading crates ...
[INFO] [stderr]   Downloaded xml5ever v0.17.0
[INFO] [stderr]   Downloaded visible v0.0.1
[INFO] [stderr]   Downloaded string_cache_codegen v0.5.2
[INFO] [stderr]   Downloaded futf v0.1.5
[INFO] [stderr]   Downloaded markup5ever v0.11.0
[INFO] [stderr]   Downloaded mac v0.1.1
[INFO] [stderr]   Downloaded html2md v0.2.14
[INFO] [stderr]   Downloaded tendril v0.4.3
[INFO] [stderr]   Downloaded markup5ever_rcdom v0.2.0
[INFO] [stderr]   Downloaded html5ever v0.26.0
[INFO] running `Command { std: "docker" "create" "-v" "/var/lib/crater-agent-workspace/builds/worker-0-tc1/target:/opt/rustwide/target:rw,Z" "-v" "/var/lib/crater-agent-workspace/builds/worker-0-tc1/source:/opt/rustwide/workdir:ro,Z" "-v" "/var/lib/crater-agent-workspace/cargo-home:/opt/rustwide/cargo-home:ro,Z" "-v" "/var/lib/crater-agent-workspace/rustup-home:/opt/rustwide/rustup-home:ro,Z" "-e" "SOURCE_DIR=/opt/rustwide/workdir" "-e" "CARGO_TARGET_DIR=/opt/rustwide/target" "-e" "CARGO_HOME=/opt/rustwide/cargo-home" "-e" "RUSTUP_HOME=/opt/rustwide/rustup-home" "-w" "/opt/rustwide/workdir" "-m" "1610612736" "--user" "0:0" "--network" "none" "ghcr.io/rust-lang/crates-build-env/linux@sha256:2788e3201cd34a07e3172128adcd8b3090168a8e3bcc40d7c032b9dda1df7d1c" "/opt/rustwide/cargo-home/bin/cargo" "+1.75.0" "metadata" "--no-deps" "--format-version=1", kill_on_drop: false }`
[INFO] [stdout] 1b7ddf4e5b856e603049fc863f2605e6df02550a6e51547650cd9373d4d8dfdd
[INFO] running `Command { std: "docker" "start" "-a" "1b7ddf4e5b856e603049fc863f2605e6df02550a6e51547650cd9373d4d8dfdd", kill_on_drop: false }`
[INFO] running `Command { std: "docker" "inspect" "1b7ddf4e5b856e603049fc863f2605e6df02550a6e51547650cd9373d4d8dfdd", kill_on_drop: false }`
[INFO] running `Command { std: "docker" "rm" "-f" "1b7ddf4e5b856e603049fc863f2605e6df02550a6e51547650cd9373d4d8dfdd", kill_on_drop: false }`
[INFO] [stdout] 1b7ddf4e5b856e603049fc863f2605e6df02550a6e51547650cd9373d4d8dfdd
[INFO] running `Command { std: "docker" "create" "-v" "/var/lib/crater-agent-workspace/builds/worker-0-tc1/target:/opt/rustwide/target:rw,Z" "-v" "/var/lib/crater-agent-workspace/builds/worker-0-tc1/source:/opt/rustwide/workdir:ro,Z" "-v" "/var/lib/crater-agent-workspace/cargo-home:/opt/rustwide/cargo-home:ro,Z" "-v" "/var/lib/crater-agent-workspace/rustup-home:/opt/rustwide/rustup-home:ro,Z" "-e" "SOURCE_DIR=/opt/rustwide/workdir" "-e" "CARGO_TARGET_DIR=/opt/rustwide/target" "-e" "CARGO_INCREMENTAL=0" "-e" "RUST_BACKTRACE=full" "-e" "RUSTFLAGS=--cap-lints=warn" "-e" "RUSTDOCFLAGS=--cap-lints=warn" "-e" "CARGO_HOME=/opt/rustwide/cargo-home" "-e" "RUSTUP_HOME=/opt/rustwide/rustup-home" "-w" "/opt/rustwide/workdir" "-m" "1610612736" "--user" "0:0" "--network" "none" "ghcr.io/rust-lang/crates-build-env/linux@sha256:2788e3201cd34a07e3172128adcd8b3090168a8e3bcc40d7c032b9dda1df7d1c" "/opt/rustwide/cargo-home/bin/cargo" "+1.75.0" "build" "--frozen" "--message-format=json", kill_on_drop: false }`
[INFO] [stdout] 6cbe8c356c826d3d779d6d03665665b518739379d8125e8b9f1a66ee56489c18
[INFO] running `Command { std: "docker" "start" "-a" "6cbe8c356c826d3d779d6d03665665b518739379d8125e8b9f1a66ee56489c18", kill_on_drop: false }`
[INFO] [stderr]    Compiling libc v0.2.151
[INFO] [stderr]    Compiling cfg-if v1.0.0
[INFO] [stderr]    Compiling once_cell v1.19.0
[INFO] [stderr]    Compiling siphasher v0.3.11
[INFO] [stderr]    Compiling ppv-lite86 v0.2.17
[INFO] [stderr]    Compiling vcpkg v0.2.15
[INFO] [stderr]    Compiling pkg-config v0.3.28
[INFO] [stderr]    Compiling pin-project-lite v0.2.13
[INFO] [stderr]    Compiling parking_lot_core v0.9.9
[INFO] [stderr]    Compiling log v0.4.20
[INFO] [stderr]    Compiling bytes v1.5.0
[INFO] [stderr]    Compiling lock_api v0.4.11
[INFO] [stderr]    Compiling scopeguard v1.2.0
[INFO] [stderr]    Compiling new_debug_unreachable v1.0.4
[INFO] [stderr]    Compiling smallvec v1.11.2
[INFO] [stderr]    Compiling syn v2.0.48
[INFO] [stderr]    Compiling num_cpus v1.16.0
[INFO] [stderr]    Compiling socket2 v0.5.5
[INFO] [stderr]    Compiling mio v0.8.10
[INFO] [stderr]    Compiling slab v0.4.9
[INFO] [stderr]    Compiling phf_shared v0.10.0
[INFO] [stderr]    Compiling mac v0.1.1
[INFO] [stderr]    Compiling futures-core v0.3.30
[INFO] [stderr]    Compiling itoa v1.0.10
[INFO] [stderr]    Compiling syn v1.0.109
[INFO] [stderr]    Compiling version_check v0.9.4
[INFO] [stderr]    Compiling futf v0.1.5
[INFO] [stderr]    Compiling tracing-core v0.1.32
[INFO] [stderr]    Compiling utf-8 v0.7.6
[INFO] [stderr]    Compiling foreign-types-shared v0.1.1
[INFO] [stderr]    Compiling precomputed-hash v0.1.1
[INFO] [stderr]    Compiling tokio v1.35.1
[INFO] [stderr]    Compiling openssl v0.10.62
[INFO] [stderr]    Compiling parking_lot v0.12.1
[INFO] [stderr]    Compiling tendril v0.4.3
[INFO] [stderr]    Compiling foreign-types v0.3.2
[INFO] [stderr]    Compiling tracing v0.1.40
[INFO] [stderr]    Compiling unicase v2.7.0
[INFO] [stderr]    Compiling string_cache v0.8.7
[INFO] [stderr]    Compiling http v0.2.11
[INFO] [stderr]    Compiling phf v0.10.1
[INFO] [stderr]    Compiling futures-io v0.3.30
[INFO] [stderr]    Compiling equivalent v1.0.1
[INFO] [stderr]    Compiling native-tls v0.2.11
[INFO] [stderr]    Compiling futures-sink v0.3.30
[INFO] [stderr]    Compiling bitflags v2.4.1
[INFO] [stderr]    Compiling percent-encoding v2.3.1
[INFO] [stderr]    Compiling hashbrown v0.14.3
[INFO] [stderr]    Compiling tinyvec_macros v0.1.1
[INFO] [stderr]    Compiling httparse v1.8.0
[INFO] [stderr]    Compiling futures-task v0.3.30
[INFO] [stderr]    Compiling tinyvec v1.6.0
[INFO] [stderr]    Compiling try-lock v0.2.5
[INFO] [stderr]    Compiling futures-util v0.3.30
[INFO] [stderr]    Compiling openssl-probe v0.1.5
[INFO] [stderr]    Compiling want v0.3.1
[INFO] [stderr]    Compiling form_urlencoded v1.2.1
[INFO] [stderr]    Compiling getrandom v0.2.11
[INFO] [stderr]    Compiling cc v1.0.83
[INFO] [stderr]    Compiling futures-channel v0.3.30
[INFO] [stderr]    Compiling httpdate v1.0.3
[INFO] [stderr]    Compiling rand_core v0.6.4
[INFO] [stderr]    Compiling mime_guess v2.0.4
[INFO] [stderr]    Compiling tower-service v0.3.2
[INFO] [stderr]    Compiling unicode-bidi v0.3.14
[INFO] [stderr]    Compiling mime v0.3.17
[INFO] [stderr]    Compiling rand_chacha v0.3.1
[INFO] [stderr]    Compiling ryu v1.0.16
[INFO] [stderr]    Compiling http-body v0.4.6
[INFO] [stderr]    Compiling thiserror v1.0.56
[INFO] [stderr]    Compiling rand v0.8.5
[INFO] [stderr]    Compiling indexmap v2.1.0
[INFO] [stderr]    Compiling serde_urlencoded v0.7.1
[INFO] [stderr]    Compiling encoding_rs v0.8.33
[INFO] [stderr]    Compiling ipnet v2.9.0
[INFO] [stderr]    Compiling base64 v0.21.5
[INFO] [stderr]    Compiling unicode-normalization v0.1.22
[INFO] [stderr]    Compiling openssl-sys v0.9.98
[INFO] [stderr]    Compiling phf_generator v0.10.0
[INFO] [stderr]    Compiling idna v0.5.0
[INFO] [stderr]    Compiling string_cache_codegen v0.5.2
[INFO] [stderr]    Compiling phf_codegen v0.10.0
[INFO] [stderr]    Compiling url v2.5.0
[INFO] [stderr]    Compiling markup5ever v0.11.0
[INFO] [stderr]    Compiling openssl-macros v0.1.1
[INFO] [stderr]    Compiling thiserror-impl v1.0.56
[INFO] [stderr]    Compiling tokio-util v0.7.10
[INFO] [stderr]    Compiling xml5ever v0.17.0
[INFO] [stderr]    Compiling h2 v0.3.22
[INFO] [stderr]    Compiling html5ever v0.26.0
[INFO] [stderr]    Compiling tokio-native-tls v0.3.1
[INFO] [stderr]    Compiling hyper v0.14.28
[INFO] [stderr]    Compiling markup5ever_rcdom v0.2.0
[INFO] [stderr]    Compiling html2md v0.2.14
[INFO] [stderr]    Compiling hyper-tls v0.5.0
[INFO] [stderr]    Compiling reqwest v0.11.23
[INFO] [stderr]    Compiling bionic_reading_api v0.1.1 (/opt/rustwide/workdir)
[INFO] [stderr]     Finished dev [unoptimized + debuginfo] target(s) in 23.60s
[INFO] running `Command { std: "docker" "inspect" "6cbe8c356c826d3d779d6d03665665b518739379d8125e8b9f1a66ee56489c18", kill_on_drop: false }`
[INFO] running `Command { std: "docker" "rm" "-f" "6cbe8c356c826d3d779d6d03665665b518739379d8125e8b9f1a66ee56489c18", kill_on_drop: false }`
[INFO] [stdout] 6cbe8c356c826d3d779d6d03665665b518739379d8125e8b9f1a66ee56489c18
[INFO] running `Command { std: "docker" "create" "-v" "/var/lib/crater-agent-workspace/builds/worker-0-tc1/target:/opt/rustwide/target:rw,Z" "-v" "/var/lib/crater-agent-workspace/builds/worker-0-tc1/source:/opt/rustwide/workdir:ro,Z" "-v" "/var/lib/crater-agent-workspace/cargo-home:/opt/rustwide/cargo-home:ro,Z" "-v" "/var/lib/crater-agent-workspace/rustup-home:/opt/rustwide/rustup-home:ro,Z" "-e" "SOURCE_DIR=/opt/rustwide/workdir" "-e" "CARGO_TARGET_DIR=/opt/rustwide/target" "-e" "CARGO_INCREMENTAL=0" "-e" "RUST_BACKTRACE=full" "-e" "RUSTFLAGS=--cap-lints=warn" "-e" "RUSTDOCFLAGS=--cap-lints=warn" "-e" "CARGO_HOME=/opt/rustwide/cargo-home" "-e" "RUSTUP_HOME=/opt/rustwide/rustup-home" "-w" "/opt/rustwide/workdir" "-m" "1610612736" "--user" "0:0" "--network" "none" "ghcr.io/rust-lang/crates-build-env/linux@sha256:2788e3201cd34a07e3172128adcd8b3090168a8e3bcc40d7c032b9dda1df7d1c" "/opt/rustwide/cargo-home/bin/cargo" "+1.75.0" "test" "--frozen" "--no-run" "--message-format=json", kill_on_drop: false }`
[INFO] [stdout] 931beec7bc1223fde18ff6134f23fa8fa44624a0d449d287565f0e7986befc5f
[INFO] running `Command { std: "docker" "start" "-a" "931beec7bc1223fde18ff6134f23fa8fa44624a0d449d287565f0e7986befc5f", kill_on_drop: false }`
[INFO] [stderr]    Compiling signal-hook-registry v1.4.1
[INFO] [stderr]    Compiling tokio-macros v2.2.0
[INFO] [stderr]    Compiling tokio v1.35.1
[INFO] [stderr]    Compiling tokio-util v0.7.10
[INFO] [stderr]    Compiling tokio-native-tls v0.3.1
[INFO] [stderr]    Compiling h2 v0.3.22
[INFO] [stderr]    Compiling hyper v0.14.28
[INFO] [stderr]    Compiling hyper-tls v0.5.0
[INFO] [stderr]    Compiling reqwest v0.11.23
[INFO] [stderr]    Compiling bionic_reading_api v0.1.1 (/opt/rustwide/workdir)
[INFO] [stderr]     Finished test [unoptimized + debuginfo] target(s) in 22.25s
[INFO] running `Command { std: "docker" "inspect" "931beec7bc1223fde18ff6134f23fa8fa44624a0d449d287565f0e7986befc5f", kill_on_drop: false }`
[INFO] running `Command { std: "docker" "rm" "-f" "931beec7bc1223fde18ff6134f23fa8fa44624a0d449d287565f0e7986befc5f", kill_on_drop: false }`
[INFO] [stdout] 931beec7bc1223fde18ff6134f23fa8fa44624a0d449d287565f0e7986befc5f
[INFO] running `Command { std: "docker" "create" "-v" "/var/lib/crater-agent-workspace/builds/worker-0-tc1/target:/opt/rustwide/target:rw,Z" "-v" "/var/lib/crater-agent-workspace/builds/worker-0-tc1/source:/opt/rustwide/workdir:ro,Z" "-v" "/var/lib/crater-agent-workspace/cargo-home:/opt/rustwide/cargo-home:ro,Z" "-v" "/var/lib/crater-agent-workspace/rustup-home:/opt/rustwide/rustup-home:ro,Z" "-e" "SOURCE_DIR=/opt/rustwide/workdir" "-e" "CARGO_TARGET_DIR=/opt/rustwide/target" "-e" "CARGO_INCREMENTAL=0" "-e" "RUST_BACKTRACE=full" "-e" "RUSTFLAGS=--cap-lints=warn" "-e" "RUSTDOCFLAGS=--cap-lints=warn" "-e" "CARGO_HOME=/opt/rustwide/cargo-home" "-e" "RUSTUP_HOME=/opt/rustwide/rustup-home" "-w" "/opt/rustwide/workdir" "-m" "1610612736" "--user" "0:0" "--network" "none" "ghcr.io/rust-lang/crates-build-env/linux@sha256:2788e3201cd34a07e3172128adcd8b3090168a8e3bcc40d7c032b9dda1df7d1c" "/opt/rustwide/cargo-home/bin/cargo" "+1.75.0" "test" "--frozen", kill_on_drop: false }`
[INFO] [stdout] efc4b04b9681c7123daefba2f9aa0172907ed47c3f4c11b161e4222acf887119
[INFO] running `Command { std: "docker" "start" "-a" "efc4b04b9681c7123daefba2f9aa0172907ed47c3f4c11b161e4222acf887119", kill_on_drop: false }`
[INFO] [stderr]     Finished test [unoptimized + debuginfo] target(s) in 0.24s
[INFO] [stderr]      Running unittests src/lib.rs (/opt/rustwide/target/debug/deps/bionic_reading_api-a2e886ca1f745f5a)
[INFO] [stdout] 
[INFO] [stdout] running 4 tests
[INFO] [stdout] test secret::tests::test_inner ... ok
[INFO] [stdout] test requests::convert::tests::test_set_fixation ... ok
[INFO] [stdout] test secret::tests::test_redacted ... ok
[INFO] [stdout] test requests::convert::tests::test_set_saccade ... ok
[INFO] [stdout] 
[INFO] [stdout] test result: ok. 4 passed; 0 failed; 0 ignored; 0 measured; 0 filtered out; finished in 0.00s
[INFO] [stdout] 
[INFO] [stderr]    Doc-tests bionic_reading_api
[INFO] [stdout] 
[INFO] [stdout] running 8 tests
[INFO] [stdout] test src/bionic.rs - bionic (line 7) - compile ... ok
[INFO] [stdout] test src/client.rs - client::Client::convert (line 51) - compile ... ok
[INFO] [stdout] test src/bionic.rs - bionic::Text::markdown (line 179) - compile ... ok
[INFO] [stdout] test src/client.rs - client (line 7) - compile ... ok
[INFO] [stdout] test src/lib.rs - (line 10) - compile ... ok
[INFO] [stdout] test src/bionic.rs - bionic::Text::html (line 165) ... FAILED
[INFO] [stdout] test src/bionic.rs - bionic::Text::html (line 150) - compile ... ok
[INFO] [stdout] test src/bionic.rs - bionic::Text::markdown (line 194) ... FAILED
[INFO] [stdout] 
[INFO] [stdout] failures:
[INFO] [stdout] 
[INFO] [stdout] ---- src/bionic.rs - bionic::Text::html (line 165) stdout ----
[INFO] [stdout] error[E0451]: field `html` of struct `BionicText` is private
[INFO] [stdout]  --> src/bionic.rs:169:23
[INFO] [stdout]   |
[INFO] [stdout] 7 | let response = Text { html };
[INFO] [stdout]   |                       ^^^^ private field
[INFO] [stdout] 
[INFO] [stdout] error: aborting due to previous error
[INFO] [stdout] 
[INFO] [stdout] For more information about this error, try `rustc --explain E0451`.
[INFO] [stdout] Couldn't compile the test.
[INFO] [stdout] ---- src/bionic.rs - bionic::Text::markdown (line 194) stdout ----
[INFO] [stdout] error[E0451]: field `html` of struct `BionicText` is private
[INFO] [stdout]  --> src/bionic.rs:198:23
[INFO] [stdout]   |
[INFO] [stdout] 7 | let response = Text { html };
[INFO] [stdout]   |                       ^^^^ private field
[INFO] [stdout] 
[INFO] [stdout] error: aborting due to previous error
[INFO] [stdout] 
[INFO] [stdout] For more information about this error, try `rustc --explain E0451`.
[INFO] [stdout] Couldn't compile the test.
[INFO] [stdout] 
[INFO] [stdout] failures:
[INFO] [stdout]     src/bionic.rs - bionic::Text::html (line 165)
[INFO] [stdout]     src/bionic.rs - bionic::Text::markdown (line 194)
[INFO] [stdout] 
[INFO] [stdout] test result: FAILED. 6 passed; 2 failed; 0 ignored; 0 measured; 0 filtered out; finished in 0.18s
[INFO] [stdout] 
[INFO] [stderr] error: doctest failed, to rerun pass `--doc`
[INFO] running `Command { std: "docker" "inspect" "efc4b04b9681c7123daefba2f9aa0172907ed47c3f4c11b161e4222acf887119", kill_on_drop: false }`
[INFO] running `Command { std: "docker" "rm" "-f" "efc4b04b9681c7123daefba2f9aa0172907ed47c3f4c11b161e4222acf887119", kill_on_drop: false }`
[INFO] [stdout] efc4b04b9681c7123daefba2f9aa0172907ed47c3f4c11b161e4222acf887119
[INFO] testing bionic_reading_api-0.1.1 against beta-2023-12-22 for beta-1.76-1
[INFO] extracting crate bionic_reading_api 0.1.1 into /workspace/builds/worker-0-tc2/source
[INFO] validating manifest of crates.io crate bionic_reading_api 0.1.1 on toolchain beta-2023-12-22
[INFO] running `Command { std: CARGO_HOME="/workspace/cargo-home" RUSTUP_HOME="/workspace/rustup-home" "/workspace/cargo-home/bin/cargo" "+beta-2023-12-22" "metadata" "--manifest-path" "Cargo.toml" "--no-deps", kill_on_drop: false }`
[INFO] started tweaking crates.io crate bionic_reading_api 0.1.1
[INFO] finished tweaking crates.io crate bionic_reading_api 0.1.1
[INFO] tweaked toml for crates.io crate bionic_reading_api 0.1.1 written to /workspace/builds/worker-0-tc2/source/Cargo.toml
[INFO] running `Command { std: CARGO_HOME="/workspace/cargo-home" RUSTUP_HOME="/workspace/rustup-home" "/workspace/cargo-home/bin/cargo" "+beta-2023-12-22" "generate-lockfile" "--manifest-path" "Cargo.toml", kill_on_drop: false }`
[INFO] [stderr]     Updating crates.io index
[INFO] running `Command { std: CARGO_HOME="/workspace/cargo-home" RUSTUP_HOME="/workspace/rustup-home" "/workspace/cargo-home/bin/cargo" "+beta-2023-12-22" "fetch" "--manifest-path" "Cargo.toml", kill_on_drop: false }`
[INFO] [stderr]     Blocking waiting for file lock on package cache
[INFO] running `Command { std: "docker" "create" "-v" "/var/lib/crater-agent-workspace/builds/worker-0-tc2/target:/opt/rustwide/target:rw,Z" "-v" "/var/lib/crater-agent-workspace/builds/worker-0-tc2/source:/opt/rustwide/workdir:ro,Z" "-v" "/var/lib/crater-agent-workspace/cargo-home:/opt/rustwide/cargo-home:ro,Z" "-v" "/var/lib/crater-agent-workspace/rustup-home:/opt/rustwide/rustup-home:ro,Z" "-e" "SOURCE_DIR=/opt/rustwide/workdir" "-e" "CARGO_TARGET_DIR=/opt/rustwide/target" "-e" "CARGO_HOME=/opt/rustwide/cargo-home" "-e" "RUSTUP_HOME=/opt/rustwide/rustup-home" "-w" "/opt/rustwide/workdir" "-m" "1610612736" "--user" "0:0" "--network" "none" "ghcr.io/rust-lang/crates-build-env/linux@sha256:2788e3201cd34a07e3172128adcd8b3090168a8e3bcc40d7c032b9dda1df7d1c" "/opt/rustwide/cargo-home/bin/cargo" "+beta-2023-12-22" "metadata" "--no-deps" "--format-version=1", kill_on_drop: false }`
[INFO] [stdout] 5175013f428100eedf74d54081bc21bedefcddd64e175248f289d12c8b6423d3
[INFO] running `Command { std: "docker" "start" "-a" "5175013f428100eedf74d54081bc21bedefcddd64e175248f289d12c8b6423d3", kill_on_drop: false }`
[INFO] running `Command { std: "docker" "inspect" "5175013f428100eedf74d54081bc21bedefcddd64e175248f289d12c8b6423d3", kill_on_drop: false }`
[INFO] running `Command { std: "docker" "rm" "-f" "5175013f428100eedf74d54081bc21bedefcddd64e175248f289d12c8b6423d3", kill_on_drop: false }`
[INFO] [stdout] 5175013f428100eedf74d54081bc21bedefcddd64e175248f289d12c8b6423d3
[INFO] running `Command { std: "docker" "create" "-v" "/var/lib/crater-agent-workspace/builds/worker-0-tc2/target:/opt/rustwide/target:rw,Z" "-v" "/var/lib/crater-agent-workspace/builds/worker-0-tc2/source:/opt/rustwide/workdir:ro,Z" "-v" "/var/lib/crater-agent-workspace/cargo-home:/opt/rustwide/cargo-home:ro,Z" "-v" "/var/lib/crater-agent-workspace/rustup-home:/opt/rustwide/rustup-home:ro,Z" "-e" "SOURCE_DIR=/opt/rustwide/workdir" "-e" "CARGO_TARGET_DIR=/opt/rustwide/target" "-e" "CARGO_INCREMENTAL=0" "-e" "RUST_BACKTRACE=full" "-e" "RUSTFLAGS=--cap-lints=warn" "-e" "RUSTDOCFLAGS=--cap-lints=warn" "-e" "CARGO_HOME=/opt/rustwide/cargo-home" "-e" "RUSTUP_HOME=/opt/rustwide/rustup-home" "-w" "/opt/rustwide/workdir" "-m" "1610612736" "--user" "0:0" "--network" "none" "ghcr.io/rust-lang/crates-build-env/linux@sha256:2788e3201cd34a07e3172128adcd8b3090168a8e3bcc40d7c032b9dda1df7d1c" "/opt/rustwide/cargo-home/bin/cargo" "+beta-2023-12-22" "build" "--frozen" "--message-format=json", kill_on_drop: false }`
[INFO] [stdout] 85484bbcc2630a082b6d9cddf0b416a92984fbbcbab7730a4cbd57ce3c39c1d9
[INFO] running `Command { std: "docker" "start" "-a" "85484bbcc2630a082b6d9cddf0b416a92984fbbcbab7730a4cbd57ce3c39c1d9", kill_on_drop: false }`
[INFO] [stderr]    Compiling libc v0.2.151
[INFO] [stderr]    Compiling cfg-if v1.0.0
[INFO] [stderr]    Compiling once_cell v1.19.0
[INFO] [stderr]    Compiling siphasher v0.3.11
[INFO] [stderr]    Compiling ppv-lite86 v0.2.17
[INFO] [stderr]    Compiling pin-project-lite v0.2.13
[INFO] [stderr]    Compiling vcpkg v0.2.15
[INFO] [stderr]    Compiling pkg-config v0.3.28
[INFO] [stderr]    Compiling bytes v1.5.0
[INFO] [stderr]    Compiling parking_lot_core v0.9.9
[INFO] [stderr]    Compiling lock_api v0.4.11
[INFO] [stderr]    Compiling log v0.4.20
[INFO] [stderr]    Compiling new_debug_unreachable v1.0.4
[INFO] [stderr]    Compiling scopeguard v1.2.0
[INFO] [stderr]    Compiling smallvec v1.11.2
[INFO] [stderr]    Compiling syn v2.0.48
[INFO] [stderr]    Compiling socket2 v0.5.5
[INFO] [stderr]    Compiling mio v0.8.10
[INFO] [stderr]    Compiling num_cpus v1.16.0
[INFO] [stderr]    Compiling slab v0.4.9
[INFO] [stderr]    Compiling mac v0.1.1
[INFO] [stderr]    Compiling phf_shared v0.10.0
[INFO] [stderr]    Compiling version_check v0.9.4
[INFO] [stderr]    Compiling syn v1.0.109
[INFO] [stderr]    Compiling futures-core v0.3.30
[INFO] [stderr]    Compiling itoa v1.0.10
[INFO] [stderr]    Compiling futf v0.1.5
[INFO] [stderr]    Compiling tracing-core v0.1.32
[INFO] [stderr]    Compiling utf-8 v0.7.6
[INFO] [stderr]    Compiling openssl v0.10.62
[INFO] [stderr]    Compiling tokio v1.35.1
[INFO] [stderr]    Compiling precomputed-hash v0.1.1
[INFO] [stderr]    Compiling parking_lot v0.12.1
[INFO] [stderr]    Compiling foreign-types-shared v0.1.1
[INFO] [stderr]    Compiling foreign-types v0.3.2
[INFO] [stderr]    Compiling tendril v0.4.3
[INFO] [stderr]    Compiling unicase v2.7.0
[INFO] [stderr]    Compiling http v0.2.11
[INFO] [stderr]    Compiling phf v0.10.1
[INFO] [stderr]    Compiling equivalent v1.0.1
[INFO] [stderr]    Compiling futures-io v0.3.30
[INFO] [stderr]    Compiling native-tls v0.2.11
[INFO] [stderr]    Compiling hashbrown v0.14.3
[INFO] [stderr]    Compiling httparse v1.8.0
[INFO] [stderr]    Compiling tinyvec_macros v0.1.1
[INFO] [stderr]    Compiling futures-sink v0.3.30
[INFO] [stderr]    Compiling string_cache v0.8.7
[INFO] [stderr]    Compiling futures-task v0.3.30
[INFO] [stderr]    Compiling percent-encoding v2.3.1
[INFO] [stderr]    Compiling getrandom v0.2.11
[INFO] [stderr]    Compiling cc v1.0.83
[INFO] [stderr]    Compiling tracing v0.1.40
[INFO] [stderr]    Compiling bitflags v2.4.1
[INFO] [stderr]    Compiling futures-util v0.3.30
[INFO] [stderr]    Compiling rand_core v0.6.4
[INFO] [stderr]    Compiling tinyvec v1.6.0
[INFO] [stderr]    Compiling try-lock v0.2.5
[INFO] [stderr]    Compiling openssl-probe v0.1.5
[INFO] [stderr]    Compiling want v0.3.1
[INFO] [stderr]    Compiling mime_guess v2.0.4
[INFO] [stderr]    Compiling form_urlencoded v1.2.1
[INFO] [stderr]    Compiling futures-channel v0.3.30
[INFO] [stderr]    Compiling tower-service v0.3.2
[INFO] [stderr]    Compiling httpdate v1.0.3
[INFO] [stderr]    Compiling rand_chacha v0.3.1
[INFO] [stderr]    Compiling unicode-bidi v0.3.14
[INFO] [stderr]    Compiling ryu v1.0.16
[INFO] [stderr]    Compiling thiserror v1.0.56
[INFO] [stderr]    Compiling mime v0.3.17
[INFO] [stderr]    Compiling indexmap v2.1.0
[INFO] [stderr]    Compiling serde_urlencoded v0.7.1
[INFO] [stderr]    Compiling rand v0.8.5
[INFO] [stderr]    Compiling encoding_rs v0.8.33
[INFO] [stderr]    Compiling http-body v0.4.6
[INFO] [stderr]    Compiling ipnet v2.9.0
[INFO] [stderr]    Compiling base64 v0.21.5
[INFO] [stderr]    Compiling unicode-normalization v0.1.22
[INFO] [stderr]    Compiling openssl-sys v0.9.98
[INFO] [stderr]    Compiling phf_generator v0.10.0
[INFO] [stderr]    Compiling phf_codegen v0.10.0
[INFO] [stderr]    Compiling string_cache_codegen v0.5.2
[INFO] [stderr]    Compiling idna v0.5.0
[INFO] [stderr]    Compiling markup5ever v0.11.0
[INFO] [stderr]    Compiling url v2.5.0
[INFO] [stderr]    Compiling openssl-macros v0.1.1
[INFO] [stderr]    Compiling thiserror-impl v1.0.56
[INFO] [stderr]    Compiling xml5ever v0.17.0
[INFO] [stderr]    Compiling html5ever v0.26.0
[INFO] [stderr]    Compiling tokio-util v0.7.10
[INFO] [stderr]    Compiling h2 v0.3.22
[INFO] [stderr]    Compiling tokio-native-tls v0.3.1
[INFO] [stderr]    Compiling markup5ever_rcdom v0.2.0
[INFO] [stderr]    Compiling html2md v0.2.14
[INFO] [stderr]    Compiling hyper v0.14.28
[INFO] [stderr]    Compiling hyper-tls v0.5.0
[INFO] [stderr]    Compiling reqwest v0.11.23
[INFO] [stderr]    Compiling bionic_reading_api v0.1.1 (/opt/rustwide/workdir)
[INFO] [stderr]     Finished dev [unoptimized + debuginfo] target(s) in 30.63s
[INFO] running `Command { std: "docker" "inspect" "85484bbcc2630a082b6d9cddf0b416a92984fbbcbab7730a4cbd57ce3c39c1d9", kill_on_drop: false }`
[INFO] running `Command { std: "docker" "rm" "-f" "85484bbcc2630a082b6d9cddf0b416a92984fbbcbab7730a4cbd57ce3c39c1d9", kill_on_drop: false }`
[INFO] [stdout] 85484bbcc2630a082b6d9cddf0b416a92984fbbcbab7730a4cbd57ce3c39c1d9
[INFO] running `Command { std: "docker" "create" "-v" "/var/lib/crater-agent-workspace/builds/worker-0-tc2/target:/opt/rustwide/target:rw,Z" "-v" "/var/lib/crater-agent-workspace/builds/worker-0-tc2/source:/opt/rustwide/workdir:ro,Z" "-v" "/var/lib/crater-agent-workspace/cargo-home:/opt/rustwide/cargo-home:ro,Z" "-v" "/var/lib/crater-agent-workspace/rustup-home:/opt/rustwide/rustup-home:ro,Z" "-e" "SOURCE_DIR=/opt/rustwide/workdir" "-e" "CARGO_TARGET_DIR=/opt/rustwide/target" "-e" "CARGO_INCREMENTAL=0" "-e" "RUST_BACKTRACE=full" "-e" "RUSTFLAGS=--cap-lints=warn" "-e" "RUSTDOCFLAGS=--cap-lints=warn" "-e" "CARGO_HOME=/opt/rustwide/cargo-home" "-e" "RUSTUP_HOME=/opt/rustwide/rustup-home" "-w" "/opt/rustwide/workdir" "-m" "1610612736" "--user" "0:0" "--network" "none" "ghcr.io/rust-lang/crates-build-env/linux@sha256:2788e3201cd34a07e3172128adcd8b3090168a8e3bcc40d7c032b9dda1df7d1c" "/opt/rustwide/cargo-home/bin/cargo" "+beta-2023-12-22" "test" "--frozen" "--no-run" "--message-format=json", kill_on_drop: false }`
[INFO] [stdout] d4ef36a27605e88012951229acbb98dd761c123a64185957369a8ce05e9fbbbb
[INFO] running `Command { std: "docker" "start" "-a" "d4ef36a27605e88012951229acbb98dd761c123a64185957369a8ce05e9fbbbb", kill_on_drop: false }`
[INFO] [stderr]    Compiling signal-hook-registry v1.4.1
[INFO] [stderr]    Compiling tokio-macros v2.2.0
[INFO] [stderr]    Compiling tokio v1.35.1
[INFO] [stderr]    Compiling tokio-util v0.7.10
[INFO] [stderr]    Compiling tokio-native-tls v0.3.1
[INFO] [stderr]    Compiling h2 v0.3.22
[INFO] [stderr]    Compiling hyper v0.14.28
[INFO] [stderr]    Compiling hyper-tls v0.5.0
[INFO] [stderr]    Compiling reqwest v0.11.23
[INFO] [stderr]    Compiling bionic_reading_api v0.1.1 (/opt/rustwide/workdir)
[INFO] [stderr]     Finished test [unoptimized + debuginfo] target(s) in 24.52s
[INFO] running `Command { std: "docker" "inspect" "d4ef36a27605e88012951229acbb98dd761c123a64185957369a8ce05e9fbbbb", kill_on_drop: false }`
[INFO] running `Command { std: "docker" "rm" "-f" "d4ef36a27605e88012951229acbb98dd761c123a64185957369a8ce05e9fbbbb", kill_on_drop: false }`
[INFO] [stdout] d4ef36a27605e88012951229acbb98dd761c123a64185957369a8ce05e9fbbbb
[INFO] running `Command { std: "docker" "create" "-v" "/var/lib/crater-agent-workspace/builds/worker-0-tc2/target:/opt/rustwide/target:rw,Z" "-v" "/var/lib/crater-agent-workspace/builds/worker-0-tc2/source:/opt/rustwide/workdir:ro,Z" "-v" "/var/lib/crater-agent-workspace/cargo-home:/opt/rustwide/cargo-home:ro,Z" "-v" "/var/lib/crater-agent-workspace/rustup-home:/opt/rustwide/rustup-home:ro,Z" "-e" "SOURCE_DIR=/opt/rustwide/workdir" "-e" "CARGO_TARGET_DIR=/opt/rustwide/target" "-e" "CARGO_INCREMENTAL=0" "-e" "RUST_BACKTRACE=full" "-e" "RUSTFLAGS=--cap-lints=warn" "-e" "RUSTDOCFLAGS=--cap-lints=warn" "-e" "CARGO_HOME=/opt/rustwide/cargo-home" "-e" "RUSTUP_HOME=/opt/rustwide/rustup-home" "-w" "/opt/rustwide/workdir" "-m" "1610612736" "--user" "0:0" "--network" "none" "ghcr.io/rust-lang/crates-build-env/linux@sha256:2788e3201cd34a07e3172128adcd8b3090168a8e3bcc40d7c032b9dda1df7d1c" "/opt/rustwide/cargo-home/bin/cargo" "+beta-2023-12-22" "test" "--frozen", kill_on_drop: false }`
[INFO] [stdout] f52d7491bbf819498b9d025d0ece14fdb4a0d6f78a1ae3fb645d1f1a22e49d9f
[INFO] running `Command { std: "docker" "start" "-a" "f52d7491bbf819498b9d025d0ece14fdb4a0d6f78a1ae3fb645d1f1a22e49d9f", kill_on_drop: false }`
[INFO] [stderr]     Finished test [unoptimized + debuginfo] target(s) in 0.15s
[INFO] [stderr]      Running unittests src/lib.rs (/opt/rustwide/target/debug/deps/bionic_reading_api-5890a77513d1f817)
[INFO] [stdout] 
[INFO] [stdout] running 4 tests
[INFO] [stdout] test requests::convert::tests::test_set_fixation ... ok
[INFO] [stdout] test secret::tests::test_inner ... ok
[INFO] [stdout] test secret::tests::test_redacted ... ok
[INFO] [stdout] test requests::convert::tests::test_set_saccade ... ok
[INFO] [stdout] 
[INFO] [stdout] test result: ok. 4 passed; 0 failed; 0 ignored; 0 measured; 0 filtered out; finished in 0.00s
[INFO] [stdout] 
[INFO] [stderr]    Doc-tests bionic_reading_api
[INFO] [stdout] 
[INFO] [stdout] running 8 tests
[INFO] [stdout] test src/bionic.rs - bionic::Text::markdown (line 194) ... FAILED
[INFO] [stdout] test src/bionic.rs - bionic::Text::html (line 165) ... FAILED
[INFO] [stdout] test src/client.rs - client::Client::convert (line 51) - compile ... ok
[INFO] [stdout] test src/bionic.rs - bionic (line 7) - compile ... ok
[INFO] [stdout] test src/bionic.rs - bionic::Text::markdown (line 179) - compile ... ok
[INFO] [stdout] test src/bionic.rs - bionic::Text::html (line 150) - compile ... ok
[INFO] [stdout] test src/client.rs - client (line 7) - compile ... ok
[INFO] [stdout] test src/lib.rs - (line 10) - compile ... ok
[INFO] [stdout] 
[INFO] [stdout] failures:
[INFO] [stdout] 
[INFO] [stdout] ---- src/bionic.rs - bionic::Text::markdown (line 194) stdout ----
[INFO] [stdout] error[E0451]: field `html` of struct `BionicText` is private
[INFO] [stdout]  --> src/bionic.rs:198:23
[INFO] [stdout]   |
[INFO] [stdout] 7 | let response = Text { html };
[INFO] [stdout]   |                       ^^^^ private field
[INFO] [stdout] 
[INFO] [stdout] error: aborting due to 1 previous error
[INFO] [stdout] 
[INFO] [stdout] For more information about this error, try `rustc --explain E0451`.
[INFO] [stdout] Couldn't compile the test.
[INFO] [stdout] ---- src/bionic.rs - bionic::Text::html (line 165) stdout ----
[INFO] [stdout] error[E0451]: field `html` of struct `BionicText` is private
[INFO] [stdout]  --> src/bionic.rs:169:23
[INFO] [stdout]   |
[INFO] [stdout] 7 | let response = Text { html };
[INFO] [stdout]   |                       ^^^^ private field
[INFO] [stdout] 
[INFO] [stdout] error: aborting due to 1 previous error
[INFO] [stdout] 
[INFO] [stdout] For more information about this error, try `rustc --explain E0451`.
[INFO] [stdout] Couldn't compile the test.
[INFO] [stdout] 
[INFO] [stdout] failures:
[INFO] [stdout]     src/bionic.rs - bionic::Text::html (line 165)
[INFO] [stdout]     src/bionic.rs - bionic::Text::markdown (line 194)
[INFO] [stdout] 
[INFO] [stdout] test result: FAILED. 6 passed; 2 failed; 0 ignored; 0 measured; 0 filtered out; finished in 0.31s
[INFO] [stdout] 
[INFO] [stderr] error: doctest failed, to rerun pass `--doc`
[INFO] running `Command { std: "docker" "inspect" "f52d7491bbf819498b9d025d0ece14fdb4a0d6f78a1ae3fb645d1f1a22e49d9f", kill_on_drop: false }`
[INFO] running `Command { std: "docker" "rm" "-f" "f52d7491bbf819498b9d025d0ece14fdb4a0d6f78a1ae3fb645d1f1a22e49d9f", kill_on_drop: false }`
[INFO] [stdout] f52d7491bbf819498b9d025d0ece14fdb4a0d6f78a1ae3fb645d1f1a22e49d9f
