[INFO] fetching crate bio 1.4.0...
[INFO] testing bio-1.4.0 against 1.75.0 for beta-1.76-1
[INFO] extracting crate bio 1.4.0 into /workspace/builds/worker-2-tc1/source
[INFO] validating manifest of crates.io crate bio 1.4.0 on toolchain 1.75.0
[INFO] running `Command { std: CARGO_HOME="/workspace/cargo-home" RUSTUP_HOME="/workspace/rustup-home" "/workspace/cargo-home/bin/cargo" "+1.75.0" "metadata" "--manifest-path" "Cargo.toml" "--no-deps", kill_on_drop: false }`
[INFO] started tweaking crates.io crate bio 1.4.0
[INFO] finished tweaking crates.io crate bio 1.4.0
[INFO] tweaked toml for crates.io crate bio 1.4.0 written to /workspace/builds/worker-2-tc1/source/Cargo.toml
[INFO] running `Command { std: CARGO_HOME="/workspace/cargo-home" RUSTUP_HOME="/workspace/rustup-home" "/workspace/cargo-home/bin/cargo" "+1.75.0" "generate-lockfile" "--manifest-path" "Cargo.toml", kill_on_drop: false }`
[INFO] [stderr]     Updating crates.io index
[INFO] running `Command { std: CARGO_HOME="/workspace/cargo-home" RUSTUP_HOME="/workspace/rustup-home" "/workspace/cargo-home/bin/cargo" "+1.75.0" "fetch" "--manifest-path" "Cargo.toml", kill_on_drop: false }`
[INFO] [stderr]  Downloading crates ...
[INFO] [stderr]   Downloaded enum-map-derive v0.6.0
[INFO] [stderr]   Downloaded multimap v0.8.3
[INFO] [stderr]   Downloaded enum-map v1.1.1
[INFO] [stderr]   Downloaded editdistancek v1.0.2
[INFO] [stderr]   Downloaded newtype_derive v0.1.6
[INFO] [stderr]   Downloaded getset v0.1.2
[INFO] [stderr]   Downloaded itertools-num v0.1.3
[INFO] [stderr]   Downloaded custom_derive v0.1.7
[INFO] [stderr]   Downloaded rusty-fork v0.3.0
[INFO] [stderr]   Downloaded semver v0.1.20
[INFO] [stderr]   Downloaded rustc_version v0.1.7
[INFO] [stderr]   Downloaded triple_accel v0.4.0
[INFO] [stderr]   Downloaded ndarray v0.15.6
[INFO] [stderr]   Downloaded nalgebra v0.29.0
[INFO] [stderr]   Downloaded simba v0.6.0
[INFO] [stderr]   Downloaded statrs v0.16.0
[INFO] [stderr]   Downloaded packed_simd v0.3.9
[INFO] [stderr]   Downloaded proptest v1.4.0
[INFO] [stderr]   Downloaded unarray v0.1.4
[INFO] [stderr]   Downloaded bio-types v1.0.1
[INFO] running `Command { std: "docker" "create" "-v" "/var/lib/crater-agent-workspace/builds/worker-2-tc1/target:/opt/rustwide/target:rw,Z" "-v" "/var/lib/crater-agent-workspace/builds/worker-2-tc1/source:/opt/rustwide/workdir:ro,Z" "-v" "/var/lib/crater-agent-workspace/cargo-home:/opt/rustwide/cargo-home:ro,Z" "-v" "/var/lib/crater-agent-workspace/rustup-home:/opt/rustwide/rustup-home:ro,Z" "-e" "SOURCE_DIR=/opt/rustwide/workdir" "-e" "CARGO_TARGET_DIR=/opt/rustwide/target" "-e" "CARGO_HOME=/opt/rustwide/cargo-home" "-e" "RUSTUP_HOME=/opt/rustwide/rustup-home" "-w" "/opt/rustwide/workdir" "-m" "1610612736" "--user" "0:0" "--network" "none" "ghcr.io/rust-lang/crates-build-env/linux@sha256:2788e3201cd34a07e3172128adcd8b3090168a8e3bcc40d7c032b9dda1df7d1c" "/opt/rustwide/cargo-home/bin/cargo" "+1.75.0" "metadata" "--no-deps" "--format-version=1", kill_on_drop: false }`
[INFO] [stdout] ec160c8a03f68700d2dd811b6890dd86e9358d3fbb6311a254a547401306ce40
[INFO] running `Command { std: "docker" "start" "-a" "ec160c8a03f68700d2dd811b6890dd86e9358d3fbb6311a254a547401306ce40", kill_on_drop: false }`
[INFO] running `Command { std: "docker" "inspect" "ec160c8a03f68700d2dd811b6890dd86e9358d3fbb6311a254a547401306ce40", kill_on_drop: false }`
[INFO] running `Command { std: "docker" "rm" "-f" "ec160c8a03f68700d2dd811b6890dd86e9358d3fbb6311a254a547401306ce40", kill_on_drop: false }`
[INFO] [stdout] ec160c8a03f68700d2dd811b6890dd86e9358d3fbb6311a254a547401306ce40
[INFO] running `Command { std: "docker" "create" "-v" "/var/lib/crater-agent-workspace/builds/worker-2-tc1/target:/opt/rustwide/target:rw,Z" "-v" "/var/lib/crater-agent-workspace/builds/worker-2-tc1/source:/opt/rustwide/workdir:ro,Z" "-v" "/var/lib/crater-agent-workspace/cargo-home:/opt/rustwide/cargo-home:ro,Z" "-v" "/var/lib/crater-agent-workspace/rustup-home:/opt/rustwide/rustup-home:ro,Z" "-e" "SOURCE_DIR=/opt/rustwide/workdir" "-e" "CARGO_TARGET_DIR=/opt/rustwide/target" "-e" "CARGO_INCREMENTAL=0" "-e" "RUST_BACKTRACE=full" "-e" "RUSTFLAGS=--cap-lints=warn" "-e" "RUSTDOCFLAGS=--cap-lints=warn" "-e" "CARGO_HOME=/opt/rustwide/cargo-home" "-e" "RUSTUP_HOME=/opt/rustwide/rustup-home" "-w" "/opt/rustwide/workdir" "-m" "1610612736" "--user" "0:0" "--network" "none" "ghcr.io/rust-lang/crates-build-env/linux@sha256:2788e3201cd34a07e3172128adcd8b3090168a8e3bcc40d7c032b9dda1df7d1c" "/opt/rustwide/cargo-home/bin/cargo" "+1.75.0" "build" "--frozen" "--message-format=json", kill_on_drop: false }`
[INFO] [stdout] d74150c491946bfa33d54c10139a99c3f284fc22f8e46e18d67a01e6c9f099ce
[INFO] running `Command { std: "docker" "start" "-a" "d74150c491946bfa33d54c10139a99c3f284fc22f8e46e18d67a01e6c9f099ce", kill_on_drop: false }`
[INFO] [stderr]    Compiling libm v0.2.8
[INFO] [stderr]    Compiling syn v1.0.109
[INFO] [stderr]    Compiling libc v0.2.151
[INFO] [stderr]    Compiling paste v1.0.14
[INFO] [stderr]    Compiling ppv-lite86 v0.2.17
[INFO] [stderr]    Compiling rustversion v1.0.14
[INFO] [stderr]    Compiling rawpointer v0.2.1
[INFO] [stderr]    Compiling typenum v1.17.0
[INFO] [stderr]    Compiling num-traits v0.2.17
[INFO] [stderr]    Compiling num-integer v0.1.45
[INFO] [stderr]    Compiling matrixmultiply v0.3.8
[INFO] [stderr]    Compiling proc-macro-error-attr v1.0.4
[INFO] [stderr]    Compiling safe_arch v0.7.1
[INFO] [stderr]    Compiling semver v0.1.20
[INFO] [stderr]    Compiling syn v2.0.48
[INFO] [stderr]    Compiling aho-corasick v1.1.2
[INFO] [stderr]    Compiling proc-macro-error v1.0.4
[INFO] [stderr]    Compiling rustc_version v0.1.7
[INFO] [stderr]    Compiling regex-syntax v0.8.2
[INFO] [stderr]    Compiling feature-probe v0.1.1
[INFO] [stderr]    Compiling newtype_derive v0.1.6
[INFO] [stderr]    Compiling heck v0.4.1
[INFO] [stderr]    Compiling wide v0.7.13
[INFO] [stderr]    Compiling bv v0.11.1
[INFO] [stderr]    Compiling hashbrown v0.14.3
[INFO] [stderr]    Compiling anyhow v1.0.79
[INFO] [stderr]    Compiling csv-core v0.1.11
[INFO] [stderr]    Compiling ryu v1.0.16
[INFO] [stderr]    Compiling itoa v1.0.10
[INFO] [stderr]    Compiling fixedbitset v0.4.2
[INFO] [stderr]    Compiling byteorder v1.5.0
[INFO] [stderr]    Compiling indexmap v2.1.0
[INFO] [stderr]    Compiling either v1.9.0
[INFO] [stderr]    Compiling strum v0.25.0
[INFO] [stderr]    Compiling fxhash v0.2.1
[INFO] [stderr]    Compiling itertools v0.11.0
[INFO] [stderr]    Compiling custom_derive v0.1.7
[INFO] [stderr]    Compiling bytecount v0.6.7
[INFO] [stderr]    Compiling editdistancek v1.0.2
[INFO] [stderr]    Compiling triple_accel v0.4.0
[INFO] [stderr]    Compiling getrandom v0.2.11
[INFO] [stderr]    Compiling rand_core v0.6.4
[INFO] [stderr]    Compiling num-complex v0.4.4
[INFO] [stderr]    Compiling approx v0.5.1
[INFO] [stderr]    Compiling ordered-float v3.9.2
[INFO] [stderr]    Compiling itertools-num v0.1.3
[INFO] [stderr]    Compiling rand_chacha v0.3.1
[INFO] [stderr]    Compiling simba v0.6.0
[INFO] [stderr]    Compiling petgraph v0.6.4
[INFO] [stderr]    Compiling num-rational v0.4.1
[INFO] [stderr]    Compiling ndarray v0.15.6
[INFO] [stderr]    Compiling rand v0.8.5
[INFO] [stderr]    Compiling regex-automata v0.4.3
[INFO] [stderr]    Compiling rand_distr v0.4.3
[INFO] [stderr]    Compiling serde_derive v1.0.194
[INFO] [stderr]    Compiling thiserror-impl v1.0.56
[INFO] [stderr]    Compiling strum_macros v0.25.3
[INFO] [stderr]    Compiling nalgebra-macros v0.1.0
[INFO] [stderr]    Compiling enum-map-derive v0.6.0
[INFO] [stderr]    Compiling derive-new v0.5.9
[INFO] [stderr]    Compiling getset v0.1.2
[INFO] [stderr]    Compiling enum-map v1.1.1
[INFO] [stderr]    Compiling thiserror v1.0.56
[INFO] [stderr]    Compiling regex v1.10.2
[INFO] [stderr]    Compiling bio-types v1.0.1
[INFO] [stderr]    Compiling serde v1.0.194
[INFO] [stderr]    Compiling nalgebra v0.29.0
[INFO] [stderr]    Compiling multimap v0.8.3
[INFO] [stderr]    Compiling vec_map v0.8.2
[INFO] [stderr]    Compiling csv v1.3.0
[INFO] [stderr]    Compiling statrs v0.16.0
[INFO] [stderr]    Compiling bio v1.4.0 (/opt/rustwide/workdir)
[INFO] [stdout] warning: unused import: `XYEmission`
[INFO] [stdout]   --> src/stats/pairhmm/pairhmm.rs:20:63
[INFO] [stdout]    |
[INFO] [stdout] 20 |     EmissionParameters, GapParameters, StartEndGapParameters, XYEmission,
[INFO] [stdout]    |                                                               ^^^^^^^^^^
[INFO] [stdout]    |
[INFO] [stdout]    = note: `#[warn(unused_imports)]` on by default
[INFO] [stdout] 
[INFO] [stdout] 
[INFO] [stdout] warning: 1 warning emitted
[INFO] [stdout] 
[INFO] [stdout] 
[INFO] [stderr]     Finished dev [unoptimized + debuginfo] target(s) in 24.30s
[INFO] running `Command { std: "docker" "inspect" "d74150c491946bfa33d54c10139a99c3f284fc22f8e46e18d67a01e6c9f099ce", kill_on_drop: false }`
[INFO] running `Command { std: "docker" "rm" "-f" "d74150c491946bfa33d54c10139a99c3f284fc22f8e46e18d67a01e6c9f099ce", kill_on_drop: false }`
[INFO] [stdout] d74150c491946bfa33d54c10139a99c3f284fc22f8e46e18d67a01e6c9f099ce
[INFO] running `Command { std: "docker" "create" "-v" "/var/lib/crater-agent-workspace/builds/worker-2-tc1/target:/opt/rustwide/target:rw,Z" "-v" "/var/lib/crater-agent-workspace/builds/worker-2-tc1/source:/opt/rustwide/workdir:ro,Z" "-v" "/var/lib/crater-agent-workspace/cargo-home:/opt/rustwide/cargo-home:ro,Z" "-v" "/var/lib/crater-agent-workspace/rustup-home:/opt/rustwide/rustup-home:ro,Z" "-e" "SOURCE_DIR=/opt/rustwide/workdir" "-e" "CARGO_TARGET_DIR=/opt/rustwide/target" "-e" "CARGO_INCREMENTAL=0" "-e" "RUST_BACKTRACE=full" "-e" "RUSTFLAGS=--cap-lints=warn" "-e" "RUSTDOCFLAGS=--cap-lints=warn" "-e" "CARGO_HOME=/opt/rustwide/cargo-home" "-e" "RUSTUP_HOME=/opt/rustwide/rustup-home" "-w" "/opt/rustwide/workdir" "-m" "1610612736" "--user" "0:0" "--network" "none" "ghcr.io/rust-lang/crates-build-env/linux@sha256:2788e3201cd34a07e3172128adcd8b3090168a8e3bcc40d7c032b9dda1df7d1c" "/opt/rustwide/cargo-home/bin/cargo" "+1.75.0" "test" "--frozen" "--no-run" "--message-format=json", kill_on_drop: false }`
[INFO] [stdout] 8644f29a3b16ffd5e16c97d795349f04ddb907ceed41cadec4e8f3845862a111
[INFO] running `Command { std: "docker" "start" "-a" "8644f29a3b16ffd5e16c97d795349f04ddb907ceed41cadec4e8f3845862a111", kill_on_drop: false }`
[INFO] [stderr]    Compiling rustix v0.38.28
[INFO] [stderr]    Compiling bitflags v2.4.1
[INFO] [stderr]    Compiling linux-raw-sys v0.4.12
[INFO] [stderr]    Compiling wait-timeout v0.2.0
[INFO] [stderr]    Compiling quick-error v1.2.3
[INFO] [stderr]    Compiling rand_xorshift v0.3.0
[INFO] [stderr]    Compiling unarray v0.1.4
[INFO] [stdout] warning: unused import: `XYEmission`
[INFO] [stdout]   --> src/stats/pairhmm/pairhmm.rs:20:63
[INFO] [stdout]    |
[INFO] [stdout] 20 |     EmissionParameters, GapParameters, StartEndGapParameters, XYEmission,
[INFO] [stdout]    |                                                               ^^^^^^^^^^
[INFO] [stdout]    |
[INFO] [stdout]    = note: `#[warn(unused_imports)]` on by default
[INFO] [stdout] 
[INFO] [stdout] 
[INFO] [stdout] warning: 1 warning emitted
[INFO] [stdout] 
[INFO] [stdout] 
[INFO] [stderr]    Compiling tempfile v3.9.0
[INFO] [stderr]    Compiling rusty-fork v0.3.0
[INFO] [stderr]    Compiling proptest v1.4.0
[INFO] [stderr]    Compiling bio v1.4.0 (/opt/rustwide/workdir)
[INFO] [stderr]     Finished test [unoptimized + debuginfo] target(s) in 23.78s
[INFO] running `Command { std: "docker" "inspect" "8644f29a3b16ffd5e16c97d795349f04ddb907ceed41cadec4e8f3845862a111", kill_on_drop: false }`
[INFO] running `Command { std: "docker" "rm" "-f" "8644f29a3b16ffd5e16c97d795349f04ddb907ceed41cadec4e8f3845862a111", kill_on_drop: false }`
[INFO] [stdout] 8644f29a3b16ffd5e16c97d795349f04ddb907ceed41cadec4e8f3845862a111
[INFO] running `Command { std: "docker" "create" "-v" "/var/lib/crater-agent-workspace/builds/worker-2-tc1/target:/opt/rustwide/target:rw,Z" "-v" "/var/lib/crater-agent-workspace/builds/worker-2-tc1/source:/opt/rustwide/workdir:ro,Z" "-v" "/var/lib/crater-agent-workspace/cargo-home:/opt/rustwide/cargo-home:ro,Z" "-v" "/var/lib/crater-agent-workspace/rustup-home:/opt/rustwide/rustup-home:ro,Z" "-e" "SOURCE_DIR=/opt/rustwide/workdir" "-e" "CARGO_TARGET_DIR=/opt/rustwide/target" "-e" "CARGO_INCREMENTAL=0" "-e" "RUST_BACKTRACE=full" "-e" "RUSTFLAGS=--cap-lints=warn" "-e" "RUSTDOCFLAGS=--cap-lints=warn" "-e" "CARGO_HOME=/opt/rustwide/cargo-home" "-e" "RUSTUP_HOME=/opt/rustwide/rustup-home" "-w" "/opt/rustwide/workdir" "-m" "1610612736" "--user" "0:0" "--network" "none" "ghcr.io/rust-lang/crates-build-env/linux@sha256:2788e3201cd34a07e3172128adcd8b3090168a8e3bcc40d7c032b9dda1df7d1c" "/opt/rustwide/cargo-home/bin/cargo" "+1.75.0" "test" "--frozen", kill_on_drop: false }`
[INFO] [stdout] 3445b760c45dceafbf0db1ed7d51218f292f1fcc0c2159b331fe0a8d344cd06a
[INFO] running `Command { std: "docker" "start" "-a" "3445b760c45dceafbf0db1ed7d51218f292f1fcc0c2159b331fe0a8d344cd06a", kill_on_drop: false }`
[INFO] [stderr] warning: unused import: `XYEmission`
[INFO] [stderr]   --> src/stats/pairhmm/pairhmm.rs:20:63
[INFO] [stderr]    |
[INFO] [stderr] 20 |     EmissionParameters, GapParameters, StartEndGapParameters, XYEmission,
[INFO] [stderr]    |                                                               ^^^^^^^^^^
[INFO] [stderr]    |
[INFO] [stderr]    = note: `#[warn(unused_imports)]` on by default
[INFO] [stderr] 
[INFO] [stderr] warning: `bio` (lib) generated 1 warning (run `cargo fix --lib -p bio` to apply 1 suggestion)
[INFO] [stderr]     Finished test [unoptimized + debuginfo] target(s) in 0.16s
[INFO] [stderr]      Running unittests src/lib.rs (/opt/rustwide/target/debug/deps/bio-31627b1f6b7cd936)
[INFO] [stdout] 
[INFO] [stdout] running 402 tests
[INFO] [stdout] test alignment::distance::tests::test_levenshtein_dist ... ok
[INFO] [stdout] test alignment::distance::tests::test_simd_bounded_levenshtein_dist ... ok
[INFO] [stdout] test alignment::pairwise::banded::banded::test_aligner_new ... ok
[INFO] [stdout] test alignment::distance::tests::test_hamming_dist_good ... ok
[INFO] [stdout] test alignment::distance::tests::test_simd_levenshtein_dist ... ok
[INFO] [stdout] test alignment::pairwise::banded::banded::test_band_add_kmer ... ok
[INFO] [stdout] test alignment::distance::tests::test_simd_hamming_dist_good ... ok
[INFO] [stdout] test alignment::pairwise::banded::banded::test_band_add_entry ... ok
[INFO] [stdout] test alignment::pairwise::banded::banded::test_band_starts_inside ... ok
[INFO] [stdout] test alignment::pairwise::banded::banded::test_deletions_ouside_band ... ok
[INFO] [stdout] test alignment::pairwise::banded::banded::test_insert_in_between_semiglobal ... ok
[INFO] [stdout] test alignment::pairwise::banded::banded::test_global_right_del ... ok
[INFO] [stdout] test alignment::pairwise::banded::banded::test_issue12_1 ... ok
[INFO] [stdout] test alignment::pairwise::banded::banded::test_global_affine_ins2 ... ok
[INFO] [stdout] test alignment::pairwise::banded::banded::test_global ... ok
[INFO] [stdout] test alignment::pairwise::banded::banded::test_issue12_2 ... ok
[INFO] [stdout] test alignment::pairwise::banded::banded::test_insertion_ouside_band ... ok
[INFO] [stdout] test alignment::pairwise::banded::banded::test_blosum62 ... ok
[INFO] [stdout] test alignment::pairwise::banded::banded::test_left_aligned_ins ... ok
[INFO] [stdout] test alignment::pairwise::banded::banded::test_issue11 ... ok
[INFO] [stdout] test alignment::pairwise::banded::banded::test_global_affine_ins ... ok
[INFO] [stdout] test alignment::pairwise::banded::banded::test_insert_only_semiglobal ... ok
[INFO] [stdout] test alignment::pairwise::banded::banded::test_insertion_after_clip ... ok
[INFO] [stdout] test alignment::pairwise::banded::banded::test_issue12_3 ... ok
[INFO] [stdout] test alignment::pairwise::banded::banded::test_left_aligned_del ... ok
[INFO] [stdout] test alignment::pairwise::banded::banded::test_local_affine_ins2 ... ok
[INFO] [stdout] test alignment::pairwise::banded::banded::test_insertion ... ok
[INFO] [stdout] test alignment::pairwise::banded::banded::test_local ... ok
[INFO] [stdout] test alignment::pairwise::banded::banded::test_band_ends_inside ... ok
[INFO] [stdout] test alignment::pairwise::banded::banded::test_overhangs4 ... ok
[INFO] [stdout] test alignment::pairwise::banded::banded::test_semiglobal ... ok
[INFO] [stdout] test alignment::pairwise::banded::banded::test_overhangs3 ... ok
[INFO] [stdout] test alignment::pairwise::banded::banded::test_only_clips ... ok
[INFO] [stdout] test alignment::pairwise::banded::banded::test_deletion ... ok
[INFO] [stdout] test alignment::pairwise::banded::banded::test_overhangs1 ... ok
[INFO] [stdout] test alignment::pairwise::banded::banded::test_overhangs2 ... ok
[INFO] [stdout] test alignment::pairwise::banded::banded::test_local_empty ... ok
[INFO] [stdout] test alignment::pairwise::banded::banded::test_band_is_fully_inside ... ok
[INFO] [stdout] test alignment::pairwise::banded::banded::test_longer_string_all_operations ... ok
[INFO] [stdout] test alignment::pairwise::banded::banded::test_semiglobal_gap_open_lt_mismatch ... ok
[INFO] [stdout] test alignment::pairwise::banded::banded::test_yclip_prefix_only ... ok
[INFO] [stdout] test alignment::pairwise::banded::banded::test_semiglobal_simple ... ok
[INFO] [stdout] test alignment::pairwise::banded::banded::test_traceback_outside_band ... ok
[INFO] [stdout] test alignment::pairwise::banded::banded::test_xclip_prefix_custom ... ok
[INFO] [stdout] test alignment::pairwise::banded::banded::test_xclip_suffix_custom ... ok
[INFO] [stdout] test alignment::pairwise::banded::banded::test_yclip_prefix_custom ... ok
[INFO] [stdout] test alignment::pairwise::banded::banded::test_overhangs5 ... ok
[INFO] [stdout] test alignment::pairwise::banded::banded::test_same ... ok
[INFO] [stdout] test alignment::pairwise::banded::banded::test_substitutions ... ok
[INFO] [stdout] test alignment::pairwise::banded::banded::test_yclip_suffix_custom ... ok
[INFO] [stdout] test alignment::pairwise::tests::test_blosum62 ... ok
[INFO] [stdout] test alignment::pairwise::tests::test_global_right_del ... ok
[INFO] [stdout] test alignment::pairwise::tests::test_global ... ok
[INFO] [stdout] test alignment::pairwise::tests::test_global_affine_ins ... ok
[INFO] [stdout] test alignment::pairwise::tests::test_global_affine_ins2 ... ok
[INFO] [stdout] test alignment::pairwise::tests::test_blosum62_local ... ok
[INFO] [stdout] test alignment::pairwise::tests::test_issue12_1 ... ok
[INFO] [stdout] test alignment::pairwise::banded::banded::test_yclip_suffix_only ... ok
[INFO] [stdout] test alignment::pairwise::tests::test_issue11 ... ok
[INFO] [stdout] test alignment::pairwise::banded::banded::test_big ... ok
[INFO] [stdout] test alignment::pairwise::tests::test_issue12_2 ... ok
[INFO] [stdout] test alignment::pairwise::tests::test_left_aligned_del ... ok
[INFO] [stdout] test alignment::pairwise::tests::test_aligner_new ... ok
[INFO] [stdout] test alignment::pairwise::banded::banded::test_zero_score_clips ... ok
[INFO] [stdout] test alignment::pairwise::tests::test_insert_only_semiglobal ... ok
[INFO] [stdout] test alignment::pairwise::tests::test_issue12_3 ... ok
[INFO] [stdout] test alignment::pairwise::tests::test_xclip_suffix_custom ... ok
[INFO] [stdout] test alignment::pairwise::tests::test_yclip_prefix_custom ... ok
[INFO] [stdout] test alignment::pairwise::tests::test_xclip_prefix_suffix ... ok
[INFO] [stdout] test alignment::pairwise::tests::test_yclip_prefix_suffix ... ok
[INFO] [stdout] test alignment::pairwise::tests::test_zero_score_clips ... ok
[INFO] [stdout] test alignment::pairwise::tests::traceback_cell ... ok
[INFO] [stdout] test alignment::poa::tests::test_alignment ... ok
[INFO] [stdout] test alignment::poa::tests::test_alt_branched_alignment ... ok
[INFO] [stdout] test alignment::poa::tests::test_branched_alignment ... ok
[INFO] [stdout] test alignment::poa::tests::test_consensus ... ok
[INFO] [stdout] test alignment::poa::tests::test_edge_cases ... ok
[INFO] [stdout] test alignment::poa::tests::test_init_graph ... ok
[INFO] [stdout] test alignment::pairwise::tests::test_semiglobal_simple ... ok
[INFO] [stdout] test alignment::pairwise::tests::test_semiglobal_gap_open_lt_mismatch ... ok
[INFO] [stdout] test alignment::pairwise::tests::test_scoring_from_scores ... ok
[INFO] [stdout] test alignment::pairwise::tests::test_left_aligned_ins ... ok
[INFO] [stdout] test alignment::pairwise::tests::test_only_clips ... ok
[INFO] [stdout] test alignment::poa::tests::test_insertion_on_branch ... ok
[INFO] [stdout] test alignment::pairwise::tests::test_local_affine_ins2 ... ok
[INFO] [stdout] test alignment::pairwise::tests::test_yclip_suffix_custom ... ok
[INFO] [stdout] test alignment::pairwise::tests::test_semiglobal ... ok
[INFO] [stdout] test alignment::poa::tests::test_poa_method_chaining ... ok
[INFO] [stdout] test alignment::pairwise::tests::test_local ... ok
[INFO] [stdout] test alignment::pairwise::tests::test_xclip_prefix_custom ... ok
[INFO] [stdout] test alignment::sparse::sparse_alignment::test_expanded_matches ... ok
[INFO] [stdout] test alignment::pairwise::tests::test_insert_in_between_semiglobal ... ok
[INFO] [stdout] test alignment::pairwise::tests::test_longer_string_all_operations ... ok
[INFO] [stdout] test alignment::sparse::sparse_alignment::test_sdpkpp_same ... ok
[INFO] [stdout] test alignment::sparse::sparse_alignment::test_sdp2 ... ok
[INFO] [stdout] test alignment::sparse::sparse_alignment::test_sdp1 ... ok
[INFO] [stdout] test alignment::sparse::sparse_alignment::test_sdp ... ok
[INFO] [stdout] test alignment::sparse::sparse_alignment::test_lcskpp_same ... ok
[INFO] [stdout] test alignment::sparse::sparse_alignment::test_lcskpp1 ... ok
[INFO] [stdout] test alignment::sparse::sparse_alignment::test_lcskpp0 ... ok
[INFO] [stdout] test alignment::sparse::sparse_alignment::test_lcskpp_tandem_repeat ... ok
[INFO] [stdout] test alphabets::dna::tests::is_no_word ... ok
[INFO] [stdout] test alignment::sparse::sparse_alignment::test_find_kmer_matches ... ok
[INFO] [stdout] test alignment::sparse::sparse_alignment::test_lcskpp2 ... ok
[INFO] [stdout] test alphabets::protein::tests::symbol_is_no_word ... ok
[INFO] [stdout] test alignment::sparse::sparse_alignment::test_sdpkpp_tandem_repeat ... ok
[INFO] [stdout] test alphabets::rna::tests::number_is_no_word ... ok
[INFO] [stdout] test alphabets::protein::tests::is_no_word ... ok
[INFO] [stdout] test alphabets::dna::tests::symbol_is_no_word ... ok
[INFO] [stdout] test alphabets::rna::tests::symbol_is_no_word ... ok
[INFO] [stdout] test alphabets::dna::tests::number_is_no_word ... ok
[INFO] [stdout] test alphabets::protein::tests::is_word ... ok
[INFO] [stdout] test alphabets::protein::tests::number_is_no_word ... ok
[INFO] [stdout] test alphabets::protein::tests::iupac_contains_iupac_chars ... ok
[INFO] [stdout] test alphabets::rna::tests::test_reverse_complement ... ok
[INFO] [stdout] test alphabets::rna::tests::is_word ... ok
[INFO] [stdout] test alphabets::rna::tests::is_no_word ... ok
[INFO] [stdout] test alphabets::tests::test_alphabet_eq ... ok
[INFO] [stdout] test data_structures::annot_map::tests::lookup ... ok
[INFO] [stdout] test alphabets::dna::tests::is_word ... ok
[INFO] [stdout] test data_structures::bitenc::tests::test_bitenc ... ok
[INFO] [stdout] test data_structures::annot_map::tests::overlaps ... ok
[INFO] [stdout] test data_structures::bitenc::tests::test_push_values ... ok
[INFO] [stdout] test data_structures::bit_tree::test_bit_tree::test_bit_tree ... ok
[INFO] [stdout] test data_structures::bitenc::tests::test_push_values_edge_cases ... ok
[INFO] [stdout] test data_structures::bwt::tests::test_occ ... ok
[INFO] [stdout] test data_structures::fmindex::tests::test_fmindex_backward_search_partial_match ... ok
[INFO] [stdout] test data_structures::fmindex::tests::test_init_interval ... ok
[INFO] [stdout] test data_structures::bwt::tests::test_invert_bwt ... ok
[INFO] [stdout] test data_structures::fmindex::tests::test_fmindex_not_found ... ok
[INFO] [stdout] test data_structures::fmindex::tests::test_fmindex_backward_search_optimization ... ok
[INFO] [stdout] test data_structures::fmindex::tests::test_fmindex ... ok
[INFO] [stdout] test alignment::distance::tests::test_simd_hamming_dist_bad - should panic ... ok
[INFO] [stdout] test data_structures::bwt::tests::test_bwtfind ... ok
[INFO] [stdout] test data_structures::fmindex::tests::test_all_smems ... ok
[INFO] [stdout] test data_structures::bwt::tests::test_occwm ... ok
[INFO] [stdout] test alignment::distance::tests::test_hamming_dist_bad - should panic ... ok
[INFO] [stdout] test alphabets::tests::test_qgram_shiftleft_overflow ... ok
[INFO] [stdout] test data_structures::interval_tree::array_backed_interval_tree::tests::test_disjoint_two_element_search ... ok
[INFO] [stdout] test data_structures::fmindex::tests::test_smems ... ok
[INFO] [stdout] test data_structures::interval_tree::avl_interval_tree::tests::from_iterator ... ok
[INFO] [stdout] test data_structures::qgram_index::tests::test_exact_matches ... ok
[INFO] [stdout] test data_structures::interval_tree::array_backed_interval_tree::tests::test_example ... ok
[INFO] [stdout] test data_structures::qgram_index::tests::test_matches ... ok
[INFO] [stdout] test data_structures::qgram_index::tests::test_qgram_matches ... ok
[INFO] [stdout] test data_structures::qgram_index::tests::test_qgram_sizeof_pos ... ok
[INFO] [stdout] test data_structures::interval_tree::avl_interval_tree::tests::test_insertion_and_intersection ... ok
[INFO] [stdout] test data_structures::qgram_index::tests::test_exact_matches_self ... ok
[INFO] [stdout] test data_structures::qgram_index::tests::test_iterator ... ok
[INFO] [stdout] test data_structures::interval_tree::avl_interval_tree::tests::zero_width_ranges ... ok
[INFO] [stdout] test data_structures::fmindex::tests::test_issue39 ... ok
[INFO] [stdout] test data_structures::interval_tree::avl_interval_tree::tests::iter_mut ... ok
[INFO] [stdout] test data_structures::rank_select::tests::test_rank_select2 ... ok
[INFO] [stdout] test data_structures::rank_select::tests::test_single_select ... ok
[INFO] [stdout] test data_structures::rank_select::tests::test_rank_select ... ok
[INFO] [stdout] test data_structures::qgram_index::tests::test_qgram_with_max_count ... ok
[INFO] [stdout] test data_structures::rank_select::tests::test_select ... ok
[INFO] [stdout] test data_structures::rank_select::tests::test_select_start ... ok
[INFO] [stdout] test data_structures::rank_select::tests::test_select_end ... ok
[INFO] [stdout] test data_structures::suffix_array::tests::test_buckets ... ok
[INFO] [stdout] test data_structures::bitenc::tests::test_issue29 ... ok
[INFO] [stdout] test data_structures::rank_select::tests::test_rank_k ... ok
[INFO] [stdout] test data_structures::qgram_index::tests::test_qgram_with_max_count_index_0 ... ok
[INFO] [stdout] test data_structures::suffix_array::tests::test_pos ... ok
[INFO] [stdout] test data_structures::suffix_array::tests::test_pos_types ... ok
[INFO] [stdout] test data_structures::suffix_array::tests::test_lms_pos ... ok
[INFO] [stdout] test data_structures::suffix_array::tests::test_handles_sentinels_properly ... ok
[INFO] [stdout] test data_structures::wavelet_matrix::tests::test_wm_buildpaper ... ok
[INFO] [stdout] test data_structures::suffix_array::tests::test_issue10_1 ... ok
[INFO] [stdout] test data_structures::wavelet_matrix::tests::test_wm_rank_1 ... ok
[INFO] [stdout] test data_structures::wavelet_matrix::tests::test_wm_rank_2 ... ok
[INFO] [stdout] test data_structures::wavelet_matrix::tests::test_wm_builddna ... ok
[INFO] [stdout] test data_structures::wavelet_matrix::tests::test_wm_rank_alldna ... ok
[INFO] [stdout] test data_structures::wavelet_matrix::tests::test_wm_rank_all ... ok
[INFO] [stdout] test io::bed::tests::spliced_to_bed ... ok
[INFO] [stdout] test data_structures::wavelet_matrix::tests::test_wm_rank_firstpos ... ok
[INFO] [stdout] test data_structures::suffix_array::tests::test_issue10_2 ... ok
[INFO] [stdout] test io::bed::tests::test_bed_from_contig ... ok
[INFO] [stdout] test io::bed::tests::test_reader_with_comment ... ok
[INFO] [stdout] test io::bed::tests::test_writer ... ok
[INFO] [stdout] test io::bed::tests::test_reader_compact ... ok
[INFO] [stdout] test io::bed::tests::test_reader ... ok
[INFO] [stdout] test data_structures::wavelet_matrix::tests::test_wm_rank_lastpos ... ok
[INFO] [stdout] test io::bed::tests::test_bed_from_pos ... ok
[INFO] [stdout] test io::fasta::tests::test_index_record_idx_by_rid_invalid_index_returns_error ... ok
[INFO] [stdout] test io::fasta::tests::test_indexed_reader_all ... ok
[INFO] [stdout] test io::fasta::tests::test_index_record_fetch_by_rid_second_index_returns_second_record ... ok
[INFO] [stdout] test io::fasta::tests::test_indexed_reader ... ok
[INFO] [stdout] test io::fasta::tests::test_faread_trait ... ok
[INFO] [stdout] test io::fasta::tests::test_indexed_reader_bad_reader ... ok
[INFO] [stdout] test io::fasta::tests::test_index_sequences ... ok
[INFO] [stdout] test io::fasta::tests::test_display_record_no_desc_id_without_space_after ... ok
[INFO] [stdout] test io::fasta::tests::test_display_record_with_desc_id_has_space_between_id_and_desc ... ok
[INFO] [stdout] test data_structures::interval_tree::avl_interval_tree::tests::test_insertion_and_intersection_2 ... ok
[INFO] [stdout] test io::fasta::tests::test_indexed_reader_crlf_by_rid_all ... ok
[INFO] [stdout] test io::fasta::tests::test_indexed_reader_crlf ... ok
[INFO] [stdout] test io::fasta::tests::test_indexed_reader_iter ... ok
[INFO] [stdout] test io::fasta::tests::test_indexed_reader_by_rid_all ... ok
[INFO] [stdout] test io::fasta::tests::test_indexed_reader_iter_crlf ... ok
[INFO] [stdout] test io::fasta::tests::test_indexed_reader_crlf_all ... ok
[INFO] [stdout] test io::fasta::tests::test_indexed_reader_iter_all ... ok
[INFO] [stdout] test io::fasta::tests::test_indexed_reader_iter_by_rid_all ... ok
[INFO] [stdout] test io::fasta::tests::test_indexed_reader_iter_crlf_all ... ok
[INFO] [stdout] test io::fasta::tests::test_indexed_reader_iter_seek_fails ... ok
[INFO] [stdout] test io::fasta::tests::test_indexed_reader_iter_crlf_by_rid_all ... ok
[INFO] [stdout] test io::fasta::tests::test_indexed_reader_iter_size_hint ... ok
[INFO] [stdout] test io::fasta::tests::test_indexed_reader_no_fetch_read_fails ... ok
[INFO] [stdout] test io::fasta::tests::test_indexed_reader_no_trailing_lf ... ok
[INFO] [stdout] test io::fasta::tests::test_reader ... ok
[INFO] [stdout] test io::fasta::tests::test_indexed_reader_reused_buffer ... ok
[INFO] [stdout] test io::fasta::tests::test_indexed_reader_read_seek_fails ... ok
[INFO] [stdout] test io::fasta::tests::test_indexed_reader_iter_read_fails ... ok
[INFO] [stdout] test data_structures::wavelet_matrix::tests::test_wm_rank_overflowpanic - should panic ... ok
[INFO] [stdout] test io::bed::tests::test_reader_from_file_path_doesnt_exist_returns_err ... ok
[INFO] [stdout] test io::fasta::tests::test_reader_from_file_path_doesnt_exist_returns_err ... ok
[INFO] [stdout] test io::fasta::tests::test_reader_no_id ... ok
[INFO] [stdout] test io::fasta::tests::test_reader_read_fails_iter ... ok
[INFO] [stdout] test io::fasta::tests::test_record_with_attrs_without_description ... ok
[INFO] [stdout] test io::fasta::tests::test_indexed_reader_no_fetch_read_iter_fails ... ok
[INFO] [stdout] test io::fasta::tests::test_record_with_attrs_with_description ... ok
[INFO] [stdout] test io::fasta::tests::test_reader_wrong_header ... ok
[INFO] [stdout] test io::fasta::tests::test_writer ... ok
[INFO] [stdout] test io::fastq::tests::test_check_record_quality_and_seq_diff_len_raises_err ... ok
[INFO] [stdout] test io::fastq::tests::test_check_record_id_is_empty_raises_err ... ok
[INFO] [stdout] test io::fastq::tests::test_check_record_seq_is_not_ascii_raises_err ... ok
[INFO] [stdout] test io::fasta::tests::test_reader_non_ascii_sequence ... ok
[INFO] [stdout] test io::fastq::tests::test_check_record_quality_is_not_ascii_raises_err ... ok
[INFO] [stdout] test io::fasta::tests::test_writer_to_file_dir_exists_returns_ok ... ok
[INFO] [stdout] test io::fasta::tests::test_indexed_reader_read_read_fails ... ok
[INFO] [stdout] test io::fasta::tests::test_reader_read_fails ... ok
[INFO] [stdout] test io::fasta::tests::test_write_record ... FAILED
[INFO] [stdout] test io::fasta::tests::test_writer_to_file_dir_doesnt_exist_returns_err ... ok
[INFO] [stdout] test io::fastq::tests::test_display_record_no_desc_id_without_space_after ... ok
[INFO] [stdout] test io::fastq::tests::test_check_valid_record ... ok
[INFO] [stdout] test io::fastq::tests::test_read_quality_is_empty_raises_err ... ok
[INFO] [stdout] test io::fastq::tests::test_read_header_does_not_start_with_correct_char_raises_err ... ok
[INFO] [stdout] test io::fastq::tests::test_fqread_trait ... ok
[INFO] [stdout] test io::fastq::tests::test_read_with_missing_plus ... ok
[INFO] [stdout] test io::fastq::tests::test_reader ... ok
[INFO] [stdout] test io::fastq::tests::test_display_record_with_desc_id_has_space_between_id_and_desc ... ok
[INFO] [stdout] test io::fastq::tests::test_record_with_attrs ... ok
[INFO] [stdout] test io::fastq::tests::test_sequence_read_for_record_trait_method_len ... ok
[INFO] [stdout] test io::fastq::tests::test_read_wrapped_record_with_inconsistent_wrapping_errors ... ok
[INFO] [stdout] test io::fastq::tests::test_sequence_read_for_record_trait_method_base_idx_in_range ... ok
[INFO] [stdout] test io::fastq::tests::test_reader_from_file_path_exists_returns_ok ... ok
[INFO] [stdout] test io::fastq::tests::test_sequence_read_for_record_trait_method_name ... ok
[INFO] [stdout] test io::fastq::tests::test_sequence_read_for_record_trait_method_base_qual_idx_in_range ... ok
[INFO] [stdout] test io::fastq::tests::test_writer_to_file_dir_doesnt_exist_returns_err ... ok
[INFO] [stdout] test io::fastq::tests::test_record_iterator_next_read_returns_err_causes_next_to_return_some_err ... ok
[INFO] [stdout] test io::fastq::tests::test_writer ... ok
[INFO] [stdout] test io::fastq::tests::test_read_sequence_and_quality_are_wrapped_is_handled_with_one_sequence ... ok
[INFO] [stdout] test io::fastq::tests::test_writer_to_file_dir_exists_returns_ok ... ok
[INFO] [stdout] test io::fastq::tests::test_read_sequence_and_quality_are_wrapped_is_handled_with_three_sequences ... ok
[INFO] [stdout] test io::gff::tests::test_reader_gtf2_dup_attr_keys ... ok
[INFO] [stdout] test io::gff::tests::test_unknown_gff_type ... ok
[INFO] [stdout] test io::gff::tests::test_convert_gtf2_to_gff3 ... ok
[INFO] [stdout] test io::gff::tests::test_writer_gff3 ... ok
[INFO] [stdout] test pattern_matching::bndm::tests::test_find_all ... ok
[INFO] [stdout] test pattern_matching::bndm::tests::test_find_all_at_start ... ok
[INFO] [stdout] test pattern_matching::bom::tests::test_delta ... ok
[INFO] [stdout] test pattern_matching::bom::tests::test_find_all ... ok
[INFO] [stdout] test pattern_matching::bom::tests::test_find_all_at_start ... ok
[INFO] [stdout] test io::gff::tests::test_reader_gtf2 ... ok
[INFO] [stdout] test pattern_matching::horspool::tests::test_find_all ... ok
[INFO] [stdout] test pattern_matching::horspool::tests::test_find_all_at_start ... ok
[INFO] [stdout] test io::gff::tests::test_reader_gtf2_2 ... ok
[INFO] [stdout] test pattern_matching::kmp::tests::test_delta ... ok
[INFO] [stdout] test pattern_matching::horspool::tests::test_shift ... ok
[INFO] [stdout] test pattern_matching::kmp::tests::test_find_all_at_start ... ok
[INFO] [stdout] test pattern_matching::myers::long::tests::test_alignment ... ok
[INFO] [stdout] test pattern_matching::kmp::tests::test_find_all ... ok
[INFO] [stdout] test pattern_matching::myers::long::tests::test_ambig ... ok
[INFO] [stdout] test pattern_matching::myers::long::tests::test_find_all_end ... ok
[INFO] [stdout] test pattern_matching::myers::long::tests::test_full_position ... ok
[INFO] [stdout] test pattern_matching::myers::long::tests::test_distance ... ok
[INFO] [stdout] test pattern_matching::myers::long::tests::test_large_dist ... ok
[INFO] [stdout] test io::gff::tests::test_gff_type_from_str ... ok
[INFO] [stdout] test io::gff::tests::test_writer_gtf2 ... ok
[INFO] [stdout] test io::gff::tests::test_reader_gff3 ... ok
[INFO] [stdout] test io::fastq::tests::test_sequence_read_for_record_trait_method_base_qual_idx_out_of_range - should panic ... ok
[INFO] [stdout] test io::fastq::tests::test_reader_from_file_path_doesnt_exist_returns_err ... ok
[INFO] [stdout] test pattern_matching::myers::long::tests::test_shorter ... ok
[INFO] [stdout] test pattern_matching::kmp::tests::test_lps ... ok
[INFO] [stdout] test io::fastq::tests::test_sequence_read_for_record_trait_method_base_idx_out_of_range - should panic ... ok
[INFO] [stdout] test io::fastq::tests::test_write_record ... FAILED
[INFO] [stdout] test io::gff::tests::test_reader_from_file_path_doesnt_exist_returns_err ... ok
[INFO] [stdout] test pattern_matching::myers::long::tests::test_longest_possible ... ok
[INFO] [stdout] test pattern_matching::myers::long::tests::test_long_shorter ... ok
[INFO] [stdout] test pattern_matching::myers::tests::test_ambig ... ok
[INFO] [stdout] test pattern_matching::myers::tests::test_find_all_end ... ok
[INFO] [stdout] test pattern_matching::myers::long::tests::test_position_cmp ... ok
[INFO] [stdout] test pattern_matching::myers::long::tests::test_traceback_path2 ... ok
[INFO] [stdout] test pattern_matching::myers::long::tests::test_path_at ... ok
[INFO] [stdout] test pattern_matching::myers::long::tests::test_myers_long_overflow ... ok
[INFO] [stdout] test pattern_matching::myers::long::tests::test_traceback_path ... ok
[INFO] [stdout] test pattern_matching::myers::tests::test_distance ... ok
[INFO] [stdout] test pattern_matching::myers::tests::test_full_position ... ok
[INFO] [stdout] test pattern_matching::myers::tests::test_alignment ... ok
[INFO] [stdout] test pattern_matching::myers::tests::test_path_at ... ok
[INFO] [stdout] test pattern_matching::myers::tests::test_long_shorter ... ok
[INFO] [stdout] test pattern_matching::myers::tests::test_shorter ... ok
[INFO] [stdout] test pattern_matching::myers::tests::test_pattern_too_long - should panic ... ok
[INFO] [stdout] test pattern_matching::pssm::dnamotif::tests::find_motif ... ok
[INFO] [stdout] test pattern_matching::pssm::dnamotif::tests::test_degenerate_consensus_n ... ok
[INFO] [stdout] test pattern_matching::pssm::dnamotif::tests::test_inconsist_err ... ok
[INFO] [stdout] test pattern_matching::pssm::dnamotif::tests::test_info_content ... ok
[INFO] [stdout] test pattern_matching::pssm::dnamotif::tests::test_mono_err ... ok
[INFO] [stdout] test pattern_matching::pssm::protmotif::tests::test_degenerate_consensus_same_bases ... ok
[INFO] [stdout] test pattern_matching::pssm::protmotif::tests::test_degenerate_consensus_x ... ok
[INFO] [stdout] test pattern_matching::pssm::protmotif::tests::test_inconsist_err ... ok
[INFO] [stdout] test pattern_matching::pssm::protmotif::tests::test_info_content ... ok
[INFO] [stdout] test pattern_matching::pssm::protmotif::tests::test_mono_err ... ok
[INFO] [stdout] test pattern_matching::pssm::protmotif::tests::test_scoring ... ok
[INFO] [stdout] test pattern_matching::shift_and::tests::test_find_all ... ok
[INFO] [stdout] test pattern_matching::shift_and::tests::test_issue_416 ... ok
[INFO] [stdout] test pattern_matching::shift_and::tests::test_multiple_finds ... ok
[INFO] [stdout] test pattern_matching::ukkonen::tests::test_find_all_end ... ok
[INFO] [stdout] test pattern_matching::ukkonen::tests::test_find_start ... ok
[INFO] [stdout] test scores::blosum62::tests::test_blosum62 ... ok
[INFO] [stdout] test scores::pam120::tests::test_pam120 ... ok
[INFO] [stdout] test scores::pam200::tests::test_pam200 ... ok
[INFO] [stdout] test scores::pam250::tests::test_pam250 ... ok
[INFO] [stdout] test scores::pam40::tests::test_pam40 ... ok
[INFO] [stdout] test seq_analysis::gc::tests::test_gc_content ... ok
[INFO] [stdout] test pattern_matching::pssm::dnamotif::tests::test_degenerate_consensus_two_bases ... ok
[INFO] [stdout] test pattern_matching::myers::tests::test_traceback_path2 ... ok
[INFO] [stdout] test pattern_matching::myers::tests::test_traceback_path ... ok
[INFO] [stdout] test pattern_matching::myers::tests::test_longest_possible ... ok
[INFO] [stdout] test pattern_matching::myers::tests::test_large_dist ... ok
[INFO] [stdout] test pattern_matching::myers::tests::test_pattern_too_long_builder - should panic ... ok
[INFO] [stdout] test pattern_matching::myers::tests::test_position_cmp ... ok
[INFO] [stdout] test pattern_matching::pssm::dnamotif::tests::test_degenerate_consensus_same_bases ... ok
[INFO] [stdout] test seq_analysis::orf::tests::test_no_orf ... ok
[INFO] [stdout] test seq_analysis::orf::tests::test_one_orf_no_offset ... ok
[INFO] [stdout] test seq_analysis::orf::tests::test_one_orf_with_offset ... ok
[INFO] [stdout] test pattern_matching::pssm::dnamotif::tests::simple_pssm ... ok
[INFO] [stdout] test pattern_matching::pssm::dnamotif::tests::test_degenerate_consensus_three_bases ... ok
[INFO] [stdout] test stats::combinatorics::tests::test_comb_scaled ... ok
[INFO] [stdout] test stats::bayesian::bayes_factors::tests::test_bayes_factor ... ok
[INFO] [stdout] test stats::hmm::tests::test_baum_welch_one_iter_example ... ok
[INFO] [stdout] test stats::hmm::tests::test_baum_welch_train_example ... ok
[INFO] [stdout] test stats::hmm::tests::test_discrete_backward_toy_example ... ok
[INFO] [stdout] test seq_analysis::orf::tests::test_three_nested_and_offset_orfs ... ok
[INFO] [stdout] test stats::combinatorics::tests::test_comb ... ok
[INFO] [stdout] test seq_analysis::orf::tests::test_two_orfs_different_offsets ... ok
[INFO] [stdout] test stats::bayesian::tests::test_expected_fdr ... ok
[INFO] [stdout] test stats::hmm::tests::test_gaussian_viterbi_simple_example ... ok
[INFO] [stdout] test stats::hmm::tests::test_gaussian_forward_simple_example ... ok
[INFO] [stdout] test stats::hmm::tests::test_gaussian_backward_simple_example ... ok
[INFO] [stdout] test stats::hmm::tests::test_discrete_viterbi_toy_example ... ok
[INFO] [stdout] test stats::hmm::tests::test_gaussian_forward_equals_backward_simple_example ... ok
[INFO] [stdout] test stats::hmm::tests::test_discrete_forward_toy_example ... ok
[INFO] [stdout] test stats::hmm::tests::test_discrete_with_end_backward_toy_example ... ok
[INFO] [stdout] test stats::hmm::tests::test_recriate_discrete_backward_toy_example ... ok
[INFO] [stdout] test stats::pairhmm::homopolypairhmm::tests::impossible_global_alignment ... ok
[INFO] [stdout] test stats::pairhmm::homopolypairhmm::tests::test_gap_x_2 ... ok
[INFO] [stdout] test stats::pairhmm::homopolypairhmm::tests::test_interleave_gaps_y ... ok
[INFO] [stdout] test stats::pairhmm::homopolypairhmm::tests::test_hompolymer_run_in_y ... ok
[INFO] [stdout] test stats::pairhmm::homopolypairhmm::tests::test_mismatch ... ok
[INFO] [stdout] test stats::pairhmm::homopolypairhmm::tests::test_interleave_gaps_x ... ok
[INFO] [stdout] test stats::hmm::tests::test_discrete_forward_equals_backward_toy_example ... ok
[INFO] [stdout] test stats::pairhmm::homopolypairhmm::tests::test_multigap_y ... ok
[INFO] [stdout] test stats::pairhmm::homopolypairhmm::tests::test_gap_x ... ok
[INFO] [stdout] test stats::pairhmm::pairhmm::tests::impossible_global_alignment ... ok
[INFO] [stdout] test stats::pairhmm::homopolypairhmm::tests::test_gap_y ... ok
[INFO] [stdout] test stats::pairhmm::homopolypairhmm::tests::test_phmm_vs_phhmm ... ok
[INFO] [stdout] test stats::pairhmm::pairhmm::tests::test_interleave_gaps_x ... ok
[INFO] [stdout] test stats::pairhmm::pairhmm::tests::test_interleave_gaps_y ... ok
[INFO] [stdout] test stats::pairhmm::homopolypairhmm::tests::test_hompolymer_run_in_x ... ok
[INFO] [stdout] test stats::pairhmm::pairhmm::tests::test_gap_x ... ok
[INFO] [stdout] test stats::pairhmm::pairhmm::tests::test_banded ... ok
[INFO] [stdout] test stats::pairhmm::pairhmm::tests::test_mismatch ... ok
[INFO] [stdout] test stats::probs::tests::test_cap_numerical_overshoot ... ok
[INFO] [stdout] test stats::probs::tests::test_cumsum ... ok
[INFO] [stdout] test stats::probs::cdf::test::test_cdf ... ok
[INFO] [stdout] test stats::pairhmm::pairhmm::tests::test_gap_y ... ok
[INFO] [stdout] test stats::pairhmm::pairhmm::tests::test_same ... ok
[INFO] [stdout] test stats::probs::tests::test_cap_numerical_overshoot_panic - should panic ... ok
[INFO] [stdout] test stats::probs::tests::test_empty_sum ... ok
[INFO] [stdout] test stats::pairhmm::homopolypairhmm::tests::test_same ... ok
[INFO] [stdout] test stats::probs::tests::test_sum_one_zero ... ok
[INFO] [stdout] test stats::probs::tests::test_sub ... ok
[INFO] [stdout] test stats::probs::tests::test_trapezoidal_integrate ... ok
[INFO] [stdout] test stats::probs::tests::test_zero ... ok
[INFO] [stdout] test stats::probs::tests::test_trapezoidal_integrate_grid ... ok
[INFO] [stdout] test stats::probs::tests::test_sum ... ok
[INFO] [stdout] test data_structures::interval_tree::array_backed_interval_tree::tests::find_arbitrary ... ok
[INFO] [stdout] test stats::probs::tests::test_one_minus ... ok
[INFO] [stdout] test utils::tests::test_scan ... ok
[INFO] [stdout] test stats::probs::tests::test_simpsons_integrate ... ok
[INFO] [stdout] test utils::interval::tests::range_interval_conversions ... ok
[INFO] [stdout] test utils::tests::test_prescan ... ok
[INFO] [stdout] test utils::text::tests::test_trim_newline_from_string ... ok
[INFO] [stdout] test utils::fastexp::tests::test_fastexp ... ok
[INFO] [stdout] test utils::text::tests::test_print_sequence ... ok
[INFO] [stdout] test data_structures::interpolation_table::tests::test_interpolation_table ... ok
[INFO] [stdout] test utils::interval::tests::negative_width_range - should panic ... ok
[INFO] [stdout] test stats::pairhmm::homopolypairhmm::tests::test_banded ... ok
[INFO] [stdout] test alignment::poa::tests::test_global_banded ... ok
[INFO] [stdout] test seq_analysis::gc::tests::test_gc_content_large ... ok
[INFO] [stdout] test data_structures::suffix_array::tests::test_sorts_lexically ... ok
[INFO] [stdout] test data_structures::suffix_array::tests::test_sampled_matches ... ok
[INFO] [stdout] 
[INFO] [stdout] failures:
[INFO] [stdout] 
[INFO] [stdout] ---- io::fasta::tests::test_write_record stdout ----
[INFO] [stdout] thread 'io::fasta::tests::test_write_record' panicked at src/io/fasta.rs:1777:43:
[INFO] [stdout] called `Result::unwrap()` on an `Err` value: Os { code: 30, kind: ReadOnlyFilesystem, message: "Read-only file system" }
[INFO] [stdout] stack backtrace:
[INFO] [stdout]    0:     0x5586bfd91c0c - std::backtrace_rs::backtrace::libunwind::trace::ha637c64ce894333a
[INFO] [stdout]                                at /rustc/82e1608dfa6e0b5569232559e3d385fea5a93112/library/std/src/../../backtrace/src/backtrace/libunwind.rs:104:5
[INFO] [stdout]    1:     0x5586bfd91c0c - std::backtrace_rs::backtrace::trace_unsynchronized::h47f62dea28e0c88d
[INFO] [stdout]                                at /rustc/82e1608dfa6e0b5569232559e3d385fea5a93112/library/std/src/../../backtrace/src/backtrace/mod.rs:66:5
[INFO] [stdout]    2:     0x5586bfd91c0c - std::sys_common::backtrace::_print_fmt::h9eef0abe20ede486
[INFO] [stdout]                                at /rustc/82e1608dfa6e0b5569232559e3d385fea5a93112/library/std/src/sys_common/backtrace.rs:67:5
[INFO] [stdout]    3:     0x5586bfd91c0c - <std::sys_common::backtrace::_print::DisplayBacktrace as core::fmt::Display>::fmt::hed7f999df88cc644
[INFO] [stdout]                                at /rustc/82e1608dfa6e0b5569232559e3d385fea5a93112/library/std/src/sys_common/backtrace.rs:44:22
[INFO] [stdout]    4:     0x5586bfdbece0 - core::fmt::rt::Argument::fmt::h1539a9308b8d058d
[INFO] [stdout]                                at /rustc/82e1608dfa6e0b5569232559e3d385fea5a93112/library/core/src/fmt/rt.rs:142:9
[INFO] [stdout]    5:     0x5586bfdbece0 - core::fmt::write::h3a39390d8560d9c9
[INFO] [stdout]                                at /rustc/82e1608dfa6e0b5569232559e3d385fea5a93112/library/core/src/fmt/mod.rs:1120:17
[INFO] [stdout]    6:     0x5586bfd8efaf - std::io::Write::write_fmt::h040b369f3a0f9cbc
[INFO] [stdout]                                at /rustc/82e1608dfa6e0b5569232559e3d385fea5a93112/library/std/src/io/mod.rs:1762:15
[INFO] [stdout]    7:     0x5586bfd919f4 - std::sys_common::backtrace::_print::h894006fb5c6f3d45
[INFO] [stdout]                                at /rustc/82e1608dfa6e0b5569232559e3d385fea5a93112/library/std/src/sys_common/backtrace.rs:47:5
[INFO] [stdout]    8:     0x5586bfd919f4 - std::sys_common::backtrace::print::h23a2d212c6fff936
[INFO] [stdout]                                at /rustc/82e1608dfa6e0b5569232559e3d385fea5a93112/library/std/src/sys_common/backtrace.rs:34:9
[INFO] [stdout]    9:     0x5586bfd936b7 - std::panicking::default_hook::{{closure}}::h8a1d2ee00185001a
[INFO] [stdout]   10:     0x5586bfd933a3 - std::panicking::default_hook::h6038f2eba384e475
[INFO] [stdout]                                at /rustc/82e1608dfa6e0b5569232559e3d385fea5a93112/library/std/src/panicking.rs:289:9
[INFO] [stdout]   11:     0x5586bf9ee347 - <alloc::boxed::Box<F,A> as core::ops::function::Fn<Args>>::call::h0ad024c9bdc6d768
[INFO] [stdout]                                at /rustc/82e1608dfa6e0b5569232559e3d385fea5a93112/library/alloc/src/boxed.rs:2021:9
[INFO] [stdout]   12:     0x5586bf9ee347 - test::test_main::{{closure}}::h7500b54257359db6
[INFO] [stdout]                                at /rustc/82e1608dfa6e0b5569232559e3d385fea5a93112/library/test/src/lib.rs:138:21
[INFO] [stdout]   13:     0x5586bfd93cc8 - <alloc::boxed::Box<F,A> as core::ops::function::Fn<Args>>::call::h1f8f335eaa9cfaee
[INFO] [stdout]                                at /rustc/82e1608dfa6e0b5569232559e3d385fea5a93112/library/alloc/src/boxed.rs:2021:9
[INFO] [stdout]   14:     0x5586bfd93cc8 - std::panicking::rust_panic_with_hook::h2b5517d590cab22e
[INFO] [stdout]                                at /rustc/82e1608dfa6e0b5569232559e3d385fea5a93112/library/std/src/panicking.rs:783:13
[INFO] [stdout]   15:     0x5586bfd93a1e - std::panicking::begin_panic_handler::{{closure}}::h233112c06e0ef43e
[INFO] [stdout]                                at /rustc/82e1608dfa6e0b5569232559e3d385fea5a93112/library/std/src/panicking.rs:657:13
[INFO] [stdout]   16:     0x5586bfd920d6 - std::sys_common::backtrace::__rust_end_short_backtrace::h6e893f24d7ebbff8
[INFO] [stdout]                                at /rustc/82e1608dfa6e0b5569232559e3d385fea5a93112/library/std/src/sys_common/backtrace.rs:170:18
[INFO] [stdout]   17:     0x5586bfd93782 - rust_begin_unwind
[INFO] [stdout]                                at /rustc/82e1608dfa6e0b5569232559e3d385fea5a93112/library/std/src/panicking.rs:645:5
[INFO] [stdout]   18:     0x5586bf41c8b5 - core::panicking::panic_fmt::hbf0e066aabfa482c
[INFO] [stdout]                                at /rustc/82e1608dfa6e0b5569232559e3d385fea5a93112/library/core/src/panicking.rs:72:14
[INFO] [stdout]   19:     0x5586bf41ce83 - core::result::unwrap_failed::hddb4fea594200c52
[INFO] [stdout]                                at /rustc/82e1608dfa6e0b5569232559e3d385fea5a93112/library/core/src/result.rs:1653:5
[INFO] [stdout]   20:     0x5586bf77373b - core::result::Result<T,E>::unwrap::h34f95a1bbea6ee72
[INFO] [stdout]                                at /rustc/82e1608dfa6e0b5569232559e3d385fea5a93112/library/core/src/result.rs:1077:23
[INFO] [stdout]   21:     0x5586bf7bfee4 - bio::io::fasta::tests::test_write_record::h04e255567038f640
[INFO] [stdout]                                at /opt/rustwide/workdir/src/io/fasta.rs:1777:20
[INFO] [stdout]   22:     0x5586bf7bfe57 - bio::io::fasta::tests::test_write_record::{{closure}}::h451b8f8236481f7a
[INFO] [stdout]                                at /opt/rustwide/workdir/src/io/fasta.rs:1775:27
[INFO] [stdout]   23:     0x5586bf8f5696 - core::ops::function::FnOnce::call_once::h196fdd3bd9ea9cc0
[INFO] [stdout]                                at /rustc/82e1608dfa6e0b5569232559e3d385fea5a93112/library/core/src/ops/function.rs:250:5
[INFO] [stdout]   24:     0x5586bf9f399f - core::ops::function::FnOnce::call_once::h2b5d431d5046312d
[INFO] [stdout]                                at /rustc/82e1608dfa6e0b5569232559e3d385fea5a93112/library/core/src/ops/function.rs:250:5
[INFO] [stdout]   25:     0x5586bf9f399f - test::__rust_begin_short_backtrace::h7714669af176e207
[INFO] [stdout]                                at /rustc/82e1608dfa6e0b5569232559e3d385fea5a93112/library/test/src/lib.rs:628:18
[INFO] [stdout]   26:     0x5586bf9f29b5 - test::run_test_in_process::{{closure}}::h85218797dcbcec12
[INFO] [stdout]                                at /rustc/82e1608dfa6e0b5569232559e3d385fea5a93112/library/test/src/lib.rs:651:60
[INFO] [stdout]   27:     0x5586bf9f29b5 - <core::panic::unwind_safe::AssertUnwindSafe<F> as core::ops::function::FnOnce<()>>::call_once::h76c106ea31c14d7b
[INFO] [stdout]                                at /rustc/82e1608dfa6e0b5569232559e3d385fea5a93112/library/core/src/panic/unwind_safe.rs:272:9
[INFO] [stdout]   28:     0x5586bf9f29b5 - std::panicking::try::do_call::h3bd5d0f6620ee946
[INFO] [stdout]                                at /rustc/82e1608dfa6e0b5569232559e3d385fea5a93112/library/std/src/panicking.rs:552:40
[INFO] [stdout]   29:     0x5586bf9f29b5 - std::panicking::try::h232e535e4744fe31
[INFO] [stdout]                                at /rustc/82e1608dfa6e0b5569232559e3d385fea5a93112/library/std/src/panicking.rs:516:19
[INFO] [stdout]   30:     0x5586bf9f29b5 - std::panic::catch_unwind::h3ce3bd6ca8dbac68
[INFO] [stdout]                                at /rustc/82e1608dfa6e0b5569232559e3d385fea5a93112/library/std/src/panic.rs:142:14
[INFO] [stdout]   31:     0x5586bf9f29b5 - test::run_test_in_process::hc97b257c9621286a
[INFO] [stdout]                                at /rustc/82e1608dfa6e0b5569232559e3d385fea5a93112/library/test/src/lib.rs:651:27
[INFO] [stdout]   32:     0x5586bf9f29b5 - test::run_test::{{closure}}::h2aa798823a438d38
[INFO] [stdout]                                at /rustc/82e1608dfa6e0b5569232559e3d385fea5a93112/library/test/src/lib.rs:574:43
[INFO] [stdout]   33:     0x5586bf9bac76 - test::run_test::{{closure}}::h87d231c78fb59832
[INFO] [stdout]                                at /rustc/82e1608dfa6e0b5569232559e3d385fea5a93112/library/test/src/lib.rs:602:41
[INFO] [stdout]   34:     0x5586bf9bac76 - std::sys_common::backtrace::__rust_begin_short_backtrace::he6df152596625789
[INFO] [stdout]                                at /rustc/82e1608dfa6e0b5569232559e3d385fea5a93112/library/std/src/sys_common/backtrace.rs:154:18
[INFO] [stdout]   35:     0x5586bf9bfd27 - std::thread::Builder::spawn_unchecked_::{{closure}}::{{closure}}::ha94be15d1e0acf36
[INFO] [stdout]                                at /rustc/82e1608dfa6e0b5569232559e3d385fea5a93112/library/std/src/thread/mod.rs:529:17
[INFO] [stdout]   36:     0x5586bf9bfd27 - <core::panic::unwind_safe::AssertUnwindSafe<F> as core::ops::function::FnOnce<()>>::call_once::h9dc6bd6372f16606
[INFO] [stdout]                                at /rustc/82e1608dfa6e0b5569232559e3d385fea5a93112/library/core/src/panic/unwind_safe.rs:272:9
[INFO] [stdout]   37:     0x5586bf9bfd27 - std::panicking::try::do_call::h9057517f80303cd4
[INFO] [stdout]                                at /rustc/82e1608dfa6e0b5569232559e3d385fea5a93112/library/std/src/panicking.rs:552:40
[INFO] [stdout]   38:     0x5586bf9bfd27 - std::panicking::try::he3a30b11ee45340c
[INFO] [stdout]                                at /rustc/82e1608dfa6e0b5569232559e3d385fea5a93112/library/std/src/panicking.rs:516:19
[INFO] [stdout]   39:     0x5586bf9bfd27 - std::panic::catch_unwind::h410458cfd3528b8b
[INFO] [stdout]                                at /rustc/82e1608dfa6e0b5569232559e3d385fea5a93112/library/std/src/panic.rs:142:14
[INFO] [stdout]   40:     0x5586bf9bfd27 - std::thread::Builder::spawn_unchecked_::{{closure}}::h72ac3bdb567b737b
[INFO] [stdout]                                at /rustc/82e1608dfa6e0b5569232559e3d385fea5a93112/library/std/src/thread/mod.rs:528:30
[INFO] [stdout]   41:     0x5586bf9bfd27 - core::ops::function::FnOnce::call_once{{vtable.shim}}::h38f34da3654a8344
[INFO] [stdout]                                at /rustc/82e1608dfa6e0b5569232559e3d385fea5a93112/library/core/src/ops/function.rs:250:5
[INFO] [stdout]   42:     0x5586bfd98f15 - <alloc::boxed::Box<F,A> as core::ops::function::FnOnce<Args>>::call_once::hc7eafaff61e32df9
[INFO] [stdout]                                at /rustc/82e1608dfa6e0b5569232559e3d385fea5a93112/library/alloc/src/boxed.rs:2007:9
[INFO] [stdout]   43:     0x5586bfd98f15 - <alloc::boxed::Box<F,A> as core::ops::function::FnOnce<Args>>::call_once::h6ba4a5de48dd2304
[INFO] [stdout]                                at /rustc/82e1608dfa6e0b5569232559e3d385fea5a93112/library/alloc/src/boxed.rs:2007:9
[INFO] [stdout]   44:     0x5586bfd98f15 - std::sys::unix::thread::Thread::new::thread_start::he469335aef763e45
[INFO] [stdout]                                at /rustc/82e1608dfa6e0b5569232559e3d385fea5a93112/library/std/src/sys/unix/thread.rs:108:17
[INFO] [stdout]   45:     0x7f4bbddc1ac3 - <unknown>
[INFO] [stdout]   46:     0x7f4bbde52bf4 - __clone
[INFO] [stdout]   47:                0x0 - <unknown>
[INFO] [stdout] 
[INFO] [stdout] ---- io::fastq::tests::test_write_record stdout ----
[INFO] [stdout] thread 'io::fastq::tests::test_write_record' panicked at src/io/fastq.rs:964:43:
[INFO] [stdout] called `Result::unwrap()` on an `Err` value: Os { code: 30, kind: ReadOnlyFilesystem, message: "Read-only file system" }
[INFO] [stdout] stack backtrace:
[INFO] [stdout]    0:     0x5586bfd91c0c - std::backtrace_rs::backtrace::libunwind::trace::ha637c64ce894333a
[INFO] [stdout]                                at /rustc/82e1608dfa6e0b5569232559e3d385fea5a93112/library/std/src/../../backtrace/src/backtrace/libunwind.rs:104:5
[INFO] [stdout]    1:     0x5586bfd91c0c - std::backtrace_rs::backtrace::trace_unsynchronized::h47f62dea28e0c88d
[INFO] [stdout]                                at /rustc/82e1608dfa6e0b5569232559e3d385fea5a93112/library/std/src/../../backtrace/src/backtrace/mod.rs:66:5
[INFO] [stdout]    2:     0x5586bfd91c0c - std::sys_common::backtrace::_print_fmt::h9eef0abe20ede486
[INFO] [stdout]                                at /rustc/82e1608dfa6e0b5569232559e3d385fea5a93112/library/std/src/sys_common/backtrace.rs:67:5
[INFO] [stdout]    3:     0x5586bfd91c0c - <std::sys_common::backtrace::_print::DisplayBacktrace as core::fmt::Display>::fmt::hed7f999df88cc644
[INFO] [stdout]                                at /rustc/82e1608dfa6e0b5569232559e3d385fea5a93112/library/std/src/sys_common/backtrace.rs:44:22
[INFO] [stdout]    4:     0x5586bfdbece0 - core::fmt::rt::Argument::fmt::h1539a9308b8d058d
[INFO] [stdout]                                at /rustc/82e1608dfa6e0b5569232559e3d385fea5a93112/library/core/src/fmt/rt.rs:142:9
[INFO] [stdout]    5:     0x5586bfdbece0 - core::fmt::write::h3a39390d8560d9c9
[INFO] [stdout]                                at /rustc/82e1608dfa6e0b5569232559e3d385fea5a93112/library/core/src/fmt/mod.rs:1120:17
[INFO] [stdout]    6:     0x5586bfd8efaf - std::io::Write::write_fmt::h040b369f3a0f9cbc
[INFO] [stdout]                                at /rustc/82e1608dfa6e0b5569232559e3d385fea5a93112/library/std/src/io/mod.rs:1762:15
[INFO] [stdout]    7:     0x5586bfd919f4 - std::sys_common::backtrace::_print::h894006fb5c6f3d45
[INFO] [stdout]                                at /rustc/82e1608dfa6e0b5569232559e3d385fea5a93112/library/std/src/sys_common/backtrace.rs:47:5
[INFO] [stdout]    8:     0x5586bfd919f4 - std::sys_common::backtrace::print::h23a2d212c6fff936
[INFO] [stdout]                                at /rustc/82e1608dfa6e0b5569232559e3d385fea5a93112/library/std/src/sys_common/backtrace.rs:34:9
[INFO] [stdout]    9:     0x5586bfd936b7 - std::panicking::default_hook::{{closure}}::h8a1d2ee00185001a
[INFO] [stdout]   10:     0x5586bfd933a3 - std::panicking::default_hook::h6038f2eba384e475
[INFO] [stdout]                                at /rustc/82e1608dfa6e0b5569232559e3d385fea5a93112/library/std/src/panicking.rs:289:9
[INFO] [stdout]   11:     0x5586bf9ee347 - <alloc::boxed::Box<F,A> as core::ops::function::Fn<Args>>::call::h0ad024c9bdc6d768
[INFO] [stdout]                                at /rustc/82e1608dfa6e0b5569232559e3d385fea5a93112/library/alloc/src/boxed.rs:2021:9
[INFO] [stdout]   12:     0x5586bf9ee347 - test::test_main::{{closure}}::h7500b54257359db6
[INFO] [stdout]                                at /rustc/82e1608dfa6e0b5569232559e3d385fea5a93112/library/test/src/lib.rs:138:21
[INFO] [stdout]   13:     0x5586bfd93cc8 - <alloc::boxed::Box<F,A> as core::ops::function::Fn<Args>>::call::h1f8f335eaa9cfaee
[INFO] [stdout]                                at /rustc/82e1608dfa6e0b5569232559e3d385fea5a93112/library/alloc/src/boxed.rs:2021:9
[INFO] [stdout]   14:     0x5586bfd93cc8 - std::panicking::rust_panic_with_hook::h2b5517d590cab22e
[INFO] [stdout]                                at /rustc/82e1608dfa6e0b5569232559e3d385fea5a93112/library/std/src/panicking.rs:783:13
[INFO] [stdout]   15:     0x5586bfd93a1e - std::panicking::begin_panic_handler::{{closure}}::h233112c06e0ef43e
[INFO] [stdout]                                at /rustc/82e1608dfa6e0b5569232559e3d385fea5a93112/library/std/src/panicking.rs:657:13
[INFO] [stdout]   16:     0x5586bfd920d6 - std::sys_common::backtrace::__rust_end_short_backtrace::h6e893f24d7ebbff8
[INFO] [stdout]                                at /rustc/82e1608dfa6e0b5569232559e3d385fea5a93112/library/std/src/sys_common/backtrace.rs:170:18
[INFO] [stdout]   17:     0x5586bfd93782 - rust_begin_unwind
[INFO] [stdout]                                at /rustc/82e1608dfa6e0b5569232559e3d385fea5a93112/library/std/src/panicking.rs:645:5
[INFO] [stdout]   18:     0x5586bf41c8b5 - core::panicking::panic_fmt::hbf0e066aabfa482c
[INFO] [stdout]                                at /rustc/82e1608dfa6e0b5569232559e3d385fea5a93112/library/core/src/panicking.rs:72:14
[INFO] [stdout]   19:     0x5586bf41ce83 - core::result::unwrap_failed::hddb4fea594200c52
[INFO] [stdout]                                at /rustc/82e1608dfa6e0b5569232559e3d385fea5a93112/library/core/src/result.rs:1653:5
[INFO] [stdout]   20:     0x5586bf77373b - core::result::Result<T,E>::unwrap::h34f95a1bbea6ee72
[INFO] [stdout]                                at /rustc/82e1608dfa6e0b5569232559e3d385fea5a93112/library/core/src/result.rs:1077:23
[INFO] [stdout]   21:     0x5586bf898ec7 - bio::io::fastq::tests::test_write_record::h5c4ce868fc98a523
[INFO] [stdout]                                at /opt/rustwide/workdir/src/io/fastq.rs:964:20
[INFO] [stdout]   22:     0x5586bf898e37 - bio::io::fastq::tests::test_write_record::{{closure}}::h0cb40ed3c118a738
[INFO] [stdout]                                at /opt/rustwide/workdir/src/io/fastq.rs:962:27
[INFO] [stdout]   23:     0x5586bf900946 - core::ops::function::FnOnce::call_once::h9826b26468291302
[INFO] [stdout]                                at /rustc/82e1608dfa6e0b5569232559e3d385fea5a93112/library/core/src/ops/function.rs:250:5
[INFO] [stdout]   24:     0x5586bf9f399f - core::ops::function::FnOnce::call_once::h2b5d431d5046312d
[INFO] [stdout]                                at /rustc/82e1608dfa6e0b5569232559e3d385fea5a93112/library/core/src/ops/function.rs:250:5
[INFO] [stdout]   25:     0x5586bf9f399f - test::__rust_begin_short_backtrace::h7714669af176e207
[INFO] [stdout]                                at /rustc/82e1608dfa6e0b5569232559e3d385fea5a93112/library/test/src/lib.rs:628:18
[INFO] [stdout]   26:     0x5586bf9f29b5 - test::run_test_in_process::{{closure}}::h85218797dcbcec12
[INFO] [stdout]                                at /rustc/82e1608dfa6e0b5569232559e3d385fea5a93112/library/test/src/lib.rs:651:60
[INFO] [stdout]   27:     0x5586bf9f29b5 - <core::panic::unwind_safe::AssertUnwindSafe<F> as core::ops::function::FnOnce<()>>::call_once::h76c106ea31c14d7b
[INFO] [stdout]                                at /rustc/82e1608dfa6e0b5569232559e3d385fea5a93112/library/core/src/panic/unwind_safe.rs:272:9
[INFO] [stdout]   28:     0x5586bf9f29b5 - std::panicking::try::do_call::h3bd5d0f6620ee946
[INFO] [stdout]                                at /rustc/82e1608dfa6e0b5569232559e3d385fea5a93112/library/std/src/panicking.rs:552:40
[INFO] [stdout]   29:     0x5586bf9f29b5 - std::panicking::try::h232e535e4744fe31
[INFO] [stdout]                                at /rustc/82e1608dfa6e0b5569232559e3d385fea5a93112/library/std/src/panicking.rs:516:19
[INFO] [stdout]   30:     0x5586bf9f29b5 - std::panic::catch_unwind::h3ce3bd6ca8dbac68
[INFO] [stdout]                                at /rustc/82e1608dfa6e0b5569232559e3d385fea5a93112/library/std/src/panic.rs:142:14
[INFO] [stdout]   31:     0x5586bf9f29b5 - test::run_test_in_process::hc97b257c9621286a
[INFO] [stdout]                                at /rustc/82e1608dfa6e0b5569232559e3d385fea5a93112/library/test/src/lib.rs:651:27
[INFO] [stdout]   32:     0x5586bf9f29b5 - test::run_test::{{closure}}::h2aa798823a438d38
[INFO] [stdout]                                at /rustc/82e1608dfa6e0b5569232559e3d385fea5a93112/library/test/src/lib.rs:574:43
[INFO] [stdout]   33:     0x5586bf9bac76 - test::run_test::{{closure}}::h87d231c78fb59832
[INFO] [stdout]                                at /rustc/82e1608dfa6e0b5569232559e3d385fea5a93112/library/test/src/lib.rs:602:41
[INFO] [stdout]   34:     0x5586bf9bac76 - std::sys_common::backtrace::__rust_begin_short_backtrace::he6df152596625789
[INFO] [stdout]                                at /rustc/82e1608dfa6e0b5569232559e3d385fea5a93112/library/std/src/sys_common/backtrace.rs:154:18
[INFO] [stdout]   35:     0x5586bf9bfd27 - std::thread::Builder::spawn_unchecked_::{{closure}}::{{closure}}::ha94be15d1e0acf36
[INFO] [stdout]                                at /rustc/82e1608dfa6e0b5569232559e3d385fea5a93112/library/std/src/thread/mod.rs:529:17
[INFO] [stdout]   36:     0x5586bf9bfd27 - <core::panic::unwind_safe::AssertUnwindSafe<F> as core::ops::function::FnOnce<()>>::call_once::h9dc6bd6372f16606
[INFO] [stdout]                                at /rustc/82e1608dfa6e0b5569232559e3d385fea5a93112/library/core/src/panic/unwind_safe.rs:272:9
[INFO] [stdout]   37:     0x5586bf9bfd27 - std::panicking::try::do_call::h9057517f80303cd4
[INFO] [stdout]                                at /rustc/82e1608dfa6e0b5569232559e3d385fea5a93112/library/std/src/panicking.rs:552:40
[INFO] [stdout]   38:     0x5586bf9bfd27 - std::panicking::try::he3a30b11ee45340c
[INFO] [stdout]                                at /rustc/82e1608dfa6e0b5569232559e3d385fea5a93112/library/std/src/panicking.rs:516:19
[INFO] [stdout]   39:     0x5586bf9bfd27 - std::panic::catch_unwind::h410458cfd3528b8b
[INFO] [stdout]                                at /rustc/82e1608dfa6e0b5569232559e3d385fea5a93112/library/std/src/panic.rs:142:14
[INFO] [stdout]   40:     0x5586bf9bfd27 - std::thread::Builder::spawn_unchecked_::{{closure}}::h72ac3bdb567b737b
[INFO] [stdout]                                at /rustc/82e1608dfa6e0b5569232559e3d385fea5a93112/library/std/src/thread/mod.rs:528:30
[INFO] [stdout]   41:     0x5586bf9bfd27 - core::ops::function::FnOnce::call_once{{vtable.shim}}::h38f34da3654a8344
[INFO] [stdout]                                at /rustc/82e1608dfa6e0b5569232559e3d385fea5a93112/library/core/src/ops/function.rs:250:5
[INFO] [stdout]   42:     0x5586bfd98f15 - <alloc::boxed::Box<F,A> as core::ops::function::FnOnce<Args>>::call_once::hc7eafaff61e32df9
[INFO] [stdout]                                at /rustc/82e1608dfa6e0b5569232559e3d385fea5a93112/library/alloc/src/boxed.rs:2007:9
[INFO] [stdout]   43:     0x5586bfd98f15 - <alloc::boxed::Box<F,A> as core::ops::function::FnOnce<Args>>::call_once::h6ba4a5de48dd2304
[INFO] [stdout]                                at /rustc/82e1608dfa6e0b5569232559e3d385fea5a93112/library/alloc/src/boxed.rs:2007:9
[INFO] [stdout]   44:     0x5586bfd98f15 - std::sys::unix::thread::Thread::new::thread_start::he469335aef763e45
[INFO] [stdout]                                at /rustc/82e1608dfa6e0b5569232559e3d385fea5a93112/library/std/src/sys/unix/thread.rs:108:17
[INFO] [stdout]   45:     0x7f4bbddc1ac3 - <unknown>
[INFO] [stdout]   46:     0x7f4bbde52bf4 - __clone
[INFO] [stdout]   47:                0x0 - <unknown>
[INFO] [stdout] 
[INFO] [stdout] 
[INFO] [stdout] failures:
[INFO] [stdout]     io::fasta::tests::test_write_record
[INFO] [stdout]     io::fastq::tests::test_write_record
[INFO] [stdout] 
[INFO] [stdout] test result: FAILED. 400 passed; 2 failed; 0 ignored; 0 measured; 0 filtered out; finished in 6.83s
[INFO] [stdout] 
[INFO] [stderr] error: test failed, to rerun pass `--lib`
[INFO] running `Command { std: "docker" "inspect" "3445b760c45dceafbf0db1ed7d51218f292f1fcc0c2159b331fe0a8d344cd06a", kill_on_drop: false }`
[INFO] running `Command { std: "docker" "rm" "-f" "3445b760c45dceafbf0db1ed7d51218f292f1fcc0c2159b331fe0a8d344cd06a", kill_on_drop: false }`
[INFO] [stdout] 3445b760c45dceafbf0db1ed7d51218f292f1fcc0c2159b331fe0a8d344cd06a
[INFO] testing bio-1.4.0 against beta-2023-12-22 for beta-1.76-1
[INFO] extracting crate bio 1.4.0 into /workspace/builds/worker-2-tc2/source
[INFO] validating manifest of crates.io crate bio 1.4.0 on toolchain beta-2023-12-22
[INFO] running `Command { std: CARGO_HOME="/workspace/cargo-home" RUSTUP_HOME="/workspace/rustup-home" "/workspace/cargo-home/bin/cargo" "+beta-2023-12-22" "metadata" "--manifest-path" "Cargo.toml" "--no-deps", kill_on_drop: false }`
[INFO] started tweaking crates.io crate bio 1.4.0
[INFO] finished tweaking crates.io crate bio 1.4.0
[INFO] tweaked toml for crates.io crate bio 1.4.0 written to /workspace/builds/worker-2-tc2/source/Cargo.toml
[INFO] running `Command { std: CARGO_HOME="/workspace/cargo-home" RUSTUP_HOME="/workspace/rustup-home" "/workspace/cargo-home/bin/cargo" "+beta-2023-12-22" "generate-lockfile" "--manifest-path" "Cargo.toml", kill_on_drop: false }`
[INFO] [stderr]     Updating crates.io index
[INFO] running `Command { std: CARGO_HOME="/workspace/cargo-home" RUSTUP_HOME="/workspace/rustup-home" "/workspace/cargo-home/bin/cargo" "+beta-2023-12-22" "fetch" "--manifest-path" "Cargo.toml", kill_on_drop: false }`
[INFO] running `Command { std: "docker" "create" "-v" "/var/lib/crater-agent-workspace/builds/worker-2-tc2/target:/opt/rustwide/target:rw,Z" "-v" "/var/lib/crater-agent-workspace/builds/worker-2-tc2/source:/opt/rustwide/workdir:ro,Z" "-v" "/var/lib/crater-agent-workspace/cargo-home:/opt/rustwide/cargo-home:ro,Z" "-v" "/var/lib/crater-agent-workspace/rustup-home:/opt/rustwide/rustup-home:ro,Z" "-e" "SOURCE_DIR=/opt/rustwide/workdir" "-e" "CARGO_TARGET_DIR=/opt/rustwide/target" "-e" "CARGO_HOME=/opt/rustwide/cargo-home" "-e" "RUSTUP_HOME=/opt/rustwide/rustup-home" "-w" "/opt/rustwide/workdir" "-m" "1610612736" "--user" "0:0" "--network" "none" "ghcr.io/rust-lang/crates-build-env/linux@sha256:2788e3201cd34a07e3172128adcd8b3090168a8e3bcc40d7c032b9dda1df7d1c" "/opt/rustwide/cargo-home/bin/cargo" "+beta-2023-12-22" "metadata" "--no-deps" "--format-version=1", kill_on_drop: false }`
[INFO] [stdout] 651881e2e3f734c38872abbf535f3e81936b1d7d2048d3fdc1b88b9598449501
[INFO] running `Command { std: "docker" "start" "-a" "651881e2e3f734c38872abbf535f3e81936b1d7d2048d3fdc1b88b9598449501", kill_on_drop: false }`
[INFO] running `Command { std: "docker" "inspect" "651881e2e3f734c38872abbf535f3e81936b1d7d2048d3fdc1b88b9598449501", kill_on_drop: false }`
[INFO] running `Command { std: "docker" "rm" "-f" "651881e2e3f734c38872abbf535f3e81936b1d7d2048d3fdc1b88b9598449501", kill_on_drop: false }`
[INFO] [stdout] 651881e2e3f734c38872abbf535f3e81936b1d7d2048d3fdc1b88b9598449501
[INFO] running `Command { std: "docker" "create" "-v" "/var/lib/crater-agent-workspace/builds/worker-2-tc2/target:/opt/rustwide/target:rw,Z" "-v" "/var/lib/crater-agent-workspace/builds/worker-2-tc2/source:/opt/rustwide/workdir:ro,Z" "-v" "/var/lib/crater-agent-workspace/cargo-home:/opt/rustwide/cargo-home:ro,Z" "-v" "/var/lib/crater-agent-workspace/rustup-home:/opt/rustwide/rustup-home:ro,Z" "-e" "SOURCE_DIR=/opt/rustwide/workdir" "-e" "CARGO_TARGET_DIR=/opt/rustwide/target" "-e" "CARGO_INCREMENTAL=0" "-e" "RUST_BACKTRACE=full" "-e" "RUSTFLAGS=--cap-lints=warn" "-e" "RUSTDOCFLAGS=--cap-lints=warn" "-e" "CARGO_HOME=/opt/rustwide/cargo-home" "-e" "RUSTUP_HOME=/opt/rustwide/rustup-home" "-w" "/opt/rustwide/workdir" "-m" "1610612736" "--user" "0:0" "--network" "none" "ghcr.io/rust-lang/crates-build-env/linux@sha256:2788e3201cd34a07e3172128adcd8b3090168a8e3bcc40d7c032b9dda1df7d1c" "/opt/rustwide/cargo-home/bin/cargo" "+beta-2023-12-22" "build" "--frozen" "--message-format=json", kill_on_drop: false }`
[INFO] [stdout] 6cbdf7291685f00b66c23e5dddd846d27f3afa79e76b5ed7e40a9a7012a4ed65
[INFO] running `Command { std: "docker" "start" "-a" "6cbdf7291685f00b66c23e5dddd846d27f3afa79e76b5ed7e40a9a7012a4ed65", kill_on_drop: false }`
[INFO] [stderr]    Compiling libm v0.2.8
[INFO] [stderr]    Compiling syn v1.0.109
[INFO] [stderr]    Compiling libc v0.2.151
[INFO] [stderr]    Compiling ppv-lite86 v0.2.17
[INFO] [stderr]    Compiling paste v1.0.14
[INFO] [stderr]    Compiling rawpointer v0.2.1
[INFO] [stderr]    Compiling semver v0.1.20
[INFO] [stderr]    Compiling typenum v1.17.0
[INFO] [stderr]    Compiling num-traits v0.2.17
[INFO] [stderr]    Compiling num-integer v0.1.45
[INFO] [stderr]    Compiling matrixmultiply v0.3.8
[INFO] [stderr]    Compiling proc-macro-error-attr v1.0.4
[INFO] [stderr]    Compiling safe_arch v0.7.1
[INFO] [stderr]    Compiling rustversion v1.0.14
[INFO] [stderr]    Compiling syn v2.0.48
[INFO] [stderr]    Compiling proc-macro-error v1.0.4
[INFO] [stderr]    Compiling aho-corasick v1.1.2
[INFO] [stderr]    Compiling rustc_version v0.1.7
[INFO] [stderr]    Compiling feature-probe v0.1.1
[INFO] [stderr]    Compiling regex-syntax v0.8.2
[INFO] [stderr]    Compiling wide v0.7.13
[INFO] [stderr]    Compiling bv v0.11.1
[INFO] [stderr]    Compiling newtype_derive v0.1.6
[INFO] [stderr]    Compiling heck v0.4.1
[INFO] [stderr]    Compiling hashbrown v0.14.3
[INFO] [stderr]    Compiling anyhow v1.0.79
[INFO] [stderr]    Compiling csv-core v0.1.11
[INFO] [stderr]    Compiling indexmap v2.1.0
[INFO] [stderr]    Compiling byteorder v1.5.0
[INFO] [stderr]    Compiling itoa v1.0.10
[INFO] [stderr]    Compiling fixedbitset v0.4.2
[INFO] [stderr]    Compiling ryu v1.0.16
[INFO] [stderr]    Compiling either v1.9.0
[INFO] [stderr]    Compiling editdistancek v1.0.2
[INFO] [stderr]    Compiling bytecount v0.6.7
[INFO] [stderr]    Compiling petgraph v0.6.4
[INFO] [stderr]    Compiling fxhash v0.2.1
[INFO] [stderr]    Compiling triple_accel v0.4.0
[INFO] [stderr]    Compiling itertools v0.11.0
[INFO] [stderr]    Compiling custom_derive v0.1.7
[INFO] [stderr]    Compiling strum v0.25.0
[INFO] [stderr]    Compiling num-complex v0.4.4
[INFO] [stderr]    Compiling getrandom v0.2.11
[INFO] [stderr]    Compiling approx v0.5.1
[INFO] [stderr]    Compiling regex-automata v0.4.3
[INFO] [stderr]    Compiling ordered-float v3.9.2
[INFO] [stderr]    Compiling simba v0.6.0
[INFO] [stderr]    Compiling itertools-num v0.1.3
[INFO] [stderr]    Compiling rand_core v0.6.4
[INFO] [stderr]    Compiling num-rational v0.4.1
[INFO] [stderr]    Compiling ndarray v0.15.6
[INFO] [stderr]    Compiling rand_chacha v0.3.1
[INFO] [stderr]    Compiling rand v0.8.5
[INFO] [stderr]    Compiling serde_derive v1.0.194
[INFO] [stderr]    Compiling thiserror-impl v1.0.56
[INFO] [stderr]    Compiling strum_macros v0.25.3
[INFO] [stderr]    Compiling rand_distr v0.4.3
[INFO] [stderr]    Compiling nalgebra-macros v0.1.0
[INFO] [stderr]    Compiling derive-new v0.5.9
[INFO] [stderr]    Compiling enum-map-derive v0.6.0
[INFO] [stderr]    Compiling getset v0.1.2
[INFO] [stderr]    Compiling enum-map v1.1.1
[INFO] [stderr]    Compiling thiserror v1.0.56
[INFO] [stderr]    Compiling regex v1.10.2
[INFO] [stderr]    Compiling bio-types v1.0.1
[INFO] [stderr]    Compiling serde v1.0.194
[INFO] [stderr]    Compiling nalgebra v0.29.0
[INFO] [stderr]    Compiling multimap v0.8.3
[INFO] [stderr]    Compiling csv v1.3.0
[INFO] [stderr]    Compiling vec_map v0.8.2
[INFO] [stderr]    Compiling statrs v0.16.0
[INFO] [stderr]    Compiling bio v1.4.0 (/opt/rustwide/workdir)
[INFO] [stdout] warning: unused import: `XYEmission`
[INFO] [stdout]   --> src/stats/pairhmm/pairhmm.rs:20:63
[INFO] [stdout]    |
[INFO] [stdout] 20 |     EmissionParameters, GapParameters, StartEndGapParameters, XYEmission,
[INFO] [stdout]    |                                                               ^^^^^^^^^^
[INFO] [stdout]    |
[INFO] [stdout]    = note: `#[warn(unused_imports)]` on by default
[INFO] [stdout] 
[INFO] [stdout] 
[INFO] [stdout] warning: 1 warning emitted
[INFO] [stdout] 
[INFO] [stdout] 
[INFO] [stderr]     Finished dev [unoptimized + debuginfo] target(s) in 31.38s
[INFO] running `Command { std: "docker" "inspect" "6cbdf7291685f00b66c23e5dddd846d27f3afa79e76b5ed7e40a9a7012a4ed65", kill_on_drop: false }`
[INFO] running `Command { std: "docker" "rm" "-f" "6cbdf7291685f00b66c23e5dddd846d27f3afa79e76b5ed7e40a9a7012a4ed65", kill_on_drop: false }`
[INFO] [stdout] 6cbdf7291685f00b66c23e5dddd846d27f3afa79e76b5ed7e40a9a7012a4ed65
[INFO] running `Command { std: "docker" "create" "-v" "/var/lib/crater-agent-workspace/builds/worker-2-tc2/target:/opt/rustwide/target:rw,Z" "-v" "/var/lib/crater-agent-workspace/builds/worker-2-tc2/source:/opt/rustwide/workdir:ro,Z" "-v" "/var/lib/crater-agent-workspace/cargo-home:/opt/rustwide/cargo-home:ro,Z" "-v" "/var/lib/crater-agent-workspace/rustup-home:/opt/rustwide/rustup-home:ro,Z" "-e" "SOURCE_DIR=/opt/rustwide/workdir" "-e" "CARGO_TARGET_DIR=/opt/rustwide/target" "-e" "CARGO_INCREMENTAL=0" "-e" "RUST_BACKTRACE=full" "-e" "RUSTFLAGS=--cap-lints=warn" "-e" "RUSTDOCFLAGS=--cap-lints=warn" "-e" "CARGO_HOME=/opt/rustwide/cargo-home" "-e" "RUSTUP_HOME=/opt/rustwide/rustup-home" "-w" "/opt/rustwide/workdir" "-m" "1610612736" "--user" "0:0" "--network" "none" "ghcr.io/rust-lang/crates-build-env/linux@sha256:2788e3201cd34a07e3172128adcd8b3090168a8e3bcc40d7c032b9dda1df7d1c" "/opt/rustwide/cargo-home/bin/cargo" "+beta-2023-12-22" "test" "--frozen" "--no-run" "--message-format=json", kill_on_drop: false }`
[INFO] [stdout] 745e82b2f508bdc72f404dfe48e3d7f5da89cdc943e7cb7dc0e59b355eb92074
[INFO] running `Command { std: "docker" "start" "-a" "745e82b2f508bdc72f404dfe48e3d7f5da89cdc943e7cb7dc0e59b355eb92074", kill_on_drop: false }`
[INFO] [stderr]    Compiling rustix v0.38.28
[INFO] [stderr]    Compiling bitflags v2.4.1
[INFO] [stderr]    Compiling linux-raw-sys v0.4.12
[INFO] [stderr]    Compiling wait-timeout v0.2.0
[INFO] [stderr]    Compiling quick-error v1.2.3
[INFO] [stderr]    Compiling rand_xorshift v0.3.0
[INFO] [stderr]    Compiling unarray v0.1.4
[INFO] [stdout] warning: unused import: `XYEmission`
[INFO] [stdout]   --> src/stats/pairhmm/pairhmm.rs:20:63
[INFO] [stdout]    |
[INFO] [stdout] 20 |     EmissionParameters, GapParameters, StartEndGapParameters, XYEmission,
[INFO] [stdout]    |                                                               ^^^^^^^^^^
[INFO] [stdout]    |
[INFO] [stdout]    = note: `#[warn(unused_imports)]` on by default
[INFO] [stdout] 
[INFO] [stdout] 
[INFO] [stdout] warning: 1 warning emitted
[INFO] [stdout] 
[INFO] [stdout] 
[INFO] [stderr]    Compiling tempfile v3.9.0
[INFO] [stderr]    Compiling rusty-fork v0.3.0
[INFO] [stderr]    Compiling proptest v1.4.0
[INFO] [stderr]    Compiling bio v1.4.0 (/opt/rustwide/workdir)
[INFO] [stderr]     Finished test [unoptimized + debuginfo] target(s) in 27.70s
[INFO] running `Command { std: "docker" "inspect" "745e82b2f508bdc72f404dfe48e3d7f5da89cdc943e7cb7dc0e59b355eb92074", kill_on_drop: false }`
[INFO] running `Command { std: "docker" "rm" "-f" "745e82b2f508bdc72f404dfe48e3d7f5da89cdc943e7cb7dc0e59b355eb92074", kill_on_drop: false }`
[INFO] [stdout] 745e82b2f508bdc72f404dfe48e3d7f5da89cdc943e7cb7dc0e59b355eb92074
[INFO] running `Command { std: "docker" "create" "-v" "/var/lib/crater-agent-workspace/builds/worker-2-tc2/target:/opt/rustwide/target:rw,Z" "-v" "/var/lib/crater-agent-workspace/builds/worker-2-tc2/source:/opt/rustwide/workdir:ro,Z" "-v" "/var/lib/crater-agent-workspace/cargo-home:/opt/rustwide/cargo-home:ro,Z" "-v" "/var/lib/crater-agent-workspace/rustup-home:/opt/rustwide/rustup-home:ro,Z" "-e" "SOURCE_DIR=/opt/rustwide/workdir" "-e" "CARGO_TARGET_DIR=/opt/rustwide/target" "-e" "CARGO_INCREMENTAL=0" "-e" "RUST_BACKTRACE=full" "-e" "RUSTFLAGS=--cap-lints=warn" "-e" "RUSTDOCFLAGS=--cap-lints=warn" "-e" "CARGO_HOME=/opt/rustwide/cargo-home" "-e" "RUSTUP_HOME=/opt/rustwide/rustup-home" "-w" "/opt/rustwide/workdir" "-m" "1610612736" "--user" "0:0" "--network" "none" "ghcr.io/rust-lang/crates-build-env/linux@sha256:2788e3201cd34a07e3172128adcd8b3090168a8e3bcc40d7c032b9dda1df7d1c" "/opt/rustwide/cargo-home/bin/cargo" "+beta-2023-12-22" "test" "--frozen", kill_on_drop: false }`
[INFO] [stdout] f645cdb6ea89a5e43aaa414e35b40d30858098f19724e99381b973d5039e7b90
[INFO] running `Command { std: "docker" "start" "-a" "f645cdb6ea89a5e43aaa414e35b40d30858098f19724e99381b973d5039e7b90", kill_on_drop: false }`
[INFO] [stderr] warning: unused import: `XYEmission`
[INFO] [stderr]   --> src/stats/pairhmm/pairhmm.rs:20:63
[INFO] [stderr]    |
[INFO] [stderr] 20 |     EmissionParameters, GapParameters, StartEndGapParameters, XYEmission,
[INFO] [stderr]    |                                                               ^^^^^^^^^^
[INFO] [stderr]    |
[INFO] [stderr]    = note: `#[warn(unused_imports)]` on by default
[INFO] [stderr] 
[INFO] [stderr] warning: `bio` (lib) generated 1 warning (run `cargo fix --lib -p bio` to apply 1 suggestion)
[INFO] [stderr]     Finished test [unoptimized + debuginfo] target(s) in 0.18s
[INFO] [stderr]      Running unittests src/lib.rs (/opt/rustwide/target/debug/deps/bio-016fe9642ef64676)
[INFO] [stdout] 
[INFO] [stdout] running 402 tests
[INFO] [stdout] test alignment::distance::tests::test_simd_bounded_levenshtein_dist ... ok
[INFO] [stdout] test alignment::distance::tests::test_hamming_dist_good ... ok
[INFO] [stdout] test alignment::distance::tests::test_simd_hamming_dist_good ... ok
[INFO] [stdout] test alignment::distance::tests::test_levenshtein_dist ... ok
[INFO] [stdout] test alignment::pairwise::banded::banded::test_blosum62 ... ok
[INFO] [stdout] test alignment::pairwise::banded::banded::test_deletions_ouside_band ... ok
[INFO] [stdout] test alignment::pairwise::banded::banded::test_global ... ok
[INFO] [stdout] test alignment::pairwise::banded::banded::test_global_affine_ins2 ... ok
[INFO] [stdout] test alignment::pairwise::banded::banded::test_band_add_entry ... ok
[INFO] [stdout] test alignment::distance::tests::test_simd_levenshtein_dist ... ok
[INFO] [stdout] test alignment::pairwise::banded::banded::test_global_affine_ins ... ok
[INFO] [stdout] test alignment::pairwise::banded::banded::test_deletion ... ok
[INFO] [stdout] test alignment::pairwise::banded::banded::test_band_add_kmer ... ok
[INFO] [stdout] test alignment::pairwise::banded::banded::test_insert_in_between_semiglobal ... ok
[INFO] [stdout] test alignment::pairwise::banded::banded::test_issue11 ... ok
[INFO] [stdout] test alignment::pairwise::banded::banded::test_insert_only_semiglobal ... ok
[INFO] [stdout] test alignment::pairwise::banded::banded::test_global_right_del ... ok
[INFO] [stdout] test alignment::pairwise::banded::banded::test_left_aligned_del ... ok
[INFO] [stdout] test alignment::pairwise::banded::banded::test_insertion ... ok
[INFO] [stdout] test alignment::pairwise::banded::banded::test_insertion_after_clip ... ok
[INFO] [stdout] test alignment::pairwise::banded::banded::test_issue12_3 ... ok
[INFO] [stdout] test alignment::pairwise::banded::banded::test_issue12_2 ... ok
[INFO] [stdout] test alignment::pairwise::banded::banded::test_issue12_1 ... ok
[INFO] [stdout] test alignment::pairwise::banded::banded::test_left_aligned_ins ... ok
[INFO] [stdout] test alignment::pairwise::banded::banded::test_local_affine_ins2 ... ok
[INFO] [stdout] test alignment::pairwise::banded::banded::test_local ... ok
[INFO] [stdout] test alignment::pairwise::banded::banded::test_local_empty ... ok
[INFO] [stdout] test alignment::pairwise::banded::banded::test_only_clips ... ok
[INFO] [stdout] test alignment::pairwise::banded::banded::test_band_ends_inside ... ok
[INFO] [stdout] test alignment::pairwise::banded::banded::test_aligner_new ... ok
[INFO] [stdout] test alignment::pairwise::banded::banded::test_overhangs2 ... ok
[INFO] [stdout] test alignment::pairwise::banded::banded::test_insertion_ouside_band ... ok
[INFO] [stdout] test alignment::pairwise::banded::banded::test_longer_string_all_operations ... ok
[INFO] [stdout] test alignment::pairwise::banded::banded::test_semiglobal ... ok
[INFO] [stdout] test alignment::pairwise::banded::banded::test_band_starts_inside ... ok
[INFO] [stdout] test alignment::pairwise::banded::banded::test_overhangs3 ... ok
[INFO] [stdout] test alignment::pairwise::banded::banded::test_band_is_fully_inside ... ok
[INFO] [stdout] test alignment::pairwise::banded::banded::test_overhangs4 ... ok
[INFO] [stdout] test alignment::pairwise::banded::banded::test_semiglobal_simple ... ok
[INFO] [stdout] test alignment::pairwise::banded::banded::test_semiglobal_gap_open_lt_mismatch ... ok
[INFO] [stdout] test alignment::pairwise::banded::banded::test_overhangs5 ... ok
[INFO] [stdout] test alignment::pairwise::banded::banded::test_xclip_prefix_custom ... ok
[INFO] [stdout] test alignment::pairwise::banded::banded::test_traceback_outside_band ... ok
[INFO] [stdout] test alignment::pairwise::banded::banded::test_xclip_suffix_custom ... ok
[INFO] [stdout] test alignment::pairwise::banded::banded::test_substitutions ... ok
[INFO] [stdout] test alignment::pairwise::banded::banded::test_yclip_prefix_custom ... ok
[INFO] [stdout] test alignment::pairwise::banded::banded::test_yclip_prefix_only ... ok
[INFO] [stdout] test alignment::pairwise::tests::test_blosum62 ... ok
[INFO] [stdout] test alignment::pairwise::banded::banded::test_yclip_suffix_custom ... ok
[INFO] [stdout] test alignment::pairwise::tests::test_global ... ok
[INFO] [stdout] test alignment::pairwise::banded::banded::test_zero_score_clips ... ok
[INFO] [stdout] test alignment::pairwise::tests::test_global_affine_ins ... ok
[INFO] [stdout] test alignment::pairwise::banded::banded::test_overhangs1 ... ok
[INFO] [stdout] test alignment::pairwise::tests::test_blosum62_local ... ok
[INFO] [stdout] test alignment::pairwise::tests::test_aligner_new ... ok
[INFO] [stdout] test alignment::pairwise::tests::test_issue11 ... ok
[INFO] [stdout] test alignment::pairwise::tests::test_global_right_del ... ok
[INFO] [stdout] test alignment::pairwise::tests::test_global_affine_ins2 ... ok
[INFO] [stdout] test alignment::pairwise::banded::banded::test_same ... ok
[INFO] [stdout] test alignment::pairwise::banded::banded::test_yclip_suffix_only ... ok
[INFO] [stdout] test alignment::pairwise::tests::test_insert_only_semiglobal ... ok
[INFO] [stdout] test alignment::pairwise::tests::test_insert_in_between_semiglobal ... ok
[INFO] [stdout] test alignment::pairwise::tests::test_issue12_1 ... ok
[INFO] [stdout] test alignment::pairwise::banded::banded::test_big ... ok
[INFO] [stdout] test alignment::pairwise::tests::test_local_affine_ins2 ... ok
[INFO] [stdout] test alignment::pairwise::tests::test_xclip_prefix_suffix ... ok
[INFO] [stdout] test alignment::pairwise::tests::test_semiglobal_simple ... ok
[INFO] [stdout] test alignment::pairwise::tests::test_semiglobal_gap_open_lt_mismatch ... ok
[INFO] [stdout] test alignment::pairwise::tests::test_xclip_prefix_custom ... ok
[INFO] [stdout] test alignment::pairwise::tests::test_scoring_from_scores ... ok
[INFO] [stdout] test alignment::pairwise::tests::test_left_aligned_del ... ok
[INFO] [stdout] test alignment::pairwise::tests::test_issue12_2 ... ok
[INFO] [stdout] test alignment::pairwise::tests::test_only_clips ... ok
[INFO] [stdout] test alignment::pairwise::tests::test_longer_string_all_operations ... ok
[INFO] [stdout] test alignment::pairwise::tests::test_semiglobal ... ok
[INFO] [stdout] test alignment::pairwise::tests::test_local ... ok
[INFO] [stdout] test alignment::pairwise::tests::test_left_aligned_ins ... ok
[INFO] [stdout] test alignment::pairwise::tests::test_issue12_3 ... ok
[INFO] [stdout] test alignment::pairwise::tests::test_zero_score_clips ... ok
[INFO] [stdout] test alignment::pairwise::tests::test_yclip_suffix_custom ... ok
[INFO] [stdout] test alignment::pairwise::tests::test_xclip_suffix_custom ... ok
[INFO] [stdout] test alignment::pairwise::tests::test_yclip_prefix_suffix ... ok
[INFO] [stdout] test alignment::poa::tests::test_edge_cases ... ok
[INFO] [stdout] test alignment::poa::tests::test_alignment ... ok
[INFO] [stdout] test alignment::pairwise::tests::test_yclip_prefix_custom ... ok
[INFO] [stdout] test alignment::poa::tests::test_consensus ... ok
[INFO] [stdout] test alignment::poa::tests::test_branched_alignment ... ok
[INFO] [stdout] test alignment::pairwise::tests::traceback_cell ... ok
[INFO] [stdout] test alignment::poa::tests::test_poa_method_chaining ... ok
[INFO] [stdout] test alignment::poa::tests::test_init_graph ... ok
[INFO] [stdout] test alignment::sparse::sparse_alignment::test_expanded_matches ... ok
[INFO] [stdout] test alignment::sparse::sparse_alignment::test_find_kmer_matches ... ok
[INFO] [stdout] test alphabets::dna::tests::is_no_word ... ok
[INFO] [stdout] test alignment::sparse::sparse_alignment::test_sdp1 ... ok
[INFO] [stdout] test alignment::sparse::sparse_alignment::test_lcskpp_tandem_repeat ... ok
[INFO] [stdout] test alignment::sparse::sparse_alignment::test_sdpkpp_same ... ok
[INFO] [stdout] test alignment::poa::tests::test_insertion_on_branch ... ok
[INFO] [stdout] test alphabets::dna::tests::is_word ... ok
[INFO] [stdout] test alignment::poa::tests::test_alt_branched_alignment ... ok
[INFO] [stdout] test alignment::sparse::sparse_alignment::test_lcskpp1 ... ok
[INFO] [stdout] test alignment::sparse::sparse_alignment::test_sdpkpp_tandem_repeat ... ok
[INFO] [stdout] test alignment::sparse::sparse_alignment::test_lcskpp2 ... ok
[INFO] [stdout] test alignment::sparse::sparse_alignment::test_lcskpp0 ... ok
[INFO] [stdout] test alphabets::protein::tests::is_no_word ... ok
[INFO] [stdout] test alphabets::dna::tests::symbol_is_no_word ... ok
[INFO] [stdout] test alphabets::protein::tests::is_word ... ok
[INFO] [stdout] test alignment::sparse::sparse_alignment::test_lcskpp_same ... ok
[INFO] [stdout] test alphabets::protein::tests::iupac_contains_iupac_chars ... ok
[INFO] [stdout] test alphabets::protein::tests::symbol_is_no_word ... ok
[INFO] [stdout] test alphabets::dna::tests::number_is_no_word ... ok
[INFO] [stdout] test alphabets::protein::tests::number_is_no_word ... ok
[INFO] [stdout] test alignment::sparse::sparse_alignment::test_sdp ... ok
[INFO] [stdout] test alignment::sparse::sparse_alignment::test_sdp2 ... ok
[INFO] [stdout] test alphabets::rna::tests::symbol_is_no_word ... ok
[INFO] [stdout] test alphabets::rna::tests::test_reverse_complement ... ok
[INFO] [stdout] test alignment::distance::tests::test_hamming_dist_bad - should panic ... ok
[INFO] [stdout] test alphabets::rna::tests::is_no_word ... ok
[INFO] [stdout] test data_structures::annot_map::tests::lookup ... ok
[INFO] [stdout] test data_structures::bit_tree::test_bit_tree::test_bit_tree ... ok
[INFO] [stdout] test data_structures::bitenc::tests::test_bitenc ... ok
[INFO] [stdout] test data_structures::annot_map::tests::overlaps ... ok
[INFO] [stdout] test data_structures::bwt::tests::test_invert_bwt ... ok
[INFO] [stdout] test data_structures::fmindex::tests::test_fmindex ... ok
[INFO] [stdout] test data_structures::bitenc::tests::test_issue29 ... ok
[INFO] [stdout] test alphabets::tests::test_alphabet_eq ... ok
[INFO] [stdout] test alphabets::rna::tests::is_word ... ok
[INFO] [stdout] test alphabets::rna::tests::number_is_no_word ... ok
[INFO] [stdout] test data_structures::bitenc::tests::test_push_values ... ok
[INFO] [stdout] test data_structures::bitenc::tests::test_push_values_edge_cases ... ok
[INFO] [stdout] test data_structures::bwt::tests::test_bwtfind ... ok
[INFO] [stdout] test data_structures::bwt::tests::test_occ ... ok
[INFO] [stdout] test data_structures::fmindex::tests::test_all_smems ... ok
[INFO] [stdout] test alignment::distance::tests::test_simd_hamming_dist_bad - should panic ... ok
[INFO] [stdout] test data_structures::bwt::tests::test_occwm ... ok
[INFO] [stdout] test alphabets::tests::test_qgram_shiftleft_overflow ... ok
[INFO] [stdout] test data_structures::interval_tree::array_backed_interval_tree::tests::test_example ... ok
[INFO] [stdout] test data_structures::fmindex::tests::test_fmindex_backward_search_optimization ... ok
[INFO] [stdout] test data_structures::fmindex::tests::test_fmindex_backward_search_partial_match ... ok
[INFO] [stdout] test data_structures::fmindex::tests::test_init_interval ... ok
[INFO] [stdout] test data_structures::interval_tree::array_backed_interval_tree::tests::test_disjoint_two_element_search ... ok
[INFO] [stdout] test data_structures::interval_tree::avl_interval_tree::tests::test_insertion_and_intersection ... ok
[INFO] [stdout] test data_structures::fmindex::tests::test_fmindex_not_found ... ok
[INFO] [stdout] test data_structures::interval_tree::avl_interval_tree::tests::iter_mut ... ok
[INFO] [stdout] test data_structures::fmindex::tests::test_smems ... ok
[INFO] [stdout] test data_structures::interval_tree::avl_interval_tree::tests::from_iterator ... ok
[INFO] [stdout] test data_structures::rank_select::tests::test_rank_select ... ok
[INFO] [stdout] test data_structures::rank_select::tests::test_rank_select2 ... ok
[INFO] [stdout] test data_structures::interval_tree::avl_interval_tree::tests::zero_width_ranges ... ok
[INFO] [stdout] test data_structures::qgram_index::tests::test_exact_matches ... ok
[INFO] [stdout] test data_structures::rank_select::tests::test_select_end ... ok
[INFO] [stdout] test data_structures::rank_select::tests::test_select ... ok
[INFO] [stdout] test data_structures::qgram_index::tests::test_matches ... ok
[INFO] [stdout] test data_structures::rank_select::tests::test_select_start ... ok
[INFO] [stdout] test data_structures::qgram_index::tests::test_qgram_matches ... ok
[INFO] [stdout] test data_structures::suffix_array::tests::test_issue10_1 ... ok
[INFO] [stdout] test data_structures::qgram_index::tests::test_qgram_sizeof_pos ... ok
[INFO] [stdout] test data_structures::suffix_array::tests::test_issue10_2 ... ok
[INFO] [stdout] test data_structures::rank_select::tests::test_rank_k ... ok
[INFO] [stdout] test data_structures::rank_select::tests::test_single_select ... ok
[INFO] [stdout] test data_structures::suffix_array::tests::test_handles_sentinels_properly ... ok
[INFO] [stdout] test data_structures::qgram_index::tests::test_exact_matches_self ... ok
[INFO] [stdout] test data_structures::qgram_index::tests::test_qgram_with_max_count ... ok
[INFO] [stdout] test data_structures::qgram_index::tests::test_iterator ... ok
[INFO] [stdout] test data_structures::qgram_index::tests::test_qgram_with_max_count_index_0 ... ok
[INFO] [stdout] test data_structures::suffix_array::tests::test_buckets ... ok
[INFO] [stdout] test data_structures::fmindex::tests::test_issue39 ... ok
[INFO] [stdout] test data_structures::interval_tree::avl_interval_tree::tests::test_insertion_and_intersection_2 ... ok
[INFO] [stdout] test data_structures::wavelet_matrix::tests::test_wm_buildpaper ... ok
[INFO] [stdout] test data_structures::wavelet_matrix::tests::test_wm_rank_2 ... ok
[INFO] [stdout] test data_structures::suffix_array::tests::test_lms_pos ... ok
[INFO] [stdout] test data_structures::suffix_array::tests::test_pos ... ok
[INFO] [stdout] test data_structures::wavelet_matrix::tests::test_wm_rank_alldna ... ok
[INFO] [stdout] test data_structures::wavelet_matrix::tests::test_wm_rank_firstpos ... ok
[INFO] [stdout] test data_structures::suffix_array::tests::test_pos_types ... ok
[INFO] [stdout] test data_structures::wavelet_matrix::tests::test_wm_builddna ... ok
[INFO] [stdout] test data_structures::wavelet_matrix::tests::test_wm_rank_1 ... ok
[INFO] [stdout] test data_structures::wavelet_matrix::tests::test_wm_rank_all ... ok
[INFO] [stdout] test data_structures::wavelet_matrix::tests::test_wm_rank_lastpos ... ok
[INFO] [stdout] test io::bed::tests::test_reader_compact ... ok
[INFO] [stdout] test io::bed::tests::test_bed_from_pos ... ok
[INFO] [stdout] test io::bed::tests::test_reader_with_comment ... ok
[INFO] [stdout] test io::fasta::tests::test_display_record_with_desc_id_has_space_between_id_and_desc ... ok
[INFO] [stdout] test io::bed::tests::test_writer ... ok
[INFO] [stdout] test io::fasta::tests::test_faread_trait ... ok
[INFO] [stdout] test io::fasta::tests::test_index_record_fetch_by_rid_second_index_returns_second_record ... ok
[INFO] [stdout] test io::fasta::tests::test_index_record_idx_by_rid_invalid_index_returns_error ... ok
[INFO] [stdout] test io::fasta::tests::test_display_record_no_desc_id_without_space_after ... ok
[INFO] [stdout] test io::bed::tests::spliced_to_bed ... ok
[INFO] [stdout] test io::fasta::tests::test_indexed_reader_crlf ... ok
[INFO] [stdout] test io::fasta::tests::test_indexed_reader_all ... ok
[INFO] [stdout] test io::fasta::tests::test_indexed_reader_bad_reader ... ok
[INFO] [stdout] test io::fasta::tests::test_index_sequences ... ok
[INFO] [stdout] test io::fasta::tests::test_indexed_reader ... ok
[INFO] [stdout] test io::bed::tests::test_reader ... ok
[INFO] [stdout] test io::bed::tests::test_bed_from_contig ... ok
[INFO] [stdout] test io::fasta::tests::test_indexed_reader_iter ... ok
[INFO] [stdout] test io::fasta::tests::test_indexed_reader_crlf_by_rid_all ... ok
[INFO] [stdout] test io::fasta::tests::test_indexed_reader_iter_all ... ok
[INFO] [stdout] test io::fasta::tests::test_indexed_reader_crlf_all ... ok
[INFO] [stdout] test io::fasta::tests::test_indexed_reader_by_rid_all ... ok
[INFO] [stdout] test data_structures::wavelet_matrix::tests::test_wm_rank_overflowpanic - should panic ... ok
[INFO] [stdout] test io::bed::tests::test_reader_from_file_path_doesnt_exist_returns_err ... ok
[INFO] [stdout] test io::fasta::tests::test_indexed_reader_iter_by_rid_all ... ok
[INFO] [stdout] test io::fasta::tests::test_indexed_reader_iter_crlf ... ok
[INFO] [stdout] test io::fasta::tests::test_indexed_reader_iter_read_fails ... ok
[INFO] [stdout] test io::fasta::tests::test_indexed_reader_iter_size_hint ... ok
[INFO] [stdout] test io::fasta::tests::test_indexed_reader_iter_crlf_by_rid_all ... ok
[INFO] [stdout] test io::fasta::tests::test_indexed_reader_no_fetch_read_iter_fails ... ok
[INFO] [stdout] test io::fasta::tests::test_indexed_reader_no_fetch_read_fails ... ok
[INFO] [stdout] test io::fasta::tests::test_indexed_reader_iter_seek_fails ... ok
[INFO] [stdout] test io::fasta::tests::test_indexed_reader_reused_buffer ... ok
[INFO] [stdout] test io::fasta::tests::test_indexed_reader_read_seek_fails ... ok
[INFO] [stdout] test io::fasta::tests::test_indexed_reader_no_trailing_lf ... ok
[INFO] [stdout] test io::fasta::tests::test_indexed_reader_read_read_fails ... ok
[INFO] [stdout] test io::fasta::tests::test_indexed_reader_iter_crlf_all ... ok
[INFO] [stdout] test io::fasta::tests::test_reader ... ok
[INFO] [stdout] test io::fasta::tests::test_reader_wrong_header ... ok
[INFO] [stdout] test io::fasta::tests::test_reader_non_ascii_sequence ... ok
[INFO] [stdout] test io::fasta::tests::test_record_with_attrs_without_description ... ok
[INFO] [stdout] test io::fasta::tests::test_record_with_attrs_with_description ... ok
[INFO] [stdout] test io::fasta::tests::test_writer ... ok
[INFO] [stdout] test io::fasta::tests::test_writer_to_file_dir_exists_returns_ok ... ok
[INFO] [stdout] test io::fastq::tests::test_check_record_quality_and_seq_diff_len_raises_err ... ok
[INFO] [stdout] test io::fasta::tests::test_writer_to_file_dir_doesnt_exist_returns_err ... ok
[INFO] [stdout] test io::fasta::tests::test_reader_read_fails ... ok
[INFO] [stdout] test io::fasta::tests::test_reader_read_fails_iter ... ok
[INFO] [stdout] test io::fasta::tests::test_reader_no_id ... ok
[INFO] [stdout] test io::fasta::tests::test_reader_from_file_path_doesnt_exist_returns_err ... ok
[INFO] [stdout] test io::fastq::tests::test_display_record_with_desc_id_has_space_between_id_and_desc ... ok
[INFO] [stdout] test io::fastq::tests::test_display_record_no_desc_id_without_space_after ... ok
[INFO] [stdout] test io::fastq::tests::test_check_record_quality_is_not_ascii_raises_err ... ok
[INFO] [stdout] test io::fastq::tests::test_fqread_trait ... ok
[INFO] [stdout] test io::fastq::tests::test_check_record_id_is_empty_raises_err ... ok
[INFO] [stdout] test io::fastq::tests::test_check_valid_record ... ok
[INFO] [stdout] test io::fastq::tests::test_read_header_does_not_start_with_correct_char_raises_err ... ok
[INFO] [stdout] test io::fastq::tests::test_check_record_seq_is_not_ascii_raises_err ... ok
[INFO] [stdout] test io::fastq::tests::test_read_sequence_and_quality_are_wrapped_is_handled_with_three_sequences ... ok
[INFO] [stdout] test io::fastq::tests::test_read_quality_is_empty_raises_err ... ok
[INFO] [stdout] test io::fastq::tests::test_read_sequence_and_quality_are_wrapped_is_handled_with_one_sequence ... ok
[INFO] [stdout] test io::fastq::tests::test_reader_from_file_path_exists_returns_ok ... ok
[INFO] [stdout] test io::fastq::tests::test_read_wrapped_record_with_inconsistent_wrapping_errors ... ok
[INFO] [stdout] test io::fastq::tests::test_read_with_missing_plus ... ok
[INFO] [stdout] test io::fastq::tests::test_reader ... ok
[INFO] [stdout] test io::fastq::tests::test_reader_from_file_path_doesnt_exist_returns_err ... ok
[INFO] [stdout] test io::fastq::tests::test_record_iterator_next_read_returns_err_causes_next_to_return_some_err ... ok
[INFO] [stdout] test io::fastq::tests::test_sequence_read_for_record_trait_method_base_qual_idx_in_range ... ok
[INFO] [stdout] test io::fastq::tests::test_writer_to_file_dir_doesnt_exist_returns_err ... ok
[INFO] [stdout] test io::fastq::tests::test_sequence_read_for_record_trait_method_len ... ok
[INFO] [stdout] test io::fastq::tests::test_sequence_read_for_record_trait_method_base_idx_in_range ... ok
[INFO] [stdout] test io::fastq::tests::test_record_with_attrs ... ok
[INFO] [stdout] test io::fastq::tests::test_writer ... ok
[INFO] [stdout] test io::gff::tests::test_convert_gtf2_to_gff3 ... ok
[INFO] [stdout] test io::fastq::tests::test_sequence_read_for_record_trait_method_name ... ok
[INFO] [stdout] test io::fastq::tests::test_writer_to_file_dir_exists_returns_ok ... ok
[INFO] [stdout] test io::fasta::tests::test_write_record ... FAILED
[INFO] [stdout] test io::fastq::tests::test_sequence_read_for_record_trait_method_base_qual_idx_out_of_range - should panic ... ok
[INFO] [stdout] test io::fastq::tests::test_sequence_read_for_record_trait_method_base_idx_out_of_range - should panic ... ok
[INFO] [stdout] test io::fastq::tests::test_write_record ... FAILED
[INFO] [stdout] test io::gff::tests::test_gff_type_from_str ... ok
[INFO] [stdout] test io::gff::tests::test_reader_gtf2 ... ok
[INFO] [stdout] test io::gff::tests::test_reader_from_file_path_doesnt_exist_returns_err ... ok
[INFO] [stdout] test io::gff::tests::test_reader_gtf2_2 ... ok
[INFO] [stdout] test io::gff::tests::test_unknown_gff_type ... ok
[INFO] [stdout] test pattern_matching::bndm::tests::test_find_all_at_start ... ok
[INFO] [stdout] test pattern_matching::bndm::tests::test_find_all ... ok
[INFO] [stdout] test io::gff::tests::test_reader_gff3 ... ok
[INFO] [stdout] test io::gff::tests::test_reader_gtf2_dup_attr_keys ... ok
[INFO] [stdout] test pattern_matching::horspool::tests::test_shift ... ok
[INFO] [stdout] test pattern_matching::kmp::tests::test_delta ... ok
[INFO] [stdout] test pattern_matching::bom::tests::test_delta ... ok
[INFO] [stdout] test pattern_matching::bom::tests::test_find_all ... ok
[INFO] [stdout] test pattern_matching::bom::tests::test_find_all_at_start ... ok
[INFO] [stdout] test pattern_matching::kmp::tests::test_find_all ... ok
[INFO] [stdout] test pattern_matching::horspool::tests::test_find_all_at_start ... ok
[INFO] [stdout] test pattern_matching::kmp::tests::test_find_all_at_start ... ok
[INFO] [stdout] test pattern_matching::myers::long::tests::test_ambig ... ok
[INFO] [stdout] test pattern_matching::myers::long::tests::test_long_shorter ... ok
[INFO] [stdout] test io::gff::tests::test_writer_gtf2 ... ok
[INFO] [stdout] test pattern_matching::myers::long::tests::test_full_position ... ok
[INFO] [stdout] test pattern_matching::myers::long::tests::test_path_at ... ok
[INFO] [stdout] test pattern_matching::myers::long::tests::test_position_cmp ... ok
[INFO] [stdout] test pattern_matching::myers::long::tests::test_shorter ... ok
[INFO] [stdout] test io::gff::tests::test_writer_gff3 ... ok
[INFO] [stdout] test pattern_matching::horspool::tests::test_find_all ... ok
[INFO] [stdout] test pattern_matching::myers::long::tests::test_traceback_path ... ok
[INFO] [stdout] test pattern_matching::myers::long::tests::test_distance ... ok
[INFO] [stdout] test pattern_matching::kmp::tests::test_lps ... ok
[INFO] [stdout] test pattern_matching::myers::long::tests::test_find_all_end ... ok
[INFO] [stdout] test pattern_matching::myers::tests::test_ambig ... ok
[INFO] [stdout] test pattern_matching::myers::long::tests::test_alignment ... ok
[INFO] [stdout] test pattern_matching::myers::long::tests::test_longest_possible ... ok
[INFO] [stdout] test pattern_matching::myers::long::tests::test_myers_long_overflow ... ok
[INFO] [stdout] test pattern_matching::myers::long::tests::test_large_dist ... ok
[INFO] [stdout] test pattern_matching::myers::long::tests::test_traceback_path2 ... ok
[INFO] [stdout] test pattern_matching::myers::tests::test_alignment ... ok
[INFO] [stdout] test pattern_matching::myers::tests::test_long_shorter ... ok
[INFO] [stdout] test pattern_matching::myers::tests::test_distance ... ok
[INFO] [stdout] test pattern_matching::myers::tests::test_large_dist ... ok
[INFO] [stdout] test pattern_matching::myers::tests::test_full_position ... ok
[INFO] [stdout] test pattern_matching::myers::tests::test_path_at ... ok
[INFO] [stdout] test pattern_matching::myers::tests::test_find_all_end ... ok
[INFO] [stdout] test pattern_matching::pssm::dnamotif::tests::find_motif ... ok
[INFO] [stdout] test pattern_matching::pssm::dnamotif::tests::test_degenerate_consensus_n ... ok
[INFO] [stdout] test pattern_matching::myers::tests::test_position_cmp ... ok
[INFO] [stdout] test pattern_matching::myers::tests::test_traceback_path2 ... ok
[INFO] [stdout] test pattern_matching::pssm::dnamotif::tests::test_degenerate_consensus_same_bases ... ok
[INFO] [stdout] test pattern_matching::pssm::dnamotif::tests::test_degenerate_consensus_three_bases ... ok
[INFO] [stdout] test pattern_matching::pssm::dnamotif::tests::test_degenerate_consensus_two_bases ... ok
[INFO] [stdout] test pattern_matching::pssm::dnamotif::tests::test_info_content ... ok
[INFO] [stdout] test pattern_matching::pssm::protmotif::tests::test_degenerate_consensus_x ... ok
[INFO] [stdout] test pattern_matching::pssm::protmotif::tests::test_inconsist_err ... ok
[INFO] [stdout] test pattern_matching::pssm::dnamotif::tests::test_inconsist_err ... ok
[INFO] [stdout] test pattern_matching::pssm::protmotif::tests::test_mono_err ... ok
[INFO] [stdout] test pattern_matching::myers::tests::test_pattern_too_long_builder - should panic ... ok
[INFO] [stdout] test pattern_matching::myers::tests::test_pattern_too_long - should panic ... ok
[INFO] [stdout] test pattern_matching::myers::tests::test_shorter ... ok
[INFO] [stdout] test pattern_matching::myers::tests::test_traceback_path ... ok
[INFO] [stdout] test pattern_matching::pssm::dnamotif::tests::simple_pssm ... ok
[INFO] [stdout] test pattern_matching::pssm::protmotif::tests::test_degenerate_consensus_same_bases ... ok
[INFO] [stdout] test pattern_matching::pssm::protmotif::tests::test_info_content ... ok
[INFO] [stdout] test pattern_matching::myers::tests::test_longest_possible ... ok
[INFO] [stdout] test pattern_matching::pssm::dnamotif::tests::test_mono_err ... ok
[INFO] [stdout] test pattern_matching::pssm::protmotif::tests::test_scoring ... ok
[INFO] [stdout] test scores::pam200::tests::test_pam200 ... ok
[INFO] [stdout] test seq_analysis::gc::tests::test_gc_content ... ok
[INFO] [stdout] test scores::pam250::tests::test_pam250 ... ok
[INFO] [stdout] test pattern_matching::ukkonen::tests::test_find_all_end ... ok
[INFO] [stdout] test scores::pam40::tests::test_pam40 ... ok
[INFO] [stdout] test pattern_matching::shift_and::tests::test_multiple_finds ... ok
[INFO] [stdout] test seq_analysis::orf::tests::test_one_orf_no_offset ... ok
[INFO] [stdout] test seq_analysis::orf::tests::test_one_orf_with_offset ... ok
[INFO] [stdout] test pattern_matching::shift_and::tests::test_find_all ... ok
[INFO] [stdout] test pattern_matching::shift_and::tests::test_issue_416 ... ok
[INFO] [stdout] test pattern_matching::ukkonen::tests::test_find_start ... ok
[INFO] [stdout] test scores::pam120::tests::test_pam120 ... ok
[INFO] [stdout] test scores::blosum62::tests::test_blosum62 ... ok
[INFO] [stdout] test seq_analysis::orf::tests::test_no_orf ... ok
[INFO] [stdout] test stats::combinatorics::tests::test_comb_scaled ... ok
[INFO] [stdout] test stats::hmm::tests::test_baum_welch_one_iter_example ... ok
[INFO] [stdout] test stats::bayesian::bayes_factors::tests::test_bayes_factor ... ok
[INFO] [stdout] test seq_analysis::orf::tests::test_three_nested_and_offset_orfs ... ok
[INFO] [stdout] test stats::combinatorics::tests::test_comb ... ok
[INFO] [stdout] test stats::hmm::tests::test_baum_welch_train_example ... ok
[INFO] [stdout] test seq_analysis::orf::tests::test_two_orfs_different_offsets ... ok
[INFO] [stdout] test stats::bayesian::tests::test_expected_fdr ... ok
[INFO] [stdout] test stats::hmm::tests::test_discrete_forward_toy_example ... ok
[INFO] [stdout] test stats::hmm::tests::test_discrete_backward_toy_example ... ok
[INFO] [stdout] test stats::hmm::tests::test_gaussian_forward_simple_example ... ok
[INFO] [stdout] test stats::hmm::tests::test_discrete_with_end_backward_toy_example ... ok
[INFO] [stdout] test stats::hmm::tests::test_gaussian_backward_simple_example ... ok
[INFO] [stdout] test stats::hmm::tests::test_discrete_viterbi_toy_example ... ok
[INFO] [stdout] test stats::hmm::tests::test_gaussian_forward_equals_backward_simple_example ... ok
[INFO] [stdout] test stats::hmm::tests::test_gaussian_viterbi_simple_example ... ok
[INFO] [stdout] test stats::pairhmm::homopolypairhmm::tests::test_hompolymer_run_in_x ... ok
[INFO] [stdout] test stats::hmm::tests::test_recriate_discrete_backward_toy_example ... ok
[INFO] [stdout] test stats::pairhmm::homopolypairhmm::tests::test_hompolymer_run_in_y ... ok
[INFO] [stdout] test stats::pairhmm::homopolypairhmm::tests::test_interleave_gaps_x ... ok
[INFO] [stdout] test stats::pairhmm::homopolypairhmm::tests::test_interleave_gaps_y ... ok
[INFO] [stdout] test stats::pairhmm::homopolypairhmm::tests::test_gap_x_2 ... ok
[INFO] [stdout] test stats::pairhmm::homopolypairhmm::tests::test_gap_y ... ok
[INFO] [stdout] test stats::pairhmm::homopolypairhmm::tests::impossible_global_alignment ... ok
[INFO] [stdout] test stats::pairhmm::homopolypairhmm::tests::test_phmm_vs_phhmm ... ok
[INFO] [stdout] test stats::pairhmm::homopolypairhmm::tests::test_mismatch ... ok
[INFO] [stdout] test stats::pairhmm::homopolypairhmm::tests::test_gap_x ... ok
[INFO] [stdout] test stats::pairhmm::pairhmm::tests::test_interleave_gaps_y ... ok
[INFO] [stdout] test stats::pairhmm::pairhmm::tests::test_mismatch ... ok
[INFO] [stdout] test stats::pairhmm::pairhmm::tests::test_same ... ok
[INFO] [stdout] test stats::probs::cdf::test::test_cdf ... ok
[INFO] [stdout] test stats::pairhmm::homopolypairhmm::tests::test_multigap_y ... ok
[INFO] [stdout] test stats::pairhmm::pairhmm::tests::test_interleave_gaps_x ... ok
[INFO] [stdout] test stats::pairhmm::pairhmm::tests::impossible_global_alignment ... ok
[INFO] [stdout] test stats::probs::tests::test_cap_numerical_overshoot ... ok
[INFO] [stdout] test stats::pairhmm::pairhmm::tests::test_gap_y ... ok
[INFO] [stdout] test stats::pairhmm::homopolypairhmm::tests::test_same ... ok
[INFO] [stdout] test stats::probs::tests::test_cap_numerical_overshoot_panic - should panic ... ok
[INFO] [stdout] test stats::pairhmm::pairhmm::tests::test_gap_x ... ok
[INFO] [stdout] test stats::probs::tests::test_empty_sum ... ok
[INFO] [stdout] test stats::pairhmm::pairhmm::tests::test_banded ... ok
[INFO] [stdout] test stats::probs::tests::test_cumsum ... ok
[INFO] [stdout] test stats::probs::tests::test_sum ... ok
[INFO] [stdout] test stats::probs::tests::test_simpsons_integrate ... ok
[INFO] [stdout] test stats::probs::tests::test_sum_one_zero ... ok
[INFO] [stdout] test stats::probs::tests::test_trapezoidal_integrate ... ok
[INFO] [stdout] test stats::probs::tests::test_one_minus ... ok
[INFO] [stdout] test utils::fastexp::tests::test_fastexp ... ok
[INFO] [stdout] test utils::tests::test_prescan ... ok
[INFO] [stdout] test utils::interval::tests::range_interval_conversions ... ok
[INFO] [stdout] test utils::interval::tests::negative_width_range - should panic ... ok
[INFO] [stdout] test stats::probs::tests::test_sub ... ok
[INFO] [stdout] test utils::text::tests::test_trim_newline_from_string ... ok
[INFO] [stdout] test stats::probs::tests::test_zero ... ok
[INFO] [stdout] test data_structures::interpolation_table::tests::test_interpolation_table ... ok
[INFO] [stdout] test utils::tests::test_scan ... ok
[INFO] [stdout] test utils::text::tests::test_print_sequence ... ok
[INFO] [stdout] test stats::probs::tests::test_trapezoidal_integrate_grid ... ok
[INFO] [stdout] test stats::hmm::tests::test_discrete_forward_equals_backward_toy_example ... ok
[INFO] [stdout] test data_structures::interval_tree::array_backed_interval_tree::tests::find_arbitrary ... ok
[INFO] [stdout] test stats::pairhmm::homopolypairhmm::tests::test_banded ... ok
[INFO] [stdout] test alignment::poa::tests::test_global_banded ... ok
[INFO] [stdout] test seq_analysis::gc::tests::test_gc_content_large ... ok
[INFO] [stdout] test data_structures::suffix_array::tests::test_sorts_lexically ... ok
[INFO] [stdout] test data_structures::suffix_array::tests::test_sampled_matches ... ok
[INFO] [stdout] 
[INFO] [stdout] failures:
[INFO] [stdout] 
[INFO] [stdout] ---- io::fasta::tests::test_write_record stdout ----
[INFO] [stdout] thread 'io::fasta::tests::test_write_record' panicked at src/io/fasta.rs:1777:43:
[INFO] [stdout] called `Result::unwrap()` on an `Err` value: Os { code: 30, kind: ReadOnlyFilesystem, message: "Read-only file system" }
[INFO] [stdout] stack backtrace:
[INFO] [stdout]    0:     0x55f235a39976 - std::backtrace_rs::backtrace::libunwind::trace::h261606ad26a499c1
[INFO] [stdout]                                at /rustc/0e09125c6c3c2fd70d7de961bcf0e51575235fad/library/std/src/../../backtrace/src/backtrace/libunwind.rs:104:5
[INFO] [stdout]    1:     0x55f235a39976 - std::backtrace_rs::backtrace::trace_unsynchronized::hd183f0625477fb28
[INFO] [stdout]                                at /rustc/0e09125c6c3c2fd70d7de961bcf0e51575235fad/library/std/src/../../backtrace/src/backtrace/mod.rs:66:5
[INFO] [stdout]    2:     0x55f235a39976 - std::sys_common::backtrace::_print_fmt::hd7f8fef21b4eda67
[INFO] [stdout]                                at /rustc/0e09125c6c3c2fd70d7de961bcf0e51575235fad/library/std/src/sys_common/backtrace.rs:68:5
[INFO] [stdout]    3:     0x55f235a39976 - <std::sys_common::backtrace::_print::DisplayBacktrace as core::fmt::Display>::fmt::h623d9b51f2f453f1
[INFO] [stdout]                                at /rustc/0e09125c6c3c2fd70d7de961bcf0e51575235fad/library/std/src/sys_common/backtrace.rs:44:22
[INFO] [stdout]    4:     0x55f235a65d30 - core::fmt::rt::Argument::fmt::h9f417ac76a86f368
[INFO] [stdout]                                at /rustc/0e09125c6c3c2fd70d7de961bcf0e51575235fad/library/core/src/fmt/rt.rs:142:9
[INFO] [stdout]    5:     0x55f235a65d30 - core::fmt::write::hc9b6faf4ac2aeff7
[INFO] [stdout]                                at /rustc/0e09125c6c3c2fd70d7de961bcf0e51575235fad/library/core/src/fmt/mod.rs:1120:17
[INFO] [stdout]    6:     0x55f235a36d1f - std::io::Write::write_fmt::he04625a3a989fec3
[INFO] [stdout]                                at /rustc/0e09125c6c3c2fd70d7de961bcf0e51575235fad/library/std/src/io/mod.rs:1810:15
[INFO] [stdout]    7:     0x55f235a39754 - std::sys_common::backtrace::_print::hd5d66399c7df88a2
[INFO] [stdout]                                at /rustc/0e09125c6c3c2fd70d7de961bcf0e51575235fad/library/std/src/sys_common/backtrace.rs:47:5
[INFO] [stdout]    8:     0x55f235a39754 - std::sys_common::backtrace::print::he81ed2da642d37e5
[INFO] [stdout]                                at /rustc/0e09125c6c3c2fd70d7de961bcf0e51575235fad/library/std/src/sys_common/backtrace.rs:34:9
[INFO] [stdout]    9:     0x55f235a3b4c7 - std::panicking::default_hook::{{closure}}::h85773f4fa117163d
[INFO] [stdout]   10:     0x55f235a3b1ad - std::panicking::default_hook::h6a1694a91d09b278
[INFO] [stdout]                                at /rustc/0e09125c6c3c2fd70d7de961bcf0e51575235fad/library/std/src/panicking.rs:289:9
[INFO] [stdout]   11:     0x55f235695b07 - <alloc::boxed::Box<F,A> as core::ops::function::Fn<Args>>::call::h616ac37fa3cd6c8f
[INFO] [stdout]                                at /rustc/0e09125c6c3c2fd70d7de961bcf0e51575235fad/library/alloc/src/boxed.rs:2029:9
[INFO] [stdout]   12:     0x55f235695b07 - test::test_main::{{closure}}::h00d84697cefdcbb6
[INFO] [stdout]                                at /rustc/0e09125c6c3c2fd70d7de961bcf0e51575235fad/library/test/src/lib.rs:138:21
[INFO] [stdout]   13:     0x55f235a3bae6 - <alloc::boxed::Box<F,A> as core::ops::function::Fn<Args>>::call::hcb3fe3b9bb537ba8
[INFO] [stdout]                                at /rustc/0e09125c6c3c2fd70d7de961bcf0e51575235fad/library/alloc/src/boxed.rs:2029:9
[INFO] [stdout]   14:     0x55f235a3bae6 - std::panicking::rust_panic_with_hook::h0a7ad96e90f7145b
[INFO] [stdout]                                at /rustc/0e09125c6c3c2fd70d7de961bcf0e51575235fad/library/std/src/panicking.rs:783:13
[INFO] [stdout]   15:     0x55f235a3b832 - std::panicking::begin_panic_handler::{{closure}}::h7919090525c6485e
[INFO] [stdout]                                at /rustc/0e09125c6c3c2fd70d7de961bcf0e51575235fad/library/std/src/panicking.rs:657:13
[INFO] [stdout]   16:     0x55f235a39e76 - std::sys_common::backtrace::__rust_end_short_backtrace::hf3289479464f7dfe
[INFO] [stdout]                                at /rustc/0e09125c6c3c2fd70d7de961bcf0e51575235fad/library/std/src/sys_common/backtrace.rs:171:18
[INFO] [stdout]   17:     0x55f235a3b590 - rust_begin_unwind
[INFO] [stdout]                                at /rustc/0e09125c6c3c2fd70d7de961bcf0e51575235fad/library/std/src/panicking.rs:645:5
[INFO] [stdout]   18:     0x55f2350ca8b5 - core::panicking::panic_fmt::hcc9f77c5c132af55
[INFO] [stdout]                                at /rustc/0e09125c6c3c2fd70d7de961bcf0e51575235fad/library/core/src/panicking.rs:72:14
[INFO] [stdout]   19:     0x55f2350cae93 - core::result::unwrap_failed::hbe14f498be1452f9
[INFO] [stdout]                                at /rustc/0e09125c6c3c2fd70d7de961bcf0e51575235fad/library/core/src/result.rs:1649:5
[INFO] [stdout]   20:     0x55f2353a719b - core::result::Result<T,E>::unwrap::h917330e3e6d4018f
[INFO] [stdout]                                at /rustc/0e09125c6c3c2fd70d7de961bcf0e51575235fad/library/core/src/result.rs:1073:23
[INFO] [stdout]   21:     0x55f23559b554 - bio::io::fasta::tests::test_write_record::h04a9890b0a3aca28
[INFO] [stdout]                                at /opt/rustwide/workdir/src/io/fasta.rs:1777:20
[INFO] [stdout]   22:     0x55f23559b4c7 - bio::io::fasta::tests::test_write_record::{{closure}}::ha88dc5a4b52eb973
[INFO] [stdout]                                at /opt/rustwide/workdir/src/io/fasta.rs:1775:27
[INFO] [stdout]   23:     0x55f235389646 - core::ops::function::FnOnce::call_once::h3b42762413765c81
[INFO] [stdout]                                at /rustc/0e09125c6c3c2fd70d7de961bcf0e51575235fad/library/core/src/ops/function.rs:250:5
[INFO] [stdout]   24:     0x55f23569b3df - core::ops::function::FnOnce::call_once::hd64d26f405258157
[INFO] [stdout]                                at /rustc/0e09125c6c3c2fd70d7de961bcf0e51575235fad/library/core/src/ops/function.rs:250:5
[INFO] [stdout]   25:     0x55f23569b3df - test::__rust_begin_short_backtrace::he21b0b7a6d731bf9
[INFO] [stdout]                                at /rustc/0e09125c6c3c2fd70d7de961bcf0e51575235fad/library/test/src/lib.rs:627:18
[INFO] [stdout]   26:     0x55f23569a161 - test::run_test_in_process::{{closure}}::hf5c73986d7bdfde2
[INFO] [stdout]                                at /rustc/0e09125c6c3c2fd70d7de961bcf0e51575235fad/library/test/src/lib.rs:650:60
[INFO] [stdout]   27:     0x55f23569a161 - <core::panic::unwind_safe::AssertUnwindSafe<F> as core::ops::function::FnOnce<()>>::call_once::h330011ad032aadc0
[INFO] [stdout]                                at /rustc/0e09125c6c3c2fd70d7de961bcf0e51575235fad/library/core/src/panic/unwind_safe.rs:272:9
[INFO] [stdout]   28:     0x55f23569a161 - std::panicking::try::do_call::he61b0a958b795a41
[INFO] [stdout]                                at /rustc/0e09125c6c3c2fd70d7de961bcf0e51575235fad/library/std/src/panicking.rs:552:40
[INFO] [stdout]   29:     0x55f23569a161 - std::panicking::try::h7309da130f906eb7
[INFO] [stdout]                                at /rustc/0e09125c6c3c2fd70d7de961bcf0e51575235fad/library/std/src/panicking.rs:516:19
[INFO] [stdout]   30:     0x55f23569a161 - std::panic::catch_unwind::hc5c3a06fdaf0a92a
[INFO] [stdout]                                at /rustc/0e09125c6c3c2fd70d7de961bcf0e51575235fad/library/std/src/panic.rs:142:14
[INFO] [stdout]   31:     0x55f23569a161 - test::run_test_in_process::h7e7b7c71c3324e0f
[INFO] [stdout]                                at /rustc/0e09125c6c3c2fd70d7de961bcf0e51575235fad/library/test/src/lib.rs:650:27
[INFO] [stdout]   32:     0x55f23569a161 - test::run_test::{{closure}}::h1f509f28f5cf20b1
[INFO] [stdout]                                at /rustc/0e09125c6c3c2fd70d7de961bcf0e51575235fad/library/test/src/lib.rs:573:43
[INFO] [stdout]   33:     0x55f235661496 - test::run_test::{{closure}}::h1754218abf443f6d
[INFO] [stdout]                                at /rustc/0e09125c6c3c2fd70d7de961bcf0e51575235fad/library/test/src/lib.rs:601:41
[INFO] [stdout]   34:     0x55f235661496 - std::sys_common::backtrace::__rust_begin_short_backtrace::h2ee174b9d5954948
[INFO] [stdout]                                at /rustc/0e09125c6c3c2fd70d7de961bcf0e51575235fad/library/std/src/sys_common/backtrace.rs:155:18
[INFO] [stdout]   35:     0x55f2356664f7 - std::thread::Builder::spawn_unchecked_::{{closure}}::{{closure}}::hf60bee9c1a17ef09
[INFO] [stdout]                                at /rustc/0e09125c6c3c2fd70d7de961bcf0e51575235fad/library/std/src/thread/mod.rs:529:17
[INFO] [stdout]   36:     0x55f2356664f7 - <core::panic::unwind_safe::AssertUnwindSafe<F> as core::ops::function::FnOnce<()>>::call_once::h33d0dddec5216160
[INFO] [stdout]                                at /rustc/0e09125c6c3c2fd70d7de961bcf0e51575235fad/library/core/src/panic/unwind_safe.rs:272:9
[INFO] [stdout]   37:     0x55f2356664f7 - std::panicking::try::do_call::h144b3048b546f835
[INFO] [stdout]                                at /rustc/0e09125c6c3c2fd70d7de961bcf0e51575235fad/library/std/src/panicking.rs:552:40
[INFO] [stdout]   38:     0x55f2356664f7 - std::panicking::try::h978244d04646189f
[INFO] [stdout]                                at /rustc/0e09125c6c3c2fd70d7de961bcf0e51575235fad/library/std/src/panicking.rs:516:19
[INFO] [stdout]   39:     0x55f2356664f7 - std::panic::catch_unwind::hdf436369d188fe86
[INFO] [stdout]                                at /rustc/0e09125c6c3c2fd70d7de961bcf0e51575235fad/library/std/src/panic.rs:142:14
[INFO] [stdout]   40:     0x55f2356664f7 - std::thread::Builder::spawn_unchecked_::{{closure}}::h87329cbdd33c79ec
[INFO] [stdout]                                at /rustc/0e09125c6c3c2fd70d7de961bcf0e51575235fad/library/std/src/thread/mod.rs:528:30
[INFO] [stdout]   41:     0x55f2356664f7 - core::ops::function::FnOnce::call_once{{vtable.shim}}::h401abbe67897d450
[INFO] [stdout]                                at /rustc/0e09125c6c3c2fd70d7de961bcf0e51575235fad/library/core/src/ops/function.rs:250:5
[INFO] [stdout]   42:     0x55f235a40d65 - <alloc::boxed::Box<F,A> as core::ops::function::FnOnce<Args>>::call_once::h5d7c8f150ab9c84c
[INFO] [stdout]                                at /rustc/0e09125c6c3c2fd70d7de961bcf0e51575235fad/library/alloc/src/boxed.rs:2015:9
[INFO] [stdout]   43:     0x55f235a40d65 - <alloc::boxed::Box<F,A> as core::ops::function::FnOnce<Args>>::call_once::h570d5b005c242c15
[INFO] [stdout]                                at /rustc/0e09125c6c3c2fd70d7de961bcf0e51575235fad/library/alloc/src/boxed.rs:2015:9
[INFO] [stdout]   44:     0x55f235a40d65 - std::sys::unix::thread::Thread::new::thread_start::h36b0a20c0b2361ad
[INFO] [stdout]                                at /rustc/0e09125c6c3c2fd70d7de961bcf0e51575235fad/library/std/src/sys/unix/thread.rs:108:17
[INFO] [stdout]   45:     0x7f32f8351ac3 - <unknown>
[INFO] [stdout]   46:     0x7f32f83e2bf4 - __clone
[INFO] [stdout]   47:                0x0 - <unknown>
[INFO] [stdout] 
[INFO] [stdout] ---- io::fastq::tests::test_write_record stdout ----
[INFO] [stdout] thread 'io::fastq::tests::test_write_record' panicked at src/io/fastq.rs:964:43:
[INFO] [stdout] called `Result::unwrap()` on an `Err` value: Os { code: 30, kind: ReadOnlyFilesystem, message: "Read-only file system" }
[INFO] [stdout] stack backtrace:
[INFO] [stdout]    0:     0x55f235a39976 - std::backtrace_rs::backtrace::libunwind::trace::h261606ad26a499c1
[INFO] [stdout]                                at /rustc/0e09125c6c3c2fd70d7de961bcf0e51575235fad/library/std/src/../../backtrace/src/backtrace/libunwind.rs:104:5
[INFO] [stdout]    1:     0x55f235a39976 - std::backtrace_rs::backtrace::trace_unsynchronized::hd183f0625477fb28
[INFO] [stdout]                                at /rustc/0e09125c6c3c2fd70d7de961bcf0e51575235fad/library/std/src/../../backtrace/src/backtrace/mod.rs:66:5
[INFO] [stdout]    2:     0x55f235a39976 - std::sys_common::backtrace::_print_fmt::hd7f8fef21b4eda67
[INFO] [stdout]                                at /rustc/0e09125c6c3c2fd70d7de961bcf0e51575235fad/library/std/src/sys_common/backtrace.rs:68:5
[INFO] [stdout]    3:     0x55f235a39976 - <std::sys_common::backtrace::_print::DisplayBacktrace as core::fmt::Display>::fmt::h623d9b51f2f453f1
[INFO] [stdout]                                at /rustc/0e09125c6c3c2fd70d7de961bcf0e51575235fad/library/std/src/sys_common/backtrace.rs:44:22
[INFO] [stdout]    4:     0x55f235a65d30 - core::fmt::rt::Argument::fmt::h9f417ac76a86f368
[INFO] [stdout]                                at /rustc/0e09125c6c3c2fd70d7de961bcf0e51575235fad/library/core/src/fmt/rt.rs:142:9
[INFO] [stdout]    5:     0x55f235a65d30 - core::fmt::write::hc9b6faf4ac2aeff7
[INFO] [stdout]                                at /rustc/0e09125c6c3c2fd70d7de961bcf0e51575235fad/library/core/src/fmt/mod.rs:1120:17
[INFO] [stdout]    6:     0x55f235a36d1f - std::io::Write::write_fmt::he04625a3a989fec3
[INFO] [stdout]                                at /rustc/0e09125c6c3c2fd70d7de961bcf0e51575235fad/library/std/src/io/mod.rs:1810:15
[INFO] [stdout]    7:     0x55f235a39754 - std::sys_common::backtrace::_print::hd5d66399c7df88a2
[INFO] [stdout]                                at /rustc/0e09125c6c3c2fd70d7de961bcf0e51575235fad/library/std/src/sys_common/backtrace.rs:47:5
[INFO] [stdout]    8:     0x55f235a39754 - std::sys_common::backtrace::print::he81ed2da642d37e5
[INFO] [stdout]                                at /rustc/0e09125c6c3c2fd70d7de961bcf0e51575235fad/library/std/src/sys_common/backtrace.rs:34:9
[INFO] [stdout]    9:     0x55f235a3b4c7 - std::panicking::default_hook::{{closure}}::h85773f4fa117163d
[INFO] [stdout]   10:     0x55f235a3b1ad - std::panicking::default_hook::h6a1694a91d09b278
[INFO] [stdout]                                at /rustc/0e09125c6c3c2fd70d7de961bcf0e51575235fad/library/std/src/panicking.rs:289:9
[INFO] [stdout]   11:     0x55f235695b07 - <alloc::boxed::Box<F,A> as core::ops::function::Fn<Args>>::call::h616ac37fa3cd6c8f
[INFO] [stdout]                                at /rustc/0e09125c6c3c2fd70d7de961bcf0e51575235fad/library/alloc/src/boxed.rs:2029:9
[INFO] [stdout]   12:     0x55f235695b07 - test::test_main::{{closure}}::h00d84697cefdcbb6
[INFO] [stdout]                                at /rustc/0e09125c6c3c2fd70d7de961bcf0e51575235fad/library/test/src/lib.rs:138:21
[INFO] [stdout]   13:     0x55f235a3bae6 - <alloc::boxed::Box<F,A> as core::ops::function::Fn<Args>>::call::hcb3fe3b9bb537ba8
[INFO] [stdout]                                at /rustc/0e09125c6c3c2fd70d7de961bcf0e51575235fad/library/alloc/src/boxed.rs:2029:9
[INFO] [stdout]   14:     0x55f235a3bae6 - std::panicking::rust_panic_with_hook::h0a7ad96e90f7145b
[INFO] [stdout]                                at /rustc/0e09125c6c3c2fd70d7de961bcf0e51575235fad/library/std/src/panicking.rs:783:13
[INFO] [stdout]   15:     0x55f235a3b832 - std::panicking::begin_panic_handler::{{closure}}::h7919090525c6485e
[INFO] [stdout]                                at /rustc/0e09125c6c3c2fd70d7de961bcf0e51575235fad/library/std/src/panicking.rs:657:13
[INFO] [stdout]   16:     0x55f235a39e76 - std::sys_common::backtrace::__rust_end_short_backtrace::hf3289479464f7dfe
[INFO] [stdout]                                at /rustc/0e09125c6c3c2fd70d7de961bcf0e51575235fad/library/std/src/sys_common/backtrace.rs:171:18
[INFO] [stdout]   17:     0x55f235a3b590 - rust_begin_unwind
[INFO] [stdout]                                at /rustc/0e09125c6c3c2fd70d7de961bcf0e51575235fad/library/std/src/panicking.rs:645:5
[INFO] [stdout]   18:     0x55f2350ca8b5 - core::panicking::panic_fmt::hcc9f77c5c132af55
[INFO] [stdout]                                at /rustc/0e09125c6c3c2fd70d7de961bcf0e51575235fad/library/core/src/panicking.rs:72:14
[INFO] [stdout]   19:     0x55f2350cae93 - core::result::unwrap_failed::hbe14f498be1452f9
[INFO] [stdout]                                at /rustc/0e09125c6c3c2fd70d7de961bcf0e51575235fad/library/core/src/result.rs:1649:5
[INFO] [stdout]   20:     0x55f2353a719b - core::result::Result<T,E>::unwrap::h917330e3e6d4018f
[INFO] [stdout]                                at /rustc/0e09125c6c3c2fd70d7de961bcf0e51575235fad/library/core/src/result.rs:1073:23
[INFO] [stdout]   21:     0x55f235469fd7 - bio::io::fastq::tests::test_write_record::h54b17b2325931cc5
[INFO] [stdout]                                at /opt/rustwide/workdir/src/io/fastq.rs:964:20
[INFO] [stdout]   22:     0x55f235469f47 - bio::io::fastq::tests::test_write_record::{{closure}}::h10342c3fade8854c
[INFO] [stdout]                                at /opt/rustwide/workdir/src/io/fastq.rs:962:27
[INFO] [stdout]   23:     0x55f235386b96 - core::ops::function::FnOnce::call_once::h24f1e702f563a017
[INFO] [stdout]                                at /rustc/0e09125c6c3c2fd70d7de961bcf0e51575235fad/library/core/src/ops/function.rs:250:5
[INFO] [stdout]   24:     0x55f23569b3df - core::ops::function::FnOnce::call_once::hd64d26f405258157
[INFO] [stdout]                                at /rustc/0e09125c6c3c2fd70d7de961bcf0e51575235fad/library/core/src/ops/function.rs:250:5
[INFO] [stdout]   25:     0x55f23569b3df - test::__rust_begin_short_backtrace::he21b0b7a6d731bf9
[INFO] [stdout]                                at /rustc/0e09125c6c3c2fd70d7de961bcf0e51575235fad/library/test/src/lib.rs:627:18
[INFO] [stdout]   26:     0x55f23569a161 - test::run_test_in_process::{{closure}}::hf5c73986d7bdfde2
[INFO] [stdout]                                at /rustc/0e09125c6c3c2fd70d7de961bcf0e51575235fad/library/test/src/lib.rs:650:60
[INFO] [stdout]   27:     0x55f23569a161 - <core::panic::unwind_safe::AssertUnwindSafe<F> as core::ops::function::FnOnce<()>>::call_once::h330011ad032aadc0
[INFO] [stdout]                                at /rustc/0e09125c6c3c2fd70d7de961bcf0e51575235fad/library/core/src/panic/unwind_safe.rs:272:9
[INFO] [stdout]   28:     0x55f23569a161 - std::panicking::try::do_call::he61b0a958b795a41
[INFO] [stdout]                                at /rustc/0e09125c6c3c2fd70d7de961bcf0e51575235fad/library/std/src/panicking.rs:552:40
[INFO] [stdout]   29:     0x55f23569a161 - std::panicking::try::h7309da130f906eb7
[INFO] [stdout]                                at /rustc/0e09125c6c3c2fd70d7de961bcf0e51575235fad/library/std/src/panicking.rs:516:19
[INFO] [stdout]   30:     0x55f23569a161 - std::panic::catch_unwind::hc5c3a06fdaf0a92a
[INFO] [stdout]                                at /rustc/0e09125c6c3c2fd70d7de961bcf0e51575235fad/library/std/src/panic.rs:142:14
[INFO] [stdout]   31:     0x55f23569a161 - test::run_test_in_process::h7e7b7c71c3324e0f
[INFO] [stdout]                                at /rustc/0e09125c6c3c2fd70d7de961bcf0e51575235fad/library/test/src/lib.rs:650:27
[INFO] [stdout]   32:     0x55f23569a161 - test::run_test::{{closure}}::h1f509f28f5cf20b1
[INFO] [stdout]                                at /rustc/0e09125c6c3c2fd70d7de961bcf0e51575235fad/library/test/src/lib.rs:573:43
[INFO] [stdout]   33:     0x55f235661496 - test::run_test::{{closure}}::h1754218abf443f6d
[INFO] [stdout]                                at /rustc/0e09125c6c3c2fd70d7de961bcf0e51575235fad/library/test/src/lib.rs:601:41
[INFO] [stdout]   34:     0x55f235661496 - std::sys_common::backtrace::__rust_begin_short_backtrace::h2ee174b9d5954948
[INFO] [stdout]                                at /rustc/0e09125c6c3c2fd70d7de961bcf0e51575235fad/library/std/src/sys_common/backtrace.rs:155:18
[INFO] [stdout]   35:     0x55f2356664f7 - std::thread::Builder::spawn_unchecked_::{{closure}}::{{closure}}::hf60bee9c1a17ef09
[INFO] [stdout]                                at /rustc/0e09125c6c3c2fd70d7de961bcf0e51575235fad/library/std/src/thread/mod.rs:529:17
[INFO] [stdout]   36:     0x55f2356664f7 - <core::panic::unwind_safe::AssertUnwindSafe<F> as core::ops::function::FnOnce<()>>::call_once::h33d0dddec5216160
[INFO] [stdout]                                at /rustc/0e09125c6c3c2fd70d7de961bcf0e51575235fad/library/core/src/panic/unwind_safe.rs:272:9
[INFO] [stdout]   37:     0x55f2356664f7 - std::panicking::try::do_call::h144b3048b546f835
[INFO] [stdout]                                at /rustc/0e09125c6c3c2fd70d7de961bcf0e51575235fad/library/std/src/panicking.rs:552:40
[INFO] [stdout]   38:     0x55f2356664f7 - std::panicking::try::h978244d04646189f
[INFO] [stdout]                                at /rustc/0e09125c6c3c2fd70d7de961bcf0e51575235fad/library/std/src/panicking.rs:516:19
[INFO] [stdout]   39:     0x55f2356664f7 - std::panic::catch_unwind::hdf436369d188fe86
[INFO] [stdout]                                at /rustc/0e09125c6c3c2fd70d7de961bcf0e51575235fad/library/std/src/panic.rs:142:14
[INFO] [stdout]   40:     0x55f2356664f7 - std::thread::Builder::spawn_unchecked_::{{closure}}::h87329cbdd33c79ec
[INFO] [stdout]                                at /rustc/0e09125c6c3c2fd70d7de961bcf0e51575235fad/library/std/src/thread/mod.rs:528:30
[INFO] [stdout]   41:     0x55f2356664f7 - core::ops::function::FnOnce::call_once{{vtable.shim}}::h401abbe67897d450
[INFO] [stdout]                                at /rustc/0e09125c6c3c2fd70d7de961bcf0e51575235fad/library/core/src/ops/function.rs:250:5
[INFO] [stdout]   42:     0x55f235a40d65 - <alloc::boxed::Box<F,A> as core::ops::function::FnOnce<Args>>::call_once::h5d7c8f150ab9c84c
[INFO] [stdout]                                at /rustc/0e09125c6c3c2fd70d7de961bcf0e51575235fad/library/alloc/src/boxed.rs:2015:9
[INFO] [stdout]   43:     0x55f235a40d65 - <alloc::boxed::Box<F,A> as core::ops::function::FnOnce<Args>>::call_once::h570d5b005c242c15
[INFO] [stdout]                                at /rustc/0e09125c6c3c2fd70d7de961bcf0e51575235fad/library/alloc/src/boxed.rs:2015:9
[INFO] [stdout]   44:     0x55f235a40d65 - std::sys::unix::thread::Thread::new::thread_start::h36b0a20c0b2361ad
[INFO] [stdout]                                at /rustc/0e09125c6c3c2fd70d7de961bcf0e51575235fad/library/std/src/sys/unix/thread.rs:108:17
[INFO] [stdout]   45:     0x7f32f8351ac3 - <unknown>
[INFO] [stdout]   46:     0x7f32f83e2bf4 - __clone
[INFO] [stdout]   47:                0x0 - <unknown>
[INFO] [stdout] 
[INFO] [stdout] 
[INFO] [stdout] failures:
[INFO] [stdout]     io::fasta::tests::test_write_record
[INFO] [stdout]     io::fastq::tests::test_write_record
[INFO] [stdout] 
[INFO] [stdout] test result: FAILED. 400 passed; 2 failed; 0 ignored; 0 measured; 0 filtered out; finished in 8.09s
[INFO] [stdout] 
[INFO] [stderr] error: test failed, to rerun pass `--lib`
[INFO] running `Command { std: "docker" "inspect" "f645cdb6ea89a5e43aaa414e35b40d30858098f19724e99381b973d5039e7b90", kill_on_drop: false }`
[INFO] running `Command { std: "docker" "rm" "-f" "f645cdb6ea89a5e43aaa414e35b40d30858098f19724e99381b973d5039e7b90", kill_on_drop: false }`
[INFO] [stdout] f645cdb6ea89a5e43aaa414e35b40d30858098f19724e99381b973d5039e7b90
