[INFO] fetching crate binstalk-registry 0.3.0...
[INFO] testing binstalk-registry-0.3.0 against 1.75.0 for beta-1.76-1
[INFO] extracting crate binstalk-registry 0.3.0 into /workspace/builds/worker-7-tc1/source
[INFO] validating manifest of crates.io crate binstalk-registry 0.3.0 on toolchain 1.75.0
[INFO] running `Command { std: CARGO_HOME="/workspace/cargo-home" RUSTUP_HOME="/workspace/rustup-home" "/workspace/cargo-home/bin/cargo" "+1.75.0" "metadata" "--manifest-path" "Cargo.toml" "--no-deps", kill_on_drop: false }`
[INFO] started tweaking crates.io crate binstalk-registry 0.3.0
[INFO] finished tweaking crates.io crate binstalk-registry 0.3.0
[INFO] tweaked toml for crates.io crate binstalk-registry 0.3.0 written to /workspace/builds/worker-7-tc1/source/Cargo.toml
[INFO] running `Command { std: CARGO_HOME="/workspace/cargo-home" RUSTUP_HOME="/workspace/rustup-home" "/workspace/cargo-home/bin/cargo" "+1.75.0" "generate-lockfile" "--manifest-path" "Cargo.toml", kill_on_drop: false }`
[INFO] [stderr]     Updating crates.io index
[INFO] running `Command { std: CARGO_HOME="/workspace/cargo-home" RUSTUP_HOME="/workspace/rustup-home" "/workspace/cargo-home/bin/cargo" "+1.75.0" "fetch" "--manifest-path" "Cargo.toml", kill_on_drop: false }`
[INFO] [stderr]     Blocking waiting for file lock on package cache
[INFO] [stderr]  Downloading crates ...
[INFO] [stderr]   Downloaded serde-tuple-vec-map v1.0.1
[INFO] [stderr]   Downloaded gix-ignore v0.8.0
[INFO] [stderr]   Downloaded prodash v26.2.2
[INFO] [stderr]   Downloaded cargo_toml v0.17.2
[INFO] [stderr]   Downloaded gix-trace v0.1.6
[INFO] [stderr]   Downloaded btoi v0.4.3
[INFO] [stderr]   Downloaded gix-submodule v0.4.0
[INFO] [stderr]   Downloaded quinn-proto v0.10.6
[INFO] [stderr]   Downloaded gix-object v0.37.0
[INFO] [stderr]   Downloaded binstall-tar v0.4.39
[INFO] [stderr]   Downloaded simple-git v0.1.1
[INFO] [stderr]   Downloaded jwalk v0.8.1
[INFO] [stderr]   Downloaded gix-worktree v0.26.0
[INFO] [stderr]   Downloaded h3-quinn v0.0.3
[INFO] [stderr]   Downloaded faster-hex v0.8.1
[INFO] [stderr]   Downloaded gix-traverse v0.33.0
[INFO] [stderr]   Downloaded gix-quote v0.4.10
[INFO] [stderr]   Downloaded arc-swap v1.6.0
[INFO] [stderr]   Downloaded async_zip v0.0.16
[INFO] [stderr]   Downloaded binstalk-types v0.6.1
[INFO] [stderr]   Downloaded gix-index v0.25.0
[INFO] [stderr]   Downloaded io-close v0.3.7
[INFO] [stderr]   Downloaded gix-filter v0.5.0
[INFO] [stderr]   Downloaded memmap2 v0.7.1
[INFO] [stderr]   Downloaded gix-revision v0.22.0
[INFO] [stderr]   Downloaded gix-validate v0.8.3
[INFO] [stderr]   Downloaded windows v0.52.0
[INFO] [stderr]   Downloaded maybe-async v0.2.7
[INFO] [stderr]   Downloaded gix-ref v0.37.0
[INFO] [stderr]   Downloaded gix v0.54.1
[INFO] [stderr]   Downloaded h3 v0.0.2
[INFO] [stderr]   Downloaded gix-macros v0.1.3
[INFO] [stderr]   Downloaded gix-bitmap v0.2.10
[INFO] [stderr]   Downloaded gix-sec v0.10.3
[INFO] [stderr]   Downloaded gix-config-value v0.14.3
[INFO] [stderr]   Downloaded gix-lock v10.0.0
[INFO] [stderr]   Downloaded gix-credentials v0.20.0
[INFO] [stderr]   Downloaded gix-prompt v0.7.0
[INFO] [stderr]   Downloaded leon v2.0.1
[INFO] [stderr]   Downloaded gix-config v0.30.0
[INFO] [stderr]   Downloaded gix-packetline v0.16.7
[INFO] [stderr]   Downloaded ipconfig v0.3.2
[INFO] [stderr]   Downloaded gix-packetline-blocking v0.16.6
[INFO] [stderr]   Downloaded quinn-udp v0.4.1
[INFO] [stderr]   Downloaded gix-actor v0.27.0
[INFO] [stderr]   Downloaded gix-attributes v0.19.0
[INFO] [stderr]   Downloaded unicode-bom v2.0.3
[INFO] [stderr]   Downloaded gix-features v0.35.0
[INFO] [stderr]   Downloaded gix-negotiate v0.8.0
[INFO] [stderr]   Downloaded gix-chunk v0.4.7
[INFO] [stderr]   Downloaded derive_destructure2 v0.1.2
[INFO] [stderr]   Downloaded gix-utils v0.1.8
[INFO] [stderr]   Downloaded gix-hashtable v0.4.1
[INFO] [stderr]   Downloaded gix-refspec v0.18.0
[INFO] [stderr]   Downloaded gix-worktree-state v0.3.0
[INFO] [stderr]   Downloaded gix-pack v0.43.0
[INFO] [stderr]   Downloaded gix-pathspec v0.3.0
[INFO] [stderr]   Downloaded gix-odb v0.53.0
[INFO] [stderr]   Downloaded cargo-toml-workspace v3.0.0
[INFO] [stderr]   Downloaded clru v0.6.1
[INFO] [stderr]   Downloaded xattr v0.2.3
[INFO] [stderr]   Downloaded gix-revwalk v0.8.0
[INFO] [stderr]   Downloaded binstalk-downloader v0.9.6
[INFO] [stderr]   Downloaded bytesize v1.3.0
[INFO] [stderr]   Downloaded gix-url v0.24.0
[INFO] [stderr]   Downloaded base16 v0.2.1
[INFO] [stderr]   Downloaded gix-fs v0.7.0
[INFO] [stderr]   Downloaded quinn v0.10.2
[INFO] [stderr]   Downloaded maybe-owned v0.3.4
[INFO] [stderr]   Downloaded gix-commitgraph v0.21.0
[INFO] [stderr]   Downloaded human_format v1.0.3
[INFO] [stderr]   Downloaded tokio-tar v0.3.1
[INFO] [stderr]   Downloaded faster-hex v0.9.0
[INFO] [stderr]   Downloaded deflate64 v0.1.6
[INFO] [stderr]   Downloaded gix-tempfile v10.0.0
[INFO] [stderr]   Downloaded gix-date v0.8.3
[INFO] [stderr]   Downloaded gix-diff v0.36.0
[INFO] [stderr]   Downloaded gix-protocol v0.40.0
[INFO] [stderr]   Downloaded normalize-path v0.2.1
[INFO] [stderr]   Downloaded byteyarn v0.2.3
[INFO] [stderr]   Downloaded gix-hash v0.13.3
[INFO] [stderr]   Downloaded hickory-proto v0.24.0
[INFO] [stderr]   Downloaded uluru v3.0.0
[INFO] [stderr]   Downloaded hickory-resolver v0.24.0
[INFO] [stderr]   Downloaded gix-glob v0.13.0
[INFO] [stderr]   Downloaded gix-path v0.10.3
[INFO] [stderr]   Downloaded gix-command v0.2.10
[INFO] [stderr]   Downloaded gix-discover v0.25.0
[INFO] [stderr]   Downloaded dunce v1.0.4
[INFO] [stderr]   Downloaded gix-transport v0.37.0
[INFO] running `Command { std: "docker" "create" "-v" "/var/lib/crater-agent-workspace/builds/worker-7-tc1/target:/opt/rustwide/target:rw,Z" "-v" "/var/lib/crater-agent-workspace/builds/worker-7-tc1/source:/opt/rustwide/workdir:ro,Z" "-v" "/var/lib/crater-agent-workspace/cargo-home:/opt/rustwide/cargo-home:ro,Z" "-v" "/var/lib/crater-agent-workspace/rustup-home:/opt/rustwide/rustup-home:ro,Z" "-e" "SOURCE_DIR=/opt/rustwide/workdir" "-e" "CARGO_TARGET_DIR=/opt/rustwide/target" "-e" "CARGO_HOME=/opt/rustwide/cargo-home" "-e" "RUSTUP_HOME=/opt/rustwide/rustup-home" "-w" "/opt/rustwide/workdir" "-m" "1610612736" "--user" "0:0" "--network" "none" "ghcr.io/rust-lang/crates-build-env/linux@sha256:2788e3201cd34a07e3172128adcd8b3090168a8e3bcc40d7c032b9dda1df7d1c" "/opt/rustwide/cargo-home/bin/cargo" "+1.75.0" "metadata" "--no-deps" "--format-version=1", kill_on_drop: false }`
[INFO] [stdout] 9321dc901a94adfaa9a7fda311f2d48ddc38b2b620eb8d768476587a0442d20d
[INFO] running `Command { std: "docker" "start" "-a" "9321dc901a94adfaa9a7fda311f2d48ddc38b2b620eb8d768476587a0442d20d", kill_on_drop: false }`
[INFO] running `Command { std: "docker" "inspect" "9321dc901a94adfaa9a7fda311f2d48ddc38b2b620eb8d768476587a0442d20d", kill_on_drop: false }`
[INFO] running `Command { std: "docker" "rm" "-f" "9321dc901a94adfaa9a7fda311f2d48ddc38b2b620eb8d768476587a0442d20d", kill_on_drop: false }`
[INFO] [stdout] 9321dc901a94adfaa9a7fda311f2d48ddc38b2b620eb8d768476587a0442d20d
[INFO] running `Command { std: "docker" "create" "-v" "/var/lib/crater-agent-workspace/builds/worker-7-tc1/target:/opt/rustwide/target:rw,Z" "-v" "/var/lib/crater-agent-workspace/builds/worker-7-tc1/source:/opt/rustwide/workdir:ro,Z" "-v" "/var/lib/crater-agent-workspace/cargo-home:/opt/rustwide/cargo-home:ro,Z" "-v" "/var/lib/crater-agent-workspace/rustup-home:/opt/rustwide/rustup-home:ro,Z" "-e" "SOURCE_DIR=/opt/rustwide/workdir" "-e" "CARGO_TARGET_DIR=/opt/rustwide/target" "-e" "CARGO_INCREMENTAL=0" "-e" "RUST_BACKTRACE=full" "-e" "RUSTFLAGS=--cap-lints=warn" "-e" "RUSTDOCFLAGS=--cap-lints=warn" "-e" "CARGO_HOME=/opt/rustwide/cargo-home" "-e" "RUSTUP_HOME=/opt/rustwide/rustup-home" "-w" "/opt/rustwide/workdir" "-m" "1610612736" "--user" "0:0" "--network" "none" "ghcr.io/rust-lang/crates-build-env/linux@sha256:2788e3201cd34a07e3172128adcd8b3090168a8e3bcc40d7c032b9dda1df7d1c" "/opt/rustwide/cargo-home/bin/cargo" "+1.75.0" "build" "--frozen" "--message-format=json", kill_on_drop: false }`
[INFO] [stdout] 358f6e79319188ed9bfae9ad42698aef68e7275e29c79e5b88287408033f8419
[INFO] running `Command { std: "docker" "start" "-a" "358f6e79319188ed9bfae9ad42698aef68e7275e29c79e5b88287408033f8419", kill_on_drop: false }`
[INFO] [stderr]    Compiling serde v1.0.194
[INFO] [stderr]    Compiling zstd-safe v7.0.0
[INFO] [stderr]    Compiling alloc-no-stdlib v2.0.4
[INFO] [stderr]    Compiling crc32fast v1.3.2
[INFO] [stderr]    Compiling adler v1.0.2
[INFO] [stderr]    Compiling syn v2.0.48
[INFO] [stderr]    Compiling jobserver v0.1.27
[INFO] [stderr]    Compiling rustix v0.38.28
[INFO] [stderr]    Compiling linux-raw-sys v0.4.12
[INFO] [stderr]    Compiling castaway v0.2.2
[INFO] [stderr]    Compiling semver v1.0.21
[INFO] [stderr]    Compiling deflate64 v0.1.6
[INFO] [stderr]    Compiling winnow v0.5.32
[INFO] [stderr]    Compiling fastrand v2.0.1
[INFO] [stderr]    Compiling static_assertions v1.1.0
[INFO] [stderr]    Compiling filetime v0.2.23
[INFO] [stderr]    Compiling alloc-stdlib v0.2.2
[INFO] [stderr]    Compiling miniz_oxide v0.7.1
[INFO] [stderr]    Compiling heck v0.4.1
[INFO] [stderr]    Compiling brotli-decompressor v2.5.1
[INFO] [stderr]    Compiling futures-lite v2.1.0
[INFO] [stderr]    Compiling xattr v0.2.3
[INFO] [stderr]    Compiling unicode-width v0.1.11
[INFO] [stderr]    Compiling strum v0.25.0
[INFO] [stderr]    Compiling binstall-tar v0.4.39
[INFO] [stderr]    Compiling glob v0.3.1
[INFO] [stderr]    Compiling normalize-path v0.2.1
[INFO] [stderr]    Compiling cc v1.0.83
[INFO] [stderr]    Compiling sha2 v0.10.8
[INFO] [stderr]    Compiling base16 v0.2.1
[INFO] [stderr]    Compiling flate2 v1.0.28
[INFO] [stderr]    Compiling brotli v3.4.0
[INFO] [stderr]    Compiling zstd-sys v2.0.9+zstd.1.5.5
[INFO] [stderr]    Compiling lzma-sys v0.1.20
[INFO] [stderr]    Compiling bzip2-sys v0.1.11+1.0.8
[INFO] [stderr]    Compiling xz2 v0.1.7
[INFO] [stderr]    Compiling xattr v1.2.0
[INFO] [stderr]    Compiling tempfile v3.9.0
[INFO] [stderr]    Compiling bzip2 v0.4.4
[INFO] [stderr]    Compiling serde_derive v1.0.194
[INFO] [stderr]    Compiling tokio-macros v2.2.0
[INFO] [stderr]    Compiling tracing-attributes v0.1.27
[INFO] [stderr]    Compiling thiserror-impl v1.0.56
[INFO] [stderr]    Compiling futures-macro v0.3.30
[INFO] [stderr]    Compiling pin-project-internal v1.1.3
[INFO] [stderr]    Compiling strum_macros v0.25.3
[INFO] [stderr]    Compiling miette-derive v5.10.0
[INFO] [stderr]    Compiling async-trait v0.1.77
[INFO] [stderr]    Compiling tokio v1.35.1
[INFO] [stderr]    Compiling futures-util v0.3.30
[INFO] [stderr]    Compiling tracing v0.1.40
[INFO] [stderr]    Compiling pin-project v1.1.3
[INFO] [stderr]    Compiling thiserror v1.0.56
[INFO] [stderr]    Compiling miette v5.10.0
[INFO] [stderr]    Compiling zstd v0.13.0
[INFO] [stderr]    Compiling leon v2.0.1
[INFO] [stderr]    Compiling tokio-util v0.7.10
[INFO] [stderr]    Compiling async-compression v0.4.5
[INFO] [stderr]    Compiling tokio-stream v0.1.14
[INFO] [stderr]    Compiling tokio-tar v0.3.1
[INFO] [stderr]    Compiling h2 v0.3.22
[INFO] [stderr]    Compiling async_zip v0.0.16
[INFO] [stderr]    Compiling serde_spanned v0.6.5
[INFO] [stderr]    Compiling toml_datetime v0.6.5
[INFO] [stderr]    Compiling compact_str v0.7.1
[INFO] [stderr]    Compiling url v2.5.0
[INFO] [stderr]    Compiling maybe-owned v0.3.4
[INFO] [stderr]    Compiling serde_urlencoded v0.7.1
[INFO] [stderr]    Compiling serde-tuple-vec-map v1.0.1
[INFO] [stderr]    Compiling serde_json v1.0.111
[INFO] [stderr]    Compiling toml_edit v0.21.0
[INFO] [stderr]    Compiling binstalk-types v0.6.1
[INFO] [stderr]    Compiling hyper v0.14.28
[INFO] [stderr]    Compiling toml v0.8.8
[INFO] [stderr]    Compiling cargo_toml v0.17.2
[INFO] [stderr]    Compiling cargo-toml-workspace v3.0.0
[INFO] [stderr]    Compiling reqwest v0.11.23
[INFO] [stderr]    Compiling binstalk-downloader v0.9.6
[INFO] [stderr]    Compiling binstalk-registry v0.3.0 (/opt/rustwide/workdir)
[INFO] [stderr]     Finished dev [unoptimized + debuginfo] target(s) in 27.55s
[INFO] running `Command { std: "docker" "inspect" "358f6e79319188ed9bfae9ad42698aef68e7275e29c79e5b88287408033f8419", kill_on_drop: false }`
[INFO] running `Command { std: "docker" "rm" "-f" "358f6e79319188ed9bfae9ad42698aef68e7275e29c79e5b88287408033f8419", kill_on_drop: false }`
[INFO] [stdout] 358f6e79319188ed9bfae9ad42698aef68e7275e29c79e5b88287408033f8419
[INFO] running `Command { std: "docker" "create" "-v" "/var/lib/crater-agent-workspace/builds/worker-7-tc1/target:/opt/rustwide/target:rw,Z" "-v" "/var/lib/crater-agent-workspace/builds/worker-7-tc1/source:/opt/rustwide/workdir:ro,Z" "-v" "/var/lib/crater-agent-workspace/cargo-home:/opt/rustwide/cargo-home:ro,Z" "-v" "/var/lib/crater-agent-workspace/rustup-home:/opt/rustwide/rustup-home:ro,Z" "-e" "SOURCE_DIR=/opt/rustwide/workdir" "-e" "CARGO_TARGET_DIR=/opt/rustwide/target" "-e" "CARGO_INCREMENTAL=0" "-e" "RUST_BACKTRACE=full" "-e" "RUSTFLAGS=--cap-lints=warn" "-e" "RUSTDOCFLAGS=--cap-lints=warn" "-e" "CARGO_HOME=/opt/rustwide/cargo-home" "-e" "RUSTUP_HOME=/opt/rustwide/rustup-home" "-w" "/opt/rustwide/workdir" "-m" "1610612736" "--user" "0:0" "--network" "none" "ghcr.io/rust-lang/crates-build-env/linux@sha256:2788e3201cd34a07e3172128adcd8b3090168a8e3bcc40d7c032b9dda1df7d1c" "/opt/rustwide/cargo-home/bin/cargo" "+1.75.0" "test" "--frozen" "--no-run" "--message-format=json", kill_on_drop: false }`
[INFO] [stdout] 0ecd7041aa993d23231605ead4abadc685e4e11735e1b45c0038489a4fd38b50
[INFO] running `Command { std: "docker" "start" "-a" "0ecd7041aa993d23231605ead4abadc685e4e11735e1b45c0038489a4fd38b50", kill_on_drop: false }`
[INFO] [stderr]    Compiling spin v0.9.8
[INFO] [stderr]    Compiling untrusted v0.9.0
[INFO] [stderr]    Compiling getrandom v0.2.11
[INFO] [stderr]    Compiling rustls v0.21.10
[INFO] [stderr]    Compiling ring v0.17.7
[INFO] [stderr]    Compiling toml_edit v0.21.0
[INFO] [stderr]    Compiling rustls-pemfile v1.0.4
[INFO] [stderr]    Compiling webpki-roots v0.25.3
[INFO] [stderr]    Compiling toml v0.8.8
[INFO] [stderr]    Compiling cargo_toml v0.17.2
[INFO] [stderr]    Compiling sct v0.7.1
[INFO] [stderr]    Compiling rustls-webpki v0.101.7
[INFO] [stderr]    Compiling cargo-toml-workspace v3.0.0
[INFO] [stderr]    Compiling tokio-rustls v0.24.1
[INFO] [stderr]    Compiling hyper-rustls v0.24.2
[INFO] [stderr]    Compiling reqwest v0.11.23
[INFO] [stderr]    Compiling binstalk-downloader v0.9.6
[INFO] [stderr]    Compiling binstalk-registry v0.3.0 (/opt/rustwide/workdir)
[INFO] [stderr]     Finished test [unoptimized + debuginfo] target(s) in 15.10s
[INFO] running `Command { std: "docker" "inspect" "0ecd7041aa993d23231605ead4abadc685e4e11735e1b45c0038489a4fd38b50", kill_on_drop: false }`
[INFO] running `Command { std: "docker" "rm" "-f" "0ecd7041aa993d23231605ead4abadc685e4e11735e1b45c0038489a4fd38b50", kill_on_drop: false }`
[INFO] [stdout] 0ecd7041aa993d23231605ead4abadc685e4e11735e1b45c0038489a4fd38b50
[INFO] running `Command { std: "docker" "create" "-v" "/var/lib/crater-agent-workspace/builds/worker-7-tc1/target:/opt/rustwide/target:rw,Z" "-v" "/var/lib/crater-agent-workspace/builds/worker-7-tc1/source:/opt/rustwide/workdir:ro,Z" "-v" "/var/lib/crater-agent-workspace/cargo-home:/opt/rustwide/cargo-home:ro,Z" "-v" "/var/lib/crater-agent-workspace/rustup-home:/opt/rustwide/rustup-home:ro,Z" "-e" "SOURCE_DIR=/opt/rustwide/workdir" "-e" "CARGO_TARGET_DIR=/opt/rustwide/target" "-e" "CARGO_INCREMENTAL=0" "-e" "RUST_BACKTRACE=full" "-e" "RUSTFLAGS=--cap-lints=warn" "-e" "RUSTDOCFLAGS=--cap-lints=warn" "-e" "CARGO_HOME=/opt/rustwide/cargo-home" "-e" "RUSTUP_HOME=/opt/rustwide/rustup-home" "-w" "/opt/rustwide/workdir" "-m" "1610612736" "--user" "0:0" "--network" "none" "ghcr.io/rust-lang/crates-build-env/linux@sha256:2788e3201cd34a07e3172128adcd8b3090168a8e3bcc40d7c032b9dda1df7d1c" "/opt/rustwide/cargo-home/bin/cargo" "+1.75.0" "test" "--frozen", kill_on_drop: false }`
[INFO] [stdout] f8a066df51361608790fcd4e600bda5eef99632a4ea649a077cb7981967ff48b
[INFO] running `Command { std: "docker" "start" "-a" "f8a066df51361608790fcd4e600bda5eef99632a4ea649a077cb7981967ff48b", kill_on_drop: false }`
[INFO] [stderr]     Finished test [unoptimized + debuginfo] target(s) in 0.16s
[INFO] [stderr]      Running unittests src/lib.rs (/opt/rustwide/target/debug/deps/binstalk_registry-713306f1ad92e90c)
[INFO] [stdout] 
[INFO] [stdout] running 1 test
[INFO] [stdout] test test::test_crates_io_sparse_registry ... FAILED
[INFO] [stdout] 
[INFO] [stdout] failures:
[INFO] [stdout] 
[INFO] [stdout] ---- test::test_crates_io_sparse_registry stdout ----
[INFO] [stdout] thread 'test::test_crates_io_sparse_registry' panicked at src/lib.rs:248:14:
[INFO] [stdout] called `Result::unwrap()` on an `Err` value: Remote(Http(HttpError { method: GET, url: Url { scheme: "https", cannot_be_a_base: false, username: "", password: None, host: Some(Domain("index.crates.io")), port: None, path: "/config.json", query: None, fragment: None }, err: reqwest::Error { kind: Request, url: Url { scheme: "https", cannot_be_a_base: false, username: "", password: None, host: Some(Domain("index.crates.io")), port: None, path: "/config.json", query: None, fragment: None }, source: hyper::Error(Connect, ConnectError("dns error", Custom { kind: Uncategorized, error: "failed to lookup address information: Temporary failure in name resolution" })) } }))
[INFO] [stdout] stack backtrace:
[INFO] [stdout]    0:     0x56356b25c21c - std::backtrace_rs::backtrace::libunwind::trace::ha637c64ce894333a
[INFO] [stdout]                                at /rustc/82e1608dfa6e0b5569232559e3d385fea5a93112/library/std/src/../../backtrace/src/backtrace/libunwind.rs:104:5
[INFO] [stdout]    1:     0x56356b25c21c - std::backtrace_rs::backtrace::trace_unsynchronized::h47f62dea28e0c88d
[INFO] [stdout]                                at /rustc/82e1608dfa6e0b5569232559e3d385fea5a93112/library/std/src/../../backtrace/src/backtrace/mod.rs:66:5
[INFO] [stdout]    2:     0x56356b25c21c - std::sys_common::backtrace::_print_fmt::h9eef0abe20ede486
[INFO] [stdout]                                at /rustc/82e1608dfa6e0b5569232559e3d385fea5a93112/library/std/src/sys_common/backtrace.rs:67:5
[INFO] [stdout]    3:     0x56356b25c21c - <std::sys_common::backtrace::_print::DisplayBacktrace as core::fmt::Display>::fmt::hed7f999df88cc644
[INFO] [stdout]                                at /rustc/82e1608dfa6e0b5569232559e3d385fea5a93112/library/std/src/sys_common/backtrace.rs:44:22
[INFO] [stdout]    4:     0x56356b28acb0 - core::fmt::rt::Argument::fmt::h1539a9308b8d058d
[INFO] [stdout]                                at /rustc/82e1608dfa6e0b5569232559e3d385fea5a93112/library/core/src/fmt/rt.rs:142:9
[INFO] [stdout]    5:     0x56356b28acb0 - core::fmt::write::h3a39390d8560d9c9
[INFO] [stdout]                                at /rustc/82e1608dfa6e0b5569232559e3d385fea5a93112/library/core/src/fmt/mod.rs:1120:17
[INFO] [stdout]    6:     0x56356b258bbf - std::io::Write::write_fmt::h040b369f3a0f9cbc
[INFO] [stdout]                                at /rustc/82e1608dfa6e0b5569232559e3d385fea5a93112/library/std/src/io/mod.rs:1762:15
[INFO] [stdout]    7:     0x56356b25c004 - std::sys_common::backtrace::_print::h894006fb5c6f3d45
[INFO] [stdout]                                at /rustc/82e1608dfa6e0b5569232559e3d385fea5a93112/library/std/src/sys_common/backtrace.rs:47:5
[INFO] [stdout]    8:     0x56356b25c004 - std::sys_common::backtrace::print::h23a2d212c6fff936
[INFO] [stdout]                                at /rustc/82e1608dfa6e0b5569232559e3d385fea5a93112/library/std/src/sys_common/backtrace.rs:34:9
[INFO] [stdout]    9:     0x56356b25dcc7 - std::panicking::default_hook::{{closure}}::h8a1d2ee00185001a
[INFO] [stdout]   10:     0x56356b25d9b3 - std::panicking::default_hook::h6038f2eba384e475
[INFO] [stdout]                                at /rustc/82e1608dfa6e0b5569232559e3d385fea5a93112/library/std/src/panicking.rs:289:9
[INFO] [stdout]   11:     0x56356a8f2197 - <alloc::boxed::Box<F,A> as core::ops::function::Fn<Args>>::call::h0ad024c9bdc6d768
[INFO] [stdout]                                at /rustc/82e1608dfa6e0b5569232559e3d385fea5a93112/library/alloc/src/boxed.rs:2021:9
[INFO] [stdout]   12:     0x56356a8f2197 - test::test_main::{{closure}}::h7500b54257359db6
[INFO] [stdout]                                at /rustc/82e1608dfa6e0b5569232559e3d385fea5a93112/library/test/src/lib.rs:138:21
[INFO] [stdout]   13:     0x56356b25e2d8 - <alloc::boxed::Box<F,A> as core::ops::function::Fn<Args>>::call::h1f8f335eaa9cfaee
[INFO] [stdout]                                at /rustc/82e1608dfa6e0b5569232559e3d385fea5a93112/library/alloc/src/boxed.rs:2021:9
[INFO] [stdout]   14:     0x56356b25e2d8 - std::panicking::rust_panic_with_hook::h2b5517d590cab22e
[INFO] [stdout]                                at /rustc/82e1608dfa6e0b5569232559e3d385fea5a93112/library/std/src/panicking.rs:783:13
[INFO] [stdout]   15:     0x56356b25e02e - std::panicking::begin_panic_handler::{{closure}}::h233112c06e0ef43e
[INFO] [stdout]                                at /rustc/82e1608dfa6e0b5569232559e3d385fea5a93112/library/std/src/panicking.rs:657:13
[INFO] [stdout]   16:     0x56356b25c6e6 - std::sys_common::backtrace::__rust_end_short_backtrace::h6e893f24d7ebbff8
[INFO] [stdout]                                at /rustc/82e1608dfa6e0b5569232559e3d385fea5a93112/library/std/src/sys_common/backtrace.rs:170:18
[INFO] [stdout]   17:     0x56356b25dd92 - rust_begin_unwind
[INFO] [stdout]                                at /rustc/82e1608dfa6e0b5569232559e3d385fea5a93112/library/std/src/panicking.rs:645:5
[INFO] [stdout]   18:     0x56356a73d505 - core::panicking::panic_fmt::hbf0e066aabfa482c
[INFO] [stdout]                                at /rustc/82e1608dfa6e0b5569232559e3d385fea5a93112/library/core/src/panicking.rs:72:14
[INFO] [stdout]   19:     0x56356a73db33 - core::result::unwrap_failed::hddb4fea594200c52
[INFO] [stdout]                                at /rustc/82e1608dfa6e0b5569232559e3d385fea5a93112/library/core/src/result.rs:1653:5
[INFO] [stdout]   20:     0x56356a89e96f - core::result::Result<T,E>::unwrap::hdde4cf3937f8d0ee
[INFO] [stdout]                                at /rustc/82e1608dfa6e0b5569232559e3d385fea5a93112/library/core/src/result.rs:1077:23
[INFO] [stdout]   21:     0x56356a8866e3 - binstalk_registry::test::test_crates_io_sparse_registry::{{closure}}::he7136bfdabf87c57
[INFO] [stdout]                                at /opt/rustwide/workdir/src/lib.rs:245:36
[INFO] [stdout]   22:     0x56356a8a4a58 - <core::pin::Pin<P> as core::future::future::Future>::poll::he63f4368c6891978
[INFO] [stdout]                                at /rustc/82e1608dfa6e0b5569232559e3d385fea5a93112/library/core/src/future/future.rs:125:9
[INFO] [stdout]   23:     0x56356a8a4aab - <core::pin::Pin<P> as core::future::future::Future>::poll::hf61ffe699940e77e
[INFO] [stdout]                                at /rustc/82e1608dfa6e0b5569232559e3d385fea5a93112/library/core/src/future/future.rs:125:9
[INFO] [stdout]   24:     0x56356a7be404 - tokio::runtime::scheduler::current_thread::CoreGuard::block_on::{{closure}}::{{closure}}::{{closure}}::h18f8804041a54631
[INFO] [stdout]                                at /opt/rustwide/cargo-home/registry/src/index.crates.io-6f17d22bba15001f/tokio-1.35.1/src/runtime/scheduler/current_thread/mod.rs:665:57
[INFO] [stdout]   25:     0x56356a7be32a - tokio::runtime::coop::with_budget::hb1880fcd71f2be43
[INFO] [stdout]                                at /opt/rustwide/cargo-home/registry/src/index.crates.io-6f17d22bba15001f/tokio-1.35.1/src/runtime/coop.rs:107:5
[INFO] [stdout]   26:     0x56356a7be32a - tokio::runtime::coop::budget::hbe9b74d300efac4c
[INFO] [stdout]                                at /opt/rustwide/cargo-home/registry/src/index.crates.io-6f17d22bba15001f/tokio-1.35.1/src/runtime/coop.rs:73:5
[INFO] [stdout]   27:     0x56356a7be32a - tokio::runtime::scheduler::current_thread::CoreGuard::block_on::{{closure}}::{{closure}}::h353532d9ed637d03
[INFO] [stdout]                                at /opt/rustwide/cargo-home/registry/src/index.crates.io-6f17d22bba15001f/tokio-1.35.1/src/runtime/scheduler/current_thread/mod.rs:665:25
[INFO] [stdout]   28:     0x56356a7bccdc - tokio::runtime::scheduler::current_thread::Context::enter::h43d12bf00ea5fbfc
[INFO] [stdout]                                at /opt/rustwide/cargo-home/registry/src/index.crates.io-6f17d22bba15001f/tokio-1.35.1/src/runtime/scheduler/current_thread/mod.rs:410:19
[INFO] [stdout]   29:     0x56356a7bdb3b - tokio::runtime::scheduler::current_thread::CoreGuard::block_on::{{closure}}::h2618ad4493167e25
[INFO] [stdout]                                at /opt/rustwide/cargo-home/registry/src/index.crates.io-6f17d22bba15001f/tokio-1.35.1/src/runtime/scheduler/current_thread/mod.rs:664:36
[INFO] [stdout]   30:     0x56356a7bd84b - tokio::runtime::scheduler::current_thread::CoreGuard::enter::{{closure}}::hc7cff85d34bb9ac1
[INFO] [stdout]                                at /opt/rustwide/cargo-home/registry/src/index.crates.io-6f17d22bba15001f/tokio-1.35.1/src/runtime/scheduler/current_thread/mod.rs:743:68
[INFO] [stdout]   31:     0x56356a88205b - tokio::runtime::context::scoped::Scoped<T>::set::hcc38d6dffa572269
[INFO] [stdout]                                at /opt/rustwide/cargo-home/registry/src/index.crates.io-6f17d22bba15001f/tokio-1.35.1/src/runtime/context/scoped.rs:40:9
[INFO] [stdout]   32:     0x56356a8a3ee9 - tokio::runtime::context::set_scheduler::{{closure}}::h5a38b31f3852f687
[INFO] [stdout]                                at /opt/rustwide/cargo-home/registry/src/index.crates.io-6f17d22bba15001f/tokio-1.35.1/src/runtime/context.rs:176:26
[INFO] [stdout]   33:     0x56356a7c8b06 - std::thread::local::LocalKey<T>::try_with::h1234fcd0bf79ad98
[INFO] [stdout]                                at /rustc/82e1608dfa6e0b5569232559e3d385fea5a93112/library/std/src/thread/local.rs:270:16
[INFO] [stdout]   34:     0x56356a7c89aa - std::thread::local::LocalKey<T>::with::hccfd53546deb9d8c
[INFO] [stdout]                                at /rustc/82e1608dfa6e0b5569232559e3d385fea5a93112/library/std/src/thread/local.rs:246:9
[INFO] [stdout]   35:     0x56356a8a3e9d - tokio::runtime::context::set_scheduler::h3d65f83cbefc6e07
[INFO] [stdout]                                at /opt/rustwide/cargo-home/registry/src/index.crates.io-6f17d22bba15001f/tokio-1.35.1/src/runtime/context.rs:176:9
[INFO] [stdout]   36:     0x56356a7bd5e0 - tokio::runtime::scheduler::current_thread::CoreGuard::enter::hcfb14a9238ba917d
[INFO] [stdout]                                at /opt/rustwide/cargo-home/registry/src/index.crates.io-6f17d22bba15001f/tokio-1.35.1/src/runtime/scheduler/current_thread/mod.rs:743:27
[INFO] [stdout]   37:     0x56356a7bd87d - tokio::runtime::scheduler::current_thread::CoreGuard::block_on::hc0c6a6ffb0d958fe
[INFO] [stdout]                                at /opt/rustwide/cargo-home/registry/src/index.crates.io-6f17d22bba15001f/tokio-1.35.1/src/runtime/scheduler/current_thread/mod.rs:652:19
[INFO] [stdout]   38:     0x56356a7bc7bd - tokio::runtime::scheduler::current_thread::CurrentThread::block_on::{{closure}}::h5e0145abd7c0cb98
[INFO] [stdout]                                at /opt/rustwide/cargo-home/registry/src/index.crates.io-6f17d22bba15001f/tokio-1.35.1/src/runtime/scheduler/current_thread/mod.rs:175:28
[INFO] [stdout]   39:     0x56356a8b0c8a - tokio::runtime::context::runtime::enter_runtime::h0cbaf975d5744a10
[INFO] [stdout]                                at /opt/rustwide/cargo-home/registry/src/index.crates.io-6f17d22bba15001f/tokio-1.35.1/src/runtime/context/runtime.rs:65:16
[INFO] [stdout]   40:     0x56356a7bc6d0 - tokio::runtime::scheduler::current_thread::CurrentThread::block_on::h3f3b55ddb0043243
[INFO] [stdout]                                at /opt/rustwide/cargo-home/registry/src/index.crates.io-6f17d22bba15001f/tokio-1.35.1/src/runtime/scheduler/current_thread/mod.rs:167:9
[INFO] [stdout]   41:     0x56356a7cad1d - tokio::runtime::runtime::Runtime::block_on::ha6e8c739dfd84e6a
[INFO] [stdout]                                at /opt/rustwide/cargo-home/registry/src/index.crates.io-6f17d22bba15001f/tokio-1.35.1/src/runtime/runtime.rs:348:47
[INFO] [stdout]   42:     0x56356a886041 - binstalk_registry::test::test_crates_io_sparse_registry::h3a6af26fb2f6d01b
[INFO] [stdout]                                at /opt/rustwide/workdir/src/lib.rs:257:9
[INFO] [stdout]   43:     0x56356a885e97 - binstalk_registry::test::test_crates_io_sparse_registry::{{closure}}::hed9f577f6aeacc93
[INFO] [stdout]                                at /opt/rustwide/workdir/src/lib.rs:233:46
[INFO] [stdout]   44:     0x56356a7df2d6 - core::ops::function::FnOnce::call_once::he560b0260768fab6
[INFO] [stdout]                                at /rustc/82e1608dfa6e0b5569232559e3d385fea5a93112/library/core/src/ops/function.rs:250:5
[INFO] [stdout]   45:     0x56356a8f77ef - core::ops::function::FnOnce::call_once::h2b5d431d5046312d
[INFO] [stdout]                                at /rustc/82e1608dfa6e0b5569232559e3d385fea5a93112/library/core/src/ops/function.rs:250:5
[INFO] [stdout]   46:     0x56356a8f77ef - test::__rust_begin_short_backtrace::h7714669af176e207
[INFO] [stdout]                                at /rustc/82e1608dfa6e0b5569232559e3d385fea5a93112/library/test/src/lib.rs:628:18
[INFO] [stdout]   47:     0x56356a8f6805 - test::run_test_in_process::{{closure}}::h85218797dcbcec12
[INFO] [stdout]                                at /rustc/82e1608dfa6e0b5569232559e3d385fea5a93112/library/test/src/lib.rs:651:60
[INFO] [stdout]   48:     0x56356a8f6805 - <core::panic::unwind_safe::AssertUnwindSafe<F> as core::ops::function::FnOnce<()>>::call_once::h76c106ea31c14d7b
[INFO] [stdout]                                at /rustc/82e1608dfa6e0b5569232559e3d385fea5a93112/library/core/src/panic/unwind_safe.rs:272:9
[INFO] [stdout]   49:     0x56356a8f6805 - std::panicking::try::do_call::h3bd5d0f6620ee946
[INFO] [stdout]                                at /rustc/82e1608dfa6e0b5569232559e3d385fea5a93112/library/std/src/panicking.rs:552:40
[INFO] [stdout]   50:     0x56356a8f6805 - std::panicking::try::h232e535e4744fe31
[INFO] [stdout]                                at /rustc/82e1608dfa6e0b5569232559e3d385fea5a93112/library/std/src/panicking.rs:516:19
[INFO] [stdout]   51:     0x56356a8f6805 - std::panic::catch_unwind::h3ce3bd6ca8dbac68
[INFO] [stdout]                                at /rustc/82e1608dfa6e0b5569232559e3d385fea5a93112/library/std/src/panic.rs:142:14
[INFO] [stdout]   52:     0x56356a8f6805 - test::run_test_in_process::hc97b257c9621286a
[INFO] [stdout]                                at /rustc/82e1608dfa6e0b5569232559e3d385fea5a93112/library/test/src/lib.rs:651:27
[INFO] [stdout]   53:     0x56356a8f6805 - test::run_test::{{closure}}::h2aa798823a438d38
[INFO] [stdout]                                at /rustc/82e1608dfa6e0b5569232559e3d385fea5a93112/library/test/src/lib.rs:574:43
[INFO] [stdout]   54:     0x56356a8beac6 - test::run_test::{{closure}}::h87d231c78fb59832
[INFO] [stdout]                                at /rustc/82e1608dfa6e0b5569232559e3d385fea5a93112/library/test/src/lib.rs:602:41
[INFO] [stdout]   55:     0x56356a8beac6 - std::sys_common::backtrace::__rust_begin_short_backtrace::he6df152596625789
[INFO] [stdout]                                at /rustc/82e1608dfa6e0b5569232559e3d385fea5a93112/library/std/src/sys_common/backtrace.rs:154:18
[INFO] [stdout]   56:     0x56356a8c3b77 - std::thread::Builder::spawn_unchecked_::{{closure}}::{{closure}}::ha94be15d1e0acf36
[INFO] [stdout]                                at /rustc/82e1608dfa6e0b5569232559e3d385fea5a93112/library/std/src/thread/mod.rs:529:17
[INFO] [stdout]   57:     0x56356a8c3b77 - <core::panic::unwind_safe::AssertUnwindSafe<F> as core::ops::function::FnOnce<()>>::call_once::h9dc6bd6372f16606
[INFO] [stdout]                                at /rustc/82e1608dfa6e0b5569232559e3d385fea5a93112/library/core/src/panic/unwind_safe.rs:272:9
[INFO] [stdout]   58:     0x56356a8c3b77 - std::panicking::try::do_call::h9057517f80303cd4
[INFO] [stdout]                                at /rustc/82e1608dfa6e0b5569232559e3d385fea5a93112/library/std/src/panicking.rs:552:40
[INFO] [stdout]   59:     0x56356a8c3b77 - std::panicking::try::he3a30b11ee45340c
[INFO] [stdout]                                at /rustc/82e1608dfa6e0b5569232559e3d385fea5a93112/library/std/src/panicking.rs:516:19
[INFO] [stdout]   60:     0x56356a8c3b77 - std::panic::catch_unwind::h410458cfd3528b8b
[INFO] [stdout]                                at /rustc/82e1608dfa6e0b5569232559e3d385fea5a93112/library/std/src/panic.rs:142:14
[INFO] [stdout]   61:     0x56356a8c3b77 - std::thread::Builder::spawn_unchecked_::{{closure}}::h72ac3bdb567b737b
[INFO] [stdout]                                at /rustc/82e1608dfa6e0b5569232559e3d385fea5a93112/library/std/src/thread/mod.rs:528:30
[INFO] [stdout]   62:     0x56356a8c3b77 - core::ops::function::FnOnce::call_once{{vtable.shim}}::h38f34da3654a8344
[INFO] [stdout]                                at /rustc/82e1608dfa6e0b5569232559e3d385fea5a93112/library/core/src/ops/function.rs:250:5
[INFO] [stdout]   63:     0x56356b262ef5 - <alloc::boxed::Box<F,A> as core::ops::function::FnOnce<Args>>::call_once::hc7eafaff61e32df9
[INFO] [stdout]                                at /rustc/82e1608dfa6e0b5569232559e3d385fea5a93112/library/alloc/src/boxed.rs:2007:9
[INFO] [stdout]   64:     0x56356b262ef5 - <alloc::boxed::Box<F,A> as core::ops::function::FnOnce<Args>>::call_once::h6ba4a5de48dd2304
[INFO] [stdout]                                at /rustc/82e1608dfa6e0b5569232559e3d385fea5a93112/library/alloc/src/boxed.rs:2007:9
[INFO] [stdout]   65:     0x56356b262ef5 - std::sys::unix::thread::Thread::new::thread_start::he469335aef763e45
[INFO] [stdout]                                at /rustc/82e1608dfa6e0b5569232559e3d385fea5a93112/library/std/src/sys/unix/thread.rs:108:17
[INFO] [stdout]   66:     0x7fa2237a1ac3 - <unknown>
[INFO] [stdout]   67:     0x7fa223832bf4 - __clone
[INFO] [stdout]   68:                0x0 - <unknown>
[INFO] [stdout] 
[INFO] [stdout] 
[INFO] [stdout] failures:
[INFO] [stdout]     test::test_crates_io_sparse_registry
[INFO] [stdout] 
[INFO] [stdout] test result: FAILED. 0 passed; 1 failed; 0 ignored; 0 measured; 0 filtered out; finished in 0.85s
[INFO] [stdout] 
[INFO] [stderr] error: test failed, to rerun pass `--lib`
[INFO] running `Command { std: "docker" "inspect" "f8a066df51361608790fcd4e600bda5eef99632a4ea649a077cb7981967ff48b", kill_on_drop: false }`
[INFO] running `Command { std: "docker" "rm" "-f" "f8a066df51361608790fcd4e600bda5eef99632a4ea649a077cb7981967ff48b", kill_on_drop: false }`
[INFO] [stdout] f8a066df51361608790fcd4e600bda5eef99632a4ea649a077cb7981967ff48b
[INFO] testing binstalk-registry-0.3.0 against beta-2023-12-22 for beta-1.76-1
[INFO] extracting crate binstalk-registry 0.3.0 into /workspace/builds/worker-7-tc2/source
[INFO] validating manifest of crates.io crate binstalk-registry 0.3.0 on toolchain beta-2023-12-22
[INFO] running `Command { std: CARGO_HOME="/workspace/cargo-home" RUSTUP_HOME="/workspace/rustup-home" "/workspace/cargo-home/bin/cargo" "+beta-2023-12-22" "metadata" "--manifest-path" "Cargo.toml" "--no-deps", kill_on_drop: false }`
[INFO] started tweaking crates.io crate binstalk-registry 0.3.0
[INFO] finished tweaking crates.io crate binstalk-registry 0.3.0
[INFO] tweaked toml for crates.io crate binstalk-registry 0.3.0 written to /workspace/builds/worker-7-tc2/source/Cargo.toml
[INFO] running `Command { std: CARGO_HOME="/workspace/cargo-home" RUSTUP_HOME="/workspace/rustup-home" "/workspace/cargo-home/bin/cargo" "+beta-2023-12-22" "generate-lockfile" "--manifest-path" "Cargo.toml", kill_on_drop: false }`
[INFO] [stderr]     Updating crates.io index
[INFO] running `Command { std: CARGO_HOME="/workspace/cargo-home" RUSTUP_HOME="/workspace/rustup-home" "/workspace/cargo-home/bin/cargo" "+beta-2023-12-22" "fetch" "--manifest-path" "Cargo.toml", kill_on_drop: false }`
[INFO] running `Command { std: "docker" "create" "-v" "/var/lib/crater-agent-workspace/builds/worker-7-tc2/target:/opt/rustwide/target:rw,Z" "-v" "/var/lib/crater-agent-workspace/builds/worker-7-tc2/source:/opt/rustwide/workdir:ro,Z" "-v" "/var/lib/crater-agent-workspace/cargo-home:/opt/rustwide/cargo-home:ro,Z" "-v" "/var/lib/crater-agent-workspace/rustup-home:/opt/rustwide/rustup-home:ro,Z" "-e" "SOURCE_DIR=/opt/rustwide/workdir" "-e" "CARGO_TARGET_DIR=/opt/rustwide/target" "-e" "CARGO_HOME=/opt/rustwide/cargo-home" "-e" "RUSTUP_HOME=/opt/rustwide/rustup-home" "-w" "/opt/rustwide/workdir" "-m" "1610612736" "--user" "0:0" "--network" "none" "ghcr.io/rust-lang/crates-build-env/linux@sha256:2788e3201cd34a07e3172128adcd8b3090168a8e3bcc40d7c032b9dda1df7d1c" "/opt/rustwide/cargo-home/bin/cargo" "+beta-2023-12-22" "metadata" "--no-deps" "--format-version=1", kill_on_drop: false }`
[INFO] [stdout] 57f1aec5ea23176abd9dbf8e8960c1c8a5704d70cc0b6e1bf252e8bf61509bf6
[INFO] running `Command { std: "docker" "start" "-a" "57f1aec5ea23176abd9dbf8e8960c1c8a5704d70cc0b6e1bf252e8bf61509bf6", kill_on_drop: false }`
[INFO] running `Command { std: "docker" "inspect" "57f1aec5ea23176abd9dbf8e8960c1c8a5704d70cc0b6e1bf252e8bf61509bf6", kill_on_drop: false }`
[INFO] running `Command { std: "docker" "rm" "-f" "57f1aec5ea23176abd9dbf8e8960c1c8a5704d70cc0b6e1bf252e8bf61509bf6", kill_on_drop: false }`
[INFO] [stdout] 57f1aec5ea23176abd9dbf8e8960c1c8a5704d70cc0b6e1bf252e8bf61509bf6
[INFO] running `Command { std: "docker" "create" "-v" "/var/lib/crater-agent-workspace/builds/worker-7-tc2/target:/opt/rustwide/target:rw,Z" "-v" "/var/lib/crater-agent-workspace/builds/worker-7-tc2/source:/opt/rustwide/workdir:ro,Z" "-v" "/var/lib/crater-agent-workspace/cargo-home:/opt/rustwide/cargo-home:ro,Z" "-v" "/var/lib/crater-agent-workspace/rustup-home:/opt/rustwide/rustup-home:ro,Z" "-e" "SOURCE_DIR=/opt/rustwide/workdir" "-e" "CARGO_TARGET_DIR=/opt/rustwide/target" "-e" "CARGO_INCREMENTAL=0" "-e" "RUST_BACKTRACE=full" "-e" "RUSTFLAGS=--cap-lints=warn" "-e" "RUSTDOCFLAGS=--cap-lints=warn" "-e" "CARGO_HOME=/opt/rustwide/cargo-home" "-e" "RUSTUP_HOME=/opt/rustwide/rustup-home" "-w" "/opt/rustwide/workdir" "-m" "1610612736" "--user" "0:0" "--network" "none" "ghcr.io/rust-lang/crates-build-env/linux@sha256:2788e3201cd34a07e3172128adcd8b3090168a8e3bcc40d7c032b9dda1df7d1c" "/opt/rustwide/cargo-home/bin/cargo" "+beta-2023-12-22" "build" "--frozen" "--message-format=json", kill_on_drop: false }`
[INFO] [stdout] 4af9701f0082beb3d423ef2018d2b51d4ca9fe1f4e17af0cb22a0860a0fae9f5
[INFO] running `Command { std: "docker" "start" "-a" "4af9701f0082beb3d423ef2018d2b51d4ca9fe1f4e17af0cb22a0860a0fae9f5", kill_on_drop: false }`
[INFO] [stderr]    Compiling serde v1.0.194
[INFO] [stderr]    Compiling crc32fast v1.3.2
[INFO] [stderr]    Compiling alloc-no-stdlib v2.0.4
[INFO] [stderr]    Compiling zstd-safe v7.0.0
[INFO] [stderr]    Compiling rustix v0.38.28
[INFO] [stderr]    Compiling adler v1.0.2
[INFO] [stderr]    Compiling syn v2.0.48
[INFO] [stderr]    Compiling jobserver v0.1.27
[INFO] [stderr]    Compiling linux-raw-sys v0.4.12
[INFO] [stderr]    Compiling castaway v0.2.2
[INFO] [stderr]    Compiling winnow v0.5.32
[INFO] [stderr]    Compiling semver v1.0.21
[INFO] [stderr]    Compiling fastrand v2.0.1
[INFO] [stderr]    Compiling static_assertions v1.1.0
[INFO] [stderr]    Compiling deflate64 v0.1.6
[INFO] [stderr]    Compiling filetime v0.2.23
[INFO] [stderr]    Compiling alloc-stdlib v0.2.2
[INFO] [stderr]    Compiling miniz_oxide v0.7.1
[INFO] [stderr]    Compiling heck v0.4.1
[INFO] [stderr]    Compiling xattr v0.2.3
[INFO] [stderr]    Compiling brotli-decompressor v2.5.1
[INFO] [stderr]    Compiling cc v1.0.83
[INFO] [stderr]    Compiling strum v0.25.0
[INFO] [stderr]    Compiling futures-lite v2.1.0
[INFO] [stderr]    Compiling unicode-width v0.1.11
[INFO] [stderr]    Compiling binstall-tar v0.4.39
[INFO] [stderr]    Compiling normalize-path v0.2.1
[INFO] [stderr]    Compiling glob v0.3.1
[INFO] [stderr]    Compiling sha2 v0.10.8
[INFO] [stderr]    Compiling base16 v0.2.1
[INFO] [stderr]    Compiling flate2 v1.0.28
[INFO] [stderr]    Compiling zstd-sys v2.0.9+zstd.1.5.5
[INFO] [stderr]    Compiling lzma-sys v0.1.20
[INFO] [stderr]    Compiling bzip2-sys v0.1.11+1.0.8
[INFO] [stderr]    Compiling brotli v3.4.0
[INFO] [stderr]    Compiling xz2 v0.1.7
[INFO] [stderr]    Compiling bzip2 v0.4.4
[INFO] [stderr]    Compiling xattr v1.2.0
[INFO] [stderr]    Compiling tempfile v3.9.0
[INFO] [stderr]    Compiling serde_derive v1.0.194
[INFO] [stderr]    Compiling tokio-macros v2.2.0
[INFO] [stderr]    Compiling tracing-attributes v0.1.27
[INFO] [stderr]    Compiling thiserror-impl v1.0.56
[INFO] [stderr]    Compiling futures-macro v0.3.30
[INFO] [stderr]    Compiling pin-project-internal v1.1.3
[INFO] [stderr]    Compiling miette-derive v5.10.0
[INFO] [stderr]    Compiling strum_macros v0.25.3
[INFO] [stderr]    Compiling async-trait v0.1.77
[INFO] [stderr]    Compiling tokio v1.35.1
[INFO] [stderr]    Compiling futures-util v0.3.30
[INFO] [stderr]    Compiling pin-project v1.1.3
[INFO] [stderr]    Compiling thiserror v1.0.56
[INFO] [stderr]    Compiling miette v5.10.0
[INFO] [stderr]    Compiling zstd v0.13.0
[INFO] [stderr]    Compiling tracing v0.1.40
[INFO] [stderr]    Compiling leon v2.0.1
[INFO] [stderr]    Compiling tokio-util v0.7.10
[INFO] [stderr]    Compiling async-compression v0.4.5
[INFO] [stderr]    Compiling tokio-stream v0.1.14
[INFO] [stderr]    Compiling tokio-tar v0.3.1
[INFO] [stderr]    Compiling h2 v0.3.22
[INFO] [stderr]    Compiling toml_datetime v0.6.5
[INFO] [stderr]    Compiling serde_spanned v0.6.5
[INFO] [stderr]    Compiling url v2.5.0
[INFO] [stderr]    Compiling compact_str v0.7.1
[INFO] [stderr]    Compiling maybe-owned v0.3.4
[INFO] [stderr]    Compiling serde_urlencoded v0.7.1
[INFO] [stderr]    Compiling serde_json v1.0.111
[INFO] [stderr]    Compiling serde-tuple-vec-map v1.0.1
[INFO] [stderr]    Compiling toml_edit v0.21.0
[INFO] [stderr]    Compiling async_zip v0.0.16
[INFO] [stderr]    Compiling binstalk-types v0.6.1
[INFO] [stderr]    Compiling toml v0.8.8
[INFO] [stderr]    Compiling cargo_toml v0.17.2
[INFO] [stderr]    Compiling hyper v0.14.28
[INFO] [stderr]    Compiling cargo-toml-workspace v3.0.0
[INFO] [stderr]    Compiling reqwest v0.11.23
[INFO] [stderr]    Compiling binstalk-downloader v0.9.6
[INFO] [stderr]    Compiling binstalk-registry v0.3.0 (/opt/rustwide/workdir)
[INFO] [stderr]     Finished dev [unoptimized + debuginfo] target(s) in 15.23s
[INFO] running `Command { std: "docker" "inspect" "4af9701f0082beb3d423ef2018d2b51d4ca9fe1f4e17af0cb22a0860a0fae9f5", kill_on_drop: false }`
[INFO] running `Command { std: "docker" "rm" "-f" "4af9701f0082beb3d423ef2018d2b51d4ca9fe1f4e17af0cb22a0860a0fae9f5", kill_on_drop: false }`
[INFO] [stdout] 4af9701f0082beb3d423ef2018d2b51d4ca9fe1f4e17af0cb22a0860a0fae9f5
[INFO] running `Command { std: "docker" "create" "-v" "/var/lib/crater-agent-workspace/builds/worker-7-tc2/target:/opt/rustwide/target:rw,Z" "-v" "/var/lib/crater-agent-workspace/builds/worker-7-tc2/source:/opt/rustwide/workdir:ro,Z" "-v" "/var/lib/crater-agent-workspace/cargo-home:/opt/rustwide/cargo-home:ro,Z" "-v" "/var/lib/crater-agent-workspace/rustup-home:/opt/rustwide/rustup-home:ro,Z" "-e" "SOURCE_DIR=/opt/rustwide/workdir" "-e" "CARGO_TARGET_DIR=/opt/rustwide/target" "-e" "CARGO_INCREMENTAL=0" "-e" "RUST_BACKTRACE=full" "-e" "RUSTFLAGS=--cap-lints=warn" "-e" "RUSTDOCFLAGS=--cap-lints=warn" "-e" "CARGO_HOME=/opt/rustwide/cargo-home" "-e" "RUSTUP_HOME=/opt/rustwide/rustup-home" "-w" "/opt/rustwide/workdir" "-m" "1610612736" "--user" "0:0" "--network" "none" "ghcr.io/rust-lang/crates-build-env/linux@sha256:2788e3201cd34a07e3172128adcd8b3090168a8e3bcc40d7c032b9dda1df7d1c" "/opt/rustwide/cargo-home/bin/cargo" "+beta-2023-12-22" "test" "--frozen" "--no-run" "--message-format=json", kill_on_drop: false }`
[INFO] [stdout] e569ad28654c65a3e4d26aef1f24844711be76ed3752aaa1e5dd49657f78179f
[INFO] running `Command { std: "docker" "start" "-a" "e569ad28654c65a3e4d26aef1f24844711be76ed3752aaa1e5dd49657f78179f", kill_on_drop: false }`
[INFO] [stderr]    Compiling spin v0.9.8
[INFO] [stderr]    Compiling untrusted v0.9.0
[INFO] [stderr]    Compiling getrandom v0.2.11
[INFO] [stderr]    Compiling rustls v0.21.10
[INFO] [stderr]    Compiling ring v0.17.7
[INFO] [stderr]    Compiling toml_edit v0.21.0
[INFO] [stderr]    Compiling rustls-pemfile v1.0.4
[INFO] [stderr]    Compiling webpki-roots v0.25.3
[INFO] [stderr]    Compiling toml v0.8.8
[INFO] [stderr]    Compiling cargo_toml v0.17.2
[INFO] [stderr]    Compiling sct v0.7.1
[INFO] [stderr]    Compiling rustls-webpki v0.101.7
[INFO] [stderr]    Compiling cargo-toml-workspace v3.0.0
[INFO] [stderr]    Compiling tokio-rustls v0.24.1
[INFO] [stderr]    Compiling hyper-rustls v0.24.2
[INFO] [stderr]    Compiling reqwest v0.11.23
[INFO] [stderr]    Compiling binstalk-downloader v0.9.6
[INFO] [stderr]    Compiling binstalk-registry v0.3.0 (/opt/rustwide/workdir)
[INFO] [stderr]     Finished test [unoptimized + debuginfo] target(s) in 12.41s
[INFO] running `Command { std: "docker" "inspect" "e569ad28654c65a3e4d26aef1f24844711be76ed3752aaa1e5dd49657f78179f", kill_on_drop: false }`
[INFO] running `Command { std: "docker" "rm" "-f" "e569ad28654c65a3e4d26aef1f24844711be76ed3752aaa1e5dd49657f78179f", kill_on_drop: false }`
[INFO] [stdout] e569ad28654c65a3e4d26aef1f24844711be76ed3752aaa1e5dd49657f78179f
[INFO] running `Command { std: "docker" "create" "-v" "/var/lib/crater-agent-workspace/builds/worker-7-tc2/target:/opt/rustwide/target:rw,Z" "-v" "/var/lib/crater-agent-workspace/builds/worker-7-tc2/source:/opt/rustwide/workdir:ro,Z" "-v" "/var/lib/crater-agent-workspace/cargo-home:/opt/rustwide/cargo-home:ro,Z" "-v" "/var/lib/crater-agent-workspace/rustup-home:/opt/rustwide/rustup-home:ro,Z" "-e" "SOURCE_DIR=/opt/rustwide/workdir" "-e" "CARGO_TARGET_DIR=/opt/rustwide/target" "-e" "CARGO_INCREMENTAL=0" "-e" "RUST_BACKTRACE=full" "-e" "RUSTFLAGS=--cap-lints=warn" "-e" "RUSTDOCFLAGS=--cap-lints=warn" "-e" "CARGO_HOME=/opt/rustwide/cargo-home" "-e" "RUSTUP_HOME=/opt/rustwide/rustup-home" "-w" "/opt/rustwide/workdir" "-m" "1610612736" "--user" "0:0" "--network" "none" "ghcr.io/rust-lang/crates-build-env/linux@sha256:2788e3201cd34a07e3172128adcd8b3090168a8e3bcc40d7c032b9dda1df7d1c" "/opt/rustwide/cargo-home/bin/cargo" "+beta-2023-12-22" "test" "--frozen", kill_on_drop: false }`
[INFO] [stdout] 25991ccd903dfaaa3d0ce56ea6ac53234bff00dd675d71aef3351cd3d83e4f43
[INFO] running `Command { std: "docker" "start" "-a" "25991ccd903dfaaa3d0ce56ea6ac53234bff00dd675d71aef3351cd3d83e4f43", kill_on_drop: false }`
[INFO] [stderr]     Finished test [unoptimized + debuginfo] target(s) in 0.24s
[INFO] [stderr]      Running unittests src/lib.rs (/opt/rustwide/target/debug/deps/binstalk_registry-77ef9b805660ab51)
[INFO] [stdout] 
[INFO] [stdout] running 1 test
[INFO] [stdout] test test::test_crates_io_sparse_registry ... FAILED
[INFO] [stdout] 
[INFO] [stdout] failures:
[INFO] [stdout] 
[INFO] [stdout] ---- test::test_crates_io_sparse_registry stdout ----
[INFO] [stdout] thread 'test::test_crates_io_sparse_registry' panicked at src/lib.rs:248:14:
[INFO] [stdout] called `Result::unwrap()` on an `Err` value: Remote(Http(HttpError { method: GET, url: Url { scheme: "https", cannot_be_a_base: false, username: "", password: None, host: Some(Domain("index.crates.io")), port: None, path: "/config.json", query: None, fragment: None }, err: reqwest::Error { kind: Request, url: Url { scheme: "https", cannot_be_a_base: false, username: "", password: None, host: Some(Domain("index.crates.io")), port: None, path: "/config.json", query: None, fragment: None }, source: hyper::Error(Connect, ConnectError("dns error", Custom { kind: Uncategorized, error: "failed to lookup address information: Temporary failure in name resolution" })) } }))
[INFO] [stdout] stack backtrace:
[INFO] [stdout]    0:     0x5625335b54a6 - std::backtrace_rs::backtrace::libunwind::trace::h261606ad26a499c1
[INFO] [stdout]                                at /rustc/0e09125c6c3c2fd70d7de961bcf0e51575235fad/library/std/src/../../backtrace/src/backtrace/libunwind.rs:104:5
[INFO] [stdout]    1:     0x5625335b54a6 - std::backtrace_rs::backtrace::trace_unsynchronized::hd183f0625477fb28
[INFO] [stdout]                                at /rustc/0e09125c6c3c2fd70d7de961bcf0e51575235fad/library/std/src/../../backtrace/src/backtrace/mod.rs:66:5
[INFO] [stdout]    2:     0x5625335b54a6 - std::sys_common::backtrace::_print_fmt::hd7f8fef21b4eda67
[INFO] [stdout]                                at /rustc/0e09125c6c3c2fd70d7de961bcf0e51575235fad/library/std/src/sys_common/backtrace.rs:68:5
[INFO] [stdout]    3:     0x5625335b54a6 - <std::sys_common::backtrace::_print::DisplayBacktrace as core::fmt::Display>::fmt::h623d9b51f2f453f1
[INFO] [stdout]                                at /rustc/0e09125c6c3c2fd70d7de961bcf0e51575235fad/library/std/src/sys_common/backtrace.rs:44:22
[INFO] [stdout]    4:     0x5625335e31d0 - core::fmt::rt::Argument::fmt::h9f417ac76a86f368
[INFO] [stdout]                                at /rustc/0e09125c6c3c2fd70d7de961bcf0e51575235fad/library/core/src/fmt/rt.rs:142:9
[INFO] [stdout]    5:     0x5625335e31d0 - core::fmt::write::hc9b6faf4ac2aeff7
[INFO] [stdout]                                at /rustc/0e09125c6c3c2fd70d7de961bcf0e51575235fad/library/core/src/fmt/mod.rs:1120:17
[INFO] [stdout]    6:     0x5625335b1f0f - std::io::Write::write_fmt::he04625a3a989fec3
[INFO] [stdout]                                at /rustc/0e09125c6c3c2fd70d7de961bcf0e51575235fad/library/std/src/io/mod.rs:1810:15
[INFO] [stdout]    7:     0x5625335b5284 - std::sys_common::backtrace::_print::hd5d66399c7df88a2
[INFO] [stdout]                                at /rustc/0e09125c6c3c2fd70d7de961bcf0e51575235fad/library/std/src/sys_common/backtrace.rs:47:5
[INFO] [stdout]    8:     0x5625335b5284 - std::sys_common::backtrace::print::he81ed2da642d37e5
[INFO] [stdout]                                at /rustc/0e09125c6c3c2fd70d7de961bcf0e51575235fad/library/std/src/sys_common/backtrace.rs:34:9
[INFO] [stdout]    9:     0x5625335b6ff7 - std::panicking::default_hook::{{closure}}::h85773f4fa117163d
[INFO] [stdout]   10:     0x5625335b6cdd - std::panicking::default_hook::h6a1694a91d09b278
[INFO] [stdout]                                at /rustc/0e09125c6c3c2fd70d7de961bcf0e51575235fad/library/std/src/panicking.rs:289:9
[INFO] [stdout]   11:     0x562532c4c437 - <alloc::boxed::Box<F,A> as core::ops::function::Fn<Args>>::call::h616ac37fa3cd6c8f
[INFO] [stdout]                                at /rustc/0e09125c6c3c2fd70d7de961bcf0e51575235fad/library/alloc/src/boxed.rs:2029:9
[INFO] [stdout]   12:     0x562532c4c437 - test::test_main::{{closure}}::h00d84697cefdcbb6
[INFO] [stdout]                                at /rustc/0e09125c6c3c2fd70d7de961bcf0e51575235fad/library/test/src/lib.rs:138:21
[INFO] [stdout]   13:     0x5625335b7616 - <alloc::boxed::Box<F,A> as core::ops::function::Fn<Args>>::call::hcb3fe3b9bb537ba8
[INFO] [stdout]                                at /rustc/0e09125c6c3c2fd70d7de961bcf0e51575235fad/library/alloc/src/boxed.rs:2029:9
[INFO] [stdout]   14:     0x5625335b7616 - std::panicking::rust_panic_with_hook::h0a7ad96e90f7145b
[INFO] [stdout]                                at /rustc/0e09125c6c3c2fd70d7de961bcf0e51575235fad/library/std/src/panicking.rs:783:13
[INFO] [stdout]   15:     0x5625335b7362 - std::panicking::begin_panic_handler::{{closure}}::h7919090525c6485e
[INFO] [stdout]                                at /rustc/0e09125c6c3c2fd70d7de961bcf0e51575235fad/library/std/src/panicking.rs:657:13
[INFO] [stdout]   16:     0x5625335b59a6 - std::sys_common::backtrace::__rust_end_short_backtrace::hf3289479464f7dfe
[INFO] [stdout]                                at /rustc/0e09125c6c3c2fd70d7de961bcf0e51575235fad/library/std/src/sys_common/backtrace.rs:171:18
[INFO] [stdout]   17:     0x5625335b70c0 - rust_begin_unwind
[INFO] [stdout]                                at /rustc/0e09125c6c3c2fd70d7de961bcf0e51575235fad/library/std/src/panicking.rs:645:5
[INFO] [stdout]   18:     0x562532a954e5 - core::panicking::panic_fmt::hcc9f77c5c132af55
[INFO] [stdout]                                at /rustc/0e09125c6c3c2fd70d7de961bcf0e51575235fad/library/core/src/panicking.rs:72:14
[INFO] [stdout]   19:     0x562532a95b23 - core::result::unwrap_failed::hbe14f498be1452f9
[INFO] [stdout]                                at /rustc/0e09125c6c3c2fd70d7de961bcf0e51575235fad/library/core/src/result.rs:1649:5
[INFO] [stdout]   20:     0x562532bcbf28 - core::result::Result<T,E>::unwrap::h0c53a329fb83a7ee
[INFO] [stdout]                                at /rustc/0e09125c6c3c2fd70d7de961bcf0e51575235fad/library/core/src/result.rs:1073:23
[INFO] [stdout]   21:     0x562532baa821 - binstalk_registry::test::test_crates_io_sparse_registry::{{closure}}::h9d5e42f49fc2faeb
[INFO] [stdout]                                at /opt/rustwide/workdir/src/lib.rs:245:36
[INFO] [stdout]   22:     0x562532bd1eb8 - <core::pin::Pin<P> as core::future::future::Future>::poll::hd4abe0665c6955eb
[INFO] [stdout]                                at /rustc/0e09125c6c3c2fd70d7de961bcf0e51575235fad/library/core/src/future/future.rs:124:9
[INFO] [stdout]   23:     0x562532bd1e5b - <core::pin::Pin<P> as core::future::future::Future>::poll::h933b54e74ad907b8
[INFO] [stdout]                                at /rustc/0e09125c6c3c2fd70d7de961bcf0e51575235fad/library/core/src/future/future.rs:124:9
[INFO] [stdout]   24:     0x562532b8c444 - tokio::runtime::scheduler::current_thread::CoreGuard::block_on::{{closure}}::{{closure}}::{{closure}}::h793102319f2e157c
[INFO] [stdout]                                at /opt/rustwide/cargo-home/registry/src/index.crates.io-6f17d22bba15001f/tokio-1.35.1/src/runtime/scheduler/current_thread/mod.rs:665:57
[INFO] [stdout]   25:     0x562532b8c37a - tokio::runtime::coop::with_budget::hbbbc8f6473be47de
[INFO] [stdout]                                at /opt/rustwide/cargo-home/registry/src/index.crates.io-6f17d22bba15001f/tokio-1.35.1/src/runtime/coop.rs:107:5
[INFO] [stdout]   26:     0x562532b8c37a - tokio::runtime::coop::budget::h06bc85361afb5836
[INFO] [stdout]                                at /opt/rustwide/cargo-home/registry/src/index.crates.io-6f17d22bba15001f/tokio-1.35.1/src/runtime/coop.rs:73:5
[INFO] [stdout]   27:     0x562532b8c37a - tokio::runtime::scheduler::current_thread::CoreGuard::block_on::{{closure}}::{{closure}}::hd8812c22546725ca
[INFO] [stdout]                                at /opt/rustwide/cargo-home/registry/src/index.crates.io-6f17d22bba15001f/tokio-1.35.1/src/runtime/scheduler/current_thread/mod.rs:665:25
[INFO] [stdout]   28:     0x562532b8ad1c - tokio::runtime::scheduler::current_thread::Context::enter::h660429d4cf250108
[INFO] [stdout]                                at /opt/rustwide/cargo-home/registry/src/index.crates.io-6f17d22bba15001f/tokio-1.35.1/src/runtime/scheduler/current_thread/mod.rs:410:19
[INFO] [stdout]   29:     0x562532b8bb7b - tokio::runtime::scheduler::current_thread::CoreGuard::block_on::{{closure}}::h47372fbf1c41c90d
[INFO] [stdout]                                at /opt/rustwide/cargo-home/registry/src/index.crates.io-6f17d22bba15001f/tokio-1.35.1/src/runtime/scheduler/current_thread/mod.rs:664:36
[INFO] [stdout]   30:     0x562532b8b88b - tokio::runtime::scheduler::current_thread::CoreGuard::enter::{{closure}}::h80874dc85f397c25
[INFO] [stdout]                                at /opt/rustwide/cargo-home/registry/src/index.crates.io-6f17d22bba15001f/tokio-1.35.1/src/runtime/scheduler/current_thread/mod.rs:743:68
[INFO] [stdout]   31:     0x562532bd18bb - tokio::runtime::context::scoped::Scoped<T>::set::he5e1d343daeb0a50
[INFO] [stdout]                                at /opt/rustwide/cargo-home/registry/src/index.crates.io-6f17d22bba15001f/tokio-1.35.1/src/runtime/context/scoped.rs:40:9
[INFO] [stdout]   32:     0x562532b8a3e9 - tokio::runtime::context::set_scheduler::{{closure}}::hdd24c315c021cdd9
[INFO] [stdout]                                at /opt/rustwide/cargo-home/registry/src/index.crates.io-6f17d22bba15001f/tokio-1.35.1/src/runtime/context.rs:176:26
[INFO] [stdout]   33:     0x562532b9df16 - std::thread::local::LocalKey<T>::try_with::hb7a9ae92ab225057
[INFO] [stdout]                                at /rustc/0e09125c6c3c2fd70d7de961bcf0e51575235fad/library/std/src/thread/local.rs:270:16
[INFO] [stdout]   34:     0x562532b9d97a - std::thread::local::LocalKey<T>::with::h7f17de90215da909
[INFO] [stdout]                                at /rustc/0e09125c6c3c2fd70d7de961bcf0e51575235fad/library/std/src/thread/local.rs:246:9
[INFO] [stdout]   35:     0x562532b8a39d - tokio::runtime::context::set_scheduler::h402894f61d64d531
[INFO] [stdout]                                at /opt/rustwide/cargo-home/registry/src/index.crates.io-6f17d22bba15001f/tokio-1.35.1/src/runtime/context.rs:176:9
[INFO] [stdout]   36:     0x562532b8b620 - tokio::runtime::scheduler::current_thread::CoreGuard::enter::hcc80ec5235aea22d
[INFO] [stdout]                                at /opt/rustwide/cargo-home/registry/src/index.crates.io-6f17d22bba15001f/tokio-1.35.1/src/runtime/scheduler/current_thread/mod.rs:743:27
[INFO] [stdout]   37:     0x562532b8b8bd - tokio::runtime::scheduler::current_thread::CoreGuard::block_on::hb1d39a2727b36f13
[INFO] [stdout]                                at /opt/rustwide/cargo-home/registry/src/index.crates.io-6f17d22bba15001f/tokio-1.35.1/src/runtime/scheduler/current_thread/mod.rs:652:19
[INFO] [stdout]   38:     0x562532b8a80d - tokio::runtime::scheduler::current_thread::CurrentThread::block_on::{{closure}}::hfa0c6c0534588a3f
[INFO] [stdout]                                at /opt/rustwide/cargo-home/registry/src/index.crates.io-6f17d22bba15001f/tokio-1.35.1/src/runtime/scheduler/current_thread/mod.rs:175:28
[INFO] [stdout]   39:     0x562532bec8aa - tokio::runtime::context::runtime::enter_runtime::hfdb1be71089c3af9
[INFO] [stdout]                                at /opt/rustwide/cargo-home/registry/src/index.crates.io-6f17d22bba15001f/tokio-1.35.1/src/runtime/context/runtime.rs:65:16
[INFO] [stdout]   40:     0x562532b8a71e - tokio::runtime::scheduler::current_thread::CurrentThread::block_on::h870b80586ac21117
[INFO] [stdout]                                at /opt/rustwide/cargo-home/registry/src/index.crates.io-6f17d22bba15001f/tokio-1.35.1/src/runtime/scheduler/current_thread/mod.rs:167:9
[INFO] [stdout]   41:     0x562532becddd - tokio::runtime::runtime::Runtime::block_on::he104f511cba9b4f4
[INFO] [stdout]                                at /opt/rustwide/cargo-home/registry/src/index.crates.io-6f17d22bba15001f/tokio-1.35.1/src/runtime/runtime.rs:348:47
[INFO] [stdout]   42:     0x562532baa191 - binstalk_registry::test::test_crates_io_sparse_registry::hf050d1b2671e45e1
[INFO] [stdout]                                at /opt/rustwide/workdir/src/lib.rs:257:9
[INFO] [stdout]   43:     0x562532ba9fe7 - binstalk_registry::test::test_crates_io_sparse_registry::{{closure}}::hf905a7ced19a24d0
[INFO] [stdout]                                at /opt/rustwide/workdir/src/lib.rs:233:46
[INFO] [stdout]   44:     0x562532b9eac6 - core::ops::function::FnOnce::call_once::hb1256f4ca694ed39
[INFO] [stdout]                                at /rustc/0e09125c6c3c2fd70d7de961bcf0e51575235fad/library/core/src/ops/function.rs:250:5
[INFO] [stdout]   45:     0x562532c51d0f - core::ops::function::FnOnce::call_once::hd64d26f405258157
[INFO] [stdout]                                at /rustc/0e09125c6c3c2fd70d7de961bcf0e51575235fad/library/core/src/ops/function.rs:250:5
[INFO] [stdout]   46:     0x562532c51d0f - test::__rust_begin_short_backtrace::he21b0b7a6d731bf9
[INFO] [stdout]                                at /rustc/0e09125c6c3c2fd70d7de961bcf0e51575235fad/library/test/src/lib.rs:627:18
[INFO] [stdout]   47:     0x562532c50a91 - test::run_test_in_process::{{closure}}::hf5c73986d7bdfde2
[INFO] [stdout]                                at /rustc/0e09125c6c3c2fd70d7de961bcf0e51575235fad/library/test/src/lib.rs:650:60
[INFO] [stdout]   48:     0x562532c50a91 - <core::panic::unwind_safe::AssertUnwindSafe<F> as core::ops::function::FnOnce<()>>::call_once::h330011ad032aadc0
[INFO] [stdout]                                at /rustc/0e09125c6c3c2fd70d7de961bcf0e51575235fad/library/core/src/panic/unwind_safe.rs:272:9
[INFO] [stdout]   49:     0x562532c50a91 - std::panicking::try::do_call::he61b0a958b795a41
[INFO] [stdout]                                at /rustc/0e09125c6c3c2fd70d7de961bcf0e51575235fad/library/std/src/panicking.rs:552:40
[INFO] [stdout]   50:     0x562532c50a91 - std::panicking::try::h7309da130f906eb7
[INFO] [stdout]                                at /rustc/0e09125c6c3c2fd70d7de961bcf0e51575235fad/library/std/src/panicking.rs:516:19
[INFO] [stdout]   51:     0x562532c50a91 - std::panic::catch_unwind::hc5c3a06fdaf0a92a
[INFO] [stdout]                                at /rustc/0e09125c6c3c2fd70d7de961bcf0e51575235fad/library/std/src/panic.rs:142:14
[INFO] [stdout]   52:     0x562532c50a91 - test::run_test_in_process::h7e7b7c71c3324e0f
[INFO] [stdout]                                at /rustc/0e09125c6c3c2fd70d7de961bcf0e51575235fad/library/test/src/lib.rs:650:27
[INFO] [stdout]   53:     0x562532c50a91 - test::run_test::{{closure}}::h1f509f28f5cf20b1
[INFO] [stdout]                                at /rustc/0e09125c6c3c2fd70d7de961bcf0e51575235fad/library/test/src/lib.rs:573:43
[INFO] [stdout]   54:     0x562532c17dc6 - test::run_test::{{closure}}::h1754218abf443f6d
[INFO] [stdout]                                at /rustc/0e09125c6c3c2fd70d7de961bcf0e51575235fad/library/test/src/lib.rs:601:41
[INFO] [stdout]   55:     0x562532c17dc6 - std::sys_common::backtrace::__rust_begin_short_backtrace::h2ee174b9d5954948
[INFO] [stdout]                                at /rustc/0e09125c6c3c2fd70d7de961bcf0e51575235fad/library/std/src/sys_common/backtrace.rs:155:18
[INFO] [stdout]   56:     0x562532c1ce27 - std::thread::Builder::spawn_unchecked_::{{closure}}::{{closure}}::hf60bee9c1a17ef09
[INFO] [stdout]                                at /rustc/0e09125c6c3c2fd70d7de961bcf0e51575235fad/library/std/src/thread/mod.rs:529:17
[INFO] [stdout]   57:     0x562532c1ce27 - <core::panic::unwind_safe::AssertUnwindSafe<F> as core::ops::function::FnOnce<()>>::call_once::h33d0dddec5216160
[INFO] [stdout]                                at /rustc/0e09125c6c3c2fd70d7de961bcf0e51575235fad/library/core/src/panic/unwind_safe.rs:272:9
[INFO] [stdout]   58:     0x562532c1ce27 - std::panicking::try::do_call::h144b3048b546f835
[INFO] [stdout]                                at /rustc/0e09125c6c3c2fd70d7de961bcf0e51575235fad/library/std/src/panicking.rs:552:40
[INFO] [stdout]   59:     0x562532c1ce27 - std::panicking::try::h978244d04646189f
[INFO] [stdout]                                at /rustc/0e09125c6c3c2fd70d7de961bcf0e51575235fad/library/std/src/panicking.rs:516:19
[INFO] [stdout]   60:     0x562532c1ce27 - std::panic::catch_unwind::hdf436369d188fe86
[INFO] [stdout]                                at /rustc/0e09125c6c3c2fd70d7de961bcf0e51575235fad/library/std/src/panic.rs:142:14
[INFO] [stdout]   61:     0x562532c1ce27 - std::thread::Builder::spawn_unchecked_::{{closure}}::h87329cbdd33c79ec
[INFO] [stdout]                                at /rustc/0e09125c6c3c2fd70d7de961bcf0e51575235fad/library/std/src/thread/mod.rs:528:30
[INFO] [stdout]   62:     0x562532c1ce27 - core::ops::function::FnOnce::call_once{{vtable.shim}}::h401abbe67897d450
[INFO] [stdout]                                at /rustc/0e09125c6c3c2fd70d7de961bcf0e51575235fad/library/core/src/ops/function.rs:250:5
[INFO] [stdout]   63:     0x5625335bc255 - <alloc::boxed::Box<F,A> as core::ops::function::FnOnce<Args>>::call_once::h5d7c8f150ab9c84c
[INFO] [stdout]                                at /rustc/0e09125c6c3c2fd70d7de961bcf0e51575235fad/library/alloc/src/boxed.rs:2015:9
[INFO] [stdout]   64:     0x5625335bc255 - <alloc::boxed::Box<F,A> as core::ops::function::FnOnce<Args>>::call_once::h570d5b005c242c15
[INFO] [stdout]                                at /rustc/0e09125c6c3c2fd70d7de961bcf0e51575235fad/library/alloc/src/boxed.rs:2015:9
[INFO] [stdout]   65:     0x5625335bc255 - std::sys::unix::thread::Thread::new::thread_start::h36b0a20c0b2361ad
[INFO] [stdout]                                at /rustc/0e09125c6c3c2fd70d7de961bcf0e51575235fad/library/std/src/sys/unix/thread.rs:108:17
[INFO] [stdout]   66:     0x7fb532201ac3 - <unknown>
[INFO] [stdout]   67:     0x7fb532292bf4 - __clone
[INFO] [stdout]   68:                0x0 - <unknown>
[INFO] [stdout] 
[INFO] [stdout] 
[INFO] [stdout] failures:
[INFO] [stdout]     test::test_crates_io_sparse_registry
[INFO] [stdout] 
[INFO] [stdout] test result: FAILED. 0 passed; 1 failed; 0 ignored; 0 measured; 0 filtered out; finished in 0.87s
[INFO] [stdout] 
[INFO] [stderr] error: test failed, to rerun pass `--lib`
[INFO] running `Command { std: "docker" "inspect" "25991ccd903dfaaa3d0ce56ea6ac53234bff00dd675d71aef3351cd3d83e4f43", kill_on_drop: false }`
[INFO] running `Command { std: "docker" "rm" "-f" "25991ccd903dfaaa3d0ce56ea6ac53234bff00dd675d71aef3351cd3d83e4f43", kill_on_drop: false }`
[INFO] [stdout] 25991ccd903dfaaa3d0ce56ea6ac53234bff00dd675d71aef3351cd3d83e4f43
