[INFO] fetching crate binmarshal 0.1.12...
[INFO] testing binmarshal-0.1.12 against 1.75.0 for beta-1.76-1
[INFO] extracting crate binmarshal 0.1.12 into /workspace/builds/worker-2-tc1/source
[INFO] validating manifest of crates.io crate binmarshal 0.1.12 on toolchain 1.75.0
[INFO] running `Command { std: CARGO_HOME="/workspace/cargo-home" RUSTUP_HOME="/workspace/rustup-home" "/workspace/cargo-home/bin/cargo" "+1.75.0" "metadata" "--manifest-path" "Cargo.toml" "--no-deps", kill_on_drop: false }`
[INFO] started tweaking crates.io crate binmarshal 0.1.12
[INFO] finished tweaking crates.io crate binmarshal 0.1.12
[INFO] tweaked toml for crates.io crate binmarshal 0.1.12 written to /workspace/builds/worker-2-tc1/source/Cargo.toml
[INFO] crate crates.io crate binmarshal 0.1.12 already has a lockfile, it will not be regenerated
[INFO] running `Command { std: CARGO_HOME="/workspace/cargo-home" RUSTUP_HOME="/workspace/rustup-home" "/workspace/cargo-home/bin/cargo" "+1.75.0" "fetch" "--manifest-path" "Cargo.toml", kill_on_drop: false }`
[INFO] [stderr]     Updating crates.io index
[INFO] [stderr]  Downloading crates ...
[INFO] [stderr]   Downloaded binmarshal-macros v0.1.10
[INFO] running `Command { std: "docker" "create" "-v" "/var/lib/crater-agent-workspace/builds/worker-2-tc1/target:/opt/rustwide/target:rw,Z" "-v" "/var/lib/crater-agent-workspace/builds/worker-2-tc1/source:/opt/rustwide/workdir:ro,Z" "-v" "/var/lib/crater-agent-workspace/cargo-home:/opt/rustwide/cargo-home:ro,Z" "-v" "/var/lib/crater-agent-workspace/rustup-home:/opt/rustwide/rustup-home:ro,Z" "-e" "SOURCE_DIR=/opt/rustwide/workdir" "-e" "CARGO_TARGET_DIR=/opt/rustwide/target" "-e" "CARGO_HOME=/opt/rustwide/cargo-home" "-e" "RUSTUP_HOME=/opt/rustwide/rustup-home" "-w" "/opt/rustwide/workdir" "-m" "1610612736" "--user" "0:0" "--network" "none" "ghcr.io/rust-lang/crates-build-env/linux@sha256:2788e3201cd34a07e3172128adcd8b3090168a8e3bcc40d7c032b9dda1df7d1c" "/opt/rustwide/cargo-home/bin/cargo" "+1.75.0" "metadata" "--no-deps" "--format-version=1", kill_on_drop: false }`
[INFO] [stdout] 8813c359b18c644a514dbea0d129ef95323a7b3a499ec7c6a67811429bcca997
[INFO] running `Command { std: "docker" "start" "-a" "8813c359b18c644a514dbea0d129ef95323a7b3a499ec7c6a67811429bcca997", kill_on_drop: false }`
[INFO] running `Command { std: "docker" "inspect" "8813c359b18c644a514dbea0d129ef95323a7b3a499ec7c6a67811429bcca997", kill_on_drop: false }`
[INFO] running `Command { std: "docker" "rm" "-f" "8813c359b18c644a514dbea0d129ef95323a7b3a499ec7c6a67811429bcca997", kill_on_drop: false }`
[INFO] [stdout] 8813c359b18c644a514dbea0d129ef95323a7b3a499ec7c6a67811429bcca997
[INFO] running `Command { std: "docker" "create" "-v" "/var/lib/crater-agent-workspace/builds/worker-2-tc1/target:/opt/rustwide/target:rw,Z" "-v" "/var/lib/crater-agent-workspace/builds/worker-2-tc1/source:/opt/rustwide/workdir:ro,Z" "-v" "/var/lib/crater-agent-workspace/cargo-home:/opt/rustwide/cargo-home:ro,Z" "-v" "/var/lib/crater-agent-workspace/rustup-home:/opt/rustwide/rustup-home:ro,Z" "-e" "SOURCE_DIR=/opt/rustwide/workdir" "-e" "CARGO_TARGET_DIR=/opt/rustwide/target" "-e" "CARGO_INCREMENTAL=0" "-e" "RUST_BACKTRACE=full" "-e" "RUSTFLAGS=--cap-lints=warn" "-e" "RUSTDOCFLAGS=--cap-lints=warn" "-e" "CARGO_HOME=/opt/rustwide/cargo-home" "-e" "RUSTUP_HOME=/opt/rustwide/rustup-home" "-w" "/opt/rustwide/workdir" "-m" "1610612736" "--user" "0:0" "--network" "none" "ghcr.io/rust-lang/crates-build-env/linux@sha256:2788e3201cd34a07e3172128adcd8b3090168a8e3bcc40d7c032b9dda1df7d1c" "/opt/rustwide/cargo-home/bin/cargo" "+1.75.0" "build" "--frozen" "--message-format=json", kill_on_drop: false }`
[INFO] [stdout] 3180bedcc38b67e0eb55bea131c6e8f08aee9b769697f6b8fc471a7f0d838b88
[INFO] running `Command { std: "docker" "start" "-a" "3180bedcc38b67e0eb55bea131c6e8f08aee9b769697f6b8fc471a7f0d838b88", kill_on_drop: false }`
[INFO] [stderr]    Compiling proc-macro2 v1.0.69
[INFO] [stderr]    Compiling syn v1.0.109
[INFO] [stderr]    Compiling ident_case v1.0.1
[INFO] [stderr]    Compiling serde v1.0.193
[INFO] [stderr]    Compiling fnv v1.0.7
[INFO] [stderr]    Compiling strsim v0.10.0
[INFO] [stderr]    Compiling serde_json v1.0.108
[INFO] [stderr]    Compiling ryu v1.0.15
[INFO] [stderr]    Compiling itoa v1.0.9
[INFO] [stderr]    Compiling schemars v0.8.16
[INFO] [stderr]    Compiling quote v1.0.33
[INFO] [stderr]    Compiling syn v2.0.39
[INFO] [stderr]    Compiling serde_derive_internals v0.26.0
[INFO] [stderr]    Compiling schemars_derive v0.8.16
[INFO] [stderr]    Compiling darling_core v0.20.3
[INFO] [stderr]    Compiling serde_derive v1.0.193
[INFO] [stderr]    Compiling darling_macro v0.20.3
[INFO] [stderr]    Compiling darling v0.20.3
[INFO] [stderr]    Compiling binmarshal-macros v0.1.10
[INFO] [stderr]    Compiling binmarshal v0.1.12 (/opt/rustwide/workdir)
[INFO] [stdout] warning: unused import: `borrow::ToOwned`
[INFO] [stdout]  --> src/lib.rs:9:39
[INFO] [stdout]   |
[INFO] [stdout] 9 | use alloc::{vec::Vec, string::String, borrow::ToOwned};
[INFO] [stdout]   |                                       ^^^^^^^^^^^^^^^
[INFO] [stdout]   |
[INFO] [stdout]   = note: `#[warn(unused_imports)]` on by default
[INFO] [stdout] 
[INFO] [stdout] 
[INFO] [stdout] warning: 1 warning emitted
[INFO] [stdout] 
[INFO] [stdout] 
[INFO] [stderr]     Finished dev [unoptimized + debuginfo] target(s) in 13.80s
[INFO] running `Command { std: "docker" "inspect" "3180bedcc38b67e0eb55bea131c6e8f08aee9b769697f6b8fc471a7f0d838b88", kill_on_drop: false }`
[INFO] running `Command { std: "docker" "rm" "-f" "3180bedcc38b67e0eb55bea131c6e8f08aee9b769697f6b8fc471a7f0d838b88", kill_on_drop: false }`
[INFO] [stdout] 3180bedcc38b67e0eb55bea131c6e8f08aee9b769697f6b8fc471a7f0d838b88
[INFO] running `Command { std: "docker" "create" "-v" "/var/lib/crater-agent-workspace/builds/worker-2-tc1/target:/opt/rustwide/target:rw,Z" "-v" "/var/lib/crater-agent-workspace/builds/worker-2-tc1/source:/opt/rustwide/workdir:ro,Z" "-v" "/var/lib/crater-agent-workspace/cargo-home:/opt/rustwide/cargo-home:ro,Z" "-v" "/var/lib/crater-agent-workspace/rustup-home:/opt/rustwide/rustup-home:ro,Z" "-e" "SOURCE_DIR=/opt/rustwide/workdir" "-e" "CARGO_TARGET_DIR=/opt/rustwide/target" "-e" "CARGO_INCREMENTAL=0" "-e" "RUST_BACKTRACE=full" "-e" "RUSTFLAGS=--cap-lints=warn" "-e" "RUSTDOCFLAGS=--cap-lints=warn" "-e" "CARGO_HOME=/opt/rustwide/cargo-home" "-e" "RUSTUP_HOME=/opt/rustwide/rustup-home" "-w" "/opt/rustwide/workdir" "-m" "1610612736" "--user" "0:0" "--network" "none" "ghcr.io/rust-lang/crates-build-env/linux@sha256:2788e3201cd34a07e3172128adcd8b3090168a8e3bcc40d7c032b9dda1df7d1c" "/opt/rustwide/cargo-home/bin/cargo" "+1.75.0" "test" "--frozen" "--no-run" "--message-format=json", kill_on_drop: false }`
[INFO] [stdout] c9bfaaf5d287c40fbf9ccc777e50f86c4518fa8422fed19ee5dbbea2ae8cf3c6
[INFO] running `Command { std: "docker" "start" "-a" "c9bfaaf5d287c40fbf9ccc777e50f86c4518fa8422fed19ee5dbbea2ae8cf3c6", kill_on_drop: false }`
[INFO] [stderr]    Compiling binmarshal v0.1.12 (/opt/rustwide/workdir)
[INFO] [stdout] warning: unused import: `borrow::ToOwned`
[INFO] [stdout]  --> src/lib.rs:9:39
[INFO] [stdout]   |
[INFO] [stdout] 9 | use alloc::{vec::Vec, string::String, borrow::ToOwned};
[INFO] [stdout]   |                                       ^^^^^^^^^^^^^^^
[INFO] [stdout]   |
[INFO] [stdout]   = note: `#[warn(unused_imports)]` on by default
[INFO] [stdout] 
[INFO] [stdout] 
[INFO] [stdout] warning: 1 warning emitted
[INFO] [stdout] 
[INFO] [stdout] 
[INFO] [stdout] warning: unused import: `BufferBitWriter`
[INFO] [stdout]  --> examples/basic.rs:1:40
[INFO] [stdout]   |
[INFO] [stdout] 1 | use binmarshal::{LengthTaggedVec, rw::{BufferBitWriter, BitWriter, BitView, VecBitWriter}, BinMarshal};
[INFO] [stdout]   |                                        ^^^^^^^^^^^^^^^
[INFO] [stdout]   |
[INFO] [stdout]   = note: `#[warn(unused_imports)]` on by default
[INFO] [stdout] 
[INFO] [stdout] 
[INFO] [stdout] warning: unused import: `binmarshal_macros::magic`
[INFO] [stdout]  --> examples/basic.rs:2:5
[INFO] [stdout]   |
[INFO] [stdout] 2 | use binmarshal_macros::magic;
[INFO] [stdout]   |     ^^^^^^^^^^^^^^^^^^^^^^^^
[INFO] [stdout] 
[INFO] [stdout] 
[INFO] [stdout] warning: unused import: `borrow::ToOwned`
[INFO] [stdout]  --> src/lib.rs:9:39
[INFO] [stdout]   |
[INFO] [stdout] 9 | use alloc::{vec::Vec, string::String, borrow::ToOwned};
[INFO] [stdout]   |                                       ^^^^^^^^^^^^^^^
[INFO] [stdout]   |
[INFO] [stdout]   = note: `#[warn(unused_imports)]` on by default
[INFO] [stdout] 
[INFO] [stdout] 
[INFO] [stdout] warning: 2 warnings emitted
[INFO] [stdout] 
[INFO] [stdout] 
[INFO] [stdout] warning: 1 warning emitted
[INFO] [stdout] 
[INFO] [stdout] 
[INFO] [stderr]     Finished test [unoptimized + debuginfo] target(s) in 0.91s
[INFO] running `Command { std: "docker" "inspect" "c9bfaaf5d287c40fbf9ccc777e50f86c4518fa8422fed19ee5dbbea2ae8cf3c6", kill_on_drop: false }`
[INFO] running `Command { std: "docker" "rm" "-f" "c9bfaaf5d287c40fbf9ccc777e50f86c4518fa8422fed19ee5dbbea2ae8cf3c6", kill_on_drop: false }`
[INFO] [stdout] c9bfaaf5d287c40fbf9ccc777e50f86c4518fa8422fed19ee5dbbea2ae8cf3c6
[INFO] running `Command { std: "docker" "create" "-v" "/var/lib/crater-agent-workspace/builds/worker-2-tc1/target:/opt/rustwide/target:rw,Z" "-v" "/var/lib/crater-agent-workspace/builds/worker-2-tc1/source:/opt/rustwide/workdir:ro,Z" "-v" "/var/lib/crater-agent-workspace/cargo-home:/opt/rustwide/cargo-home:ro,Z" "-v" "/var/lib/crater-agent-workspace/rustup-home:/opt/rustwide/rustup-home:ro,Z" "-e" "SOURCE_DIR=/opt/rustwide/workdir" "-e" "CARGO_TARGET_DIR=/opt/rustwide/target" "-e" "CARGO_INCREMENTAL=0" "-e" "RUST_BACKTRACE=full" "-e" "RUSTFLAGS=--cap-lints=warn" "-e" "RUSTDOCFLAGS=--cap-lints=warn" "-e" "CARGO_HOME=/opt/rustwide/cargo-home" "-e" "RUSTUP_HOME=/opt/rustwide/rustup-home" "-w" "/opt/rustwide/workdir" "-m" "1610612736" "--user" "0:0" "--network" "none" "ghcr.io/rust-lang/crates-build-env/linux@sha256:2788e3201cd34a07e3172128adcd8b3090168a8e3bcc40d7c032b9dda1df7d1c" "/opt/rustwide/cargo-home/bin/cargo" "+1.75.0" "test" "--frozen", kill_on_drop: false }`
[INFO] [stdout] 16d7bdabde0015001faf5f1f071ecdb5a4a5f70d19d25590be6bc0a35f1db37a
[INFO] running `Command { std: "docker" "start" "-a" "16d7bdabde0015001faf5f1f071ecdb5a4a5f70d19d25590be6bc0a35f1db37a", kill_on_drop: false }`
[INFO] [stderr] warning: unused import: `borrow::ToOwned`
[INFO] [stderr]  --> src/lib.rs:9:39
[INFO] [stderr]   |
[INFO] [stderr] 9 | use alloc::{vec::Vec, string::String, borrow::ToOwned};
[INFO] [stderr]   |                                       ^^^^^^^^^^^^^^^
[INFO] [stderr]   |
[INFO] [stderr]   = note: `#[warn(unused_imports)]` on by default
[INFO] [stderr] 
[INFO] [stderr] warning: `binmarshal` (lib) generated 1 warning (run `cargo fix --lib -p binmarshal` to apply 1 suggestion)
[INFO] [stderr] warning: `binmarshal` (lib test) generated 1 warning (1 duplicate)
[INFO] [stderr] warning: unused import: `BufferBitWriter`
[INFO] [stderr]  --> examples/basic.rs:1:40
[INFO] [stderr]   |
[INFO] [stderr] 1 | use binmarshal::{LengthTaggedVec, rw::{BufferBitWriter, BitWriter, BitView, VecBitWriter}, BinMarshal};
[INFO] [stderr]   |                                        ^^^^^^^^^^^^^^^
[INFO] [stderr]   |
[INFO] [stderr]   = note: `#[warn(unused_imports)]` on by default
[INFO] [stderr] 
[INFO] [stderr] warning: unused import: `binmarshal_macros::magic`
[INFO] [stderr]  --> examples/basic.rs:2:5
[INFO] [stderr]   |
[INFO] [stderr] 2 | use binmarshal_macros::magic;
[INFO] [stderr]   |     ^^^^^^^^^^^^^^^^^^^^^^^^
[INFO] [stderr] 
[INFO] [stderr] warning: `binmarshal` (example "basic") generated 2 warnings (run `cargo fix --example "basic"` to apply 2 suggestions)
[INFO] [stderr]     Finished test [unoptimized + debuginfo] target(s) in 0.03s
[INFO] [stderr]      Running unittests src/lib.rs (/opt/rustwide/target/debug/deps/binmarshal-cbde9e573169a480)
[INFO] [stdout] 
[INFO] [stdout] running 2 tests
[INFO] [stdout] test tests::test_u8 ... ok
[INFO] [stdout] test tests::test_u16 ... ok
[INFO] [stdout] 
[INFO] [stdout] test result: ok. 2 passed; 0 failed; 0 ignored; 0 measured; 0 filtered out; finished in 0.01s
[INFO] [stdout] 
[INFO] [stderr]    Doc-tests binmarshal
[INFO] [stdout] 
[INFO] [stdout] running 3 tests
[INFO] [stdout] test src/lib.rs - (line 10) ... FAILED
[INFO] [stdout] test src/lib.rs - (line 52) ... FAILED
[INFO] [stdout] test src/lib.rs - (line 15) ... FAILED
[INFO] [stdout] 
[INFO] [stderr] error: doctest failed, to rerun pass `--doc`
[INFO] [stdout] failures:
[INFO] [stdout] 
[INFO] [stdout] ---- src/lib.rs - (line 10) stdout ----
[INFO] [stdout] error: expected one of `!`, `.`, `::`, `;`, `?`, `{`, `}`, or an operator, found `add`
[INFO] [stdout]  --> src/lib.rs:12:7
[INFO] [stdout]   |
[INFO] [stdout] 5 | cargo add binmarshal
[INFO] [stdout]   |       ^^^ expected one of 8 possible tokens
[INFO] [stdout] 
[INFO] [stdout] error: aborting due to previous error
[INFO] [stdout] 
[INFO] [stdout] Couldn't compile the test.
[INFO] [stdout] ---- src/lib.rs - (line 52) stdout ----
[INFO] [stdout] error: cannot find derive macro `BinMarshal` in this scope
[INFO] [stdout]   --> src/lib.rs:67:24
[INFO] [stdout]    |
[INFO] [stdout] 17 | #[derive(Debug, Clone, BinMarshal)]
[INFO] [stdout]    |                        ^^^^^^^^^^
[INFO] [stdout]    |
[INFO] [stdout] help: consider importing one of these items
[INFO] [stdout]    |
[INFO] [stdout] 2  + use binmarshal::BinMarshal;
[INFO] [stdout]    |
[INFO] [stdout] 2  + use binmarshal_macros::BinMarshal;
[INFO] [stdout]    |
[INFO] [stdout] 
[INFO] [stdout] error: cannot find attribute `marshal` in this scope
[INFO] [stdout]   --> src/lib.rs:70:5
[INFO] [stdout]    |
[INFO] [stdout] 20 |   #[marshal(ctx = "{ tag: variant }")]
[INFO] [stdout]    |     ^^^^^^^
[INFO] [stdout] 
[INFO] [stdout] error: cannot find derive macro `BinMarshal` in this scope
[INFO] [stdout]  --> src/lib.rs:58:24
[INFO] [stdout]   |
[INFO] [stdout] 8 | #[derive(Debug, Clone, BinMarshal)]
[INFO] [stdout]   |                        ^^^^^^^^^^
[INFO] [stdout]   |
[INFO] [stdout] help: consider importing one of these items
[INFO] [stdout]   |
[INFO] [stdout] 2 + use binmarshal::BinMarshal;
[INFO] [stdout]   |
[INFO] [stdout] 2 + use binmarshal_macros::BinMarshal;
[INFO] [stdout]   |
[INFO] [stdout] 
[INFO] [stdout] error: cannot find attribute `marshal` in this scope
[INFO] [stdout]  --> src/lib.rs:59:3
[INFO] [stdout]   |
[INFO] [stdout] 9 | #[marshal(ctx = MyContext, tag_type = u8, tag = "ctx.tag")]
[INFO] [stdout]   |   ^^^^^^^
[INFO] [stdout] 
[INFO] [stdout] error: cannot find attribute `marshal` in this scope
[INFO] [stdout]   --> src/lib.rs:61:5
[INFO] [stdout]    |
[INFO] [stdout] 11 |   #[marshal(tag = "1")]
[INFO] [stdout]    |     ^^^^^^^
[INFO] [stdout] 
[INFO] [stdout] error: cannot find attribute `marshal` in this scope
[INFO] [stdout]   --> src/lib.rs:63:5
[INFO] [stdout]    |
[INFO] [stdout] 13 |   #[marshal(tag = "2")]
[INFO] [stdout]    |     ^^^^^^^
[INFO] [stdout] 
[INFO] [stdout] error: cannot find derive macro `Context` in this scope
[INFO] [stdout]  --> src/lib.rs:53:10
[INFO] [stdout]   |
[INFO] [stdout] 3 | #[derive(Context)]
[INFO] [stdout]   |          ^^^^^^^
[INFO] [stdout]   |
[INFO] [stdout] help: consider importing one of these items
[INFO] [stdout]   |
[INFO] [stdout] 2 + use binmarshal::Context;
[INFO] [stdout]   |
[INFO] [stdout] 2 + use binmarshal_macros::Context;
[INFO] [stdout]   |
[INFO] [stdout] 
[INFO] [stdout] error: aborting due to 7 previous errors
[INFO] [stdout] 
[INFO] [stdout] Couldn't compile the test.
[INFO] [stdout] ---- src/lib.rs - (line 15) stdout ----
[INFO] [stdout] error: expected `;`, found keyword `let`
[INFO] [stdout]   --> src/lib.rs:36:4
[INFO] [stdout]    |
[INFO] [stdout] 22 |   }
[INFO] [stdout]    |    ^ help: add `;` here
[INFO] [stdout] ...
[INFO] [stdout] 25 |   let mut bytes = [0u8; 256];
[INFO] [stdout]    |   --- unexpected token
[INFO] [stdout] 
[INFO] [stdout] error: cannot find derive macro `BinMarshal` in this scope
[INFO] [stdout]  --> src/lib.rs:16:24
[INFO] [stdout]   |
[INFO] [stdout] 2 | #[derive(Debug, Clone, BinMarshal)]
[INFO] [stdout]   |                        ^^^^^^^^^^
[INFO] [stdout]   |
[INFO] [stdout] help: consider importing one of these items
[INFO] [stdout]   |
[INFO] [stdout] 2 + use binmarshal::BinMarshal;
[INFO] [stdout]   |
[INFO] [stdout] 2 + use binmarshal_macros::BinMarshal;
[INFO] [stdout]   |
[INFO] [stdout] 
[INFO] [stdout] error: cannot find attribute `marshal` in this scope
[INFO] [stdout]  --> src/lib.rs:17:3
[INFO] [stdout]   |
[INFO] [stdout] 3 | #[marshal(tag_type = u8)]
[INFO] [stdout]   |   ^^^^^^^
[INFO] [stdout] 
[INFO] [stdout] error: cannot find attribute `marshal` in this scope
[INFO] [stdout]  --> src/lib.rs:19:5
[INFO] [stdout]   |
[INFO] [stdout] 5 |   #[marshal(tag = "0")]
[INFO] [stdout]   |     ^^^^^^^
[INFO] [stdout] 
[INFO] [stdout] error: cannot find attribute `marshal` in this scope
[INFO] [stdout]  --> src/lib.rs:21:5
[INFO] [stdout]   |
[INFO] [stdout] 7 |   #[marshal(tag = "1")]
[INFO] [stdout]   |     ^^^^^^^
[INFO] [stdout] 
[INFO] [stdout] error: cannot find attribute `marshal` in this scope
[INFO] [stdout]  --> src/lib.rs:23:7
[INFO] [stdout]   |
[INFO] [stdout] 9 |     #[marshal(bits = 4)]
[INFO] [stdout]   |       ^^^^^^^
[INFO] [stdout] 
[INFO] [stdout] error: cannot find attribute `marshal` in this scope
[INFO] [stdout]   --> src/lib.rs:25:7
[INFO] [stdout]    |
[INFO] [stdout] 11 |     #[marshal(align = 1)]
[INFO] [stdout]    |       ^^^^^^^
[INFO] [stdout] 
[INFO] [stdout] error[E0412]: cannot find type `LengthTaggedVec` in this scope
[INFO] [stdout]   --> src/lib.rs:27:8
[INFO] [stdout]    |
[INFO] [stdout] 13 |     c: LengthTaggedVec<u8, i32>
[INFO] [stdout]    |        ^^^^^^^^^^^^^^^ not found in this scope
[INFO] [stdout]    |
[INFO] [stdout] help: consider importing this struct
[INFO] [stdout]    |
[INFO] [stdout] 2  + use binmarshal::LengthTaggedVec;
[INFO] [stdout]    |
[INFO] [stdout] 
[INFO] [stdout] error[E0433]: failed to resolve: use of undeclared type `LengthTaggedVec`
[INFO] [stdout]   --> src/lib.rs:35:8
[INFO] [stdout]    |
[INFO] [stdout] 21 |     c: LengthTaggedVec::new(vec![ -12, -242, 12034 ])
[INFO] [stdout]    |        ^^^^^^^^^^^^^^^ use of undeclared type `LengthTaggedVec`
[INFO] [stdout]    |
[INFO] [stdout] help: consider importing this struct
[INFO] [stdout]    |
[INFO] [stdout] 2  + use binmarshal::LengthTaggedVec;
[INFO] [stdout]    |
[INFO] [stdout] 
[INFO] [stdout] error[E0433]: failed to resolve: use of undeclared type `BufferBitWriter`
[INFO] [stdout]   --> src/lib.rs:40:20
[INFO] [stdout]    |
[INFO] [stdout] 26 |   let mut writer = BufferBitWriter::new(&mut bytes);
[INFO] [stdout]    |                    ^^^^^^^^^^^^^^^ use of undeclared type `BufferBitWriter`
[INFO] [stdout]    |
[INFO] [stdout] help: consider importing this struct
[INFO] [stdout]    |
[INFO] [stdout] 2  + use binmarshal::rw::BufferBitWriter;
[INFO] [stdout]    |
[INFO] [stdout] 
[INFO] [stdout] error[E0433]: failed to resolve: use of undeclared type `BitView`
[INFO] [stdout]   --> src/lib.rs:45:29
[INFO] [stdout]    |
[INFO] [stdout] 31 |   let v = MyEnum::read(&mut BitView::new(slice), ()).unwrap();
[INFO] [stdout]    |                             ^^^^^^^ use of undeclared type `BitView`
[INFO] [stdout]    |
[INFO] [stdout] help: consider importing this struct
[INFO] [stdout]    |
[INFO] [stdout] 2  + use binmarshal::rw::BitView;
[INFO] [stdout]    |
[INFO] [stdout] 
[INFO] [stdout] error[E0599]: no method named `write` found for enum `MyEnum` in the current scope
[INFO] [stdout]   --> src/lib.rs:41:5
[INFO] [stdout]    |
[INFO] [stdout] 4  | enum MyEnum {
[INFO] [stdout]    | ----------- method `write` not found for this enum
[INFO] [stdout] ...
[INFO] [stdout] 27 |   v.write(&mut writer, ());
[INFO] [stdout]    |     ^^^^^ method not found in `MyEnum`
[INFO] [stdout]    |
[INFO] [stdout]    = help: items from traits can only be used if the trait is implemented and in scope
[INFO] [stdout]    = note: the following traits define an item `write`, perhaps you need to implement one of them:
[INFO] [stdout]            candidate #1: `std::io::Write`
[INFO] [stdout]            candidate #2: `Hasher`
[INFO] [stdout]            candidate #3: `itoa::private::Sealed`
[INFO] [stdout]            candidate #4: `binmarshal::BinMarshal`
[INFO] [stdout] 
[INFO] [stdout] error[E0599]: no variant or associated item named `read` found for enum `MyEnum` in the current scope
[INFO] [stdout]   --> src/lib.rs:45:19
[INFO] [stdout]    |
[INFO] [stdout] 4  | enum MyEnum {
[INFO] [stdout]    | ----------- variant or associated item `read` not found for this enum
[INFO] [stdout] ...
[INFO] [stdout] 31 |   let v = MyEnum::read(&mut BitView::new(slice), ()).unwrap();
[INFO] [stdout]    |                   ^^^^ variant or associated item not found in `MyEnum`
[INFO] [stdout]    |
[INFO] [stdout]    = help: items from traits can only be used if the trait is implemented and in scope
[INFO] [stdout]    = note: the following traits define an item `read`, perhaps you need to implement one of them:
[INFO] [stdout]            candidate #1: `std::io::Read`
[INFO] [stdout]            candidate #2: `binmarshal::BinMarshal`
[INFO] [stdout] 
[INFO] [stdout] error: aborting due to 13 previous errors
[INFO] [stdout] 
[INFO] [stdout] Some errors have detailed explanations: E0412, E0433, E0599.
[INFO] [stdout] For more information about an error, try `rustc --explain E0412`.
[INFO] [stdout] Couldn't compile the test.
[INFO] [stdout] 
[INFO] [stdout] failures:
[INFO] [stdout]     src/lib.rs - (line 10)
[INFO] [stdout]     src/lib.rs - (line 15)
[INFO] [stdout]     src/lib.rs - (line 52)
[INFO] [stdout] 
[INFO] [stdout] test result: FAILED. 0 passed; 3 failed; 0 ignored; 0 measured; 0 filtered out; finished in 0.18s
[INFO] [stdout] 
[INFO] running `Command { std: "docker" "inspect" "16d7bdabde0015001faf5f1f071ecdb5a4a5f70d19d25590be6bc0a35f1db37a", kill_on_drop: false }`
[INFO] running `Command { std: "docker" "rm" "-f" "16d7bdabde0015001faf5f1f071ecdb5a4a5f70d19d25590be6bc0a35f1db37a", kill_on_drop: false }`
[INFO] [stdout] 16d7bdabde0015001faf5f1f071ecdb5a4a5f70d19d25590be6bc0a35f1db37a
