[INFO] fetching crate bingrep123 0.1.2...
[INFO] testing bingrep123-0.1.2 against 1.75.0 for beta-1.76-1
[INFO] extracting crate bingrep123 0.1.2 into /workspace/builds/worker-7-tc1/source
[INFO] validating manifest of crates.io crate bingrep123 0.1.2 on toolchain 1.75.0
[INFO] running `Command { std: CARGO_HOME="/workspace/cargo-home" RUSTUP_HOME="/workspace/rustup-home" "/workspace/cargo-home/bin/cargo" "+1.75.0" "metadata" "--manifest-path" "Cargo.toml" "--no-deps", kill_on_drop: false }`
[INFO] started tweaking crates.io crate bingrep123 0.1.2
[INFO] finished tweaking crates.io crate bingrep123 0.1.2
[INFO] tweaked toml for crates.io crate bingrep123 0.1.2 written to /workspace/builds/worker-7-tc1/source/Cargo.toml
[INFO] crate crates.io crate bingrep123 0.1.2 already has a lockfile, it will not be regenerated
[INFO] running `Command { std: CARGO_HOME="/workspace/cargo-home" RUSTUP_HOME="/workspace/rustup-home" "/workspace/cargo-home/bin/cargo" "+1.75.0" "fetch" "--manifest-path" "Cargo.toml", kill_on_drop: false }`
[INFO] running `Command { std: "docker" "create" "-v" "/var/lib/crater-agent-workspace/builds/worker-7-tc1/target:/opt/rustwide/target:rw,Z" "-v" "/var/lib/crater-agent-workspace/builds/worker-7-tc1/source:/opt/rustwide/workdir:ro,Z" "-v" "/var/lib/crater-agent-workspace/cargo-home:/opt/rustwide/cargo-home:ro,Z" "-v" "/var/lib/crater-agent-workspace/rustup-home:/opt/rustwide/rustup-home:ro,Z" "-e" "SOURCE_DIR=/opt/rustwide/workdir" "-e" "CARGO_TARGET_DIR=/opt/rustwide/target" "-e" "CARGO_HOME=/opt/rustwide/cargo-home" "-e" "RUSTUP_HOME=/opt/rustwide/rustup-home" "-w" "/opt/rustwide/workdir" "-m" "1610612736" "--user" "0:0" "--network" "none" "ghcr.io/rust-lang/crates-build-env/linux@sha256:2788e3201cd34a07e3172128adcd8b3090168a8e3bcc40d7c032b9dda1df7d1c" "/opt/rustwide/cargo-home/bin/cargo" "+1.75.0" "metadata" "--no-deps" "--format-version=1", kill_on_drop: false }`
[INFO] [stdout] 60d2a0ab9f16f4d5e9a11fbef5873b27ae96ecf67f26987b6dfe0ecbd9d6f4d0
[INFO] running `Command { std: "docker" "start" "-a" "60d2a0ab9f16f4d5e9a11fbef5873b27ae96ecf67f26987b6dfe0ecbd9d6f4d0", kill_on_drop: false }`
[INFO] running `Command { std: "docker" "inspect" "60d2a0ab9f16f4d5e9a11fbef5873b27ae96ecf67f26987b6dfe0ecbd9d6f4d0", kill_on_drop: false }`
[INFO] running `Command { std: "docker" "rm" "-f" "60d2a0ab9f16f4d5e9a11fbef5873b27ae96ecf67f26987b6dfe0ecbd9d6f4d0", kill_on_drop: false }`
[INFO] [stdout] 60d2a0ab9f16f4d5e9a11fbef5873b27ae96ecf67f26987b6dfe0ecbd9d6f4d0
[INFO] running `Command { std: "docker" "create" "-v" "/var/lib/crater-agent-workspace/builds/worker-7-tc1/target:/opt/rustwide/target:rw,Z" "-v" "/var/lib/crater-agent-workspace/builds/worker-7-tc1/source:/opt/rustwide/workdir:ro,Z" "-v" "/var/lib/crater-agent-workspace/cargo-home:/opt/rustwide/cargo-home:ro,Z" "-v" "/var/lib/crater-agent-workspace/rustup-home:/opt/rustwide/rustup-home:ro,Z" "-e" "SOURCE_DIR=/opt/rustwide/workdir" "-e" "CARGO_TARGET_DIR=/opt/rustwide/target" "-e" "CARGO_INCREMENTAL=0" "-e" "RUST_BACKTRACE=full" "-e" "RUSTFLAGS=--cap-lints=warn" "-e" "RUSTDOCFLAGS=--cap-lints=warn" "-e" "CARGO_HOME=/opt/rustwide/cargo-home" "-e" "RUSTUP_HOME=/opt/rustwide/rustup-home" "-w" "/opt/rustwide/workdir" "-m" "1610612736" "--user" "0:0" "--network" "none" "ghcr.io/rust-lang/crates-build-env/linux@sha256:2788e3201cd34a07e3172128adcd8b3090168a8e3bcc40d7c032b9dda1df7d1c" "/opt/rustwide/cargo-home/bin/cargo" "+1.75.0" "build" "--frozen" "--message-format=json", kill_on_drop: false }`
[INFO] [stdout] 92e541f6075d2e90110cd082a0f5c4f086735ea4affea8ea9fa2cb33b6d474e3
[INFO] running `Command { std: "docker" "start" "-a" "92e541f6075d2e90110cd082a0f5c4f086735ea4affea8ea9fa2cb33b6d474e3", kill_on_drop: false }`
[INFO] [stderr]    Compiling bingrep123 v0.1.2 (/opt/rustwide/workdir)
[INFO] [stdout] warning: unused variable: `t`
[INFO] [stdout]   --> src/lib.rs:49:16
[INFO] [stdout]    |
[INFO] [stdout] 49 |         fn new(t: OsType) -> OsType {
[INFO] [stdout]    |                ^ help: if this is intentional, prefix it with an underscore: `_t`
[INFO] [stdout]    |
[INFO] [stdout]    = note: `#[warn(unused_variables)]` on by default
[INFO] [stdout] 
[INFO] [stdout] 
[INFO] [stdout] warning: associated items `new` and `get` are never used
[INFO] [stdout]   --> src/lib.rs:49:12
[INFO] [stdout]    |
[INFO] [stdout] 48 |     impl OsType {
[INFO] [stdout]    |     ----------- associated items in this implementation
[INFO] [stdout] 49 |         fn new(t: OsType) -> OsType {
[INFO] [stdout]    |            ^^^
[INFO] [stdout] ...
[INFO] [stdout] 53 |         fn get(&self) -> OsType {
[INFO] [stdout]    |            ^^^
[INFO] [stdout]    |
[INFO] [stdout]    = note: `#[warn(dead_code)]` on by default
[INFO] [stdout] 
[INFO] [stdout] 
[INFO] [stdout] warning: 2 warnings emitted
[INFO] [stdout] 
[INFO] [stdout] 
[INFO] [stderr]     Finished dev [optimized + debuginfo] target(s) in 0.49s
[INFO] running `Command { std: "docker" "inspect" "92e541f6075d2e90110cd082a0f5c4f086735ea4affea8ea9fa2cb33b6d474e3", kill_on_drop: false }`
[INFO] running `Command { std: "docker" "rm" "-f" "92e541f6075d2e90110cd082a0f5c4f086735ea4affea8ea9fa2cb33b6d474e3", kill_on_drop: false }`
[INFO] [stdout] 92e541f6075d2e90110cd082a0f5c4f086735ea4affea8ea9fa2cb33b6d474e3
[INFO] running `Command { std: "docker" "create" "-v" "/var/lib/crater-agent-workspace/builds/worker-7-tc1/target:/opt/rustwide/target:rw,Z" "-v" "/var/lib/crater-agent-workspace/builds/worker-7-tc1/source:/opt/rustwide/workdir:ro,Z" "-v" "/var/lib/crater-agent-workspace/cargo-home:/opt/rustwide/cargo-home:ro,Z" "-v" "/var/lib/crater-agent-workspace/rustup-home:/opt/rustwide/rustup-home:ro,Z" "-e" "SOURCE_DIR=/opt/rustwide/workdir" "-e" "CARGO_TARGET_DIR=/opt/rustwide/target" "-e" "CARGO_INCREMENTAL=0" "-e" "RUST_BACKTRACE=full" "-e" "RUSTFLAGS=--cap-lints=warn" "-e" "RUSTDOCFLAGS=--cap-lints=warn" "-e" "CARGO_HOME=/opt/rustwide/cargo-home" "-e" "RUSTUP_HOME=/opt/rustwide/rustup-home" "-w" "/opt/rustwide/workdir" "-m" "1610612736" "--user" "0:0" "--network" "none" "ghcr.io/rust-lang/crates-build-env/linux@sha256:2788e3201cd34a07e3172128adcd8b3090168a8e3bcc40d7c032b9dda1df7d1c" "/opt/rustwide/cargo-home/bin/cargo" "+1.75.0" "test" "--frozen" "--no-run" "--message-format=json", kill_on_drop: false }`
[INFO] [stdout] 1169a996c9d325f28082b66841162126aae9c9b53fea3ec6e83c9e7001323f5a
[INFO] running `Command { std: "docker" "start" "-a" "1169a996c9d325f28082b66841162126aae9c9b53fea3ec6e83c9e7001323f5a", kill_on_drop: false }`
[INFO] [stdout] warning: unused variable: `t`
[INFO] [stdout]   --> src/lib.rs:49:16
[INFO] [stdout]    |
[INFO] [stdout] 49 |         fn new(t: OsType) -> OsType {
[INFO] [stdout]    |                ^ help: if this is intentional, prefix it with an underscore: `_t`
[INFO] [stdout]    |
[INFO] [stdout]    = note: `#[warn(unused_variables)]` on by default
[INFO] [stdout] 
[INFO] [stdout] 
[INFO] [stderr]    Compiling bingrep123 v0.1.2 (/opt/rustwide/workdir)
[INFO] [stdout] warning: associated items `new` and `get` are never used
[INFO] [stdout]   --> src/lib.rs:49:12
[INFO] [stdout]    |
[INFO] [stdout] 48 |     impl OsType {
[INFO] [stdout]    |     ----------- associated items in this implementation
[INFO] [stdout] 49 |         fn new(t: OsType) -> OsType {
[INFO] [stdout]    |            ^^^
[INFO] [stdout] ...
[INFO] [stdout] 53 |         fn get(&self) -> OsType {
[INFO] [stdout]    |            ^^^
[INFO] [stdout]    |
[INFO] [stdout]    = note: `#[warn(dead_code)]` on by default
[INFO] [stdout] 
[INFO] [stdout] 
[INFO] [stdout] warning: 2 warnings emitted
[INFO] [stdout] 
[INFO] [stdout] 
[INFO] [stdout] warning: unused variable: `t`
[INFO] [stdout]   --> src/lib.rs:49:16
[INFO] [stdout]    |
[INFO] [stdout] 49 |         fn new(t: OsType) -> OsType {
[INFO] [stdout]    |                ^ help: if this is intentional, prefix it with an underscore: `_t`
[INFO] [stdout]    |
[INFO] [stdout]    = note: `#[warn(unused_variables)]` on by default
[INFO] [stdout] 
[INFO] [stdout] 
[INFO] [stdout] warning: associated items `new` and `get` are never used
[INFO] [stdout]   --> src/lib.rs:49:12
[INFO] [stdout]    |
[INFO] [stdout] 48 |     impl OsType {
[INFO] [stdout]    |     ----------- associated items in this implementation
[INFO] [stdout] 49 |         fn new(t: OsType) -> OsType {
[INFO] [stdout]    |            ^^^
[INFO] [stdout] ...
[INFO] [stdout] 53 |         fn get(&self) -> OsType {
[INFO] [stdout]    |            ^^^
[INFO] [stdout]    |
[INFO] [stdout]    = note: `#[warn(dead_code)]` on by default
[INFO] [stdout] 
[INFO] [stdout] 
[INFO] [stdout] warning: 2 warnings emitted
[INFO] [stdout] 
[INFO] [stdout] 
[INFO] [stderr]     Finished test [optimized + debuginfo] target(s) in 0.48s
[INFO] running `Command { std: "docker" "inspect" "1169a996c9d325f28082b66841162126aae9c9b53fea3ec6e83c9e7001323f5a", kill_on_drop: false }`
[INFO] running `Command { std: "docker" "rm" "-f" "1169a996c9d325f28082b66841162126aae9c9b53fea3ec6e83c9e7001323f5a", kill_on_drop: false }`
[INFO] [stdout] 1169a996c9d325f28082b66841162126aae9c9b53fea3ec6e83c9e7001323f5a
[INFO] running `Command { std: "docker" "create" "-v" "/var/lib/crater-agent-workspace/builds/worker-7-tc1/target:/opt/rustwide/target:rw,Z" "-v" "/var/lib/crater-agent-workspace/builds/worker-7-tc1/source:/opt/rustwide/workdir:ro,Z" "-v" "/var/lib/crater-agent-workspace/cargo-home:/opt/rustwide/cargo-home:ro,Z" "-v" "/var/lib/crater-agent-workspace/rustup-home:/opt/rustwide/rustup-home:ro,Z" "-e" "SOURCE_DIR=/opt/rustwide/workdir" "-e" "CARGO_TARGET_DIR=/opt/rustwide/target" "-e" "CARGO_INCREMENTAL=0" "-e" "RUST_BACKTRACE=full" "-e" "RUSTFLAGS=--cap-lints=warn" "-e" "RUSTDOCFLAGS=--cap-lints=warn" "-e" "CARGO_HOME=/opt/rustwide/cargo-home" "-e" "RUSTUP_HOME=/opt/rustwide/rustup-home" "-w" "/opt/rustwide/workdir" "-m" "1610612736" "--user" "0:0" "--network" "none" "ghcr.io/rust-lang/crates-build-env/linux@sha256:2788e3201cd34a07e3172128adcd8b3090168a8e3bcc40d7c032b9dda1df7d1c" "/opt/rustwide/cargo-home/bin/cargo" "+1.75.0" "test" "--frozen", kill_on_drop: false }`
[INFO] [stdout] e6c1866c06d896d1a37e25e183f37f1118463fa1c8cea48546bebe3c4bd94ae1
[INFO] running `Command { std: "docker" "start" "-a" "e6c1866c06d896d1a37e25e183f37f1118463fa1c8cea48546bebe3c4bd94ae1", kill_on_drop: false }`
[INFO] [stderr] warning: unused variable: `t`
[INFO] [stderr]   --> src/lib.rs:49:16
[INFO] [stderr]    |
[INFO] [stderr] 49 |         fn new(t: OsType) -> OsType {
[INFO] [stderr]    |                ^ help: if this is intentional, prefix it with an underscore: `_t`
[INFO] [stderr]    |
[INFO] [stderr]    = note: `#[warn(unused_variables)]` on by default
[INFO] [stderr] 
[INFO] [stderr] warning: associated items `new` and `get` are never used
[INFO] [stderr]   --> src/lib.rs:49:12
[INFO] [stderr]    |
[INFO] [stderr] 48 |     impl OsType {
[INFO] [stderr]    |     ----------- associated items in this implementation
[INFO] [stderr] 49 |         fn new(t: OsType) -> OsType {
[INFO] [stderr]    |            ^^^
[INFO] [stderr] ...
[INFO] [stderr] 53 |         fn get(&self) -> OsType {
[INFO] [stderr]    |            ^^^
[INFO] [stderr]    |
[INFO] [stderr]    = note: `#[warn(dead_code)]` on by default
[INFO] [stderr] 
[INFO] [stderr] warning: `bingrep123` (lib) generated 2 warnings (run `cargo fix --lib -p bingrep123` to apply 1 suggestion)
[INFO] [stderr] warning: `bingrep123` (lib test) generated 2 warnings (2 duplicates)
[INFO] [stderr]     Finished test [optimized + debuginfo] target(s) in 0.00s
[INFO] [stderr]      Running unittests src/lib.rs (/opt/rustwide/target/debug/deps/bingrep123-f2f26d37861183b2)
[INFO] [stdout] 
[INFO] [stdout] running 1 test
[INFO] [stdout] test tests::one_result ... ok
[INFO] [stdout] 
[INFO] [stdout] test result: ok. 1 passed; 0 failed; 0 ignored; 0 measured; 0 filtered out; finished in 0.00s
[INFO] [stdout] 
[INFO] [stderr]      Running unittests src/main.rs (/opt/rustwide/target/debug/deps/bingrep123-3727f10330c93caa)
[INFO] [stdout] 
[INFO] [stdout] running 0 tests
[INFO] [stdout] 
[INFO] [stdout] test result: ok. 0 passed; 0 failed; 0 ignored; 0 measured; 0 filtered out; finished in 0.00s
[INFO] [stdout] 
[INFO] [stderr]    Doc-tests bingrep123
[INFO] [stdout] 
[INFO] [stdout] running 3 tests
[INFO] [stdout] test src/lib.rs - search_insensitive (line 119) ... FAILED
[INFO] [stdout] test src/lib.rs - search (line 102) ... FAILED
[INFO] [stdout] test src/lib.rs - run (line 13) ... FAILED
[INFO] [stdout] 
[INFO] [stdout] failures:
[INFO] [stdout] 
[INFO] [stdout] ---- src/lib.rs - search_insensitive (line 119) stdout ----
[INFO] [stdout] error[E0433]: failed to resolve: use of undeclared crate or module `fs`
[INFO] [stdout]  --> src/lib.rs:120:16
[INFO] [stdout]   |
[INFO] [stdout] 3 | let contents = fs::read_to_string(config.filename)?;
[INFO] [stdout]   |                ^^ use of undeclared crate or module `fs`
[INFO] [stdout]   |
[INFO] [stdout] help: consider importing this module
[INFO] [stdout]   |
[INFO] [stdout] 2 + use std::fs;
[INFO] [stdout]   |
[INFO] [stdout] 
[INFO] [stdout] error[E0425]: cannot find value `config` in this scope
[INFO] [stdout]  --> src/lib.rs:120:35
[INFO] [stdout]   |
[INFO] [stdout] 3 | let contents = fs::read_to_string(config.filename)?;
[INFO] [stdout]   |                                   ^^^^^^ not found in this scope
[INFO] [stdout] 
[INFO] [stdout] error[E0425]: cannot find value `config` in this scope
[INFO] [stdout]  --> src/lib.rs:121:18
[INFO] [stdout]   |
[INFO] [stdout] 4 | let result = if !config.case_sensitive {
[INFO] [stdout]   |                  ^^^^^^ not found in this scope
[INFO] [stdout] 
[INFO] [stdout] error[E0425]: cannot find function `search_insensitive` in this scope
[INFO] [stdout]  --> src/lib.rs:122:5
[INFO] [stdout]   |
[INFO] [stdout] 5 |     search_insensitive(&config.query, &contents)
[INFO] [stdout]   |     ^^^^^^^^^^^^^^^^^^ not found in this scope
[INFO] [stdout]   |
[INFO] [stdout] help: consider importing this function
[INFO] [stdout]   |
[INFO] [stdout] 2 + use bingrep123::search_insensitive;
[INFO] [stdout]   |
[INFO] [stdout] 
[INFO] [stdout] error[E0425]: cannot find value `config` in this scope
[INFO] [stdout]  --> src/lib.rs:122:25
[INFO] [stdout]   |
[INFO] [stdout] 5 |     search_insensitive(&config.query, &contents)
[INFO] [stdout]   |                         ^^^^^^ not found in this scope
[INFO] [stdout] 
[INFO] [stdout] error: aborting due to 5 previous errors
[INFO] [stdout] 
[INFO] [stdout] Some errors have detailed explanations: E0425, E0433.
[INFO] [stdout] For more information about an error, try `rustc --explain E0425`.
[INFO] [stdout] Couldn't compile the test.
[INFO] [stdout] ---- src/lib.rs - search (line 102) stdout ----
[INFO] [stdout] error[E0433]: failed to resolve: use of undeclared crate or module `fs`
[INFO] [stdout]  --> src/lib.rs:103:16
[INFO] [stdout]   |
[INFO] [stdout] 3 | let contents = fs::read_to_string(config.filename)?;
[INFO] [stdout]   |                ^^ use of undeclared crate or module `fs`
[INFO] [stdout]   |
[INFO] [stdout] help: consider importing this module
[INFO] [stdout]   |
[INFO] [stdout] 2 + use std::fs;
[INFO] [stdout]   |
[INFO] [stdout] 
[INFO] [stdout] error[E0425]: cannot find value `config` in this scope
[INFO] [stdout]  --> src/lib.rs:103:35
[INFO] [stdout]   |
[INFO] [stdout] 3 | let contents = fs::read_to_string(config.filename)?;
[INFO] [stdout]   |                                   ^^^^^^ not found in this scope
[INFO] [stdout] 
[INFO] [stdout] error[E0425]: cannot find value `config` in this scope
[INFO] [stdout]  --> src/lib.rs:104:17
[INFO] [stdout]   |
[INFO] [stdout] 4 | let result = if config.case_sensitive {
[INFO] [stdout]   |                 ^^^^^^ not found in this scope
[INFO] [stdout] 
[INFO] [stdout] error[E0425]: cannot find function `search` in this scope
[INFO] [stdout]  --> src/lib.rs:105:5
[INFO] [stdout]   |
[INFO] [stdout] 5 |     search(&config.query, &contents)
[INFO] [stdout]   |     ^^^^^^ not found in this scope
[INFO] [stdout]   |
[INFO] [stdout] help: consider importing this function
[INFO] [stdout]   |
[INFO] [stdout] 2 + use bingrep123::search;
[INFO] [stdout]   |
[INFO] [stdout] 
[INFO] [stdout] error[E0425]: cannot find value `config` in this scope
[INFO] [stdout]  --> src/lib.rs:105:13
[INFO] [stdout]   |
[INFO] [stdout] 5 |     search(&config.query, &contents)
[INFO] [stdout]   |             ^^^^^^ not found in this scope
[INFO] [stdout] 
[INFO] [stdout] error: aborting due to 5 previous errors
[INFO] [stdout] 
[INFO] [stdout] Some errors have detailed explanations: E0425, E0433.
[INFO] [stdout] For more information about an error, try `rustc --explain E0425`.
[INFO] [stdout] Couldn't compile the test.
[INFO] [stdout] ---- src/lib.rs - run (line 13) stdout ----
[INFO] [stdout] error[E0433]: failed to resolve: use of undeclared crate or module `env`
[INFO] [stdout]  --> src/lib.rs:14:12
[INFO] [stdout]   |
[INFO] [stdout] 3 | let args = env::args();
[INFO] [stdout]   |            ^^^ use of undeclared crate or module `env`
[INFO] [stdout]   |
[INFO] [stdout] help: consider importing this module
[INFO] [stdout]   |
[INFO] [stdout] 2 + use std::env;
[INFO] [stdout]   |
[INFO] [stdout] 
[INFO] [stdout] error[E0433]: failed to resolve: use of undeclared type `Config`
[INFO] [stdout]  --> src/lib.rs:15:14
[INFO] [stdout]   |
[INFO] [stdout] 4 | let config = Config::new(args).unwrap_or_else(|err| {
[INFO] [stdout]   |              ^^^^^^ use of undeclared type `Config`
[INFO] [stdout]   |
[INFO] [stdout] help: consider importing this struct
[INFO] [stdout]   |
[INFO] [stdout] 2 + use bingrep123::Config;
[INFO] [stdout]   |
[INFO] [stdout] 
[INFO] [stdout] error[E0433]: failed to resolve: use of undeclared crate or module `process`
[INFO] [stdout]  --> src/lib.rs:17:4
[INFO] [stdout]   |
[INFO] [stdout] 6 |    process::exit(1);
[INFO] [stdout]   |    ^^^^^^^ use of undeclared crate or module `process`
[INFO] [stdout]   |
[INFO] [stdout] help: consider importing this module
[INFO] [stdout]   |
[INFO] [stdout] 2 + use std::process;
[INFO] [stdout]   |
[INFO] [stdout] 
[INFO] [stdout] error: aborting due to 3 previous errors
[INFO] [stdout] 
[INFO] [stdout] For more information about this error, try `rustc --explain E0433`.
[INFO] [stdout] Couldn't compile the test.
[INFO] [stdout] 
[INFO] [stdout] failures:
[INFO] [stdout]     src/lib.rs - run (line 13)
[INFO] [stdout]     src/lib.rs - search (line 102)
[INFO] [stdout]     src/lib.rs - search_insensitive (line 119)
[INFO] [stdout] 
[INFO] [stdout] test result: FAILED. 0 passed; 3 failed; 0 ignored; 0 measured; 0 filtered out; finished in 0.05s
[INFO] [stdout] 
[INFO] [stderr] error: doctest failed, to rerun pass `--doc`
[INFO] running `Command { std: "docker" "inspect" "e6c1866c06d896d1a37e25e183f37f1118463fa1c8cea48546bebe3c4bd94ae1", kill_on_drop: false }`
[INFO] running `Command { std: "docker" "rm" "-f" "e6c1866c06d896d1a37e25e183f37f1118463fa1c8cea48546bebe3c4bd94ae1", kill_on_drop: false }`
[INFO] [stdout] e6c1866c06d896d1a37e25e183f37f1118463fa1c8cea48546bebe3c4bd94ae1
[INFO] testing bingrep123-0.1.2 against beta-2023-12-22 for beta-1.76-1
[INFO] extracting crate bingrep123 0.1.2 into /workspace/builds/worker-7-tc2/source
[INFO] validating manifest of crates.io crate bingrep123 0.1.2 on toolchain beta-2023-12-22
[INFO] running `Command { std: CARGO_HOME="/workspace/cargo-home" RUSTUP_HOME="/workspace/rustup-home" "/workspace/cargo-home/bin/cargo" "+beta-2023-12-22" "metadata" "--manifest-path" "Cargo.toml" "--no-deps", kill_on_drop: false }`
[INFO] started tweaking crates.io crate bingrep123 0.1.2
[INFO] finished tweaking crates.io crate bingrep123 0.1.2
[INFO] tweaked toml for crates.io crate bingrep123 0.1.2 written to /workspace/builds/worker-7-tc2/source/Cargo.toml
[INFO] crate crates.io crate bingrep123 0.1.2 already has a lockfile, it will not be regenerated
[INFO] running `Command { std: CARGO_HOME="/workspace/cargo-home" RUSTUP_HOME="/workspace/rustup-home" "/workspace/cargo-home/bin/cargo" "+beta-2023-12-22" "fetch" "--manifest-path" "Cargo.toml", kill_on_drop: false }`
[INFO] running `Command { std: "docker" "create" "-v" "/var/lib/crater-agent-workspace/builds/worker-7-tc2/target:/opt/rustwide/target:rw,Z" "-v" "/var/lib/crater-agent-workspace/builds/worker-7-tc2/source:/opt/rustwide/workdir:ro,Z" "-v" "/var/lib/crater-agent-workspace/cargo-home:/opt/rustwide/cargo-home:ro,Z" "-v" "/var/lib/crater-agent-workspace/rustup-home:/opt/rustwide/rustup-home:ro,Z" "-e" "SOURCE_DIR=/opt/rustwide/workdir" "-e" "CARGO_TARGET_DIR=/opt/rustwide/target" "-e" "CARGO_HOME=/opt/rustwide/cargo-home" "-e" "RUSTUP_HOME=/opt/rustwide/rustup-home" "-w" "/opt/rustwide/workdir" "-m" "1610612736" "--user" "0:0" "--network" "none" "ghcr.io/rust-lang/crates-build-env/linux@sha256:2788e3201cd34a07e3172128adcd8b3090168a8e3bcc40d7c032b9dda1df7d1c" "/opt/rustwide/cargo-home/bin/cargo" "+beta-2023-12-22" "metadata" "--no-deps" "--format-version=1", kill_on_drop: false }`
[INFO] [stdout] 72a8710b7ce039d8f61b8cf903d5be2766a6833e1b29ca1b2ec14746ab171972
[INFO] running `Command { std: "docker" "start" "-a" "72a8710b7ce039d8f61b8cf903d5be2766a6833e1b29ca1b2ec14746ab171972", kill_on_drop: false }`
[INFO] running `Command { std: "docker" "inspect" "72a8710b7ce039d8f61b8cf903d5be2766a6833e1b29ca1b2ec14746ab171972", kill_on_drop: false }`
[INFO] running `Command { std: "docker" "rm" "-f" "72a8710b7ce039d8f61b8cf903d5be2766a6833e1b29ca1b2ec14746ab171972", kill_on_drop: false }`
[INFO] [stdout] 72a8710b7ce039d8f61b8cf903d5be2766a6833e1b29ca1b2ec14746ab171972
[INFO] running `Command { std: "docker" "create" "-v" "/var/lib/crater-agent-workspace/builds/worker-7-tc2/target:/opt/rustwide/target:rw,Z" "-v" "/var/lib/crater-agent-workspace/builds/worker-7-tc2/source:/opt/rustwide/workdir:ro,Z" "-v" "/var/lib/crater-agent-workspace/cargo-home:/opt/rustwide/cargo-home:ro,Z" "-v" "/var/lib/crater-agent-workspace/rustup-home:/opt/rustwide/rustup-home:ro,Z" "-e" "SOURCE_DIR=/opt/rustwide/workdir" "-e" "CARGO_TARGET_DIR=/opt/rustwide/target" "-e" "CARGO_INCREMENTAL=0" "-e" "RUST_BACKTRACE=full" "-e" "RUSTFLAGS=--cap-lints=warn" "-e" "RUSTDOCFLAGS=--cap-lints=warn" "-e" "CARGO_HOME=/opt/rustwide/cargo-home" "-e" "RUSTUP_HOME=/opt/rustwide/rustup-home" "-w" "/opt/rustwide/workdir" "-m" "1610612736" "--user" "0:0" "--network" "none" "ghcr.io/rust-lang/crates-build-env/linux@sha256:2788e3201cd34a07e3172128adcd8b3090168a8e3bcc40d7c032b9dda1df7d1c" "/opt/rustwide/cargo-home/bin/cargo" "+beta-2023-12-22" "build" "--frozen" "--message-format=json", kill_on_drop: false }`
[INFO] [stdout] 5caf69ec5a5c71be531a3deafbda2ba36362ba07e42fba3c629c5d06bd0f5f4d
[INFO] running `Command { std: "docker" "start" "-a" "5caf69ec5a5c71be531a3deafbda2ba36362ba07e42fba3c629c5d06bd0f5f4d", kill_on_drop: false }`
[INFO] [stderr]    Compiling bingrep123 v0.1.2 (/opt/rustwide/workdir)
[INFO] [stdout] warning: unused variable: `t`
[INFO] [stdout]   --> src/lib.rs:49:16
[INFO] [stdout]    |
[INFO] [stdout] 49 |         fn new(t: OsType) -> OsType {
[INFO] [stdout]    |                ^ help: if this is intentional, prefix it with an underscore: `_t`
[INFO] [stdout]    |
[INFO] [stdout]    = note: `#[warn(unused_variables)]` on by default
[INFO] [stdout] 
[INFO] [stdout] 
[INFO] [stdout] warning: associated items `new` and `get` are never used
[INFO] [stdout]   --> src/lib.rs:49:12
[INFO] [stdout]    |
[INFO] [stdout] 48 |     impl OsType {
[INFO] [stdout]    |     ----------- associated items in this implementation
[INFO] [stdout] 49 |         fn new(t: OsType) -> OsType {
[INFO] [stdout]    |            ^^^
[INFO] [stdout] ...
[INFO] [stdout] 53 |         fn get(&self) -> OsType {
[INFO] [stdout]    |            ^^^
[INFO] [stdout]    |
[INFO] [stdout]    = note: `#[warn(dead_code)]` on by default
[INFO] [stdout] 
[INFO] [stdout] 
[INFO] [stdout] warning: 2 warnings emitted
[INFO] [stdout] 
[INFO] [stdout] 
[INFO] [stderr]     Finished dev [optimized + debuginfo] target(s) in 0.46s
[INFO] running `Command { std: "docker" "inspect" "5caf69ec5a5c71be531a3deafbda2ba36362ba07e42fba3c629c5d06bd0f5f4d", kill_on_drop: false }`
[INFO] running `Command { std: "docker" "rm" "-f" "5caf69ec5a5c71be531a3deafbda2ba36362ba07e42fba3c629c5d06bd0f5f4d", kill_on_drop: false }`
[INFO] [stdout] 5caf69ec5a5c71be531a3deafbda2ba36362ba07e42fba3c629c5d06bd0f5f4d
[INFO] running `Command { std: "docker" "create" "-v" "/var/lib/crater-agent-workspace/builds/worker-7-tc2/target:/opt/rustwide/target:rw,Z" "-v" "/var/lib/crater-agent-workspace/builds/worker-7-tc2/source:/opt/rustwide/workdir:ro,Z" "-v" "/var/lib/crater-agent-workspace/cargo-home:/opt/rustwide/cargo-home:ro,Z" "-v" "/var/lib/crater-agent-workspace/rustup-home:/opt/rustwide/rustup-home:ro,Z" "-e" "SOURCE_DIR=/opt/rustwide/workdir" "-e" "CARGO_TARGET_DIR=/opt/rustwide/target" "-e" "CARGO_INCREMENTAL=0" "-e" "RUST_BACKTRACE=full" "-e" "RUSTFLAGS=--cap-lints=warn" "-e" "RUSTDOCFLAGS=--cap-lints=warn" "-e" "CARGO_HOME=/opt/rustwide/cargo-home" "-e" "RUSTUP_HOME=/opt/rustwide/rustup-home" "-w" "/opt/rustwide/workdir" "-m" "1610612736" "--user" "0:0" "--network" "none" "ghcr.io/rust-lang/crates-build-env/linux@sha256:2788e3201cd34a07e3172128adcd8b3090168a8e3bcc40d7c032b9dda1df7d1c" "/opt/rustwide/cargo-home/bin/cargo" "+beta-2023-12-22" "test" "--frozen" "--no-run" "--message-format=json", kill_on_drop: false }`
[INFO] [stdout] 7cf29459a53dd285274138140d9083bbfa3977902c9916bb8363f2965b9c4220
[INFO] running `Command { std: "docker" "start" "-a" "7cf29459a53dd285274138140d9083bbfa3977902c9916bb8363f2965b9c4220", kill_on_drop: false }`
[INFO] [stderr]    Compiling bingrep123 v0.1.2 (/opt/rustwide/workdir)
[INFO] [stdout] warning: unused variable: `t`
[INFO] [stdout]   --> src/lib.rs:49:16
[INFO] [stdout]    |
[INFO] [stdout] 49 |         fn new(t: OsType) -> OsType {
[INFO] [stdout]    |                ^ help: if this is intentional, prefix it with an underscore: `_t`
[INFO] [stdout]    |
[INFO] [stdout]    = note: `#[warn(unused_variables)]` on by default
[INFO] [stdout] 
[INFO] [stdout] 
[INFO] [stdout] warning: associated items `new` and `get` are never used
[INFO] [stdout]   --> src/lib.rs:49:12
[INFO] [stdout]    |
[INFO] [stdout] 48 |     impl OsType {
[INFO] [stdout]    |     ----------- associated items in this implementation
[INFO] [stdout] 49 |         fn new(t: OsType) -> OsType {
[INFO] [stdout]    |            ^^^
[INFO] [stdout] ...
[INFO] [stdout] 53 |         fn get(&self) -> OsType {
[INFO] [stdout]    |            ^^^
[INFO] [stdout]    |
[INFO] [stdout]    = note: `#[warn(dead_code)]` on by default
[INFO] [stdout] 
[INFO] [stdout] 
[INFO] [stdout] warning: 2 warnings emitted
[INFO] [stdout] 
[INFO] [stdout] 
[INFO] [stdout] warning: unused variable: `t`
[INFO] [stdout]   --> src/lib.rs:49:16
[INFO] [stdout]    |
[INFO] [stdout] 49 |         fn new(t: OsType) -> OsType {
[INFO] [stdout]    |                ^ help: if this is intentional, prefix it with an underscore: `_t`
[INFO] [stdout]    |
[INFO] [stdout]    = note: `#[warn(unused_variables)]` on by default
[INFO] [stdout] 
[INFO] [stdout] 
[INFO] [stdout] warning: associated items `new` and `get` are never used
[INFO] [stdout]   --> src/lib.rs:49:12
[INFO] [stdout]    |
[INFO] [stdout] 48 |     impl OsType {
[INFO] [stdout]    |     ----------- associated items in this implementation
[INFO] [stdout] 49 |         fn new(t: OsType) -> OsType {
[INFO] [stdout]    |            ^^^
[INFO] [stdout] ...
[INFO] [stdout] 53 |         fn get(&self) -> OsType {
[INFO] [stdout]    |            ^^^
[INFO] [stdout]    |
[INFO] [stdout]    = note: `#[warn(dead_code)]` on by default
[INFO] [stdout] 
[INFO] [stdout] 
[INFO] [stdout] warning: 2 warnings emitted
[INFO] [stdout] 
[INFO] [stdout] 
[INFO] [stderr]     Finished test [optimized + debuginfo] target(s) in 0.39s
[INFO] running `Command { std: "docker" "inspect" "7cf29459a53dd285274138140d9083bbfa3977902c9916bb8363f2965b9c4220", kill_on_drop: false }`
[INFO] running `Command { std: "docker" "rm" "-f" "7cf29459a53dd285274138140d9083bbfa3977902c9916bb8363f2965b9c4220", kill_on_drop: false }`
[INFO] [stdout] 7cf29459a53dd285274138140d9083bbfa3977902c9916bb8363f2965b9c4220
[INFO] running `Command { std: "docker" "create" "-v" "/var/lib/crater-agent-workspace/builds/worker-7-tc2/target:/opt/rustwide/target:rw,Z" "-v" "/var/lib/crater-agent-workspace/builds/worker-7-tc2/source:/opt/rustwide/workdir:ro,Z" "-v" "/var/lib/crater-agent-workspace/cargo-home:/opt/rustwide/cargo-home:ro,Z" "-v" "/var/lib/crater-agent-workspace/rustup-home:/opt/rustwide/rustup-home:ro,Z" "-e" "SOURCE_DIR=/opt/rustwide/workdir" "-e" "CARGO_TARGET_DIR=/opt/rustwide/target" "-e" "CARGO_INCREMENTAL=0" "-e" "RUST_BACKTRACE=full" "-e" "RUSTFLAGS=--cap-lints=warn" "-e" "RUSTDOCFLAGS=--cap-lints=warn" "-e" "CARGO_HOME=/opt/rustwide/cargo-home" "-e" "RUSTUP_HOME=/opt/rustwide/rustup-home" "-w" "/opt/rustwide/workdir" "-m" "1610612736" "--user" "0:0" "--network" "none" "ghcr.io/rust-lang/crates-build-env/linux@sha256:2788e3201cd34a07e3172128adcd8b3090168a8e3bcc40d7c032b9dda1df7d1c" "/opt/rustwide/cargo-home/bin/cargo" "+beta-2023-12-22" "test" "--frozen", kill_on_drop: false }`
[INFO] [stdout] c8a8b1ee78b281e0e4a628610627b029fb60986a6864701fe3456387e82e4c3b
[INFO] running `Command { std: "docker" "start" "-a" "c8a8b1ee78b281e0e4a628610627b029fb60986a6864701fe3456387e82e4c3b", kill_on_drop: false }`
[INFO] [stderr] warning: unused variable: `t`
[INFO] [stderr]   --> src/lib.rs:49:16
[INFO] [stderr]    |
[INFO] [stderr] 49 |         fn new(t: OsType) -> OsType {
[INFO] [stderr]    |                ^ help: if this is intentional, prefix it with an underscore: `_t`
[INFO] [stderr]    |
[INFO] [stderr]    = note: `#[warn(unused_variables)]` on by default
[INFO] [stderr] 
[INFO] [stderr] warning: associated items `new` and `get` are never used
[INFO] [stderr]   --> src/lib.rs:49:12
[INFO] [stderr]    |
[INFO] [stderr] 48 |     impl OsType {
[INFO] [stderr]    |     ----------- associated items in this implementation
[INFO] [stderr] 49 |         fn new(t: OsType) -> OsType {
[INFO] [stderr]    |            ^^^
[INFO] [stderr] ...
[INFO] [stderr] 53 |         fn get(&self) -> OsType {
[INFO] [stderr]    |            ^^^
[INFO] [stderr]    |
[INFO] [stderr]    = note: `#[warn(dead_code)]` on by default
[INFO] [stderr] 
[INFO] [stderr] warning: `bingrep123` (lib) generated 2 warnings (run `cargo fix --lib -p bingrep123` to apply 1 suggestion)
[INFO] [stderr] warning: `bingrep123` (lib test) generated 2 warnings (2 duplicates)
[INFO] [stderr]     Finished test [optimized + debuginfo] target(s) in 0.00s
[INFO] [stderr]      Running unittests src/lib.rs (/opt/rustwide/target/debug/deps/bingrep123-7950bf160e60f2a4)
[INFO] [stdout] 
[INFO] [stdout] running 1 test
[INFO] [stdout] test tests::one_result ... ok
[INFO] [stdout] 
[INFO] [stdout] test result: ok. 1 passed; 0 failed; 0 ignored; 0 measured; 0 filtered out; finished in 0.00s
[INFO] [stdout] 
[INFO] [stderr]      Running unittests src/main.rs (/opt/rustwide/target/debug/deps/bingrep123-16f7acb42a25867c)
[INFO] [stdout] 
[INFO] [stdout] running 0 tests
[INFO] [stdout] 
[INFO] [stdout] test result: ok. 0 passed; 0 failed; 0 ignored; 0 measured; 0 filtered out; finished in 0.00s
[INFO] [stdout] 
[INFO] [stderr]    Doc-tests bingrep123
[INFO] [stdout] 
[INFO] [stdout] running 3 tests
[INFO] [stdout] test src/lib.rs - run (line 13) ... FAILED
[INFO] [stdout] test src/lib.rs - search (line 102) ... FAILED
[INFO] [stdout] test src/lib.rs - search_insensitive (line 119) ... FAILED
[INFO] [stdout] 
[INFO] [stdout] failures:
[INFO] [stdout] 
[INFO] [stdout] ---- src/lib.rs - run (line 13) stdout ----
[INFO] [stdout] error[E0433]: failed to resolve: use of undeclared crate or module `env`
[INFO] [stdout]  --> src/lib.rs:14:12
[INFO] [stdout]   |
[INFO] [stdout] 3 | let args = env::args();
[INFO] [stdout]   |            ^^^ use of undeclared crate or module `env`
[INFO] [stdout]   |
[INFO] [stdout] help: consider importing this module
[INFO] [stdout]   |
[INFO] [stdout] 2 + use std::env;
[INFO] [stdout]   |
[INFO] [stdout] 
[INFO] [stdout] error[E0433]: failed to resolve: use of undeclared type `Config`
[INFO] [stdout]  --> src/lib.rs:15:14
[INFO] [stdout]   |
[INFO] [stdout] 4 | let config = Config::new(args).unwrap_or_else(|err| {
[INFO] [stdout]   |              ^^^^^^ use of undeclared type `Config`
[INFO] [stdout]   |
[INFO] [stdout] help: consider importing this struct
[INFO] [stdout]   |
[INFO] [stdout] 2 + use bingrep123::Config;
[INFO] [stdout]   |
[INFO] [stdout] 
[INFO] [stdout] error[E0433]: failed to resolve: use of undeclared crate or module `process`
[INFO] [stdout]  --> src/lib.rs:17:4
[INFO] [stdout]   |
[INFO] [stdout] 6 |    process::exit(1);
[INFO] [stdout]   |    ^^^^^^^ use of undeclared crate or module `process`
[INFO] [stdout]   |
[INFO] [stdout] help: consider importing this module
[INFO] [stdout]   |
[INFO] [stdout] 2 + use std::process;
[INFO] [stdout]   |
[INFO] [stdout] 
[INFO] [stdout] error: aborting due to 3 previous errors
[INFO] [stdout] 
[INFO] [stdout] For more information about this error, try `rustc --explain E0433`.
[INFO] [stdout] Couldn't compile the test.
[INFO] [stdout] ---- src/lib.rs - search (line 102) stdout ----
[INFO] [stdout] error[E0433]: failed to resolve: use of undeclared crate or module `fs`
[INFO] [stdout]  --> src/lib.rs:103:16
[INFO] [stdout]   |
[INFO] [stdout] 3 | let contents = fs::read_to_string(config.filename)?;
[INFO] [stdout]   |                ^^ use of undeclared crate or module `fs`
[INFO] [stdout]   |
[INFO] [stdout] help: consider importing this module
[INFO] [stdout]   |
[INFO] [stdout] 2 + use std::fs;
[INFO] [stdout]   |
[INFO] [stdout] 
[INFO] [stdout] error[E0425]: cannot find value `config` in this scope
[INFO] [stdout]  --> src/lib.rs:103:35
[INFO] [stdout]   |
[INFO] [stdout] 3 | let contents = fs::read_to_string(config.filename)?;
[INFO] [stdout]   |                                   ^^^^^^ not found in this scope
[INFO] [stdout] 
[INFO] [stdout] error[E0425]: cannot find value `config` in this scope
[INFO] [stdout]  --> src/lib.rs:104:17
[INFO] [stdout]   |
[INFO] [stdout] 4 | let result = if config.case_sensitive {
[INFO] [stdout]   |                 ^^^^^^ not found in this scope
[INFO] [stdout] 
[INFO] [stdout] error[E0425]: cannot find function `search` in this scope
[INFO] [stdout]  --> src/lib.rs:105:5
[INFO] [stdout]   |
[INFO] [stdout] 5 |     search(&config.query, &contents)
[INFO] [stdout]   |     ^^^^^^ not found in this scope
[INFO] [stdout]   |
[INFO] [stdout] help: consider importing this function
[INFO] [stdout]   |
[INFO] [stdout] 2 + use bingrep123::search;
[INFO] [stdout]   |
[INFO] [stdout] 
[INFO] [stdout] error[E0425]: cannot find value `config` in this scope
[INFO] [stdout]  --> src/lib.rs:105:13
[INFO] [stdout]   |
[INFO] [stdout] 5 |     search(&config.query, &contents)
[INFO] [stdout]   |             ^^^^^^ not found in this scope
[INFO] [stdout] 
[INFO] [stdout] error: aborting due to 5 previous errors
[INFO] [stdout] 
[INFO] [stdout] Some errors have detailed explanations: E0425, E0433.
[INFO] [stdout] For more information about an error, try `rustc --explain E0425`.
[INFO] [stdout] Couldn't compile the test.
[INFO] [stdout] ---- src/lib.rs - search_insensitive (line 119) stdout ----
[INFO] [stdout] error[E0433]: failed to resolve: use of undeclared crate or module `fs`
[INFO] [stdout]  --> src/lib.rs:120:16
[INFO] [stdout]   |
[INFO] [stdout] 3 | let contents = fs::read_to_string(config.filename)?;
[INFO] [stdout]   |                ^^ use of undeclared crate or module `fs`
[INFO] [stdout]   |
[INFO] [stdout] help: consider importing this module
[INFO] [stdout]   |
[INFO] [stdout] 2 + use std::fs;
[INFO] [stdout]   |
[INFO] [stdout] 
[INFO] [stdout] error[E0425]: cannot find value `config` in this scope
[INFO] [stdout]  --> src/lib.rs:120:35
[INFO] [stdout]   |
[INFO] [stdout] 3 | let contents = fs::read_to_string(config.filename)?;
[INFO] [stdout]   |                                   ^^^^^^ not found in this scope
[INFO] [stdout] 
[INFO] [stdout] error[E0425]: cannot find value `config` in this scope
[INFO] [stdout]  --> src/lib.rs:121:18
[INFO] [stdout]   |
[INFO] [stdout] 4 | let result = if !config.case_sensitive {
[INFO] [stdout]   |                  ^^^^^^ not found in this scope
[INFO] [stdout] 
[INFO] [stdout] error[E0425]: cannot find function `search_insensitive` in this scope
[INFO] [stdout]  --> src/lib.rs:122:5
[INFO] [stdout]   |
[INFO] [stdout] 5 |     search_insensitive(&config.query, &contents)
[INFO] [stdout]   |     ^^^^^^^^^^^^^^^^^^ not found in this scope
[INFO] [stdout]   |
[INFO] [stdout] help: consider importing this function
[INFO] [stdout]   |
[INFO] [stdout] 2 + use bingrep123::search_insensitive;
[INFO] [stdout]   |
[INFO] [stdout] 
[INFO] [stdout] error[E0425]: cannot find value `config` in this scope
[INFO] [stdout]  --> src/lib.rs:122:25
[INFO] [stdout]   |
[INFO] [stdout] 5 |     search_insensitive(&config.query, &contents)
[INFO] [stdout]   |                         ^^^^^^ not found in this scope
[INFO] [stdout] 
[INFO] [stdout] error: aborting due to 5 previous errors
[INFO] [stdout] 
[INFO] [stdout] Some errors have detailed explanations: E0425, E0433.
[INFO] [stdout] For more information about an error, try `rustc --explain E0425`.
[INFO] [stdout] Couldn't compile the test.
[INFO] [stdout] 
[INFO] [stdout] failures:
[INFO] [stdout]     src/lib.rs - run (line 13)
[INFO] [stdout]     src/lib.rs - search (line 102)
[INFO] [stdout]     src/lib.rs - search_insensitive (line 119)
[INFO] [stdout] 
[INFO] [stdout] test result: FAILED. 0 passed; 3 failed; 0 ignored; 0 measured; 0 filtered out; finished in 0.04s
[INFO] [stdout] 
[INFO] [stderr] error: doctest failed, to rerun pass `--doc`
[INFO] running `Command { std: "docker" "inspect" "c8a8b1ee78b281e0e4a628610627b029fb60986a6864701fe3456387e82e4c3b", kill_on_drop: false }`
[INFO] running `Command { std: "docker" "rm" "-f" "c8a8b1ee78b281e0e4a628610627b029fb60986a6864701fe3456387e82e4c3b", kill_on_drop: false }`
[INFO] [stdout] c8a8b1ee78b281e0e4a628610627b029fb60986a6864701fe3456387e82e4c3b
