[INFO] fetching crate binary_serde_macros 1.0.23...
[INFO] testing binary_serde_macros-1.0.23 against 1.75.0 for beta-1.76-1
[INFO] extracting crate binary_serde_macros 1.0.23 into /workspace/builds/worker-5-tc1/source
[INFO] validating manifest of crates.io crate binary_serde_macros 1.0.23 on toolchain 1.75.0
[INFO] running `Command { std: CARGO_HOME="/workspace/cargo-home" RUSTUP_HOME="/workspace/rustup-home" "/workspace/cargo-home/bin/cargo" "+1.75.0" "metadata" "--manifest-path" "Cargo.toml" "--no-deps", kill_on_drop: false }`
[INFO] started tweaking crates.io crate binary_serde_macros 1.0.23
[INFO] finished tweaking crates.io crate binary_serde_macros 1.0.23
[INFO] tweaked toml for crates.io crate binary_serde_macros 1.0.23 written to /workspace/builds/worker-5-tc1/source/Cargo.toml
[INFO] running `Command { std: CARGO_HOME="/workspace/cargo-home" RUSTUP_HOME="/workspace/rustup-home" "/workspace/cargo-home/bin/cargo" "+1.75.0" "generate-lockfile" "--manifest-path" "Cargo.toml", kill_on_drop: false }`
[INFO] [stderr]     Updating crates.io index
[INFO] running `Command { std: CARGO_HOME="/workspace/cargo-home" RUSTUP_HOME="/workspace/rustup-home" "/workspace/cargo-home/bin/cargo" "+1.75.0" "fetch" "--manifest-path" "Cargo.toml", kill_on_drop: false }`
[INFO] running `Command { std: "docker" "create" "-v" "/var/lib/crater-agent-workspace/builds/worker-5-tc1/target:/opt/rustwide/target:rw,Z" "-v" "/var/lib/crater-agent-workspace/builds/worker-5-tc1/source:/opt/rustwide/workdir:ro,Z" "-v" "/var/lib/crater-agent-workspace/cargo-home:/opt/rustwide/cargo-home:ro,Z" "-v" "/var/lib/crater-agent-workspace/rustup-home:/opt/rustwide/rustup-home:ro,Z" "-e" "SOURCE_DIR=/opt/rustwide/workdir" "-e" "CARGO_TARGET_DIR=/opt/rustwide/target" "-e" "CARGO_HOME=/opt/rustwide/cargo-home" "-e" "RUSTUP_HOME=/opt/rustwide/rustup-home" "-w" "/opt/rustwide/workdir" "-m" "1610612736" "--user" "0:0" "--network" "none" "ghcr.io/rust-lang/crates-build-env/linux@sha256:2788e3201cd34a07e3172128adcd8b3090168a8e3bcc40d7c032b9dda1df7d1c" "/opt/rustwide/cargo-home/bin/cargo" "+1.75.0" "metadata" "--no-deps" "--format-version=1", kill_on_drop: false }`
[INFO] [stdout] 197401fa1c32f6104051721d7cc6e70c076d93406a542a9412fc22088a2ba34a
[INFO] running `Command { std: "docker" "start" "-a" "197401fa1c32f6104051721d7cc6e70c076d93406a542a9412fc22088a2ba34a", kill_on_drop: false }`
[INFO] running `Command { std: "docker" "inspect" "197401fa1c32f6104051721d7cc6e70c076d93406a542a9412fc22088a2ba34a", kill_on_drop: false }`
[INFO] running `Command { std: "docker" "rm" "-f" "197401fa1c32f6104051721d7cc6e70c076d93406a542a9412fc22088a2ba34a", kill_on_drop: false }`
[INFO] [stdout] 197401fa1c32f6104051721d7cc6e70c076d93406a542a9412fc22088a2ba34a
[INFO] running `Command { std: "docker" "create" "-v" "/var/lib/crater-agent-workspace/builds/worker-5-tc1/target:/opt/rustwide/target:rw,Z" "-v" "/var/lib/crater-agent-workspace/builds/worker-5-tc1/source:/opt/rustwide/workdir:ro,Z" "-v" "/var/lib/crater-agent-workspace/cargo-home:/opt/rustwide/cargo-home:ro,Z" "-v" "/var/lib/crater-agent-workspace/rustup-home:/opt/rustwide/rustup-home:ro,Z" "-e" "SOURCE_DIR=/opt/rustwide/workdir" "-e" "CARGO_TARGET_DIR=/opt/rustwide/target" "-e" "CARGO_INCREMENTAL=0" "-e" "RUST_BACKTRACE=full" "-e" "RUSTFLAGS=--cap-lints=warn" "-e" "RUSTDOCFLAGS=--cap-lints=warn" "-e" "CARGO_HOME=/opt/rustwide/cargo-home" "-e" "RUSTUP_HOME=/opt/rustwide/rustup-home" "-w" "/opt/rustwide/workdir" "-m" "1610612736" "--user" "0:0" "--network" "none" "ghcr.io/rust-lang/crates-build-env/linux@sha256:2788e3201cd34a07e3172128adcd8b3090168a8e3bcc40d7c032b9dda1df7d1c" "/opt/rustwide/cargo-home/bin/cargo" "+1.75.0" "build" "--frozen" "--message-format=json", kill_on_drop: false }`
[INFO] [stdout] eba2c1fe10c85254486b413f1c71aafc11dfd170ae5348e33874a70bba11df6b
[INFO] running `Command { std: "docker" "start" "-a" "eba2c1fe10c85254486b413f1c71aafc11dfd170ae5348e33874a70bba11df6b", kill_on_drop: false }`
[INFO] [stderr]    Compiling syn v2.0.48
[INFO] [stderr]    Compiling binary_serde_macros v1.0.23 (/opt/rustwide/workdir)
[INFO] [stderr]     Finished dev [unoptimized + debuginfo] target(s) in 5.23s
[INFO] running `Command { std: "docker" "inspect" "eba2c1fe10c85254486b413f1c71aafc11dfd170ae5348e33874a70bba11df6b", kill_on_drop: false }`
[INFO] running `Command { std: "docker" "rm" "-f" "eba2c1fe10c85254486b413f1c71aafc11dfd170ae5348e33874a70bba11df6b", kill_on_drop: false }`
[INFO] [stdout] eba2c1fe10c85254486b413f1c71aafc11dfd170ae5348e33874a70bba11df6b
[INFO] running `Command { std: "docker" "create" "-v" "/var/lib/crater-agent-workspace/builds/worker-5-tc1/target:/opt/rustwide/target:rw,Z" "-v" "/var/lib/crater-agent-workspace/builds/worker-5-tc1/source:/opt/rustwide/workdir:ro,Z" "-v" "/var/lib/crater-agent-workspace/cargo-home:/opt/rustwide/cargo-home:ro,Z" "-v" "/var/lib/crater-agent-workspace/rustup-home:/opt/rustwide/rustup-home:ro,Z" "-e" "SOURCE_DIR=/opt/rustwide/workdir" "-e" "CARGO_TARGET_DIR=/opt/rustwide/target" "-e" "CARGO_INCREMENTAL=0" "-e" "RUST_BACKTRACE=full" "-e" "RUSTFLAGS=--cap-lints=warn" "-e" "RUSTDOCFLAGS=--cap-lints=warn" "-e" "CARGO_HOME=/opt/rustwide/cargo-home" "-e" "RUSTUP_HOME=/opt/rustwide/rustup-home" "-w" "/opt/rustwide/workdir" "-m" "1610612736" "--user" "0:0" "--network" "none" "ghcr.io/rust-lang/crates-build-env/linux@sha256:2788e3201cd34a07e3172128adcd8b3090168a8e3bcc40d7c032b9dda1df7d1c" "/opt/rustwide/cargo-home/bin/cargo" "+1.75.0" "test" "--frozen" "--no-run" "--message-format=json", kill_on_drop: false }`
[INFO] [stdout] be1dbcd1b713439c5bb831dab155419af25dc38b28b59c302199cd7ce24c0ba0
[INFO] running `Command { std: "docker" "start" "-a" "be1dbcd1b713439c5bb831dab155419af25dc38b28b59c302199cd7ce24c0ba0", kill_on_drop: false }`
[INFO] [stderr]    Compiling binary_serde_macros v1.0.23 (/opt/rustwide/workdir)
[INFO] [stderr]     Finished test [unoptimized + debuginfo] target(s) in 1.38s
[INFO] running `Command { std: "docker" "inspect" "be1dbcd1b713439c5bb831dab155419af25dc38b28b59c302199cd7ce24c0ba0", kill_on_drop: false }`
[INFO] running `Command { std: "docker" "rm" "-f" "be1dbcd1b713439c5bb831dab155419af25dc38b28b59c302199cd7ce24c0ba0", kill_on_drop: false }`
[INFO] [stdout] be1dbcd1b713439c5bb831dab155419af25dc38b28b59c302199cd7ce24c0ba0
[INFO] running `Command { std: "docker" "create" "-v" "/var/lib/crater-agent-workspace/builds/worker-5-tc1/target:/opt/rustwide/target:rw,Z" "-v" "/var/lib/crater-agent-workspace/builds/worker-5-tc1/source:/opt/rustwide/workdir:ro,Z" "-v" "/var/lib/crater-agent-workspace/cargo-home:/opt/rustwide/cargo-home:ro,Z" "-v" "/var/lib/crater-agent-workspace/rustup-home:/opt/rustwide/rustup-home:ro,Z" "-e" "SOURCE_DIR=/opt/rustwide/workdir" "-e" "CARGO_TARGET_DIR=/opt/rustwide/target" "-e" "CARGO_INCREMENTAL=0" "-e" "RUST_BACKTRACE=full" "-e" "RUSTFLAGS=--cap-lints=warn" "-e" "RUSTDOCFLAGS=--cap-lints=warn" "-e" "CARGO_HOME=/opt/rustwide/cargo-home" "-e" "RUSTUP_HOME=/opt/rustwide/rustup-home" "-w" "/opt/rustwide/workdir" "-m" "1610612736" "--user" "0:0" "--network" "none" "ghcr.io/rust-lang/crates-build-env/linux@sha256:2788e3201cd34a07e3172128adcd8b3090168a8e3bcc40d7c032b9dda1df7d1c" "/opt/rustwide/cargo-home/bin/cargo" "+1.75.0" "test" "--frozen", kill_on_drop: false }`
[INFO] [stdout] 67ee8bb81a3534c4f38221c7d06b0c9d517b8dd28ea38e9d65d557ef28ec0678
[INFO] running `Command { std: "docker" "start" "-a" "67ee8bb81a3534c4f38221c7d06b0c9d517b8dd28ea38e9d65d557ef28ec0678", kill_on_drop: false }`
[INFO] [stderr]     Finished test [unoptimized + debuginfo] target(s) in 0.01s
[INFO] [stderr]      Running unittests src/lib.rs (/opt/rustwide/target/debug/deps/binary_serde_macros-45da89aa7673737d)
[INFO] [stdout] 
[INFO] [stdout] running 0 tests
[INFO] [stdout] 
[INFO] [stdout] test result: ok. 0 passed; 0 failed; 0 ignored; 0 measured; 0 filtered out; finished in 0.00s
[INFO] [stdout] 
[INFO] [stderr]    Doc-tests binary_serde_macros
[INFO] [stdout] 
[INFO] [stdout] running 1 test
[INFO] [stderr] error: doctest failed, to rerun pass `--doc`
[INFO] [stdout] test src/lib.rs - binary_serde_bitfield (line 23) ... FAILED
[INFO] [stdout] 
[INFO] [stdout] failures:
[INFO] [stdout] 
[INFO] [stdout] ---- src/lib.rs - binary_serde_bitfield (line 23) stdout ----
[INFO] [stdout] error: cannot find attribute `binary_serde_bitfield` in this scope
[INFO] [stdout]  --> src/lib.rs:25:3
[INFO] [stdout]   |
[INFO] [stdout] 4 | #[binary_serde_bitfield]
[INFO] [stdout]   |   ^^^^^^^^^^^^^^^^^^^^^
[INFO] [stdout]   |
[INFO] [stdout] help: consider importing this attribute macro
[INFO] [stdout]   |
[INFO] [stdout] 2 + use binary_serde_macros::binary_serde_bitfield;
[INFO] [stdout]   |
[INFO] [stdout] 
[INFO] [stdout] error: cannot find attribute `bits` in this scope
[INFO] [stdout]  --> src/lib.rs:27:7
[INFO] [stdout]   |
[INFO] [stdout] 6 |     #[bits(8)]
[INFO] [stdout]   |       ^^^^
[INFO] [stdout] 
[INFO] [stdout] error: cannot find attribute `bits` in this scope
[INFO] [stdout]  --> src/lib.rs:30:7
[INFO] [stdout]   |
[INFO] [stdout] 9 |     #[bits(24)]
[INFO] [stdout]   |       ^^^^
[INFO] [stdout] 
[INFO] [stdout] error: aborting due to 3 previous errors
[INFO] [stdout] 
[INFO] [stdout] Couldn't compile the test.
[INFO] [stdout] 
[INFO] [stdout] failures:
[INFO] [stdout]     src/lib.rs - binary_serde_bitfield (line 23)
[INFO] [stdout] 
[INFO] [stdout] test result: FAILED. 0 passed; 1 failed; 0 ignored; 0 measured; 0 filtered out; finished in 0.11s
[INFO] [stdout] 
[INFO] running `Command { std: "docker" "inspect" "67ee8bb81a3534c4f38221c7d06b0c9d517b8dd28ea38e9d65d557ef28ec0678", kill_on_drop: false }`
[INFO] running `Command { std: "docker" "rm" "-f" "67ee8bb81a3534c4f38221c7d06b0c9d517b8dd28ea38e9d65d557ef28ec0678", kill_on_drop: false }`
[INFO] [stdout] 67ee8bb81a3534c4f38221c7d06b0c9d517b8dd28ea38e9d65d557ef28ec0678
[INFO] testing binary_serde_macros-1.0.23 against beta-2023-12-22 for beta-1.76-1
[INFO] extracting crate binary_serde_macros 1.0.23 into /workspace/builds/worker-5-tc2/source
[INFO] validating manifest of crates.io crate binary_serde_macros 1.0.23 on toolchain beta-2023-12-22
[INFO] running `Command { std: CARGO_HOME="/workspace/cargo-home" RUSTUP_HOME="/workspace/rustup-home" "/workspace/cargo-home/bin/cargo" "+beta-2023-12-22" "metadata" "--manifest-path" "Cargo.toml" "--no-deps", kill_on_drop: false }`
[INFO] started tweaking crates.io crate binary_serde_macros 1.0.23
[INFO] finished tweaking crates.io crate binary_serde_macros 1.0.23
[INFO] tweaked toml for crates.io crate binary_serde_macros 1.0.23 written to /workspace/builds/worker-5-tc2/source/Cargo.toml
[INFO] running `Command { std: CARGO_HOME="/workspace/cargo-home" RUSTUP_HOME="/workspace/rustup-home" "/workspace/cargo-home/bin/cargo" "+beta-2023-12-22" "generate-lockfile" "--manifest-path" "Cargo.toml", kill_on_drop: false }`
[INFO] [stderr]     Updating crates.io index
[INFO] running `Command { std: CARGO_HOME="/workspace/cargo-home" RUSTUP_HOME="/workspace/rustup-home" "/workspace/cargo-home/bin/cargo" "+beta-2023-12-22" "fetch" "--manifest-path" "Cargo.toml", kill_on_drop: false }`
[INFO] running `Command { std: "docker" "create" "-v" "/var/lib/crater-agent-workspace/builds/worker-5-tc2/target:/opt/rustwide/target:rw,Z" "-v" "/var/lib/crater-agent-workspace/builds/worker-5-tc2/source:/opt/rustwide/workdir:ro,Z" "-v" "/var/lib/crater-agent-workspace/cargo-home:/opt/rustwide/cargo-home:ro,Z" "-v" "/var/lib/crater-agent-workspace/rustup-home:/opt/rustwide/rustup-home:ro,Z" "-e" "SOURCE_DIR=/opt/rustwide/workdir" "-e" "CARGO_TARGET_DIR=/opt/rustwide/target" "-e" "CARGO_HOME=/opt/rustwide/cargo-home" "-e" "RUSTUP_HOME=/opt/rustwide/rustup-home" "-w" "/opt/rustwide/workdir" "-m" "1610612736" "--user" "0:0" "--network" "none" "ghcr.io/rust-lang/crates-build-env/linux@sha256:2788e3201cd34a07e3172128adcd8b3090168a8e3bcc40d7c032b9dda1df7d1c" "/opt/rustwide/cargo-home/bin/cargo" "+beta-2023-12-22" "metadata" "--no-deps" "--format-version=1", kill_on_drop: false }`
[INFO] [stdout] 8c8604fb196c7b43cb43e20f8fb96a7cb78a70f7b40979a45972c1923113c2be
[INFO] running `Command { std: "docker" "start" "-a" "8c8604fb196c7b43cb43e20f8fb96a7cb78a70f7b40979a45972c1923113c2be", kill_on_drop: false }`
[INFO] running `Command { std: "docker" "inspect" "8c8604fb196c7b43cb43e20f8fb96a7cb78a70f7b40979a45972c1923113c2be", kill_on_drop: false }`
[INFO] running `Command { std: "docker" "rm" "-f" "8c8604fb196c7b43cb43e20f8fb96a7cb78a70f7b40979a45972c1923113c2be", kill_on_drop: false }`
[INFO] [stdout] 8c8604fb196c7b43cb43e20f8fb96a7cb78a70f7b40979a45972c1923113c2be
[INFO] running `Command { std: "docker" "create" "-v" "/var/lib/crater-agent-workspace/builds/worker-5-tc2/target:/opt/rustwide/target:rw,Z" "-v" "/var/lib/crater-agent-workspace/builds/worker-5-tc2/source:/opt/rustwide/workdir:ro,Z" "-v" "/var/lib/crater-agent-workspace/cargo-home:/opt/rustwide/cargo-home:ro,Z" "-v" "/var/lib/crater-agent-workspace/rustup-home:/opt/rustwide/rustup-home:ro,Z" "-e" "SOURCE_DIR=/opt/rustwide/workdir" "-e" "CARGO_TARGET_DIR=/opt/rustwide/target" "-e" "CARGO_INCREMENTAL=0" "-e" "RUST_BACKTRACE=full" "-e" "RUSTFLAGS=--cap-lints=warn" "-e" "RUSTDOCFLAGS=--cap-lints=warn" "-e" "CARGO_HOME=/opt/rustwide/cargo-home" "-e" "RUSTUP_HOME=/opt/rustwide/rustup-home" "-w" "/opt/rustwide/workdir" "-m" "1610612736" "--user" "0:0" "--network" "none" "ghcr.io/rust-lang/crates-build-env/linux@sha256:2788e3201cd34a07e3172128adcd8b3090168a8e3bcc40d7c032b9dda1df7d1c" "/opt/rustwide/cargo-home/bin/cargo" "+beta-2023-12-22" "build" "--frozen" "--message-format=json", kill_on_drop: false }`
[INFO] [stdout] c358122ae699acb19bdafb9b9bde85512c75d2f23f4faade56a6fc75b599b765
[INFO] running `Command { std: "docker" "start" "-a" "c358122ae699acb19bdafb9b9bde85512c75d2f23f4faade56a6fc75b599b765", kill_on_drop: false }`
[INFO] [stderr]    Compiling syn v2.0.48
[INFO] [stderr]    Compiling binary_serde_macros v1.0.23 (/opt/rustwide/workdir)
[INFO] [stderr]     Finished dev [unoptimized + debuginfo] target(s) in 5.34s
[INFO] running `Command { std: "docker" "inspect" "c358122ae699acb19bdafb9b9bde85512c75d2f23f4faade56a6fc75b599b765", kill_on_drop: false }`
[INFO] running `Command { std: "docker" "rm" "-f" "c358122ae699acb19bdafb9b9bde85512c75d2f23f4faade56a6fc75b599b765", kill_on_drop: false }`
[INFO] [stdout] c358122ae699acb19bdafb9b9bde85512c75d2f23f4faade56a6fc75b599b765
[INFO] running `Command { std: "docker" "create" "-v" "/var/lib/crater-agent-workspace/builds/worker-5-tc2/target:/opt/rustwide/target:rw,Z" "-v" "/var/lib/crater-agent-workspace/builds/worker-5-tc2/source:/opt/rustwide/workdir:ro,Z" "-v" "/var/lib/crater-agent-workspace/cargo-home:/opt/rustwide/cargo-home:ro,Z" "-v" "/var/lib/crater-agent-workspace/rustup-home:/opt/rustwide/rustup-home:ro,Z" "-e" "SOURCE_DIR=/opt/rustwide/workdir" "-e" "CARGO_TARGET_DIR=/opt/rustwide/target" "-e" "CARGO_INCREMENTAL=0" "-e" "RUST_BACKTRACE=full" "-e" "RUSTFLAGS=--cap-lints=warn" "-e" "RUSTDOCFLAGS=--cap-lints=warn" "-e" "CARGO_HOME=/opt/rustwide/cargo-home" "-e" "RUSTUP_HOME=/opt/rustwide/rustup-home" "-w" "/opt/rustwide/workdir" "-m" "1610612736" "--user" "0:0" "--network" "none" "ghcr.io/rust-lang/crates-build-env/linux@sha256:2788e3201cd34a07e3172128adcd8b3090168a8e3bcc40d7c032b9dda1df7d1c" "/opt/rustwide/cargo-home/bin/cargo" "+beta-2023-12-22" "test" "--frozen" "--no-run" "--message-format=json", kill_on_drop: false }`
[INFO] [stdout] 3ab09472dbdf0e46e4e541d16c4c873b0027780f7a0a94d0e7f25ddba7bbd813
[INFO] running `Command { std: "docker" "start" "-a" "3ab09472dbdf0e46e4e541d16c4c873b0027780f7a0a94d0e7f25ddba7bbd813", kill_on_drop: false }`
[INFO] [stderr]    Compiling binary_serde_macros v1.0.23 (/opt/rustwide/workdir)
[INFO] [stderr]     Finished test [unoptimized + debuginfo] target(s) in 1.30s
[INFO] running `Command { std: "docker" "inspect" "3ab09472dbdf0e46e4e541d16c4c873b0027780f7a0a94d0e7f25ddba7bbd813", kill_on_drop: false }`
[INFO] running `Command { std: "docker" "rm" "-f" "3ab09472dbdf0e46e4e541d16c4c873b0027780f7a0a94d0e7f25ddba7bbd813", kill_on_drop: false }`
[INFO] [stdout] 3ab09472dbdf0e46e4e541d16c4c873b0027780f7a0a94d0e7f25ddba7bbd813
[INFO] running `Command { std: "docker" "create" "-v" "/var/lib/crater-agent-workspace/builds/worker-5-tc2/target:/opt/rustwide/target:rw,Z" "-v" "/var/lib/crater-agent-workspace/builds/worker-5-tc2/source:/opt/rustwide/workdir:ro,Z" "-v" "/var/lib/crater-agent-workspace/cargo-home:/opt/rustwide/cargo-home:ro,Z" "-v" "/var/lib/crater-agent-workspace/rustup-home:/opt/rustwide/rustup-home:ro,Z" "-e" "SOURCE_DIR=/opt/rustwide/workdir" "-e" "CARGO_TARGET_DIR=/opt/rustwide/target" "-e" "CARGO_INCREMENTAL=0" "-e" "RUST_BACKTRACE=full" "-e" "RUSTFLAGS=--cap-lints=warn" "-e" "RUSTDOCFLAGS=--cap-lints=warn" "-e" "CARGO_HOME=/opt/rustwide/cargo-home" "-e" "RUSTUP_HOME=/opt/rustwide/rustup-home" "-w" "/opt/rustwide/workdir" "-m" "1610612736" "--user" "0:0" "--network" "none" "ghcr.io/rust-lang/crates-build-env/linux@sha256:2788e3201cd34a07e3172128adcd8b3090168a8e3bcc40d7c032b9dda1df7d1c" "/opt/rustwide/cargo-home/bin/cargo" "+beta-2023-12-22" "test" "--frozen", kill_on_drop: false }`
[INFO] [stdout] b011d253711e25939f61c78db82b96acd803c82db07ade380ded206215f8a1e2
[INFO] running `Command { std: "docker" "start" "-a" "b011d253711e25939f61c78db82b96acd803c82db07ade380ded206215f8a1e2", kill_on_drop: false }`
[INFO] [stderr]     Finished test [unoptimized + debuginfo] target(s) in 0.01s
[INFO] [stdout] 
[INFO] [stdout] running 0 tests
[INFO] [stdout] 
[INFO] [stdout] test result: ok. 0 passed; 0 failed; 0 ignored; 0 measured; 0 filtered out; finished in 0.00s
[INFO] [stdout] 
[INFO] [stderr]      Running unittests src/lib.rs (/opt/rustwide/target/debug/deps/binary_serde_macros-e132b57e372ddb3b)
[INFO] [stderr]    Doc-tests binary_serde_macros
[INFO] [stdout] 
[INFO] [stdout] running 1 test
[INFO] [stdout] test src/lib.rs - binary_serde_bitfield (line 23) ... FAILED
[INFO] [stdout] 
[INFO] [stdout] failures:
[INFO] [stdout] 
[INFO] [stdout] ---- src/lib.rs - binary_serde_bitfield (line 23) stdout ----
[INFO] [stdout] error: cannot find attribute `binary_serde_bitfield` in this scope
[INFO] [stdout]  --> src/lib.rs:25:3
[INFO] [stdout]   |
[INFO] [stdout] 4 | #[binary_serde_bitfield]
[INFO] [stdout]   |   ^^^^^^^^^^^^^^^^^^^^^
[INFO] [stdout]   |
[INFO] [stdout] help: consider importing this attribute macro
[INFO] [stdout]   |
[INFO] [stdout] 2 + use binary_serde_macros::binary_serde_bitfield;
[INFO] [stdout]   |
[INFO] [stdout] 
[INFO] [stdout] error: cannot find attribute `bits` in this scope
[INFO] [stdout]  --> src/lib.rs:27:7
[INFO] [stdout]   |
[INFO] [stdout] 6 |     #[bits(8)]
[INFO] [stdout]   |       ^^^^
[INFO] [stdout] 
[INFO] [stdout] error: cannot find attribute `bits` in this scope
[INFO] [stdout]  --> src/lib.rs:30:7
[INFO] [stdout]   |
[INFO] [stdout] 9 |     #[bits(24)]
[INFO] [stdout]   |       ^^^^
[INFO] [stdout] 
[INFO] [stdout] error: aborting due to 3 previous errors
[INFO] [stdout] 
[INFO] [stdout] Couldn't compile the test.
[INFO] [stdout] 
[INFO] [stdout] failures:
[INFO] [stdout]     src/lib.rs - binary_serde_bitfield (line 23)
[INFO] [stdout] 
[INFO] [stdout] test result: FAILED. 0 passed; 1 failed; 0 ignored; 0 measured; 0 filtered out; finished in 0.11s
[INFO] [stdout] 
[INFO] [stderr] error: doctest failed, to rerun pass `--doc`
[INFO] running `Command { std: "docker" "inspect" "b011d253711e25939f61c78db82b96acd803c82db07ade380ded206215f8a1e2", kill_on_drop: false }`
[INFO] running `Command { std: "docker" "rm" "-f" "b011d253711e25939f61c78db82b96acd803c82db07ade380ded206215f8a1e2", kill_on_drop: false }`
[INFO] [stdout] b011d253711e25939f61c78db82b96acd803c82db07ade380ded206215f8a1e2
