[INFO] fetching crate binartree 2.0.2...
[INFO] testing binartree-2.0.2 against 1.75.0 for beta-1.76-1
[INFO] extracting crate binartree 2.0.2 into /workspace/builds/worker-6-tc1/source
[INFO] validating manifest of crates.io crate binartree 2.0.2 on toolchain 1.75.0
[INFO] running `Command { std: CARGO_HOME="/workspace/cargo-home" RUSTUP_HOME="/workspace/rustup-home" "/workspace/cargo-home/bin/cargo" "+1.75.0" "metadata" "--manifest-path" "Cargo.toml" "--no-deps", kill_on_drop: false }`
[INFO] started tweaking crates.io crate binartree 2.0.2
[INFO] finished tweaking crates.io crate binartree 2.0.2
[INFO] tweaked toml for crates.io crate binartree 2.0.2 written to /workspace/builds/worker-6-tc1/source/Cargo.toml
[INFO] running `Command { std: CARGO_HOME="/workspace/cargo-home" RUSTUP_HOME="/workspace/rustup-home" "/workspace/cargo-home/bin/cargo" "+1.75.0" "generate-lockfile" "--manifest-path" "Cargo.toml", kill_on_drop: false }`
[INFO] running `Command { std: CARGO_HOME="/workspace/cargo-home" RUSTUP_HOME="/workspace/rustup-home" "/workspace/cargo-home/bin/cargo" "+1.75.0" "fetch" "--manifest-path" "Cargo.toml", kill_on_drop: false }`
[INFO] running `Command { std: "docker" "create" "-v" "/var/lib/crater-agent-workspace/builds/worker-6-tc1/target:/opt/rustwide/target:rw,Z" "-v" "/var/lib/crater-agent-workspace/builds/worker-6-tc1/source:/opt/rustwide/workdir:ro,Z" "-v" "/var/lib/crater-agent-workspace/cargo-home:/opt/rustwide/cargo-home:ro,Z" "-v" "/var/lib/crater-agent-workspace/rustup-home:/opt/rustwide/rustup-home:ro,Z" "-e" "SOURCE_DIR=/opt/rustwide/workdir" "-e" "CARGO_TARGET_DIR=/opt/rustwide/target" "-e" "CARGO_HOME=/opt/rustwide/cargo-home" "-e" "RUSTUP_HOME=/opt/rustwide/rustup-home" "-w" "/opt/rustwide/workdir" "-m" "1610612736" "--user" "0:0" "--network" "none" "ghcr.io/rust-lang/crates-build-env/linux@sha256:2788e3201cd34a07e3172128adcd8b3090168a8e3bcc40d7c032b9dda1df7d1c" "/opt/rustwide/cargo-home/bin/cargo" "+1.75.0" "metadata" "--no-deps" "--format-version=1", kill_on_drop: false }`
[INFO] [stdout] af01fe88d2bb654ccd073e103f005b0e0db4a773d5109675683c22ce96780685
[INFO] running `Command { std: "docker" "start" "-a" "af01fe88d2bb654ccd073e103f005b0e0db4a773d5109675683c22ce96780685", kill_on_drop: false }`
[INFO] running `Command { std: "docker" "inspect" "af01fe88d2bb654ccd073e103f005b0e0db4a773d5109675683c22ce96780685", kill_on_drop: false }`
[INFO] running `Command { std: "docker" "rm" "-f" "af01fe88d2bb654ccd073e103f005b0e0db4a773d5109675683c22ce96780685", kill_on_drop: false }`
[INFO] [stdout] af01fe88d2bb654ccd073e103f005b0e0db4a773d5109675683c22ce96780685
[INFO] running `Command { std: "docker" "create" "-v" "/var/lib/crater-agent-workspace/builds/worker-6-tc1/target:/opt/rustwide/target:rw,Z" "-v" "/var/lib/crater-agent-workspace/builds/worker-6-tc1/source:/opt/rustwide/workdir:ro,Z" "-v" "/var/lib/crater-agent-workspace/cargo-home:/opt/rustwide/cargo-home:ro,Z" "-v" "/var/lib/crater-agent-workspace/rustup-home:/opt/rustwide/rustup-home:ro,Z" "-e" "SOURCE_DIR=/opt/rustwide/workdir" "-e" "CARGO_TARGET_DIR=/opt/rustwide/target" "-e" "CARGO_INCREMENTAL=0" "-e" "RUST_BACKTRACE=full" "-e" "RUSTFLAGS=--cap-lints=warn" "-e" "RUSTDOCFLAGS=--cap-lints=warn" "-e" "CARGO_HOME=/opt/rustwide/cargo-home" "-e" "RUSTUP_HOME=/opt/rustwide/rustup-home" "-w" "/opt/rustwide/workdir" "-m" "1610612736" "--user" "0:0" "--network" "none" "ghcr.io/rust-lang/crates-build-env/linux@sha256:2788e3201cd34a07e3172128adcd8b3090168a8e3bcc40d7c032b9dda1df7d1c" "/opt/rustwide/cargo-home/bin/cargo" "+1.75.0" "build" "--frozen" "--message-format=json", kill_on_drop: false }`
[INFO] [stdout] 9ef3f862a9cec42ff5c7434198ab6c74eeaac57f3f5875964d36ba94dc98a96f
[INFO] running `Command { std: "docker" "start" "-a" "9ef3f862a9cec42ff5c7434198ab6c74eeaac57f3f5875964d36ba94dc98a96f", kill_on_drop: false }`
[INFO] [stderr]    Compiling binartree v2.0.2 (/opt/rustwide/workdir)
[INFO] [stdout] warning: calls to `std::mem::drop` with a value that implements `Copy` does nothing
[INFO] [stdout]    --> src/node.rs:206:5
[INFO] [stdout]     |
[INFO] [stdout] 206 |                 mem::drop(branch.key);
[INFO] [stdout]     |                 ^^^^^^^^^^----------^
[INFO] [stdout]     |                           |
[INFO] [stdout]     |                           argument has type `T`
[INFO] [stdout]     |
[INFO] [stdout]     = note: use `let _ = ...` to ignore the expression or result
[INFO] [stdout]     = note: `#[warn(dropping_copy_types)]` on by default
[INFO] [stdout] 
[INFO] [stdout] 
[INFO] [stdout] warning: 1 warning emitted
[INFO] [stdout] 
[INFO] [stdout] 
[INFO] [stderr]     Finished dev [unoptimized + debuginfo] target(s) in 0.15s
[INFO] running `Command { std: "docker" "inspect" "9ef3f862a9cec42ff5c7434198ab6c74eeaac57f3f5875964d36ba94dc98a96f", kill_on_drop: false }`
[INFO] running `Command { std: "docker" "rm" "-f" "9ef3f862a9cec42ff5c7434198ab6c74eeaac57f3f5875964d36ba94dc98a96f", kill_on_drop: false }`
[INFO] [stdout] 9ef3f862a9cec42ff5c7434198ab6c74eeaac57f3f5875964d36ba94dc98a96f
[INFO] running `Command { std: "docker" "create" "-v" "/var/lib/crater-agent-workspace/builds/worker-6-tc1/target:/opt/rustwide/target:rw,Z" "-v" "/var/lib/crater-agent-workspace/builds/worker-6-tc1/source:/opt/rustwide/workdir:ro,Z" "-v" "/var/lib/crater-agent-workspace/cargo-home:/opt/rustwide/cargo-home:ro,Z" "-v" "/var/lib/crater-agent-workspace/rustup-home:/opt/rustwide/rustup-home:ro,Z" "-e" "SOURCE_DIR=/opt/rustwide/workdir" "-e" "CARGO_TARGET_DIR=/opt/rustwide/target" "-e" "CARGO_INCREMENTAL=0" "-e" "RUST_BACKTRACE=full" "-e" "RUSTFLAGS=--cap-lints=warn" "-e" "RUSTDOCFLAGS=--cap-lints=warn" "-e" "CARGO_HOME=/opt/rustwide/cargo-home" "-e" "RUSTUP_HOME=/opt/rustwide/rustup-home" "-w" "/opt/rustwide/workdir" "-m" "1610612736" "--user" "0:0" "--network" "none" "ghcr.io/rust-lang/crates-build-env/linux@sha256:2788e3201cd34a07e3172128adcd8b3090168a8e3bcc40d7c032b9dda1df7d1c" "/opt/rustwide/cargo-home/bin/cargo" "+1.75.0" "test" "--frozen" "--no-run" "--message-format=json", kill_on_drop: false }`
[INFO] [stdout] c4610d5fd3e5596f8226c7dec1883ec729cc8b43b455a2bd510dcc3a58ad1662
[INFO] running `Command { std: "docker" "start" "-a" "c4610d5fd3e5596f8226c7dec1883ec729cc8b43b455a2bd510dcc3a58ad1662", kill_on_drop: false }`
[INFO] [stderr]    Compiling binartree v2.0.2 (/opt/rustwide/workdir)
[INFO] [stdout] warning: calls to `std::mem::drop` with a value that implements `Copy` does nothing
[INFO] [stdout]    --> src/node.rs:206:5
[INFO] [stdout]     |
[INFO] [stdout] 206 |                 mem::drop(branch.key);
[INFO] [stdout]     |                 ^^^^^^^^^^----------^
[INFO] [stdout]     |                           |
[INFO] [stdout]     |                           argument has type `T`
[INFO] [stdout]     |
[INFO] [stdout]     = note: use `let _ = ...` to ignore the expression or result
[INFO] [stdout]     = note: `#[warn(dropping_copy_types)]` on by default
[INFO] [stdout] 
[INFO] [stdout] 
[INFO] [stdout] warning: 1 warning emitted
[INFO] [stdout] 
[INFO] [stdout] 
[INFO] [stdout] warning: calls to `std::mem::drop` with a value that implements `Copy` does nothing
[INFO] [stdout]    --> src/node.rs:206:5
[INFO] [stdout]     |
[INFO] [stdout] 206 |                 mem::drop(branch.key);
[INFO] [stdout]     |                 ^^^^^^^^^^----------^
[INFO] [stdout]     |                           |
[INFO] [stdout]     |                           argument has type `T`
[INFO] [stdout]     |
[INFO] [stdout]     = note: use `let _ = ...` to ignore the expression or result
[INFO] [stdout]     = note: `#[warn(dropping_copy_types)]` on by default
[INFO] [stdout] 
[INFO] [stdout] 
[INFO] [stdout] warning: 1 warning emitted
[INFO] [stdout] 
[INFO] [stdout] 
[INFO] [stderr]     Finished test [unoptimized + debuginfo] target(s) in 0.86s
[INFO] running `Command { std: "docker" "inspect" "c4610d5fd3e5596f8226c7dec1883ec729cc8b43b455a2bd510dcc3a58ad1662", kill_on_drop: false }`
[INFO] running `Command { std: "docker" "rm" "-f" "c4610d5fd3e5596f8226c7dec1883ec729cc8b43b455a2bd510dcc3a58ad1662", kill_on_drop: false }`
[INFO] [stdout] c4610d5fd3e5596f8226c7dec1883ec729cc8b43b455a2bd510dcc3a58ad1662
[INFO] running `Command { std: "docker" "create" "-v" "/var/lib/crater-agent-workspace/builds/worker-6-tc1/target:/opt/rustwide/target:rw,Z" "-v" "/var/lib/crater-agent-workspace/builds/worker-6-tc1/source:/opt/rustwide/workdir:ro,Z" "-v" "/var/lib/crater-agent-workspace/cargo-home:/opt/rustwide/cargo-home:ro,Z" "-v" "/var/lib/crater-agent-workspace/rustup-home:/opt/rustwide/rustup-home:ro,Z" "-e" "SOURCE_DIR=/opt/rustwide/workdir" "-e" "CARGO_TARGET_DIR=/opt/rustwide/target" "-e" "CARGO_INCREMENTAL=0" "-e" "RUST_BACKTRACE=full" "-e" "RUSTFLAGS=--cap-lints=warn" "-e" "RUSTDOCFLAGS=--cap-lints=warn" "-e" "CARGO_HOME=/opt/rustwide/cargo-home" "-e" "RUSTUP_HOME=/opt/rustwide/rustup-home" "-w" "/opt/rustwide/workdir" "-m" "1610612736" "--user" "0:0" "--network" "none" "ghcr.io/rust-lang/crates-build-env/linux@sha256:2788e3201cd34a07e3172128adcd8b3090168a8e3bcc40d7c032b9dda1df7d1c" "/opt/rustwide/cargo-home/bin/cargo" "+1.75.0" "test" "--frozen", kill_on_drop: false }`
[INFO] [stdout] 2c3f1a4521991d0d8564d645ff8bf9e922aaeeb16cd8515348ab97ad8c815b61
[INFO] running `Command { std: "docker" "start" "-a" "2c3f1a4521991d0d8564d645ff8bf9e922aaeeb16cd8515348ab97ad8c815b61", kill_on_drop: false }`
[INFO] [stderr] warning: calls to `std::mem::drop` with a value that implements `Copy` does nothing
[INFO] [stderr]    --> src/node.rs:206:5
[INFO] [stderr]     |
[INFO] [stderr] 206 |                 mem::drop(branch.key);
[INFO] [stderr]     |                 ^^^^^^^^^^----------^
[INFO] [stderr]     |                           |
[INFO] [stderr]     |                           argument has type `T`
[INFO] [stderr]     |
[INFO] [stderr]     = note: use `let _ = ...` to ignore the expression or result
[INFO] [stderr]     = note: `#[warn(dropping_copy_types)]` on by default
[INFO] [stderr] 
[INFO] [stderr] warning: `binartree` (lib) generated 1 warning
[INFO] [stderr] warning: `binartree` (lib test) generated 1 warning (1 duplicate)
[INFO] [stderr]     Finished test [unoptimized + debuginfo] target(s) in 0.00s
[INFO] [stderr]      Running unittests src/lib.rs (/opt/rustwide/target/debug/deps/binartree-ed09c2bc2c1cc65b)
[INFO] [stdout] 
[INFO] [stdout] running 59 tests
[INFO] [stdout] test tests::iter_test::iter_clear_test ... ok
[INFO] [stdout] test tests::iter_test::iter_capacity_test ... ok
[INFO] [stdout] test tests::iter_test::iter_append_test ... ok
[INFO] [stdout] test tests::iter_test::iter_empty_test ... ok
[INFO] [stdout] test tests::iter_test::iter_dedup_test ... ok
[INFO] [stdout] test tests::iter_test::iter_drain_test ... ok
[INFO] [stdout] test tests::iter_test::iter_extend_test ... ok
[INFO] [stdout] test tests::iter_test::iter_extend_slice_test ... ok
[INFO] [stdout] test tests::iter_test::iter_drain_filter_test ... ok
[INFO] [stdout] test tests::iter_test::iter_from_iterator_len_test ... ok
[INFO] [stdout] test tests::iter_test::iter_insert_test ... ok
[INFO] [stdout] test tests::iter_test::iter_pop_back_test ... ok
[INFO] [stdout] test tests::iter_test::iter_pop_front_test ... ok
[INFO] [stdout] test tests::iter_test::iter_push_back_test ... ok
[INFO] [stdout] test tests::iter_test::iter_push_front_test ... ok
[INFO] [stdout] test tests::iter_test::iter_remove_test ... ok
[INFO] [stdout] test tests::iter_test::iter_swap_front ... ok
[INFO] [stdout] test tests::node_test::node_default_test ... ok
[INFO] [stdout] test tests::iter_test::iter_truncate_test ... ok
[INFO] [stdout] test tests::node_test::node_drop_test ... ok
[INFO] [stdout] test tests::node_test::node_find_test ... ok
[INFO] [stdout] test tests::node_test::node_get_key_test ... ok
[INFO] [stdout] test tests::iter_test::iter_shrink_test ... ok
[INFO] [stdout] test tests::node_test::node_insert_full_test ... ok
[INFO] [stdout] test tests::node_test::node_min_max_test ... ok
[INFO] [stdout] test tests::iter_test::iter_swap_back ... ok
[INFO] [stdout] test tests::node_test::node_remove_test ... ok
[INFO] [stdout] test tests::node_test::node_walk_test ... ok
[INFO] [stdout] test tests::tree_test::tree_append_test ... ok
[INFO] [stdout] test tests::node_test::node_ignores_test ... ok
[INFO] [stdout] test tests::iter_test::iter_retain_test ... ok
[INFO] [stdout] test tests::tree_test::tree_contains_test ... ok
[INFO] [stdout] test tests::node_test::node_new_test ... ok
[INFO] [stdout] test tests::tree_test::tree_default_test ... ok
[INFO] [stdout] test tests::node_test::node_insert_test ... ok
[INFO] [stdout] test tests::iter_test::iter_split_off_test ... ok
[INFO] [stdout] test tests::tree_test::tree_insert_full_test ... ok
[INFO] [stdout] test tests::tree_test::tree_empty_test ... ok
[INFO] [stdout] test tests::tree_test::tree_insert_test ... ok
[INFO] [stdout] test tests::tree_test::tree_first_last_test ... ok
[INFO] [stdout] test tests::tree_test::tree_pop_last ... ok
[INFO] [stdout] test tests::tree_test::tree_iter_test ... ok
[INFO] [stdout] test tests::tree_test::tree_new_test ... ok
[INFO] [stdout] test tests::tree_test::tree_len_test ... ok
[INFO] [stdout] test tests::tree_test::tree_pop_first ... ok
[INFO] [stdout] test tests::tree_test::tree_remove_test ... ok
[INFO] [stdout] test tests::tree_test::tree_multi_remove_test ... ok
[INFO] [stdout] test tests::tree_test::tree_clear_test ... ok
[INFO] [stdout] test tests::tree_test::tree_sym_dif_test ... ok
[INFO] [stdout] test tests::tree_test::tree_replace_val_test ... ok
[INFO] [stdout] test tests::iter_test::iter_reserve_test ... FAILED
[INFO] [stdout] test tests::tree_test::tree_difference_test ... ok
[INFO] [stdout] test tests::tree_test::tree_is_disjoint_test ... ok
[INFO] [stdout] test tests::tree_test::tree_intersection_test ... ok
[INFO] [stdout] test tests::tree_test::tree_bitand_test ... ok
[INFO] [stdout] test tests::tree_test::tree_union_test ... ok
[INFO] [stdout] test tests::tree_test::tree_bitxor_test ... ok
[INFO] [stdout] test tests::tree_test::tree_drain_filter_test ... ok
[INFO] [stdout] test tests::tree_test::tree_bitor_test ... ok
[INFO] [stdout] 
[INFO] [stdout] failures:
[INFO] [stdout] 
[INFO] [stdout] ---- tests::iter_test::iter_reserve_test stdout ----
[INFO] [stdout] thread 'tests::iter_test::iter_reserve_test' panicked at src/tests.rs:353:9:
[INFO] [stdout] assertion failed: iter.capacity() >= 510
[INFO] [stdout] stack backtrace:
[INFO] [stdout]    0:     0x55e3ee3041ac - std::backtrace_rs::backtrace::libunwind::trace::ha637c64ce894333a
[INFO] [stdout]                                at /rustc/82e1608dfa6e0b5569232559e3d385fea5a93112/library/std/src/../../backtrace/src/backtrace/libunwind.rs:104:5
[INFO] [stdout]    1:     0x55e3ee3041ac - std::backtrace_rs::backtrace::trace_unsynchronized::h47f62dea28e0c88d
[INFO] [stdout]                                at /rustc/82e1608dfa6e0b5569232559e3d385fea5a93112/library/std/src/../../backtrace/src/backtrace/mod.rs:66:5
[INFO] [stdout]    2:     0x55e3ee3041ac - std::sys_common::backtrace::_print_fmt::h9eef0abe20ede486
[INFO] [stdout]                                at /rustc/82e1608dfa6e0b5569232559e3d385fea5a93112/library/std/src/sys_common/backtrace.rs:67:5
[INFO] [stdout]    3:     0x55e3ee3041ac - <std::sys_common::backtrace::_print::DisplayBacktrace as core::fmt::Display>::fmt::hed7f999df88cc644
[INFO] [stdout]                                at /rustc/82e1608dfa6e0b5569232559e3d385fea5a93112/library/std/src/sys_common/backtrace.rs:44:22
[INFO] [stdout]    4:     0x55e3ee32dcf0 - core::fmt::rt::Argument::fmt::h1539a9308b8d058d
[INFO] [stdout]                                at /rustc/82e1608dfa6e0b5569232559e3d385fea5a93112/library/core/src/fmt/rt.rs:142:9
[INFO] [stdout]    5:     0x55e3ee32dcf0 - core::fmt::write::h3a39390d8560d9c9
[INFO] [stdout]                                at /rustc/82e1608dfa6e0b5569232559e3d385fea5a93112/library/core/src/fmt/mod.rs:1120:17
[INFO] [stdout]    6:     0x55e3ee301b5f - std::io::Write::write_fmt::h040b369f3a0f9cbc
[INFO] [stdout]                                at /rustc/82e1608dfa6e0b5569232559e3d385fea5a93112/library/std/src/io/mod.rs:1762:15
[INFO] [stdout]    7:     0x55e3ee303f94 - std::sys_common::backtrace::_print::h894006fb5c6f3d45
[INFO] [stdout]                                at /rustc/82e1608dfa6e0b5569232559e3d385fea5a93112/library/std/src/sys_common/backtrace.rs:47:5
[INFO] [stdout]    8:     0x55e3ee303f94 - std::sys_common::backtrace::print::h23a2d212c6fff936
[INFO] [stdout]                                at /rustc/82e1608dfa6e0b5569232559e3d385fea5a93112/library/std/src/sys_common/backtrace.rs:34:9
[INFO] [stdout]    9:     0x55e3ee305c57 - std::panicking::default_hook::{{closure}}::h8a1d2ee00185001a
[INFO] [stdout]   10:     0x55e3ee305943 - std::panicking::default_hook::h6038f2eba384e475
[INFO] [stdout]                                at /rustc/82e1608dfa6e0b5569232559e3d385fea5a93112/library/std/src/panicking.rs:289:9
[INFO] [stdout]   11:     0x55e3ee2d6357 - <alloc::boxed::Box<F,A> as core::ops::function::Fn<Args>>::call::h0ad024c9bdc6d768
[INFO] [stdout]                                at /rustc/82e1608dfa6e0b5569232559e3d385fea5a93112/library/alloc/src/boxed.rs:2021:9
[INFO] [stdout]   12:     0x55e3ee2d6357 - test::test_main::{{closure}}::h7500b54257359db6
[INFO] [stdout]                                at /rustc/82e1608dfa6e0b5569232559e3d385fea5a93112/library/test/src/lib.rs:138:21
[INFO] [stdout]   13:     0x55e3ee306268 - <alloc::boxed::Box<F,A> as core::ops::function::Fn<Args>>::call::h1f8f335eaa9cfaee
[INFO] [stdout]                                at /rustc/82e1608dfa6e0b5569232559e3d385fea5a93112/library/alloc/src/boxed.rs:2021:9
[INFO] [stdout]   14:     0x55e3ee306268 - std::panicking::rust_panic_with_hook::h2b5517d590cab22e
[INFO] [stdout]                                at /rustc/82e1608dfa6e0b5569232559e3d385fea5a93112/library/std/src/panicking.rs:783:13
[INFO] [stdout]   15:     0x55e3ee305f89 - std::panicking::begin_panic_handler::{{closure}}::h233112c06e0ef43e
[INFO] [stdout]                                at /rustc/82e1608dfa6e0b5569232559e3d385fea5a93112/library/std/src/panicking.rs:649:13
[INFO] [stdout]   16:     0x55e3ee304676 - std::sys_common::backtrace::__rust_end_short_backtrace::h6e893f24d7ebbff8
[INFO] [stdout]                                at /rustc/82e1608dfa6e0b5569232559e3d385fea5a93112/library/std/src/sys_common/backtrace.rs:170:18
[INFO] [stdout]   17:     0x55e3ee305d22 - rust_begin_unwind
[INFO] [stdout]                                at /rustc/82e1608dfa6e0b5569232559e3d385fea5a93112/library/std/src/panicking.rs:645:5
[INFO] [stdout]   18:     0x55e3ee263d75 - core::panicking::panic_fmt::hbf0e066aabfa482c
[INFO] [stdout]                                at /rustc/82e1608dfa6e0b5569232559e3d385fea5a93112/library/core/src/panicking.rs:72:14
[INFO] [stdout]   19:     0x55e3ee263e13 - core::panicking::panic::h195fc2a96298d4c3
[INFO] [stdout]                                at /rustc/82e1608dfa6e0b5569232559e3d385fea5a93112/library/core/src/panicking.rs:127:5
[INFO] [stdout]   20:     0x55e3ee26d35f - binartree::tests::iter_test::iter_reserve_test::hbb00f66879193a69
[INFO] [stdout]                                at /opt/rustwide/workdir/src/tests.rs:353:3
[INFO] [stdout]   21:     0x55e3ee26d2c7 - binartree::tests::iter_test::iter_reserve_test::{{closure}}::hcb6f1c2aca2edb02
[INFO] [stdout]                                at /opt/rustwide/workdir/src/tests.rs:350:24
[INFO] [stdout]   22:     0x55e3ee287786 - core::ops::function::FnOnce::call_once::h2d032a0df26f39b9
[INFO] [stdout]                                at /rustc/82e1608dfa6e0b5569232559e3d385fea5a93112/library/core/src/ops/function.rs:250:5
[INFO] [stdout]   23:     0x55e3ee2db9af - core::ops::function::FnOnce::call_once::h2b5d431d5046312d
[INFO] [stdout]                                at /rustc/82e1608dfa6e0b5569232559e3d385fea5a93112/library/core/src/ops/function.rs:250:5
[INFO] [stdout]   24:     0x55e3ee2db9af - test::__rust_begin_short_backtrace::h7714669af176e207
[INFO] [stdout]                                at /rustc/82e1608dfa6e0b5569232559e3d385fea5a93112/library/test/src/lib.rs:628:18
[INFO] [stdout]   25:     0x55e3ee2da9c5 - test::run_test_in_process::{{closure}}::h85218797dcbcec12
[INFO] [stdout]                                at /rustc/82e1608dfa6e0b5569232559e3d385fea5a93112/library/test/src/lib.rs:651:60
[INFO] [stdout]   26:     0x55e3ee2da9c5 - <core::panic::unwind_safe::AssertUnwindSafe<F> as core::ops::function::FnOnce<()>>::call_once::h76c106ea31c14d7b
[INFO] [stdout]                                at /rustc/82e1608dfa6e0b5569232559e3d385fea5a93112/library/core/src/panic/unwind_safe.rs:272:9
[INFO] [stdout]   27:     0x55e3ee2da9c5 - std::panicking::try::do_call::h3bd5d0f6620ee946
[INFO] [stdout]                                at /rustc/82e1608dfa6e0b5569232559e3d385fea5a93112/library/std/src/panicking.rs:552:40
[INFO] [stdout]   28:     0x55e3ee2da9c5 - std::panicking::try::h232e535e4744fe31
[INFO] [stdout]                                at /rustc/82e1608dfa6e0b5569232559e3d385fea5a93112/library/std/src/panicking.rs:516:19
[INFO] [stdout]   29:     0x55e3ee2da9c5 - std::panic::catch_unwind::h3ce3bd6ca8dbac68
[INFO] [stdout]                                at /rustc/82e1608dfa6e0b5569232559e3d385fea5a93112/library/std/src/panic.rs:142:14
[INFO] [stdout]   30:     0x55e3ee2da9c5 - test::run_test_in_process::hc97b257c9621286a
[INFO] [stdout]                                at /rustc/82e1608dfa6e0b5569232559e3d385fea5a93112/library/test/src/lib.rs:651:27
[INFO] [stdout]   31:     0x55e3ee2da9c5 - test::run_test::{{closure}}::h2aa798823a438d38
[INFO] [stdout]                                at /rustc/82e1608dfa6e0b5569232559e3d385fea5a93112/library/test/src/lib.rs:574:43
[INFO] [stdout]   32:     0x55e3ee2a2c86 - test::run_test::{{closure}}::h87d231c78fb59832
[INFO] [stdout]                                at /rustc/82e1608dfa6e0b5569232559e3d385fea5a93112/library/test/src/lib.rs:602:41
[INFO] [stdout]   33:     0x55e3ee2a2c86 - std::sys_common::backtrace::__rust_begin_short_backtrace::he6df152596625789
[INFO] [stdout]                                at /rustc/82e1608dfa6e0b5569232559e3d385fea5a93112/library/std/src/sys_common/backtrace.rs:154:18
[INFO] [stdout]   34:     0x55e3ee2a7d37 - std::thread::Builder::spawn_unchecked_::{{closure}}::{{closure}}::ha94be15d1e0acf36
[INFO] [stdout]                                at /rustc/82e1608dfa6e0b5569232559e3d385fea5a93112/library/std/src/thread/mod.rs:529:17
[INFO] [stdout]   35:     0x55e3ee2a7d37 - <core::panic::unwind_safe::AssertUnwindSafe<F> as core::ops::function::FnOnce<()>>::call_once::h9dc6bd6372f16606
[INFO] [stdout]                                at /rustc/82e1608dfa6e0b5569232559e3d385fea5a93112/library/core/src/panic/unwind_safe.rs:272:9
[INFO] [stdout]   36:     0x55e3ee2a7d37 - std::panicking::try::do_call::h9057517f80303cd4
[INFO] [stdout]                                at /rustc/82e1608dfa6e0b5569232559e3d385fea5a93112/library/std/src/panicking.rs:552:40
[INFO] [stdout]   37:     0x55e3ee2a7d37 - std::panicking::try::he3a30b11ee45340c
[INFO] [stdout]                                at /rustc/82e1608dfa6e0b5569232559e3d385fea5a93112/library/std/src/panicking.rs:516:19
[INFO] [stdout]   38:     0x55e3ee2a7d37 - std::panic::catch_unwind::h410458cfd3528b8b
[INFO] [stdout]                                at /rustc/82e1608dfa6e0b5569232559e3d385fea5a93112/library/std/src/panic.rs:142:14
[INFO] [stdout]   39:     0x55e3ee2a7d37 - std::thread::Builder::spawn_unchecked_::{{closure}}::h72ac3bdb567b737b
[INFO] [stdout]                                at /rustc/82e1608dfa6e0b5569232559e3d385fea5a93112/library/std/src/thread/mod.rs:528:30
[INFO] [stdout]   40:     0x55e3ee2a7d37 - core::ops::function::FnOnce::call_once{{vtable.shim}}::h38f34da3654a8344
[INFO] [stdout]                                at /rustc/82e1608dfa6e0b5569232559e3d385fea5a93112/library/core/src/ops/function.rs:250:5
[INFO] [stdout]   41:     0x55e3ee30acf5 - <alloc::boxed::Box<F,A> as core::ops::function::FnOnce<Args>>::call_once::hc7eafaff61e32df9
[INFO] [stdout]                                at /rustc/82e1608dfa6e0b5569232559e3d385fea5a93112/library/alloc/src/boxed.rs:2007:9
[INFO] [stdout]   42:     0x55e3ee30acf5 - <alloc::boxed::Box<F,A> as core::ops::function::FnOnce<Args>>::call_once::h6ba4a5de48dd2304
[INFO] [stdout]                                at /rustc/82e1608dfa6e0b5569232559e3d385fea5a93112/library/alloc/src/boxed.rs:2007:9
[INFO] [stdout]   43:     0x55e3ee30acf5 - std::sys::unix::thread::Thread::new::thread_start::he469335aef763e45
[INFO] [stdout]                                at /rustc/82e1608dfa6e0b5569232559e3d385fea5a93112/library/std/src/sys/unix/thread.rs:108:17
[INFO] [stdout]   44:     0x7f6dfbfb8ac3 - <unknown>
[INFO] [stdout]   45:     0x7f6dfc049bf4 - __clone
[INFO] [stdout]   46:                0x0 - <unknown>
[INFO] [stdout] 
[INFO] [stdout] 
[INFO] [stdout] failures:
[INFO] [stdout]     tests::iter_test::iter_reserve_test
[INFO] [stdout] 
[INFO] [stdout] test result: FAILED. 58 passed; 1 failed; 0 ignored; 0 measured; 0 filtered out; finished in 0.29s
[INFO] [stdout] 
[INFO] [stderr] error: test failed, to rerun pass `--lib`
[INFO] running `Command { std: "docker" "inspect" "2c3f1a4521991d0d8564d645ff8bf9e922aaeeb16cd8515348ab97ad8c815b61", kill_on_drop: false }`
[INFO] running `Command { std: "docker" "rm" "-f" "2c3f1a4521991d0d8564d645ff8bf9e922aaeeb16cd8515348ab97ad8c815b61", kill_on_drop: false }`
[INFO] [stdout] 2c3f1a4521991d0d8564d645ff8bf9e922aaeeb16cd8515348ab97ad8c815b61
