[INFO] fetching crate bib_unifier 0.1.2...
[INFO] testing bib_unifier-0.1.2 against 1.75.0 for beta-1.76-1
[INFO] extracting crate bib_unifier 0.1.2 into /workspace/builds/worker-1-tc1/source
[INFO] validating manifest of crates.io crate bib_unifier 0.1.2 on toolchain 1.75.0
[INFO] running `Command { std: CARGO_HOME="/workspace/cargo-home" RUSTUP_HOME="/workspace/rustup-home" "/workspace/cargo-home/bin/cargo" "+1.75.0" "metadata" "--manifest-path" "Cargo.toml" "--no-deps", kill_on_drop: false }`
[INFO] started tweaking crates.io crate bib_unifier 0.1.2
[INFO] finished tweaking crates.io crate bib_unifier 0.1.2
[INFO] tweaked toml for crates.io crate bib_unifier 0.1.2 written to /workspace/builds/worker-1-tc1/source/Cargo.toml
[INFO] crate crates.io crate bib_unifier 0.1.2 already has a lockfile, it will not be regenerated
[INFO] running `Command { std: CARGO_HOME="/workspace/cargo-home" RUSTUP_HOME="/workspace/rustup-home" "/workspace/cargo-home/bin/cargo" "+1.75.0" "fetch" "--manifest-path" "Cargo.toml", kill_on_drop: false }`
[INFO] [stderr]     Updating crates.io index
[INFO] [stderr]  Downloading crates ...
[INFO] [stderr]   Downloaded strum v0.23.0
[INFO] [stderr]   Downloaded unicode-segmentation v1.9.0
[INFO] [stderr]   Downloaded anyhow v1.0.56
[INFO] [stderr]   Downloaded rustversion v1.0.6
[INFO] [stderr]   Downloaded numerals v0.1.4
[INFO] [stderr]   Downloaded strum_macros v0.23.1
[INFO] [stderr]   Downloaded bunt v0.2.6
[INFO] [stderr]   Downloaded bunt-macros v0.2.5
[INFO] [stderr]   Downloaded read_input v0.8.6
[INFO] [stderr]   Downloaded biblatex v0.5.0
[INFO] [stderr]   Downloaded libc v0.2.120
[INFO] running `Command { std: "docker" "create" "-v" "/var/lib/crater-agent-workspace/builds/worker-1-tc1/target:/opt/rustwide/target:rw,Z" "-v" "/var/lib/crater-agent-workspace/builds/worker-1-tc1/source:/opt/rustwide/workdir:ro,Z" "-v" "/var/lib/crater-agent-workspace/cargo-home:/opt/rustwide/cargo-home:ro,Z" "-v" "/var/lib/crater-agent-workspace/rustup-home:/opt/rustwide/rustup-home:ro,Z" "-e" "SOURCE_DIR=/opt/rustwide/workdir" "-e" "CARGO_TARGET_DIR=/opt/rustwide/target" "-e" "CARGO_HOME=/opt/rustwide/cargo-home" "-e" "RUSTUP_HOME=/opt/rustwide/rustup-home" "-w" "/opt/rustwide/workdir" "-m" "1610612736" "--user" "0:0" "--network" "none" "ghcr.io/rust-lang/crates-build-env/linux@sha256:2788e3201cd34a07e3172128adcd8b3090168a8e3bcc40d7c032b9dda1df7d1c" "/opt/rustwide/cargo-home/bin/cargo" "+1.75.0" "metadata" "--no-deps" "--format-version=1", kill_on_drop: false }`
[INFO] [stdout] c0162db3407ba87025996c754d6808f5376c5a2a77b1004c67f91a31d1a0a0ba
[INFO] running `Command { std: "docker" "start" "-a" "c0162db3407ba87025996c754d6808f5376c5a2a77b1004c67f91a31d1a0a0ba", kill_on_drop: false }`
[INFO] running `Command { std: "docker" "inspect" "c0162db3407ba87025996c754d6808f5376c5a2a77b1004c67f91a31d1a0a0ba", kill_on_drop: false }`
[INFO] running `Command { std: "docker" "rm" "-f" "c0162db3407ba87025996c754d6808f5376c5a2a77b1004c67f91a31d1a0a0ba", kill_on_drop: false }`
[INFO] [stdout] c0162db3407ba87025996c754d6808f5376c5a2a77b1004c67f91a31d1a0a0ba
[INFO] running `Command { std: "docker" "create" "-v" "/var/lib/crater-agent-workspace/builds/worker-1-tc1/target:/opt/rustwide/target:rw,Z" "-v" "/var/lib/crater-agent-workspace/builds/worker-1-tc1/source:/opt/rustwide/workdir:ro,Z" "-v" "/var/lib/crater-agent-workspace/cargo-home:/opt/rustwide/cargo-home:ro,Z" "-v" "/var/lib/crater-agent-workspace/rustup-home:/opt/rustwide/rustup-home:ro,Z" "-e" "SOURCE_DIR=/opt/rustwide/workdir" "-e" "CARGO_TARGET_DIR=/opt/rustwide/target" "-e" "CARGO_INCREMENTAL=0" "-e" "RUST_BACKTRACE=full" "-e" "RUSTFLAGS=--cap-lints=warn" "-e" "RUSTDOCFLAGS=--cap-lints=warn" "-e" "CARGO_HOME=/opt/rustwide/cargo-home" "-e" "RUSTUP_HOME=/opt/rustwide/rustup-home" "-w" "/opt/rustwide/workdir" "-m" "1610612736" "--user" "0:0" "--network" "none" "ghcr.io/rust-lang/crates-build-env/linux@sha256:2788e3201cd34a07e3172128adcd8b3090168a8e3bcc40d7c032b9dda1df7d1c" "/opt/rustwide/cargo-home/bin/cargo" "+1.75.0" "build" "--frozen" "--message-format=json", kill_on_drop: false }`
[INFO] [stdout] 7117d586f2fc30915cc9231e60079ec18eab26a86b62166137ce88a2dbf7b260
[INFO] running `Command { std: "docker" "start" "-a" "7117d586f2fc30915cc9231e60079ec18eab26a86b62166137ce88a2dbf7b260", kill_on_drop: false }`
[INFO] [stderr]    Compiling proc-macro2 v1.0.36
[INFO] [stderr]    Compiling unicode-xid v0.2.2
[INFO] [stderr]    Compiling syn v1.0.89
[INFO] [stderr]    Compiling rustversion v1.0.6
[INFO] [stderr]    Compiling unicode-segmentation v1.9.0
[INFO] [stderr]    Compiling libc v0.2.120
[INFO] [stderr]    Compiling proc-macro-error-attr v1.0.4
[INFO] [stderr]    Compiling num-traits v0.2.14
[INFO] [stderr]    Compiling proc-macro-error v1.0.4
[INFO] [stderr]    Compiling num-integer v0.1.44
[INFO] [stderr]    Compiling memchr v2.4.1
[INFO] [stderr]    Compiling heck v0.3.3
[INFO] [stderr]    Compiling indexmap v1.8.0
[INFO] [stderr]    Compiling tinyvec_macros v0.1.0
[INFO] [stderr]    Compiling tinyvec v1.5.1
[INFO] [stderr]    Compiling heck v0.4.0
[INFO] [stderr]    Compiling hashbrown v0.11.2
[INFO] [stderr]    Compiling regex-syntax v0.6.25
[INFO] [stderr]    Compiling quote v1.0.15
[INFO] [stderr]    Compiling litrs v0.2.3
[INFO] [stderr]    Compiling anyhow v1.0.56
[INFO] [stderr]    Compiling termcolor v1.1.3
[INFO] [stderr]    Compiling unicode-normalization v0.1.19
[INFO] [stderr]    Compiling chrono v0.4.19
[INFO] [stderr]    Compiling atty v0.2.14
[INFO] [stderr]    Compiling os_str_bytes v6.0.0
[INFO] [stderr]    Compiling bunt-macros v0.2.5
[INFO] [stderr]    Compiling numerals v0.1.4
[INFO] [stderr]    Compiling regex v1.5.5
[INFO] [stderr]    Compiling strsim v0.10.0
[INFO] [stderr]    Compiling textwrap v0.15.0
[INFO] [stderr]    Compiling paste v1.0.6
[INFO] [stderr]    Compiling read_input v0.8.6
[INFO] [stderr]    Compiling bunt v0.2.6
[INFO] [stderr]    Compiling strum_macros v0.23.1
[INFO] [stderr]    Compiling clap_derive v3.1.4
[INFO] [stderr]    Compiling strum v0.23.0
[INFO] [stderr]    Compiling biblatex v0.5.0
[INFO] [stderr]    Compiling clap v3.1.6
[INFO] [stderr]    Compiling bib_unifier v0.1.2 (/opt/rustwide/workdir)
[INFO] [stderr]     Finished dev [unoptimized + debuginfo] target(s) in 26.69s
[INFO] running `Command { std: "docker" "inspect" "7117d586f2fc30915cc9231e60079ec18eab26a86b62166137ce88a2dbf7b260", kill_on_drop: false }`
[INFO] running `Command { std: "docker" "rm" "-f" "7117d586f2fc30915cc9231e60079ec18eab26a86b62166137ce88a2dbf7b260", kill_on_drop: false }`
[INFO] [stdout] 7117d586f2fc30915cc9231e60079ec18eab26a86b62166137ce88a2dbf7b260
[INFO] running `Command { std: "docker" "create" "-v" "/var/lib/crater-agent-workspace/builds/worker-1-tc1/target:/opt/rustwide/target:rw,Z" "-v" "/var/lib/crater-agent-workspace/builds/worker-1-tc1/source:/opt/rustwide/workdir:ro,Z" "-v" "/var/lib/crater-agent-workspace/cargo-home:/opt/rustwide/cargo-home:ro,Z" "-v" "/var/lib/crater-agent-workspace/rustup-home:/opt/rustwide/rustup-home:ro,Z" "-e" "SOURCE_DIR=/opt/rustwide/workdir" "-e" "CARGO_TARGET_DIR=/opt/rustwide/target" "-e" "CARGO_INCREMENTAL=0" "-e" "RUST_BACKTRACE=full" "-e" "RUSTFLAGS=--cap-lints=warn" "-e" "RUSTDOCFLAGS=--cap-lints=warn" "-e" "CARGO_HOME=/opt/rustwide/cargo-home" "-e" "RUSTUP_HOME=/opt/rustwide/rustup-home" "-w" "/opt/rustwide/workdir" "-m" "1610612736" "--user" "0:0" "--network" "none" "ghcr.io/rust-lang/crates-build-env/linux@sha256:2788e3201cd34a07e3172128adcd8b3090168a8e3bcc40d7c032b9dda1df7d1c" "/opt/rustwide/cargo-home/bin/cargo" "+1.75.0" "test" "--frozen" "--no-run" "--message-format=json", kill_on_drop: false }`
[INFO] [stdout] 56ffbe1b84c18518aac34291f2876d86929035d8dce138c4378911f8615c83af
[INFO] running `Command { std: "docker" "start" "-a" "56ffbe1b84c18518aac34291f2876d86929035d8dce138c4378911f8615c83af", kill_on_drop: false }`
[INFO] [stderr]    Compiling bib_unifier v0.1.2 (/opt/rustwide/workdir)
[INFO] [stderr]     Finished test [unoptimized + debuginfo] target(s) in 1.60s
[INFO] running `Command { std: "docker" "inspect" "56ffbe1b84c18518aac34291f2876d86929035d8dce138c4378911f8615c83af", kill_on_drop: false }`
[INFO] running `Command { std: "docker" "rm" "-f" "56ffbe1b84c18518aac34291f2876d86929035d8dce138c4378911f8615c83af", kill_on_drop: false }`
[INFO] [stdout] 56ffbe1b84c18518aac34291f2876d86929035d8dce138c4378911f8615c83af
[INFO] running `Command { std: "docker" "create" "-v" "/var/lib/crater-agent-workspace/builds/worker-1-tc1/target:/opt/rustwide/target:rw,Z" "-v" "/var/lib/crater-agent-workspace/builds/worker-1-tc1/source:/opt/rustwide/workdir:ro,Z" "-v" "/var/lib/crater-agent-workspace/cargo-home:/opt/rustwide/cargo-home:ro,Z" "-v" "/var/lib/crater-agent-workspace/rustup-home:/opt/rustwide/rustup-home:ro,Z" "-e" "SOURCE_DIR=/opt/rustwide/workdir" "-e" "CARGO_TARGET_DIR=/opt/rustwide/target" "-e" "CARGO_INCREMENTAL=0" "-e" "RUST_BACKTRACE=full" "-e" "RUSTFLAGS=--cap-lints=warn" "-e" "RUSTDOCFLAGS=--cap-lints=warn" "-e" "CARGO_HOME=/opt/rustwide/cargo-home" "-e" "RUSTUP_HOME=/opt/rustwide/rustup-home" "-w" "/opt/rustwide/workdir" "-m" "1610612736" "--user" "0:0" "--network" "none" "ghcr.io/rust-lang/crates-build-env/linux@sha256:2788e3201cd34a07e3172128adcd8b3090168a8e3bcc40d7c032b9dda1df7d1c" "/opt/rustwide/cargo-home/bin/cargo" "+1.75.0" "test" "--frozen", kill_on_drop: false }`
[INFO] [stdout] ee55a80b2161da8e0d7de09302ec8851c288219b63d121ed5849738d3c5ac17a
[INFO] running `Command { std: "docker" "start" "-a" "ee55a80b2161da8e0d7de09302ec8851c288219b63d121ed5849738d3c5ac17a", kill_on_drop: false }`
[INFO] [stdout] 
[INFO] [stderr]     Finished test [unoptimized + debuginfo] target(s) in 0.04s
[INFO] [stdout] running 13 tests
[INFO] [stderr]      Running unittests src/lib.rs (/opt/rustwide/target/debug/deps/bib_unifier-74789c7777a0d078)
[INFO] [stdout] test unify::tests::test_get_new_citation_key ... ok
[INFO] [stdout] test unify::tests::test_all_same_fields ... ok
[INFO] [stdout] test parsing::tests::test_include_path ... ok
[INFO] [stdout] test parsing::tests::test_get_filepaths ... ok
[INFO] [stdout] test parsing::tests::test_parsing ... ok
[INFO] [stdout] test unify::tests::test_add_to_unified ... ok
[INFO] [stdout] test parsing::tests::test_parsing_incorrect ... ok
[INFO] [stdout] test unify::tests::test_only_same_doi ... ok
[INFO] [stdout] test unify::tests::test_rep_in_file ... ok
[INFO] [stdout] test unify::tests::test_only_same_title ... ok
[INFO] [stdout] test unify::tests::test_similar_title ... ok
[INFO] [stdout] test unify::tests::test_only_same_key ... ok
[INFO] [stdout] test tests::test_run ... FAILED
[INFO] [stdout] 
[INFO] [stdout] failures:
[INFO] [stdout] 
[INFO] [stdout] ---- tests::test_run stdout ----
[INFO] [stdout] Unifiying bibliography...
[INFO] [stdout] Found 7 repetitions in the bibliography.
[INFO] [stdout] thread 'tests::test_run' panicked at src/lib.rs:167:13:
[INFO] [stdout] Error running
[INFO] [stdout] stack backtrace:
[INFO] [stdout]    0:     0x5607ef15421c - std::backtrace_rs::backtrace::libunwind::trace::ha637c64ce894333a
[INFO] [stdout]                                at /rustc/82e1608dfa6e0b5569232559e3d385fea5a93112/library/std/src/../../backtrace/src/backtrace/libunwind.rs:104:5
[INFO] [stdout]    1:     0x5607ef15421c - std::backtrace_rs::backtrace::trace_unsynchronized::h47f62dea28e0c88d
[INFO] [stdout]                                at /rustc/82e1608dfa6e0b5569232559e3d385fea5a93112/library/std/src/../../backtrace/src/backtrace/mod.rs:66:5
[INFO] [stdout]    2:     0x5607ef15421c - std::sys_common::backtrace::_print_fmt::h9eef0abe20ede486
[INFO] [stdout]                                at /rustc/82e1608dfa6e0b5569232559e3d385fea5a93112/library/std/src/sys_common/backtrace.rs:67:5
[INFO] [stdout]    3:     0x5607ef15421c - <std::sys_common::backtrace::_print::DisplayBacktrace as core::fmt::Display>::fmt::hed7f999df88cc644
[INFO] [stdout]                                at /rustc/82e1608dfa6e0b5569232559e3d385fea5a93112/library/std/src/sys_common/backtrace.rs:44:22
[INFO] [stdout]    4:     0x5607ef17f260 - core::fmt::rt::Argument::fmt::h1539a9308b8d058d
[INFO] [stdout]                                at /rustc/82e1608dfa6e0b5569232559e3d385fea5a93112/library/core/src/fmt/rt.rs:142:9
[INFO] [stdout]    5:     0x5607ef17f260 - core::fmt::write::h3a39390d8560d9c9
[INFO] [stdout]                                at /rustc/82e1608dfa6e0b5569232559e3d385fea5a93112/library/core/src/fmt/mod.rs:1120:17
[INFO] [stdout]    6:     0x5607ef1516ef - std::io::Write::write_fmt::h040b369f3a0f9cbc
[INFO] [stdout]                                at /rustc/82e1608dfa6e0b5569232559e3d385fea5a93112/library/std/src/io/mod.rs:1762:15
[INFO] [stdout]    7:     0x5607ef154004 - std::sys_common::backtrace::_print::h894006fb5c6f3d45
[INFO] [stdout]                                at /rustc/82e1608dfa6e0b5569232559e3d385fea5a93112/library/std/src/sys_common/backtrace.rs:47:5
[INFO] [stdout]    8:     0x5607ef154004 - std::sys_common::backtrace::print::h23a2d212c6fff936
[INFO] [stdout]                                at /rustc/82e1608dfa6e0b5569232559e3d385fea5a93112/library/std/src/sys_common/backtrace.rs:34:9
[INFO] [stdout]    9:     0x5607ef155cc7 - std::panicking::default_hook::{{closure}}::h8a1d2ee00185001a
[INFO] [stdout]   10:     0x5607ef1559b3 - std::panicking::default_hook::h6038f2eba384e475
[INFO] [stdout]                                at /rustc/82e1608dfa6e0b5569232559e3d385fea5a93112/library/std/src/panicking.rs:289:9
[INFO] [stdout]   11:     0x5607eefb3c47 - <alloc::boxed::Box<F,A> as core::ops::function::Fn<Args>>::call::h0ad024c9bdc6d768
[INFO] [stdout]                                at /rustc/82e1608dfa6e0b5569232559e3d385fea5a93112/library/alloc/src/boxed.rs:2021:9
[INFO] [stdout]   12:     0x5607eefb3c47 - test::test_main::{{closure}}::h7500b54257359db6
[INFO] [stdout]                                at /rustc/82e1608dfa6e0b5569232559e3d385fea5a93112/library/test/src/lib.rs:138:21
[INFO] [stdout]   13:     0x5607ef1562d8 - <alloc::boxed::Box<F,A> as core::ops::function::Fn<Args>>::call::h1f8f335eaa9cfaee
[INFO] [stdout]                                at /rustc/82e1608dfa6e0b5569232559e3d385fea5a93112/library/alloc/src/boxed.rs:2021:9
[INFO] [stdout]   14:     0x5607ef1562d8 - std::panicking::rust_panic_with_hook::h2b5517d590cab22e
[INFO] [stdout]                                at /rustc/82e1608dfa6e0b5569232559e3d385fea5a93112/library/std/src/panicking.rs:783:13
[INFO] [stdout]   15:     0x5607ef155ff9 - std::panicking::begin_panic_handler::{{closure}}::h233112c06e0ef43e
[INFO] [stdout]                                at /rustc/82e1608dfa6e0b5569232559e3d385fea5a93112/library/std/src/panicking.rs:649:13
[INFO] [stdout]   16:     0x5607ef1546e6 - std::sys_common::backtrace::__rust_end_short_backtrace::h6e893f24d7ebbff8
[INFO] [stdout]                                at /rustc/82e1608dfa6e0b5569232559e3d385fea5a93112/library/std/src/sys_common/backtrace.rs:170:18
[INFO] [stdout]   17:     0x5607ef155d92 - rust_begin_unwind
[INFO] [stdout]                                at /rustc/82e1608dfa6e0b5569232559e3d385fea5a93112/library/std/src/panicking.rs:645:5
[INFO] [stdout]   18:     0x5607eef64155 - core::panicking::panic_fmt::hbf0e066aabfa482c
[INFO] [stdout]                                at /rustc/82e1608dfa6e0b5569232559e3d385fea5a93112/library/core/src/panicking.rs:72:14
[INFO] [stdout]   19:     0x5607eef7056b - bib_unifier::tests::test_run::h81fbef37b0b31679
[INFO] [stdout]                                at /opt/rustwide/workdir/src/lib.rs:167:13
[INFO] [stdout]   20:     0x5607eef703c7 - bib_unifier::tests::test_run::{{closure}}::hb66a556d9550692e
[INFO] [stdout]                                at /opt/rustwide/workdir/src/lib.rs:157:18
[INFO] [stdout]   21:     0x5607eef7caf6 - core::ops::function::FnOnce::call_once::hf49e9b2da8ebb0ad
[INFO] [stdout]                                at /rustc/82e1608dfa6e0b5569232559e3d385fea5a93112/library/core/src/ops/function.rs:250:5
[INFO] [stdout]   22:     0x5607eefb929f - core::ops::function::FnOnce::call_once::h2b5d431d5046312d
[INFO] [stdout]                                at /rustc/82e1608dfa6e0b5569232559e3d385fea5a93112/library/core/src/ops/function.rs:250:5
[INFO] [stdout]   23:     0x5607eefb929f - test::__rust_begin_short_backtrace::h7714669af176e207
[INFO] [stdout]                                at /rustc/82e1608dfa6e0b5569232559e3d385fea5a93112/library/test/src/lib.rs:628:18
[INFO] [stdout]   24:     0x5607eefb82b5 - test::run_test_in_process::{{closure}}::h85218797dcbcec12
[INFO] [stdout]                                at /rustc/82e1608dfa6e0b5569232559e3d385fea5a93112/library/test/src/lib.rs:651:60
[INFO] [stdout]   25:     0x5607eefb82b5 - <core::panic::unwind_safe::AssertUnwindSafe<F> as core::ops::function::FnOnce<()>>::call_once::h76c106ea31c14d7b
[INFO] [stdout]                                at /rustc/82e1608dfa6e0b5569232559e3d385fea5a93112/library/core/src/panic/unwind_safe.rs:272:9
[INFO] [stdout]   26:     0x5607eefb82b5 - std::panicking::try::do_call::h3bd5d0f6620ee946
[INFO] [stdout]                                at /rustc/82e1608dfa6e0b5569232559e3d385fea5a93112/library/std/src/panicking.rs:552:40
[INFO] [stdout]   27:     0x5607eefb82b5 - std::panicking::try::h232e535e4744fe31
[INFO] [stdout]                                at /rustc/82e1608dfa6e0b5569232559e3d385fea5a93112/library/std/src/panicking.rs:516:19
[INFO] [stdout]   28:     0x5607eefb82b5 - std::panic::catch_unwind::h3ce3bd6ca8dbac68
[INFO] [stdout]                                at /rustc/82e1608dfa6e0b5569232559e3d385fea5a93112/library/std/src/panic.rs:142:14
[INFO] [stdout]   29:     0x5607eefb82b5 - test::run_test_in_process::hc97b257c9621286a
[INFO] [stdout]                                at /rustc/82e1608dfa6e0b5569232559e3d385fea5a93112/library/test/src/lib.rs:651:27
[INFO] [stdout]   30:     0x5607eefb82b5 - test::run_test::{{closure}}::h2aa798823a438d38
[INFO] [stdout]                                at /rustc/82e1608dfa6e0b5569232559e3d385fea5a93112/library/test/src/lib.rs:574:43
[INFO] [stdout]   31:     0x5607eef80576 - test::run_test::{{closure}}::h87d231c78fb59832
[INFO] [stdout]                                at /rustc/82e1608dfa6e0b5569232559e3d385fea5a93112/library/test/src/lib.rs:602:41
[INFO] [stdout]   32:     0x5607eef80576 - std::sys_common::backtrace::__rust_begin_short_backtrace::he6df152596625789
[INFO] [stdout]                                at /rustc/82e1608dfa6e0b5569232559e3d385fea5a93112/library/std/src/sys_common/backtrace.rs:154:18
[INFO] [stdout]   33:     0x5607eef85627 - std::thread::Builder::spawn_unchecked_::{{closure}}::{{closure}}::ha94be15d1e0acf36
[INFO] [stdout]                                at /rustc/82e1608dfa6e0b5569232559e3d385fea5a93112/library/std/src/thread/mod.rs:529:17
[INFO] [stdout]   34:     0x5607eef85627 - <core::panic::unwind_safe::AssertUnwindSafe<F> as core::ops::function::FnOnce<()>>::call_once::h9dc6bd6372f16606
[INFO] [stdout]                                at /rustc/82e1608dfa6e0b5569232559e3d385fea5a93112/library/core/src/panic/unwind_safe.rs:272:9
[INFO] [stdout]   35:     0x5607eef85627 - std::panicking::try::do_call::h9057517f80303cd4
[INFO] [stdout]                                at /rustc/82e1608dfa6e0b5569232559e3d385fea5a93112/library/std/src/panicking.rs:552:40
[INFO] [stdout]   36:     0x5607eef85627 - std::panicking::try::he3a30b11ee45340c
[INFO] [stdout]                                at /rustc/82e1608dfa6e0b5569232559e3d385fea5a93112/library/std/src/panicking.rs:516:19
[INFO] [stdout]   37:     0x5607eef85627 - std::panic::catch_unwind::h410458cfd3528b8b
[INFO] [stdout]                                at /rustc/82e1608dfa6e0b5569232559e3d385fea5a93112/library/std/src/panic.rs:142:14
[INFO] [stdout]   38:     0x5607eef85627 - std::thread::Builder::spawn_unchecked_::{{closure}}::h72ac3bdb567b737b
[INFO] [stdout]                                at /rustc/82e1608dfa6e0b5569232559e3d385fea5a93112/library/std/src/thread/mod.rs:528:30
[INFO] [stdout]   39:     0x5607eef85627 - core::ops::function::FnOnce::call_once{{vtable.shim}}::h38f34da3654a8344
[INFO] [stdout]                                at /rustc/82e1608dfa6e0b5569232559e3d385fea5a93112/library/core/src/ops/function.rs:250:5
[INFO] [stdout]   40:     0x5607ef15b1e5 - <alloc::boxed::Box<F,A> as core::ops::function::FnOnce<Args>>::call_once::hc7eafaff61e32df9
[INFO] [stdout]                                at /rustc/82e1608dfa6e0b5569232559e3d385fea5a93112/library/alloc/src/boxed.rs:2007:9
[INFO] [stdout]   41:     0x5607ef15b1e5 - <alloc::boxed::Box<F,A> as core::ops::function::FnOnce<Args>>::call_once::h6ba4a5de48dd2304
[INFO] [stdout]                                at /rustc/82e1608dfa6e0b5569232559e3d385fea5a93112/library/alloc/src/boxed.rs:2007:9
[INFO] [stdout]   42:     0x5607ef15b1e5 - std::sys::unix::thread::Thread::new::thread_start::he469335aef763e45
[INFO] [stdout]                                at /rustc/82e1608dfa6e0b5569232559e3d385fea5a93112/library/std/src/sys/unix/thread.rs:108:17
[INFO] [stdout]   43:     0x7f89a251aac3 - <unknown>
[INFO] [stdout]   44:     0x7f89a25abbf4 - __clone
[INFO] [stdout]   45:                0x0 - <unknown>
[INFO] [stdout] 
[INFO] [stdout] 
[INFO] [stdout] failures:
[INFO] [stdout]     tests::test_run
[INFO] [stdout] 
[INFO] [stdout] test result: FAILED. 12 passed; 1 failed; 0 ignored; 0 measured; 0 filtered out; finished in 0.04s
[INFO] [stdout] 
[INFO] [stderr] error: test failed, to rerun pass `--lib`
[INFO] running `Command { std: "docker" "inspect" "ee55a80b2161da8e0d7de09302ec8851c288219b63d121ed5849738d3c5ac17a", kill_on_drop: false }`
[INFO] running `Command { std: "docker" "rm" "-f" "ee55a80b2161da8e0d7de09302ec8851c288219b63d121ed5849738d3c5ac17a", kill_on_drop: false }`
[INFO] [stdout] ee55a80b2161da8e0d7de09302ec8851c288219b63d121ed5849738d3c5ac17a
