[INFO] fetching crate bhv 0.2.3...
[INFO] testing bhv-0.2.3 against 1.75.0 for beta-1.76-1
[INFO] extracting crate bhv 0.2.3 into /workspace/builds/worker-2-tc1/source
[INFO] validating manifest of crates.io crate bhv 0.2.3 on toolchain 1.75.0
[INFO] running `Command { std: CARGO_HOME="/workspace/cargo-home" RUSTUP_HOME="/workspace/rustup-home" "/workspace/cargo-home/bin/cargo" "+1.75.0" "metadata" "--manifest-path" "Cargo.toml" "--no-deps", kill_on_drop: false }`
[INFO] started tweaking crates.io crate bhv 0.2.3
[INFO] finished tweaking crates.io crate bhv 0.2.3
[INFO] tweaked toml for crates.io crate bhv 0.2.3 written to /workspace/builds/worker-2-tc1/source/Cargo.toml
[INFO] running `Command { std: CARGO_HOME="/workspace/cargo-home" RUSTUP_HOME="/workspace/rustup-home" "/workspace/cargo-home/bin/cargo" "+1.75.0" "generate-lockfile" "--manifest-path" "Cargo.toml", kill_on_drop: false }`
[INFO] running `Command { std: CARGO_HOME="/workspace/cargo-home" RUSTUP_HOME="/workspace/rustup-home" "/workspace/cargo-home/bin/cargo" "+1.75.0" "fetch" "--manifest-path" "Cargo.toml", kill_on_drop: false }`
[INFO] [stderr]     Blocking waiting for file lock on package cache
[INFO] running `Command { std: "docker" "create" "-v" "/var/lib/crater-agent-workspace/builds/worker-2-tc1/target:/opt/rustwide/target:rw,Z" "-v" "/var/lib/crater-agent-workspace/builds/worker-2-tc1/source:/opt/rustwide/workdir:ro,Z" "-v" "/var/lib/crater-agent-workspace/cargo-home:/opt/rustwide/cargo-home:ro,Z" "-v" "/var/lib/crater-agent-workspace/rustup-home:/opt/rustwide/rustup-home:ro,Z" "-e" "SOURCE_DIR=/opt/rustwide/workdir" "-e" "CARGO_TARGET_DIR=/opt/rustwide/target" "-e" "CARGO_HOME=/opt/rustwide/cargo-home" "-e" "RUSTUP_HOME=/opt/rustwide/rustup-home" "-w" "/opt/rustwide/workdir" "-m" "1610612736" "--user" "0:0" "--network" "none" "ghcr.io/rust-lang/crates-build-env/linux@sha256:2788e3201cd34a07e3172128adcd8b3090168a8e3bcc40d7c032b9dda1df7d1c" "/opt/rustwide/cargo-home/bin/cargo" "+1.75.0" "metadata" "--no-deps" "--format-version=1", kill_on_drop: false }`
[INFO] [stdout] 24aaa27f9feb78973a62cb6f437d12961b2408479392991674e5031a48981e9a
[INFO] running `Command { std: "docker" "start" "-a" "24aaa27f9feb78973a62cb6f437d12961b2408479392991674e5031a48981e9a", kill_on_drop: false }`
[INFO] running `Command { std: "docker" "inspect" "24aaa27f9feb78973a62cb6f437d12961b2408479392991674e5031a48981e9a", kill_on_drop: false }`
[INFO] running `Command { std: "docker" "rm" "-f" "24aaa27f9feb78973a62cb6f437d12961b2408479392991674e5031a48981e9a", kill_on_drop: false }`
[INFO] [stdout] 24aaa27f9feb78973a62cb6f437d12961b2408479392991674e5031a48981e9a
[INFO] running `Command { std: "docker" "create" "-v" "/var/lib/crater-agent-workspace/builds/worker-2-tc1/target:/opt/rustwide/target:rw,Z" "-v" "/var/lib/crater-agent-workspace/builds/worker-2-tc1/source:/opt/rustwide/workdir:ro,Z" "-v" "/var/lib/crater-agent-workspace/cargo-home:/opt/rustwide/cargo-home:ro,Z" "-v" "/var/lib/crater-agent-workspace/rustup-home:/opt/rustwide/rustup-home:ro,Z" "-e" "SOURCE_DIR=/opt/rustwide/workdir" "-e" "CARGO_TARGET_DIR=/opt/rustwide/target" "-e" "CARGO_INCREMENTAL=0" "-e" "RUST_BACKTRACE=full" "-e" "RUSTFLAGS=--cap-lints=warn" "-e" "RUSTDOCFLAGS=--cap-lints=warn" "-e" "CARGO_HOME=/opt/rustwide/cargo-home" "-e" "RUSTUP_HOME=/opt/rustwide/rustup-home" "-w" "/opt/rustwide/workdir" "-m" "1610612736" "--user" "0:0" "--network" "none" "ghcr.io/rust-lang/crates-build-env/linux@sha256:2788e3201cd34a07e3172128adcd8b3090168a8e3bcc40d7c032b9dda1df7d1c" "/opt/rustwide/cargo-home/bin/cargo" "+1.75.0" "build" "--frozen" "--message-format=json", kill_on_drop: false }`
[INFO] [stdout] 5659a8dde5b01e9e1d0590d5e0a9bf88060da97e0bdae7596c8fb22b771d90d1
[INFO] running `Command { std: "docker" "start" "-a" "5659a8dde5b01e9e1d0590d5e0a9bf88060da97e0bdae7596c8fb22b771d90d1", kill_on_drop: false }`
[INFO] [stderr]    Compiling bhv v0.2.3 (/opt/rustwide/workdir)
[INFO] [stderr]     Finished dev [unoptimized + debuginfo] target(s) in 0.22s
[INFO] running `Command { std: "docker" "inspect" "5659a8dde5b01e9e1d0590d5e0a9bf88060da97e0bdae7596c8fb22b771d90d1", kill_on_drop: false }`
[INFO] running `Command { std: "docker" "rm" "-f" "5659a8dde5b01e9e1d0590d5e0a9bf88060da97e0bdae7596c8fb22b771d90d1", kill_on_drop: false }`
[INFO] [stdout] 5659a8dde5b01e9e1d0590d5e0a9bf88060da97e0bdae7596c8fb22b771d90d1
[INFO] running `Command { std: "docker" "create" "-v" "/var/lib/crater-agent-workspace/builds/worker-2-tc1/target:/opt/rustwide/target:rw,Z" "-v" "/var/lib/crater-agent-workspace/builds/worker-2-tc1/source:/opt/rustwide/workdir:ro,Z" "-v" "/var/lib/crater-agent-workspace/cargo-home:/opt/rustwide/cargo-home:ro,Z" "-v" "/var/lib/crater-agent-workspace/rustup-home:/opt/rustwide/rustup-home:ro,Z" "-e" "SOURCE_DIR=/opt/rustwide/workdir" "-e" "CARGO_TARGET_DIR=/opt/rustwide/target" "-e" "CARGO_INCREMENTAL=0" "-e" "RUST_BACKTRACE=full" "-e" "RUSTFLAGS=--cap-lints=warn" "-e" "RUSTDOCFLAGS=--cap-lints=warn" "-e" "CARGO_HOME=/opt/rustwide/cargo-home" "-e" "RUSTUP_HOME=/opt/rustwide/rustup-home" "-w" "/opt/rustwide/workdir" "-m" "1610612736" "--user" "0:0" "--network" "none" "ghcr.io/rust-lang/crates-build-env/linux@sha256:2788e3201cd34a07e3172128adcd8b3090168a8e3bcc40d7c032b9dda1df7d1c" "/opt/rustwide/cargo-home/bin/cargo" "+1.75.0" "test" "--frozen" "--no-run" "--message-format=json", kill_on_drop: false }`
[INFO] [stdout] 72254a51113c7c656620051770a5b4f1ac240a8b4f4a3cfa59bd06e569b90fd6
[INFO] running `Command { std: "docker" "start" "-a" "72254a51113c7c656620051770a5b4f1ac240a8b4f4a3cfa59bd06e569b90fd6", kill_on_drop: false }`
[INFO] [stderr]    Compiling bhv v0.2.3 (/opt/rustwide/workdir)
[INFO] [stderr]     Finished test [unoptimized + debuginfo] target(s) in 0.50s
[INFO] running `Command { std: "docker" "inspect" "72254a51113c7c656620051770a5b4f1ac240a8b4f4a3cfa59bd06e569b90fd6", kill_on_drop: false }`
[INFO] running `Command { std: "docker" "rm" "-f" "72254a51113c7c656620051770a5b4f1ac240a8b4f4a3cfa59bd06e569b90fd6", kill_on_drop: false }`
[INFO] [stdout] 72254a51113c7c656620051770a5b4f1ac240a8b4f4a3cfa59bd06e569b90fd6
[INFO] running `Command { std: "docker" "create" "-v" "/var/lib/crater-agent-workspace/builds/worker-2-tc1/target:/opt/rustwide/target:rw,Z" "-v" "/var/lib/crater-agent-workspace/builds/worker-2-tc1/source:/opt/rustwide/workdir:ro,Z" "-v" "/var/lib/crater-agent-workspace/cargo-home:/opt/rustwide/cargo-home:ro,Z" "-v" "/var/lib/crater-agent-workspace/rustup-home:/opt/rustwide/rustup-home:ro,Z" "-e" "SOURCE_DIR=/opt/rustwide/workdir" "-e" "CARGO_TARGET_DIR=/opt/rustwide/target" "-e" "CARGO_INCREMENTAL=0" "-e" "RUST_BACKTRACE=full" "-e" "RUSTFLAGS=--cap-lints=warn" "-e" "RUSTDOCFLAGS=--cap-lints=warn" "-e" "CARGO_HOME=/opt/rustwide/cargo-home" "-e" "RUSTUP_HOME=/opt/rustwide/rustup-home" "-w" "/opt/rustwide/workdir" "-m" "1610612736" "--user" "0:0" "--network" "none" "ghcr.io/rust-lang/crates-build-env/linux@sha256:2788e3201cd34a07e3172128adcd8b3090168a8e3bcc40d7c032b9dda1df7d1c" "/opt/rustwide/cargo-home/bin/cargo" "+1.75.0" "test" "--frozen", kill_on_drop: false }`
[INFO] [stdout] 5c547516f76a7af9be02e313911c5ec0f824eafc914312f4d292a8215b5af797
[INFO] running `Command { std: "docker" "start" "-a" "5c547516f76a7af9be02e313911c5ec0f824eafc914312f4d292a8215b5af797", kill_on_drop: false }`
[INFO] [stderr]     Finished test [unoptimized + debuginfo] target(s) in 0.00s
[INFO] [stderr]      Running unittests src/lib.rs (/opt/rustwide/target/debug/deps/bhv-6f226d239f1fd0ef)
[INFO] [stdout] 
[INFO] [stderr]    Doc-tests bhv
[INFO] [stdout] running 0 tests
[INFO] [stdout] 
[INFO] [stdout] test result: ok. 0 passed; 0 failed; 0 ignored; 0 measured; 0 filtered out; finished in 0.00s
[INFO] [stdout] 
[INFO] [stdout] 
[INFO] [stdout] running 12 tests
[INFO] [stdout] test src/adapt.rs - adapt::cond (line 21) ... FAILED
[INFO] [stdout] test src/bhv_ext.rs - bhv_ext::BhvExt::inv (line 13) ... FAILED
[INFO] [stdout] test src/bhv_ext.rs - bhv_ext::BhvExt::pass (line 31) ... FAILED
[INFO] [stdout] test src/bhv_ext.rs - bhv_ext::BhvExt::repeat_until_fail (line 146) ... FAILED
[INFO] [stdout] test src/composite.rs - composite::seq (line 167) ... FAILED
[INFO] [stdout] test src/bhv_ext.rs - bhv_ext::BhvExt::repeat_until_pass (line 123) ... FAILED
[INFO] [stdout] test src/bhv_ext.rs - bhv_ext::BhvExt::repeat_until (line 95) ... FAILED
[INFO] [stdout] test src/bhv_ext.rs - bhv_ext::BhvExt::fail (line 49) ... FAILED
[INFO] [stdout] test src/bhv_ext.rs - bhv_ext::BhvExt::repeat (line 68) ... FAILED
[INFO] [stdout] test src/composite.rs - composite::sel (line 135) ... FAILED
[INFO] [stdout] test src/adapt.rs - adapt::action (line 42) ... ok
[INFO] [stdout] test src/lib.rs - (line 50) has been running for over 60 seconds
[INFO] [stderr] error: doctest failed, to rerun pass `--doc`
[INFO] [stderr] 
[INFO] [stderr] Caused by:
[INFO] [stderr]   process didn't exit successfully: `/opt/rustwide/rustup-home/toolchains/1.75.0-x86_64-unknown-linux-gnu/bin/rustdoc --edition=2021 --crate-type lib --crate-name bhv --test src/lib.rs --test-run-directory /opt/rustwide/workdir -L dependency=/opt/rustwide/target/debug/deps -L dependency=/opt/rustwide/target/debug/deps --extern bhv=/opt/rustwide/target/debug/deps/libbhv-248d4948f260fea5.rlib -C embed-bitcode=no --cap-lints=warn --error-format human` (signal: 9, SIGKILL: kill)
[INFO] running `Command { std: "docker" "inspect" "5c547516f76a7af9be02e313911c5ec0f824eafc914312f4d292a8215b5af797", kill_on_drop: false }`
[INFO] running `Command { std: "docker" "rm" "-f" "5c547516f76a7af9be02e313911c5ec0f824eafc914312f4d292a8215b5af797", kill_on_drop: false }`
[INFO] [stdout] 5c547516f76a7af9be02e313911c5ec0f824eafc914312f4d292a8215b5af797
[INFO] testing bhv-0.2.3 against beta-2023-12-22 for beta-1.76-1
[INFO] extracting crate bhv 0.2.3 into /workspace/builds/worker-2-tc2/source
[INFO] validating manifest of crates.io crate bhv 0.2.3 on toolchain beta-2023-12-22
[INFO] running `Command { std: CARGO_HOME="/workspace/cargo-home" RUSTUP_HOME="/workspace/rustup-home" "/workspace/cargo-home/bin/cargo" "+beta-2023-12-22" "metadata" "--manifest-path" "Cargo.toml" "--no-deps", kill_on_drop: false }`
[INFO] started tweaking crates.io crate bhv 0.2.3
[INFO] finished tweaking crates.io crate bhv 0.2.3
[INFO] tweaked toml for crates.io crate bhv 0.2.3 written to /workspace/builds/worker-2-tc2/source/Cargo.toml
[INFO] running `Command { std: CARGO_HOME="/workspace/cargo-home" RUSTUP_HOME="/workspace/rustup-home" "/workspace/cargo-home/bin/cargo" "+beta-2023-12-22" "generate-lockfile" "--manifest-path" "Cargo.toml", kill_on_drop: false }`
[INFO] running `Command { std: CARGO_HOME="/workspace/cargo-home" RUSTUP_HOME="/workspace/rustup-home" "/workspace/cargo-home/bin/cargo" "+beta-2023-12-22" "fetch" "--manifest-path" "Cargo.toml", kill_on_drop: false }`
[INFO] running `Command { std: "docker" "create" "-v" "/var/lib/crater-agent-workspace/builds/worker-2-tc2/target:/opt/rustwide/target:rw,Z" "-v" "/var/lib/crater-agent-workspace/builds/worker-2-tc2/source:/opt/rustwide/workdir:ro,Z" "-v" "/var/lib/crater-agent-workspace/cargo-home:/opt/rustwide/cargo-home:ro,Z" "-v" "/var/lib/crater-agent-workspace/rustup-home:/opt/rustwide/rustup-home:ro,Z" "-e" "SOURCE_DIR=/opt/rustwide/workdir" "-e" "CARGO_TARGET_DIR=/opt/rustwide/target" "-e" "CARGO_HOME=/opt/rustwide/cargo-home" "-e" "RUSTUP_HOME=/opt/rustwide/rustup-home" "-w" "/opt/rustwide/workdir" "-m" "1610612736" "--user" "0:0" "--network" "none" "ghcr.io/rust-lang/crates-build-env/linux@sha256:2788e3201cd34a07e3172128adcd8b3090168a8e3bcc40d7c032b9dda1df7d1c" "/opt/rustwide/cargo-home/bin/cargo" "+beta-2023-12-22" "metadata" "--no-deps" "--format-version=1", kill_on_drop: false }`
[INFO] [stdout] 8a0a1c501fecaa670026153bc865043a8561d43f451c516fa19653f2ff94641f
[INFO] running `Command { std: "docker" "start" "-a" "8a0a1c501fecaa670026153bc865043a8561d43f451c516fa19653f2ff94641f", kill_on_drop: false }`
[INFO] running `Command { std: "docker" "inspect" "8a0a1c501fecaa670026153bc865043a8561d43f451c516fa19653f2ff94641f", kill_on_drop: false }`
[INFO] running `Command { std: "docker" "rm" "-f" "8a0a1c501fecaa670026153bc865043a8561d43f451c516fa19653f2ff94641f", kill_on_drop: false }`
[INFO] [stdout] 8a0a1c501fecaa670026153bc865043a8561d43f451c516fa19653f2ff94641f
[INFO] running `Command { std: "docker" "create" "-v" "/var/lib/crater-agent-workspace/builds/worker-2-tc2/target:/opt/rustwide/target:rw,Z" "-v" "/var/lib/crater-agent-workspace/builds/worker-2-tc2/source:/opt/rustwide/workdir:ro,Z" "-v" "/var/lib/crater-agent-workspace/cargo-home:/opt/rustwide/cargo-home:ro,Z" "-v" "/var/lib/crater-agent-workspace/rustup-home:/opt/rustwide/rustup-home:ro,Z" "-e" "SOURCE_DIR=/opt/rustwide/workdir" "-e" "CARGO_TARGET_DIR=/opt/rustwide/target" "-e" "CARGO_INCREMENTAL=0" "-e" "RUST_BACKTRACE=full" "-e" "RUSTFLAGS=--cap-lints=warn" "-e" "RUSTDOCFLAGS=--cap-lints=warn" "-e" "CARGO_HOME=/opt/rustwide/cargo-home" "-e" "RUSTUP_HOME=/opt/rustwide/rustup-home" "-w" "/opt/rustwide/workdir" "-m" "1610612736" "--user" "0:0" "--network" "none" "ghcr.io/rust-lang/crates-build-env/linux@sha256:2788e3201cd34a07e3172128adcd8b3090168a8e3bcc40d7c032b9dda1df7d1c" "/opt/rustwide/cargo-home/bin/cargo" "+beta-2023-12-22" "build" "--frozen" "--message-format=json", kill_on_drop: false }`
[INFO] [stdout] f5fc335f2c5f783d222ba59e4cd9691865f04e2b08e358f642904aed8ffbd12e
[INFO] running `Command { std: "docker" "start" "-a" "f5fc335f2c5f783d222ba59e4cd9691865f04e2b08e358f642904aed8ffbd12e", kill_on_drop: false }`
[INFO] [stderr]    Compiling bhv v0.2.3 (/opt/rustwide/workdir)
[INFO] [stderr]     Finished dev [unoptimized + debuginfo] target(s) in 0.21s
[INFO] running `Command { std: "docker" "inspect" "f5fc335f2c5f783d222ba59e4cd9691865f04e2b08e358f642904aed8ffbd12e", kill_on_drop: false }`
[INFO] running `Command { std: "docker" "rm" "-f" "f5fc335f2c5f783d222ba59e4cd9691865f04e2b08e358f642904aed8ffbd12e", kill_on_drop: false }`
[INFO] [stdout] f5fc335f2c5f783d222ba59e4cd9691865f04e2b08e358f642904aed8ffbd12e
[INFO] running `Command { std: "docker" "create" "-v" "/var/lib/crater-agent-workspace/builds/worker-2-tc2/target:/opt/rustwide/target:rw,Z" "-v" "/var/lib/crater-agent-workspace/builds/worker-2-tc2/source:/opt/rustwide/workdir:ro,Z" "-v" "/var/lib/crater-agent-workspace/cargo-home:/opt/rustwide/cargo-home:ro,Z" "-v" "/var/lib/crater-agent-workspace/rustup-home:/opt/rustwide/rustup-home:ro,Z" "-e" "SOURCE_DIR=/opt/rustwide/workdir" "-e" "CARGO_TARGET_DIR=/opt/rustwide/target" "-e" "CARGO_INCREMENTAL=0" "-e" "RUST_BACKTRACE=full" "-e" "RUSTFLAGS=--cap-lints=warn" "-e" "RUSTDOCFLAGS=--cap-lints=warn" "-e" "CARGO_HOME=/opt/rustwide/cargo-home" "-e" "RUSTUP_HOME=/opt/rustwide/rustup-home" "-w" "/opt/rustwide/workdir" "-m" "1610612736" "--user" "0:0" "--network" "none" "ghcr.io/rust-lang/crates-build-env/linux@sha256:2788e3201cd34a07e3172128adcd8b3090168a8e3bcc40d7c032b9dda1df7d1c" "/opt/rustwide/cargo-home/bin/cargo" "+beta-2023-12-22" "test" "--frozen" "--no-run" "--message-format=json", kill_on_drop: false }`
[INFO] [stdout] 3ea69e26c8f4e62158004ddee3977f4fc175b1b958552288ed4742fe379b897b
[INFO] running `Command { std: "docker" "start" "-a" "3ea69e26c8f4e62158004ddee3977f4fc175b1b958552288ed4742fe379b897b", kill_on_drop: false }`
[INFO] [stderr]    Compiling bhv v0.2.3 (/opt/rustwide/workdir)
[INFO] [stderr]     Finished test [unoptimized + debuginfo] target(s) in 0.41s
[INFO] running `Command { std: "docker" "inspect" "3ea69e26c8f4e62158004ddee3977f4fc175b1b958552288ed4742fe379b897b", kill_on_drop: false }`
[INFO] running `Command { std: "docker" "rm" "-f" "3ea69e26c8f4e62158004ddee3977f4fc175b1b958552288ed4742fe379b897b", kill_on_drop: false }`
[INFO] [stdout] 3ea69e26c8f4e62158004ddee3977f4fc175b1b958552288ed4742fe379b897b
[INFO] running `Command { std: "docker" "create" "-v" "/var/lib/crater-agent-workspace/builds/worker-2-tc2/target:/opt/rustwide/target:rw,Z" "-v" "/var/lib/crater-agent-workspace/builds/worker-2-tc2/source:/opt/rustwide/workdir:ro,Z" "-v" "/var/lib/crater-agent-workspace/cargo-home:/opt/rustwide/cargo-home:ro,Z" "-v" "/var/lib/crater-agent-workspace/rustup-home:/opt/rustwide/rustup-home:ro,Z" "-e" "SOURCE_DIR=/opt/rustwide/workdir" "-e" "CARGO_TARGET_DIR=/opt/rustwide/target" "-e" "CARGO_INCREMENTAL=0" "-e" "RUST_BACKTRACE=full" "-e" "RUSTFLAGS=--cap-lints=warn" "-e" "RUSTDOCFLAGS=--cap-lints=warn" "-e" "CARGO_HOME=/opt/rustwide/cargo-home" "-e" "RUSTUP_HOME=/opt/rustwide/rustup-home" "-w" "/opt/rustwide/workdir" "-m" "1610612736" "--user" "0:0" "--network" "none" "ghcr.io/rust-lang/crates-build-env/linux@sha256:2788e3201cd34a07e3172128adcd8b3090168a8e3bcc40d7c032b9dda1df7d1c" "/opt/rustwide/cargo-home/bin/cargo" "+beta-2023-12-22" "test" "--frozen", kill_on_drop: false }`
[INFO] [stdout] 91be90e8b7aad6a5fef960ab448632b91eabb16937244a1efcb4132789ff1ace
[INFO] running `Command { std: "docker" "start" "-a" "91be90e8b7aad6a5fef960ab448632b91eabb16937244a1efcb4132789ff1ace", kill_on_drop: false }`
[INFO] [stderr]     Finished test [unoptimized + debuginfo] target(s) in 0.01s
[INFO] [stderr]      Running unittests src/lib.rs (/opt/rustwide/target/debug/deps/bhv-5f2bfcaebe0fa363)
[INFO] [stdout] 
[INFO] [stdout] running 0 tests
[INFO] [stdout] 
[INFO] [stdout] test result: ok. 0 passed; 0 failed; 0 ignored; 0 measured; 0 filtered out; finished in 0.00s
[INFO] [stdout] 
[INFO] [stderr]    Doc-tests bhv
[INFO] [stdout] 
[INFO] [stdout] running 12 tests
[INFO] [stdout] test src/bhv_ext.rs - bhv_ext::BhvExt::fail (line 49) ... FAILED
[INFO] [stdout] test src/composite.rs - composite::sel (line 135) ... FAILED
[INFO] [stdout] test src/adapt.rs - adapt::cond (line 21) ... FAILED
[INFO] [stdout] test src/bhv_ext.rs - bhv_ext::BhvExt::repeat_until_fail (line 146) ... FAILED
[INFO] [stdout] test src/bhv_ext.rs - bhv_ext::BhvExt::pass (line 31) ... FAILED
[INFO] [stdout] test src/bhv_ext.rs - bhv_ext::BhvExt::repeat_until (line 95) ... FAILED
[INFO] [stdout] test src/composite.rs - composite::seq (line 167) ... FAILED
[INFO] [stdout] test src/bhv_ext.rs - bhv_ext::BhvExt::inv (line 13) ... FAILED
[INFO] [stdout] test src/bhv_ext.rs - bhv_ext::BhvExt::repeat (line 68) ... FAILED
[INFO] [stdout] test src/bhv_ext.rs - bhv_ext::BhvExt::repeat_until_pass (line 123) ... FAILED
[INFO] [stdout] test src/adapt.rs - adapt::action (line 42) ... ok
[INFO] [stdout] test src/lib.rs - (line 50) has been running for over 60 seconds
[INFO] [stderr] error: doctest failed, to rerun pass `--doc`
[INFO] [stderr] 
[INFO] [stderr] Caused by:
[INFO] [stderr]   process didn't exit successfully: `/opt/rustwide/rustup-home/toolchains/beta-2023-12-22-x86_64-unknown-linux-gnu/bin/rustdoc --edition=2021 --crate-type lib --crate-name bhv --test src/lib.rs --test-run-directory /opt/rustwide/workdir -L dependency=/opt/rustwide/target/debug/deps -L dependency=/opt/rustwide/target/debug/deps --extern bhv=/opt/rustwide/target/debug/deps/libbhv-f47d9a29d4a2027e.rlib -C embed-bitcode=no --cap-lints=warn --error-format human` (signal: 9, SIGKILL: kill)
[INFO] running `Command { std: "docker" "inspect" "91be90e8b7aad6a5fef960ab448632b91eabb16937244a1efcb4132789ff1ace", kill_on_drop: false }`
[INFO] running `Command { std: "docker" "rm" "-f" "91be90e8b7aad6a5fef960ab448632b91eabb16937244a1efcb4132789ff1ace", kill_on_drop: false }`
[INFO] [stdout] 91be90e8b7aad6a5fef960ab448632b91eabb16937244a1efcb4132789ff1ace
