[INFO] fetching crate bevy_wasm 0.10.1...
[INFO] testing bevy_wasm-0.10.1 against 1.75.0 for beta-1.76-1
[INFO] extracting crate bevy_wasm 0.10.1 into /workspace/builds/worker-7-tc1/source
[INFO] validating manifest of crates.io crate bevy_wasm 0.10.1 on toolchain 1.75.0
[INFO] running `Command { std: CARGO_HOME="/workspace/cargo-home" RUSTUP_HOME="/workspace/rustup-home" "/workspace/cargo-home/bin/cargo" "+1.75.0" "metadata" "--manifest-path" "Cargo.toml" "--no-deps", kill_on_drop: false }`
[INFO] started tweaking crates.io crate bevy_wasm 0.10.1
[INFO] finished tweaking crates.io crate bevy_wasm 0.10.1
[INFO] tweaked toml for crates.io crate bevy_wasm 0.10.1 written to /workspace/builds/worker-7-tc1/source/Cargo.toml
[INFO] running `Command { std: CARGO_HOME="/workspace/cargo-home" RUSTUP_HOME="/workspace/rustup-home" "/workspace/cargo-home/bin/cargo" "+1.75.0" "generate-lockfile" "--manifest-path" "Cargo.toml", kill_on_drop: false }`
[INFO] [stderr]     Updating crates.io index
[INFO] running `Command { std: CARGO_HOME="/workspace/cargo-home" RUSTUP_HOME="/workspace/rustup-home" "/workspace/cargo-home/bin/cargo" "+1.75.0" "fetch" "--manifest-path" "Cargo.toml", kill_on_drop: false }`
[INFO] [stderr]     Blocking waiting for file lock on package cache
[INFO] [stderr]     Blocking waiting for file lock on package cache
[INFO] [stderr]  Downloading crates ...
[INFO] [stderr]   Downloaded slice-group-by v0.3.1
[INFO] [stderr]   Downloaded cranelift-isle v0.92.1
[INFO] [stderr]   Downloaded wasmtime-component-macro v5.0.1
[INFO] [stderr]   Downloaded wasmtime-jit-debug v5.0.1
[INFO] [stderr]   Downloaded cranelift-native v0.92.1
[INFO] [stderr]   Downloaded wasmtime-jit-icache-coherence v5.0.1
[INFO] [stderr]   Downloaded wasmtime-asm-macros v5.0.1
[INFO] [stderr]   Downloaded memfd v0.6.4
[INFO] [stderr]   Downloaded directories-next v2.0.0
[INFO] [stderr]   Downloaded file-per-thread-logger v0.1.6
[INFO] [stderr]   Downloaded wasmtime-types v5.0.1
[INFO] [stderr]   Downloaded id-arena v2.2.1
[INFO] [stderr]   Downloaded ittapi v0.3.5
[INFO] [stderr]   Downloaded cranelift-codegen-shared v0.92.1
[INFO] [stderr]   Downloaded cranelift-bforest v0.92.1
[INFO] [stderr]   Downloaded wat v1.0.82
[INFO] [stderr]   Downloaded cranelift-frontend v0.92.1
[INFO] [stderr]   Downloaded wasmtime-jit v5.0.1
[INFO] [stderr]   Downloaded cranelift-codegen-meta v0.92.1
[INFO] [stderr]   Downloaded regalloc2 v0.5.1
[INFO] [stderr]   Downloaded cranelift-codegen v0.92.1
[INFO] [stderr]   Downloaded ittapi-sys v0.3.5
[INFO] [stderr]   Downloaded cranelift-wasm v0.92.1
[INFO] [stderr]   Downloaded wasmparser v0.96.0
[INFO] [stderr]   Downloaded wasmtime-runtime v5.0.1
[INFO] [stderr]   Downloaded wasmtime-cache v5.0.1
[INFO] [stderr]   Downloaded wit-parser v0.3.1
[INFO] [stderr]   Downloaded wasmtime-wit-bindgen v5.0.1
[INFO] [stderr]   Downloaded wasmtime-fiber v5.0.1
[INFO] [stderr]   Downloaded bevy_wasm_shared v0.10.1
[INFO] [stderr]   Downloaded wasmtime-component-util v5.0.1
[INFO] [stderr]   Downloaded wast v69.0.1
[INFO] [stderr]   Downloaded wasmtime-cranelift v5.0.1
[INFO] [stderr]   Downloaded cpp_demangle v0.3.5
[INFO] [stderr]   Downloaded wasmtime v5.0.1
[INFO] [stderr]   Downloaded pulldown-cmark v0.8.0
[INFO] [stderr]   Downloaded wasmtime-environ v5.0.1
[INFO] [stderr]   Downloaded rustix v0.36.17
[INFO] [stderr]   Downloaded cranelift-entity v0.92.1
[INFO] [stderr]   Downloaded target-lexicon v0.12.13
[INFO] [stderr]   Downloaded wasm-encoder v0.38.1
[INFO] running `Command { std: "docker" "create" "-v" "/var/lib/crater-agent-workspace/builds/worker-7-tc1/target:/opt/rustwide/target:rw,Z" "-v" "/var/lib/crater-agent-workspace/builds/worker-7-tc1/source:/opt/rustwide/workdir:ro,Z" "-v" "/var/lib/crater-agent-workspace/cargo-home:/opt/rustwide/cargo-home:ro,Z" "-v" "/var/lib/crater-agent-workspace/rustup-home:/opt/rustwide/rustup-home:ro,Z" "-e" "SOURCE_DIR=/opt/rustwide/workdir" "-e" "CARGO_TARGET_DIR=/opt/rustwide/target" "-e" "CARGO_HOME=/opt/rustwide/cargo-home" "-e" "RUSTUP_HOME=/opt/rustwide/rustup-home" "-w" "/opt/rustwide/workdir" "-m" "1610612736" "--user" "0:0" "--network" "none" "ghcr.io/rust-lang/crates-build-env/linux@sha256:2788e3201cd34a07e3172128adcd8b3090168a8e3bcc40d7c032b9dda1df7d1c" "/opt/rustwide/cargo-home/bin/cargo" "+1.75.0" "metadata" "--no-deps" "--format-version=1", kill_on_drop: false }`
[INFO] [stdout] 09699dc3b4d2a6c8684ff895c409ddff1222f7f60451c2ba96661390b18d0912
[INFO] running `Command { std: "docker" "start" "-a" "09699dc3b4d2a6c8684ff895c409ddff1222f7f60451c2ba96661390b18d0912", kill_on_drop: false }`
[INFO] running `Command { std: "docker" "inspect" "09699dc3b4d2a6c8684ff895c409ddff1222f7f60451c2ba96661390b18d0912", kill_on_drop: false }`
[INFO] running `Command { std: "docker" "rm" "-f" "09699dc3b4d2a6c8684ff895c409ddff1222f7f60451c2ba96661390b18d0912", kill_on_drop: false }`
[INFO] [stdout] 09699dc3b4d2a6c8684ff895c409ddff1222f7f60451c2ba96661390b18d0912
[INFO] running `Command { std: "docker" "create" "-v" "/var/lib/crater-agent-workspace/builds/worker-7-tc1/target:/opt/rustwide/target:rw,Z" "-v" "/var/lib/crater-agent-workspace/builds/worker-7-tc1/source:/opt/rustwide/workdir:ro,Z" "-v" "/var/lib/crater-agent-workspace/cargo-home:/opt/rustwide/cargo-home:ro,Z" "-v" "/var/lib/crater-agent-workspace/rustup-home:/opt/rustwide/rustup-home:ro,Z" "-e" "SOURCE_DIR=/opt/rustwide/workdir" "-e" "CARGO_TARGET_DIR=/opt/rustwide/target" "-e" "CARGO_INCREMENTAL=0" "-e" "RUST_BACKTRACE=full" "-e" "RUSTFLAGS=--cap-lints=warn" "-e" "RUSTDOCFLAGS=--cap-lints=warn" "-e" "CARGO_HOME=/opt/rustwide/cargo-home" "-e" "RUSTUP_HOME=/opt/rustwide/rustup-home" "-w" "/opt/rustwide/workdir" "-m" "1610612736" "--user" "0:0" "--network" "none" "ghcr.io/rust-lang/crates-build-env/linux@sha256:2788e3201cd34a07e3172128adcd8b3090168a8e3bcc40d7c032b9dda1df7d1c" "/opt/rustwide/cargo-home/bin/cargo" "+1.75.0" "build" "--frozen" "--message-format=json", kill_on_drop: false }`
[INFO] [stdout] 99406e88005488c7e92c0376463d64370d0fc8aa0850feb6d93ed4c0e3e584ce
[INFO] running `Command { std: "docker" "start" "-a" "99406e88005488c7e92c0376463d64370d0fc8aa0850feb6d93ed4c0e3e584ce", kill_on_drop: false }`
[INFO] [stderr]    Compiling libc v0.2.151
[INFO] [stderr]    Compiling crossbeam-utils v0.8.18
[INFO] [stderr]    Compiling hashbrown v0.14.3
[INFO] [stderr]    Compiling syn v1.0.109
[INFO] [stderr]    Compiling indexmap v1.9.3
[INFO] [stderr]    Compiling bytemuck v1.14.0
[INFO] [stderr]    Compiling bit-set v0.5.3
[INFO] [stderr]    Compiling syn v2.0.48
[INFO] [stderr]    Compiling regex-syntax v0.8.2
[INFO] [stderr]    Compiling tinyvec_macros v0.1.1
[INFO] [stderr]    Compiling fallible-iterator v0.2.0
[INFO] [stderr]    Compiling stable_deref_trait v1.2.0
[INFO] [stderr]    Compiling target-lexicon v0.12.13
[INFO] [stderr]    Compiling cranelift-isle v0.92.1
[INFO] [stderr]    Compiling unicode-bidi v0.3.14
[INFO] [stderr]    Compiling tinyvec v1.6.0
[INFO] [stderr]    Compiling percent-encoding v2.3.1
[INFO] [stderr]    Compiling rustix v0.38.28
[INFO] [stderr]    Compiling form_urlencoded v1.2.1
[INFO] [stderr]    Compiling crc32fast v1.3.2
[INFO] [stderr]    Compiling cranelift-codegen-shared v0.92.1
[INFO] [stderr]    Compiling bitflags v2.4.1
[INFO] [stderr]    Compiling linux-raw-sys v0.4.12
[INFO] [stderr]    Compiling io-lifetimes v1.0.11
[INFO] [stderr]    Compiling typenum v1.17.0
[INFO] [stderr]    Compiling cranelift-codegen-meta v0.92.1
[INFO] [stderr]    Compiling matchers v0.1.0
[INFO] [stderr]    Compiling indexmap v2.1.0
[INFO] [stderr]    Compiling generic-array v0.14.7
[INFO] [stderr]    Compiling jobserver v0.1.27
[INFO] [stderr]    Compiling getrandom v0.2.11
[INFO] [stderr]    Compiling toml_edit v0.19.15
[INFO] [stderr]    Compiling petgraph v0.6.4
[INFO] [stderr]    Compiling concurrent-queue v2.4.0
[INFO] [stderr]    Compiling rustix v0.36.17
[INFO] [stderr]    Compiling uuid v1.6.1
[INFO] [stderr]    Compiling cc v1.0.83
[INFO] [stderr]    Compiling event-listener v4.0.2
[INFO] [stderr]    Compiling async-channel v1.9.0
[INFO] [stderr]    Compiling unicode-normalization v0.1.22
[INFO] [stderr]    Compiling pkg-config v0.3.28
[INFO] [stderr]    Compiling event-listener-strategy v0.4.0
[INFO] [stderr]    Compiling linux-raw-sys v0.1.4
[INFO] [stderr]    Compiling slice-group-by v0.3.1
[INFO] [stderr]    Compiling async-lock v3.2.0
[INFO] [stderr]    Compiling bumpalo v3.14.0
[INFO] [stderr]    Compiling regex-automata v0.4.3
[INFO] [stderr]    Compiling idna v0.5.0
[INFO] [stderr]    Compiling crossbeam-channel v0.5.10
[INFO] [stderr]    Compiling memoffset v0.6.5
[INFO] [stderr]    Compiling async-executor v1.8.0
[INFO] [stderr]    Compiling ahash v0.7.7
[INFO] [stderr]    Compiling bevy_tasks v0.10.1
[INFO] [stderr]    Compiling url v2.5.0
[INFO] [stderr]    Compiling wasmtime-fiber v5.0.1
[INFO] [stderr]    Compiling zstd-sys v2.0.9+zstd.1.5.5
[INFO] [stderr]    Compiling ittapi-sys v0.3.5
[INFO] [stderr]    Compiling rand_core v0.6.4
[INFO] [stderr]    Compiling zstd-safe v5.0.2+zstd.1.5.2
[INFO] [stderr]    Compiling either v1.9.0
[INFO] [stderr]    Compiling paste v1.0.14
[INFO] [stderr]    Compiling ppv-lite86 v0.2.17
[INFO] [stderr]    Compiling block-buffer v0.10.4
[INFO] [stderr]    Compiling crypto-common v0.1.6
[INFO] [stderr]    Compiling wasmtime-runtime v5.0.1
[INFO] [stderr]    Compiling rand_chacha v0.3.1
[INFO] [stderr]    Compiling sysinfo v0.28.4
[INFO] [stderr]    Compiling crossbeam-epoch v0.9.17
[INFO] [stderr]    Compiling is-terminal v0.4.10
[INFO] [stderr]    Compiling wasmtime-asm-macros v5.0.1
[INFO] [stderr]    Compiling humantime v2.1.0
[INFO] [stderr]    Compiling cpp_demangle v0.3.5
[INFO] [stderr]    Compiling rayon-core v1.12.0
[INFO] [stderr]    Compiling leb128 v0.2.5
[INFO] [stderr]    Compiling bevy_macro_utils v0.10.1
[INFO] [stderr]    Compiling wasm-encoder v0.38.1
[INFO] [stderr]    Compiling crossbeam-deque v0.8.4
[INFO] [stderr]    Compiling rand v0.8.5
[INFO] [stderr]    Compiling memfd v0.6.4
[INFO] [stderr]    Compiling digest v0.10.7
[INFO] [stderr]    Compiling itertools v0.10.5
[INFO] [stderr]    Compiling cranelift-codegen v0.92.1
[INFO] [stderr]    Compiling psm v0.1.21
[INFO] [stderr]    Compiling dirs-sys-next v0.1.2
[INFO] [stderr]    Compiling accesskit v0.10.1
[INFO] [stderr]    Compiling wasmtime-cache v5.0.1
[INFO] [stderr]    Compiling cpufeatures v0.2.12
[INFO] [stderr]    Compiling async-trait v0.1.77
[INFO] [stderr]    Compiling sha2 v0.10.8
[INFO] [stderr]    Compiling directories-next v2.0.0
[INFO] [stderr]    Compiling wasmtime-jit-icache-coherence v5.0.1
[INFO] [stderr]    Compiling wasmtime v5.0.1
[INFO] [stderr]    Compiling base64 v0.13.1
[INFO] [stderr]    Compiling rustc-demangle v0.1.23
[INFO] [stderr]    Compiling wast v69.0.1
[INFO] [stderr]    Compiling colored v2.1.0
[INFO] [stderr]    Compiling bevy_wasm_shared v0.10.1
[INFO] [stderr]    Compiling regex v1.10.2
[INFO] [stderr]    Compiling rayon v1.8.0
[INFO] [stderr]    Compiling env_logger v0.10.1
[INFO] [stderr]    Compiling bevy_utils_proc_macros v0.10.1
[INFO] [stderr]    Compiling bevy_reflect_derive v0.10.1
[INFO] [stderr]    Compiling bevy_ecs_macros v0.10.1
[INFO] [stderr]    Compiling bevy_derive v0.10.1
[INFO] [stderr]    Compiling serde_derive v1.0.194
[INFO] [stderr]    Compiling thiserror-impl v1.0.56
[INFO] [stderr]    Compiling tracing-attributes v0.1.27
[INFO] [stderr]    Compiling ittapi v0.3.5
[INFO] [stderr]    Compiling file-per-thread-logger v0.1.6
[INFO] [stderr]    Compiling thiserror v1.0.56
[INFO] [stderr]    Compiling tracing v0.1.40
[INFO] [stderr]    Compiling serde v1.0.194
[INFO] [stderr]    Compiling zstd v0.11.2+zstd.1.5.2
[INFO] [stderr]    Compiling wat v1.0.82
[INFO] [stderr]    Compiling hashbrown v0.12.3
[INFO] [stderr]    Compiling smallvec v1.11.2
[INFO] [stderr]    Compiling glam v0.23.0
[INFO] [stderr]    Compiling erased-serde v0.3.31
[INFO] [stderr]    Compiling cranelift-entity v0.92.1
[INFO] [stderr]    Compiling bincode v1.3.3
[INFO] [stderr]    Compiling toml v0.5.11
[INFO] [stderr]    Compiling cranelift-bforest v0.92.1
[INFO] [stderr]    Compiling parking_lot_core v0.9.9
[INFO] [stderr]    Compiling tracing-subscriber v0.3.18
[INFO] [stderr]    Compiling regalloc2 v0.5.1
[INFO] [stderr]    Compiling bevy_utils v0.10.1
[INFO] [stderr]    Compiling parking_lot v0.12.1
[INFO] [stderr]    Compiling gimli v0.26.2
[INFO] [stderr]    Compiling wasmparser v0.96.0
[INFO] [stderr]    Compiling object v0.29.0
[INFO] [stderr]    Compiling bevy_math v0.10.1
[INFO] [stderr]    Compiling bevy_reflect v0.10.1
[INFO] [stderr]    Compiling addr2line v0.17.0
[INFO] [stderr]    Compiling wasmtime-types v5.0.1
[INFO] [stderr]    Compiling wasmtime-jit-debug v5.0.1
[INFO] [stderr]    Compiling wasmtime-environ v5.0.1
[INFO] [stderr]    Compiling bevy_ecs v0.10.1
[INFO] [stderr]    Compiling wasmtime-jit v5.0.1
[INFO] [stderr]    Compiling cranelift-frontend v0.92.1
[INFO] [stderr]    Compiling cranelift-native v0.92.1
[INFO] [stderr]    Compiling bevy_app v0.10.1
[INFO] [stderr]    Compiling cranelift-wasm v0.92.1
[INFO] [stderr]    Compiling bevy_core v0.10.1
[INFO] [stderr]    Compiling bevy_log v0.10.1
[INFO] [stderr]    Compiling bevy_time v0.10.1
[INFO] [stderr]    Compiling bevy_input v0.10.1
[INFO] [stderr]    Compiling bevy_a11y v0.10.1
[INFO] [stderr]    Compiling wasmtime-cranelift v5.0.1
[INFO] [stderr]    Compiling bevy_hierarchy v0.10.1
[INFO] [stderr]    Compiling bevy_transform v0.10.1
[INFO] [stderr]    Compiling bevy_diagnostic v0.10.1
[INFO] [stderr]    Compiling bevy_asset v0.10.1
[INFO] [stderr]    Compiling bevy_window v0.10.1
[INFO] [stderr]    Compiling bevy_internal v0.10.1
[INFO] [stderr]    Compiling bevy v0.10.1
[INFO] [stderr]    Compiling bevy_wasm v0.10.1 (/opt/rustwide/workdir)
[INFO] [stderr]     Finished dev [unoptimized + debuginfo] target(s) in 1m 47s
[INFO] running `Command { std: "docker" "inspect" "99406e88005488c7e92c0376463d64370d0fc8aa0850feb6d93ed4c0e3e584ce", kill_on_drop: false }`
[INFO] running `Command { std: "docker" "rm" "-f" "99406e88005488c7e92c0376463d64370d0fc8aa0850feb6d93ed4c0e3e584ce", kill_on_drop: false }`
[INFO] [stdout] 99406e88005488c7e92c0376463d64370d0fc8aa0850feb6d93ed4c0e3e584ce
[INFO] running `Command { std: "docker" "create" "-v" "/var/lib/crater-agent-workspace/builds/worker-7-tc1/target:/opt/rustwide/target:rw,Z" "-v" "/var/lib/crater-agent-workspace/builds/worker-7-tc1/source:/opt/rustwide/workdir:ro,Z" "-v" "/var/lib/crater-agent-workspace/cargo-home:/opt/rustwide/cargo-home:ro,Z" "-v" "/var/lib/crater-agent-workspace/rustup-home:/opt/rustwide/rustup-home:ro,Z" "-e" "SOURCE_DIR=/opt/rustwide/workdir" "-e" "CARGO_TARGET_DIR=/opt/rustwide/target" "-e" "CARGO_INCREMENTAL=0" "-e" "RUST_BACKTRACE=full" "-e" "RUSTFLAGS=--cap-lints=warn" "-e" "RUSTDOCFLAGS=--cap-lints=warn" "-e" "CARGO_HOME=/opt/rustwide/cargo-home" "-e" "RUSTUP_HOME=/opt/rustwide/rustup-home" "-w" "/opt/rustwide/workdir" "-m" "1610612736" "--user" "0:0" "--network" "none" "ghcr.io/rust-lang/crates-build-env/linux@sha256:2788e3201cd34a07e3172128adcd8b3090168a8e3bcc40d7c032b9dda1df7d1c" "/opt/rustwide/cargo-home/bin/cargo" "+1.75.0" "test" "--frozen" "--no-run" "--message-format=json", kill_on_drop: false }`
[INFO] [stdout] 6ac98c25374157b2bc77052f77eba33505c8c70b91ea4196f5c624c555415e72
[INFO] running `Command { std: "docker" "start" "-a" "6ac98c25374157b2bc77052f77eba33505c8c70b91ea4196f5c624c555415e72", kill_on_drop: false }`
[INFO] [stderr]    Compiling bevy_wasm v0.10.1 (/opt/rustwide/workdir)
[INFO] [stderr]     Finished test [unoptimized + debuginfo] target(s) in 4.25s
[INFO] running `Command { std: "docker" "inspect" "6ac98c25374157b2bc77052f77eba33505c8c70b91ea4196f5c624c555415e72", kill_on_drop: false }`
[INFO] running `Command { std: "docker" "rm" "-f" "6ac98c25374157b2bc77052f77eba33505c8c70b91ea4196f5c624c555415e72", kill_on_drop: false }`
[INFO] [stdout] 6ac98c25374157b2bc77052f77eba33505c8c70b91ea4196f5c624c555415e72
[INFO] running `Command { std: "docker" "create" "-v" "/var/lib/crater-agent-workspace/builds/worker-7-tc1/target:/opt/rustwide/target:rw,Z" "-v" "/var/lib/crater-agent-workspace/builds/worker-7-tc1/source:/opt/rustwide/workdir:ro,Z" "-v" "/var/lib/crater-agent-workspace/cargo-home:/opt/rustwide/cargo-home:ro,Z" "-v" "/var/lib/crater-agent-workspace/rustup-home:/opt/rustwide/rustup-home:ro,Z" "-e" "SOURCE_DIR=/opt/rustwide/workdir" "-e" "CARGO_TARGET_DIR=/opt/rustwide/target" "-e" "CARGO_INCREMENTAL=0" "-e" "RUST_BACKTRACE=full" "-e" "RUSTFLAGS=--cap-lints=warn" "-e" "RUSTDOCFLAGS=--cap-lints=warn" "-e" "CARGO_HOME=/opt/rustwide/cargo-home" "-e" "RUSTUP_HOME=/opt/rustwide/rustup-home" "-w" "/opt/rustwide/workdir" "-m" "1610612736" "--user" "0:0" "--network" "none" "ghcr.io/rust-lang/crates-build-env/linux@sha256:2788e3201cd34a07e3172128adcd8b3090168a8e3bcc40d7c032b9dda1df7d1c" "/opt/rustwide/cargo-home/bin/cargo" "+1.75.0" "test" "--frozen", kill_on_drop: false }`
[INFO] [stdout] aac4ee9a8af510a58b2e04a8410f349c862c861bcf4a7eb116c0b60e62d638f2
[INFO] running `Command { std: "docker" "start" "-a" "aac4ee9a8af510a58b2e04a8410f349c862c861bcf4a7eb116c0b60e62d638f2", kill_on_drop: false }`
[INFO] [stderr]     Finished test [unoptimized + debuginfo] target(s) in 0.17s
[INFO] [stderr]      Running unittests src/lib.rs (/opt/rustwide/target/debug/deps/bevy_wasm-c825ba25796c3fd3)
[INFO] [stdout] 
[INFO] [stdout] running 0 tests
[INFO] [stdout] 
[INFO] [stdout] test result: ok. 0 passed; 0 failed; 0 ignored; 0 measured; 0 filtered out; finished in 0.00s
[INFO] [stdout] 
[INFO] [stderr]    Doc-tests bevy_wasm
[INFO] [stdout] 
[INFO] [stdout] running 1 test
[INFO] [stdout] test src/components/wasm_mod.rs - components::wasm_mod::WasmMod (line 9) ... FAILED
[INFO] [stdout] 
[INFO] [stdout] failures:
[INFO] [stdout] 
[INFO] [stdout] ---- src/components/wasm_mod.rs - components::wasm_mod::WasmMod (line 9) stdout ----
[INFO] [stdout] error[E0425]: cannot find value `commands` in this scope
[INFO] [stdout]  --> src/components/wasm_mod.rs:10:1
[INFO] [stdout]   |
[INFO] [stdout] 3 | commands.spawn(WasmMod {
[INFO] [stdout]   | ^^^^^^^^ not found in this scope
[INFO] [stdout] 
[INFO] [stdout] error[E0422]: cannot find struct, variant or union type `WasmMod` in this scope
[INFO] [stdout]  --> src/components/wasm_mod.rs:10:16
[INFO] [stdout]   |
[INFO] [stdout] 3 | commands.spawn(WasmMod {
[INFO] [stdout]   |                ^^^^^^^ not found in this scope
[INFO] [stdout]   |
[INFO] [stdout] help: consider importing this struct
[INFO] [stdout]   |
[INFO] [stdout] 2 + use bevy_wasm::prelude::WasmMod;
[INFO] [stdout]   |
[INFO] [stdout] 
[INFO] [stdout] error[E0425]: cannot find value `asset_server` in this scope
[INFO] [stdout]  --> src/components/wasm_mod.rs:11:11
[INFO] [stdout]   |
[INFO] [stdout] 4 |     wasm: asset_server.load("my_mod.wasm"),
[INFO] [stdout]   |           ^^^^^^^^^^^^ not found in this scope
[INFO] [stdout] 
[INFO] [stdout] error: aborting due to 3 previous errors
[INFO] [stdout] 
[INFO] [stdout] Some errors have detailed explanations: E0422, E0425.
[INFO] [stdout] For more information about an error, try `rustc --explain E0422`.
[INFO] [stdout] Couldn't compile the test.
[INFO] [stdout] 
[INFO] [stdout] failures:
[INFO] [stdout]     src/components/wasm_mod.rs - components::wasm_mod::WasmMod (line 9)
[INFO] [stdout] 
[INFO] [stdout] test result: FAILED. 0 passed; 1 failed; 0 ignored; 0 measured; 0 filtered out; finished in 0.11s
[INFO] [stdout] 
[INFO] [stderr] error: doctest failed, to rerun pass `--doc`
[INFO] running `Command { std: "docker" "inspect" "aac4ee9a8af510a58b2e04a8410f349c862c861bcf4a7eb116c0b60e62d638f2", kill_on_drop: false }`
[INFO] running `Command { std: "docker" "rm" "-f" "aac4ee9a8af510a58b2e04a8410f349c862c861bcf4a7eb116c0b60e62d638f2", kill_on_drop: false }`
[INFO] [stdout] aac4ee9a8af510a58b2e04a8410f349c862c861bcf4a7eb116c0b60e62d638f2
