[INFO] fetching crate bevy_save-erased-serde 0.4.0...
[INFO] testing bevy_save-erased-serde-0.4.0 against 1.75.0 for beta-1.76-1
[INFO] extracting crate bevy_save-erased-serde 0.4.0 into /workspace/builds/worker-2-tc1/source
[INFO] validating manifest of crates.io crate bevy_save-erased-serde 0.4.0 on toolchain 1.75.0
[INFO] running `Command { std: CARGO_HOME="/workspace/cargo-home" RUSTUP_HOME="/workspace/rustup-home" "/workspace/cargo-home/bin/cargo" "+1.75.0" "metadata" "--manifest-path" "Cargo.toml" "--no-deps", kill_on_drop: false }`
[INFO] started tweaking crates.io crate bevy_save-erased-serde 0.4.0
[INFO] finished tweaking crates.io crate bevy_save-erased-serde 0.4.0
[INFO] tweaked toml for crates.io crate bevy_save-erased-serde 0.4.0 written to /workspace/builds/worker-2-tc1/source/Cargo.toml
[INFO] running `Command { std: CARGO_HOME="/workspace/cargo-home" RUSTUP_HOME="/workspace/rustup-home" "/workspace/cargo-home/bin/cargo" "+1.75.0" "generate-lockfile" "--manifest-path" "Cargo.toml", kill_on_drop: false }`
[INFO] [stderr]     Updating crates.io index
[INFO] running `Command { std: CARGO_HOME="/workspace/cargo-home" RUSTUP_HOME="/workspace/rustup-home" "/workspace/cargo-home/bin/cargo" "+1.75.0" "fetch" "--manifest-path" "Cargo.toml", kill_on_drop: false }`
[INFO] [stderr]  Downloading crates ...
[INFO] [stderr]   Downloaded dissimilar v1.0.7
[INFO] [stderr]   Downloaded trybuild v1.0.87
[INFO] running `Command { std: "docker" "create" "-v" "/var/lib/crater-agent-workspace/builds/worker-2-tc1/target:/opt/rustwide/target:rw,Z" "-v" "/var/lib/crater-agent-workspace/builds/worker-2-tc1/source:/opt/rustwide/workdir:ro,Z" "-v" "/var/lib/crater-agent-workspace/cargo-home:/opt/rustwide/cargo-home:ro,Z" "-v" "/var/lib/crater-agent-workspace/rustup-home:/opt/rustwide/rustup-home:ro,Z" "-e" "SOURCE_DIR=/opt/rustwide/workdir" "-e" "CARGO_TARGET_DIR=/opt/rustwide/target" "-e" "CARGO_HOME=/opt/rustwide/cargo-home" "-e" "RUSTUP_HOME=/opt/rustwide/rustup-home" "-w" "/opt/rustwide/workdir" "-m" "1610612736" "--user" "0:0" "--network" "none" "ghcr.io/rust-lang/crates-build-env/linux@sha256:2788e3201cd34a07e3172128adcd8b3090168a8e3bcc40d7c032b9dda1df7d1c" "/opt/rustwide/cargo-home/bin/cargo" "+1.75.0" "metadata" "--no-deps" "--format-version=1", kill_on_drop: false }`
[INFO] [stdout] 2db77ef5c6f116b681020e51e79b0035898f05fb45da1c0fb1c4a42386390edd
[INFO] running `Command { std: "docker" "start" "-a" "2db77ef5c6f116b681020e51e79b0035898f05fb45da1c0fb1c4a42386390edd", kill_on_drop: false }`
[INFO] running `Command { std: "docker" "inspect" "2db77ef5c6f116b681020e51e79b0035898f05fb45da1c0fb1c4a42386390edd", kill_on_drop: false }`
[INFO] running `Command { std: "docker" "rm" "-f" "2db77ef5c6f116b681020e51e79b0035898f05fb45da1c0fb1c4a42386390edd", kill_on_drop: false }`
[INFO] [stdout] 2db77ef5c6f116b681020e51e79b0035898f05fb45da1c0fb1c4a42386390edd
[INFO] running `Command { std: "docker" "create" "-v" "/var/lib/crater-agent-workspace/builds/worker-2-tc1/target:/opt/rustwide/target:rw,Z" "-v" "/var/lib/crater-agent-workspace/builds/worker-2-tc1/source:/opt/rustwide/workdir:ro,Z" "-v" "/var/lib/crater-agent-workspace/cargo-home:/opt/rustwide/cargo-home:ro,Z" "-v" "/var/lib/crater-agent-workspace/rustup-home:/opt/rustwide/rustup-home:ro,Z" "-e" "SOURCE_DIR=/opt/rustwide/workdir" "-e" "CARGO_TARGET_DIR=/opt/rustwide/target" "-e" "CARGO_INCREMENTAL=0" "-e" "RUST_BACKTRACE=full" "-e" "RUSTFLAGS=--cap-lints=warn" "-e" "RUSTDOCFLAGS=--cap-lints=warn" "-e" "CARGO_HOME=/opt/rustwide/cargo-home" "-e" "RUSTUP_HOME=/opt/rustwide/rustup-home" "-w" "/opt/rustwide/workdir" "-m" "1610612736" "--user" "0:0" "--network" "none" "ghcr.io/rust-lang/crates-build-env/linux@sha256:2788e3201cd34a07e3172128adcd8b3090168a8e3bcc40d7c032b9dda1df7d1c" "/opt/rustwide/cargo-home/bin/cargo" "+1.75.0" "build" "--frozen" "--message-format=json", kill_on_drop: false }`
[INFO] [stdout] 227b8cfb8b787389e3aaf150e69a6e2bcec89844dfa4ade65ed40b082520e7bb
[INFO] running `Command { std: "docker" "start" "-a" "227b8cfb8b787389e3aaf150e69a6e2bcec89844dfa4ade65ed40b082520e7bb", kill_on_drop: false }`
[INFO] [stderr]    Compiling serde v1.0.194
[INFO] [stderr]    Compiling bevy_save-erased-serde v0.4.0 (/opt/rustwide/workdir)
[INFO] [stdout] warning: unused import: `vec`
[INFO] [stdout]    --> src/lib.rs:123:27
[INFO] [stdout]     |
[INFO] [stdout] 123 |     pub use self::alloc::{vec, vec::Vec};
[INFO] [stdout]     |                           ^^^
[INFO] [stdout]     |
[INFO] [stdout]     = note: `#[warn(unused_imports)]` on by default
[INFO] [stdout] 
[INFO] [stdout] 
[INFO] [stdout] warning: 1 warning emitted
[INFO] [stdout] 
[INFO] [stdout] 
[INFO] [stderr]     Finished dev [unoptimized + debuginfo] target(s) in 5.05s
[INFO] running `Command { std: "docker" "inspect" "227b8cfb8b787389e3aaf150e69a6e2bcec89844dfa4ade65ed40b082520e7bb", kill_on_drop: false }`
[INFO] running `Command { std: "docker" "rm" "-f" "227b8cfb8b787389e3aaf150e69a6e2bcec89844dfa4ade65ed40b082520e7bb", kill_on_drop: false }`
[INFO] [stdout] 227b8cfb8b787389e3aaf150e69a6e2bcec89844dfa4ade65ed40b082520e7bb
[INFO] running `Command { std: "docker" "create" "-v" "/var/lib/crater-agent-workspace/builds/worker-2-tc1/target:/opt/rustwide/target:rw,Z" "-v" "/var/lib/crater-agent-workspace/builds/worker-2-tc1/source:/opt/rustwide/workdir:ro,Z" "-v" "/var/lib/crater-agent-workspace/cargo-home:/opt/rustwide/cargo-home:ro,Z" "-v" "/var/lib/crater-agent-workspace/rustup-home:/opt/rustwide/rustup-home:ro,Z" "-e" "SOURCE_DIR=/opt/rustwide/workdir" "-e" "CARGO_TARGET_DIR=/opt/rustwide/target" "-e" "CARGO_INCREMENTAL=0" "-e" "RUST_BACKTRACE=full" "-e" "RUSTFLAGS=--cap-lints=warn" "-e" "RUSTDOCFLAGS=--cap-lints=warn" "-e" "CARGO_HOME=/opt/rustwide/cargo-home" "-e" "RUSTUP_HOME=/opt/rustwide/rustup-home" "-w" "/opt/rustwide/workdir" "-m" "1610612736" "--user" "0:0" "--network" "none" "ghcr.io/rust-lang/crates-build-env/linux@sha256:2788e3201cd34a07e3172128adcd8b3090168a8e3bcc40d7c032b9dda1df7d1c" "/opt/rustwide/cargo-home/bin/cargo" "+1.75.0" "test" "--frozen" "--no-run" "--message-format=json", kill_on_drop: false }`
[INFO] [stdout] 88ec76558df460f3212f07e1fb6f7df0bb872fe3f04a74e2a3a1225de80e2d25
[INFO] running `Command { std: "docker" "start" "-a" "88ec76558df460f3212f07e1fb6f7df0bb872fe3f04a74e2a3a1225de80e2d25", kill_on_drop: false }`
[INFO] [stderr]    Compiling trybuild v1.0.87
[INFO] [stderr]    Compiling glob v0.3.1
[INFO] [stderr]    Compiling dissimilar v1.0.7
[INFO] [stderr]    Compiling basic-toml v0.1.8
[INFO] [stderr]    Compiling bevy_save-erased-serde v0.4.0 (/opt/rustwide/workdir)
[INFO] [stdout] warning: unused import: `vec`
[INFO] [stdout]    --> src/lib.rs:123:27
[INFO] [stdout]     |
[INFO] [stdout] 123 |     pub use self::alloc::{vec, vec::Vec};
[INFO] [stdout]     |                           ^^^
[INFO] [stdout]     |
[INFO] [stdout]     = note: `#[warn(unused_imports)]` on by default
[INFO] [stdout] 
[INFO] [stdout] 
[INFO] [stdout] warning: 1 warning emitted
[INFO] [stdout] 
[INFO] [stdout] 
[INFO] [stderr]     Finished test [unoptimized + debuginfo] target(s) in 7.87s
[INFO] running `Command { std: "docker" "inspect" "88ec76558df460f3212f07e1fb6f7df0bb872fe3f04a74e2a3a1225de80e2d25", kill_on_drop: false }`
[INFO] running `Command { std: "docker" "rm" "-f" "88ec76558df460f3212f07e1fb6f7df0bb872fe3f04a74e2a3a1225de80e2d25", kill_on_drop: false }`
[INFO] [stdout] 88ec76558df460f3212f07e1fb6f7df0bb872fe3f04a74e2a3a1225de80e2d25
[INFO] running `Command { std: "docker" "create" "-v" "/var/lib/crater-agent-workspace/builds/worker-2-tc1/target:/opt/rustwide/target:rw,Z" "-v" "/var/lib/crater-agent-workspace/builds/worker-2-tc1/source:/opt/rustwide/workdir:ro,Z" "-v" "/var/lib/crater-agent-workspace/cargo-home:/opt/rustwide/cargo-home:ro,Z" "-v" "/var/lib/crater-agent-workspace/rustup-home:/opt/rustwide/rustup-home:ro,Z" "-e" "SOURCE_DIR=/opt/rustwide/workdir" "-e" "CARGO_TARGET_DIR=/opt/rustwide/target" "-e" "CARGO_INCREMENTAL=0" "-e" "RUST_BACKTRACE=full" "-e" "RUSTFLAGS=--cap-lints=warn" "-e" "RUSTDOCFLAGS=--cap-lints=warn" "-e" "CARGO_HOME=/opt/rustwide/cargo-home" "-e" "RUSTUP_HOME=/opt/rustwide/rustup-home" "-w" "/opt/rustwide/workdir" "-m" "1610612736" "--user" "0:0" "--network" "none" "ghcr.io/rust-lang/crates-build-env/linux@sha256:2788e3201cd34a07e3172128adcd8b3090168a8e3bcc40d7c032b9dda1df7d1c" "/opt/rustwide/cargo-home/bin/cargo" "+1.75.0" "test" "--frozen", kill_on_drop: false }`
[INFO] [stdout] 6d9f30edd1d999c57917131957a492c955557cd3cebfa39d8a8ce6528c49200f
[INFO] running `Command { std: "docker" "start" "-a" "6d9f30edd1d999c57917131957a492c955557cd3cebfa39d8a8ce6528c49200f", kill_on_drop: false }`
[INFO] [stderr] warning: unused import: `vec`
[INFO] [stderr]    --> src/lib.rs:123:27
[INFO] [stderr]     |
[INFO] [stderr] 123 |     pub use self::alloc::{vec, vec::Vec};
[INFO] [stderr]     |                           ^^^
[INFO] [stderr]     |
[INFO] [stderr]     = note: `#[warn(unused_imports)]` on by default
[INFO] [stderr] 
[INFO] [stderr] warning: `bevy_save-erased-serde` (lib) generated 1 warning (run `cargo fix --lib -p bevy_save-erased-serde` to apply 1 suggestion)
[INFO] [stderr]     Finished test [unoptimized + debuginfo] target(s) in 0.03s
[INFO] [stderr]      Running unittests src/lib.rs (/opt/rustwide/target/debug/deps/bevy_save_erased_serde-9e9808908af1d647)
[INFO] [stdout] 
[INFO] [stdout] running 15 tests
[INFO] [stdout] test macros::tests::test_type_parameter ... ok
[INFO] [stdout] test ser::tests::assert_serialize ... ok
[INFO] [stdout] test ser::tests::test_enum ... ok
[INFO] [stdout] test ser::tests::assert_serializer ... ok
[INFO] [stdout] test de::tests::assert_deserializer ... ok
[INFO] [stdout] test de::tests::test_borrowed ... ok
[INFO] [stdout] test macros::tests::test_plain ... ok
[INFO] [stdout] test macros::tests::test_generic_bound ... ok
[INFO] [stdout] test any::test_fingerprint ... ok
[INFO] [stdout] test de::tests::test_struct ... ok
[INFO] [stdout] test macros::tests::test_where_clause ... ok
[INFO] [stdout] test de::tests::test_value ... ok
[INFO] [stdout] test de::tests::test_enum ... ok
[INFO] [stdout] test ser::tests::test_vec ... ok
[INFO] [stdout] test ser::tests::test_struct ... ok
[INFO] [stdout] 
[INFO] [stdout] test result: ok. 15 passed; 0 failed; 0 ignored; 0 measured; 0 filtered out; finished in 0.02s
[INFO] [stdout] 
[INFO] [stderr]    Doc-tests bevy_save-erased-serde
[INFO] [stdout] 
[INFO] [stdout] running 12 tests
[INFO] [stdout] test src/ser.rs - ser::Serializer (line 76) ... FAILED
[INFO] [stdout] test src/lib.rs - (line 35) ... FAILED
[INFO] [stdout] test src/ser.rs - ser::Serialize (line 33) ... FAILED
[INFO] [stdout] test src/de.rs - de::Deserializer (line 65) ... FAILED
[INFO] [stdout] test src/ser.rs - ser::dynSerializer::erase (line 179) ... FAILED
[INFO] [stdout] test src/ser.rs - ser::serialize (line 639) ... FAILED
[INFO] [stdout] test src/de.rs - de::deserialize (line 20) ... FAILED
[INFO] [stdout] test src/ser.rs - ser::serialize (line 656) ... FAILED
[INFO] [stdout] test src/de.rs - de::dynDeserializer<'de>::erase (line 219) ... FAILED
[INFO] [stdout] test src/macros.rs - macros::serialize_trait_object (line 4) ... FAILED
[INFO] [stdout] test src/lib.rs - (line 71) ... FAILED
[INFO] [stdout] test src/macros.rs - macros::serialize_trait_object (line 16) ... FAILED
[INFO] [stdout] 
[INFO] [stdout] failures:
[INFO] [stdout] 
[INFO] [stdout] ---- src/ser.rs - ser::Serializer (line 76) stdout ----
[INFO] [stdout] error[E0432]: unresolved import `erased_serde`
[INFO] [stdout]  --> src/ser.rs:77:5
[INFO] [stdout]   |
[INFO] [stdout] 2 | use erased_serde::{Serialize, Serializer};
[INFO] [stdout]   |     ^^^^^^^^^^^^ use of undeclared crate or module `erased_serde`
[INFO] [stdout] 
[INFO] [stdout] error: aborting due to previous error
[INFO] [stdout] 
[INFO] [stdout] For more information about this error, try `rustc --explain E0432`.
[INFO] [stdout] Couldn't compile the test.
[INFO] [stdout] ---- src/lib.rs - (line 35) stdout ----
[INFO] [stdout] error[E0432]: unresolved import `erased_serde`
[INFO] [stdout]  --> src/lib.rs:36:5
[INFO] [stdout]   |
[INFO] [stdout] 2 | use erased_serde::{Serialize, Serializer};
[INFO] [stdout]   |     ^^^^^^^^^^^^ use of undeclared crate or module `erased_serde`
[INFO] [stdout] 
[INFO] [stdout] error: aborting due to previous error
[INFO] [stdout] 
[INFO] [stdout] For more information about this error, try `rustc --explain E0432`.
[INFO] [stdout] Couldn't compile the test.
[INFO] [stdout] ---- src/ser.rs - ser::Serialize (line 33) stdout ----
[INFO] [stdout] error[E0432]: unresolved import `erased_serde`
[INFO] [stdout]  --> src/ser.rs:34:5
[INFO] [stdout]   |
[INFO] [stdout] 2 | use erased_serde::{Serialize, Serializer};
[INFO] [stdout]   |     ^^^^^^^^^^^^ use of undeclared crate or module `erased_serde`
[INFO] [stdout] 
[INFO] [stdout] error: aborting due to previous error
[INFO] [stdout] 
[INFO] [stdout] For more information about this error, try `rustc --explain E0432`.
[INFO] [stdout] Couldn't compile the test.
[INFO] [stdout] ---- src/de.rs - de::Deserializer (line 65) stdout ----
[INFO] [stdout] error[E0432]: unresolved import `erased_serde`
[INFO] [stdout]  --> src/de.rs:66:5
[INFO] [stdout]   |
[INFO] [stdout] 2 | use erased_serde::Deserializer;
[INFO] [stdout]   |     ^^^^^^^^^^^^ use of undeclared crate or module `erased_serde`
[INFO] [stdout] 
[INFO] [stdout] error[E0433]: failed to resolve: use of undeclared crate or module `erased_serde`
[INFO] [stdout]   --> src/de.rs:86:36
[INFO] [stdout]    |
[INFO] [stdout] 22 |     let data: Map<String, usize> = erased_serde::deserialize(format).unwrap();
[INFO] [stdout]    |                                    ^^^^^^^^^^^^ use of undeclared crate or module `erased_serde`
[INFO] [stdout] 
[INFO] [stdout] error: aborting due to 2 previous errors
[INFO] [stdout] 
[INFO] [stdout] Some errors have detailed explanations: E0432, E0433.
[INFO] [stdout] For more information about an error, try `rustc --explain E0432`.
[INFO] [stdout] Couldn't compile the test.
[INFO] [stdout] ---- src/ser.rs - ser::dynSerializer::erase (line 179) stdout ----
[INFO] [stdout] error[E0432]: unresolved import `erased_serde`
[INFO] [stdout]  --> src/ser.rs:180:5
[INFO] [stdout]   |
[INFO] [stdout] 2 | use erased_serde::{Serialize, Serializer};
[INFO] [stdout]   |     ^^^^^^^^^^^^ use of undeclared crate or module `erased_serde`
[INFO] [stdout] 
[INFO] [stdout] error: aborting due to previous error
[INFO] [stdout] 
[INFO] [stdout] For more information about this error, try `rustc --explain E0432`.
[INFO] [stdout] Couldn't compile the test.
[INFO] [stdout] ---- src/ser.rs - ser::serialize (line 639) stdout ----
[INFO] [stdout] error[E0433]: failed to resolve: use of undeclared crate or module `erased_serde`
[INFO] [stdout]  --> src/ser.rs:640:14
[INFO] [stdout]   |
[INFO] [stdout] 3 | trait Event: erased_serde::Serialize {
[INFO] [stdout]   |              ^^^^^^^^^^^^ use of undeclared crate or module `erased_serde`
[INFO] [stdout] 
[INFO] [stdout] error[E0433]: failed to resolve: use of undeclared crate or module `erased_serde`
[INFO] [stdout]   --> src/ser.rs:648:9
[INFO] [stdout]    |
[INFO] [stdout] 11 |         erased_serde::serialize(self, serializer)
[INFO] [stdout]    |         ^^^^^^^^^^^^ use of undeclared crate or module `erased_serde`
[INFO] [stdout] 
[INFO] [stdout] error: aborting due to 2 previous errors
[INFO] [stdout] 
[INFO] [stdout] For more information about this error, try `rustc --explain E0433`.
[INFO] [stdout] Couldn't compile the test.
[INFO] [stdout] ---- src/de.rs - de::deserialize (line 20) stdout ----
[INFO] [stdout] error[E0432]: unresolved import `erased_serde`
[INFO] [stdout]  --> src/de.rs:21:5
[INFO] [stdout]   |
[INFO] [stdout] 2 | use erased_serde::Deserializer;
[INFO] [stdout]   |     ^^^^^^^^^^^^ use of undeclared crate or module `erased_serde`
[INFO] [stdout] 
[INFO] [stdout] error[E0433]: failed to resolve: use of undeclared crate or module `erased_serde`
[INFO] [stdout]   --> src/de.rs:41:36
[INFO] [stdout]    |
[INFO] [stdout] 22 |     let data: Map<String, usize> = erased_serde::deserialize(format).unwrap();
[INFO] [stdout]    |                                    ^^^^^^^^^^^^ use of undeclared crate or module `erased_serde`
[INFO] [stdout] 
[INFO] [stdout] error: aborting due to 2 previous errors
[INFO] [stdout] 
[INFO] [stdout] Some errors have detailed explanations: E0432, E0433.
[INFO] [stdout] For more information about an error, try `rustc --explain E0432`.
[INFO] [stdout] Couldn't compile the test.
[INFO] [stdout] ---- src/ser.rs - ser::serialize (line 656) stdout ----
[INFO] [stdout] error[E0432]: unresolved import `erased_serde`
[INFO] [stdout]  --> src/ser.rs:657:5
[INFO] [stdout]   |
[INFO] [stdout] 3 | use erased_serde::serialize_trait_object;
[INFO] [stdout]   |     ^^^^^^^^^^^^ use of undeclared crate or module `erased_serde`
[INFO] [stdout] 
[INFO] [stdout] error: cannot determine resolution for the macro `serialize_trait_object`
[INFO] [stdout]  --> src/ser.rs:661:1
[INFO] [stdout]   |
[INFO] [stdout] 7 | serialize_trait_object!(Event);
[INFO] [stdout]   | ^^^^^^^^^^^^^^^^^^^^^^
[INFO] [stdout]   |
[INFO] [stdout]   = note: import resolution is stuck, try simplifying macro imports
[INFO] [stdout] 
[INFO] [stdout] error[E0433]: failed to resolve: use of undeclared crate or module `erased_serde`
[INFO] [stdout]  --> src/ser.rs:659:14
[INFO] [stdout]   |
[INFO] [stdout] 5 | trait Event: erased_serde::Serialize {}
[INFO] [stdout]   |              ^^^^^^^^^^^^ use of undeclared crate or module `erased_serde`
[INFO] [stdout] 
[INFO] [stdout] error: aborting due to 3 previous errors
[INFO] [stdout] 
[INFO] [stdout] Some errors have detailed explanations: E0432, E0433.
[INFO] [stdout] For more information about an error, try `rustc --explain E0432`.
[INFO] [stdout] Couldn't compile the test.
[INFO] [stdout] ---- src/de.rs - de::dynDeserializer<'de>::erase (line 219) stdout ----
[INFO] [stdout] error[E0432]: unresolved import `erased_serde`
[INFO] [stdout]  --> src/de.rs:220:5
[INFO] [stdout]   |
[INFO] [stdout] 2 | use erased_serde::Deserializer;
[INFO] [stdout]   |     ^^^^^^^^^^^^ use of undeclared crate or module `erased_serde`
[INFO] [stdout] 
[INFO] [stdout] error[E0433]: failed to resolve: use of undeclared crate or module `erased_serde`
[INFO] [stdout]   --> src/de.rs:240:36
[INFO] [stdout]    |
[INFO] [stdout] 22 |     let data: Map<String, usize> = erased_serde::deserialize(format).unwrap();
[INFO] [stdout]    |                                    ^^^^^^^^^^^^ use of undeclared crate or module `erased_serde`
[INFO] [stdout] 
[INFO] [stdout] error: aborting due to 2 previous errors
[INFO] [stdout] 
[INFO] [stdout] Some errors have detailed explanations: E0432, E0433.
[INFO] [stdout] For more information about an error, try `rustc --explain E0432`.
[INFO] [stdout] Couldn't compile the test.
[INFO] [stdout] ---- src/macros.rs - macros::serialize_trait_object (line 4) stdout ----
[INFO] [stdout] error[E0432]: unresolved import `erased_serde`
[INFO] [stdout]  --> src/macros.rs:5:5
[INFO] [stdout]   |
[INFO] [stdout] 3 | use erased_serde::serialize_trait_object;
[INFO] [stdout]   |     ^^^^^^^^^^^^ use of undeclared crate or module `erased_serde`
[INFO] [stdout] 
[INFO] [stdout] error[E0433]: failed to resolve: use of undeclared crate or module `erased_serde`
[INFO] [stdout]  --> src/macros.rs:11:1
[INFO] [stdout]   |
[INFO] [stdout] 9 | erased_serde::serialize_trait_object!(Event);
[INFO] [stdout]   | ^^^^^^^^^^^^ use of undeclared crate or module `erased_serde`
[INFO] [stdout] 
[INFO] [stdout] error[E0433]: failed to resolve: use of undeclared crate or module `erased_serde`
[INFO] [stdout]  --> src/macros.rs:7:14
[INFO] [stdout]   |
[INFO] [stdout] 5 | trait Event: erased_serde::Serialize {
[INFO] [stdout]   |              ^^^^^^^^^^^^ use of undeclared crate or module `erased_serde`
[INFO] [stdout] 
[INFO] [stdout] error: aborting due to 3 previous errors
[INFO] [stdout] 
[INFO] [stdout] Some errors have detailed explanations: E0432, E0433.
[INFO] [stdout] For more information about an error, try `rustc --explain E0432`.
[INFO] [stdout] Couldn't compile the test.
[INFO] [stdout] ---- src/lib.rs - (line 71) stdout ----
[INFO] [stdout] error[E0432]: unresolved import `erased_serde`
[INFO] [stdout]  --> src/lib.rs:72:5
[INFO] [stdout]   |
[INFO] [stdout] 2 | use erased_serde::Deserializer;
[INFO] [stdout]   |     ^^^^^^^^^^^^ use of undeclared crate or module `erased_serde`
[INFO] [stdout] 
[INFO] [stdout] error[E0433]: failed to resolve: use of undeclared crate or module `erased_serde`
[INFO] [stdout]   --> src/lib.rs:92:36
[INFO] [stdout]    |
[INFO] [stdout] 22 |     let data: Map<String, usize> = erased_serde::deserialize(format).unwrap();
[INFO] [stdout]    |                                    ^^^^^^^^^^^^ use of undeclared crate or module `erased_serde`
[INFO] [stdout] 
[INFO] [stdout] error: aborting due to 2 previous errors
[INFO] [stdout] 
[INFO] [stdout] Some errors have detailed explanations: E0432, E0433.
[INFO] [stdout] For more information about an error, try `rustc --explain E0432`.
[INFO] [stdout] Couldn't compile the test.
[INFO] [stdout] ---- src/macros.rs - macros::serialize_trait_object (line 16) stdout ----
[INFO] [stdout] error[E0432]: unresolved import `erased_serde`
[INFO] [stdout]  --> src/macros.rs:17:5
[INFO] [stdout]   |
[INFO] [stdout] 3 | use erased_serde::serialize_trait_object;
[INFO] [stdout]   |     ^^^^^^^^^^^^ use of undeclared crate or module `erased_serde`
[INFO] [stdout] 
[INFO] [stdout] error: cannot determine resolution for the macro `serialize_trait_object`
[INFO] [stdout]  --> src/macros.rs:23:1
[INFO] [stdout]   |
[INFO] [stdout] 9 | serialize_trait_object!(<T> Difficult<T> where T: Copy);
[INFO] [stdout]   | ^^^^^^^^^^^^^^^^^^^^^^
[INFO] [stdout]   |
[INFO] [stdout]   = note: import resolution is stuck, try simplifying macro imports
[INFO] [stdout] 
[INFO] [stdout] error[E0433]: failed to resolve: use of undeclared crate or module `erased_serde`
[INFO] [stdout]  --> src/macros.rs:19:21
[INFO] [stdout]   |
[INFO] [stdout] 5 | trait Difficult<T>: erased_serde::Serialize where T: Copy {
[INFO] [stdout]   |                     ^^^^^^^^^^^^ use of undeclared crate or module `erased_serde`
[INFO] [stdout] 
[INFO] [stdout] error: aborting due to 3 previous errors
[INFO] [stdout] 
[INFO] [stdout] Some errors have detailed explanations: E0432, E0433.
[INFO] [stdout] For more information about an error, try `rustc --explain E0432`.
[INFO] [stdout] Couldn't compile the test.
[INFO] [stdout] 
[INFO] [stdout] failures:
[INFO] [stdout]     src/de.rs - de::Deserializer (line 65)
[INFO] [stdout]     src/de.rs - de::deserialize (line 20)
[INFO] [stdout]     src/de.rs - de::dynDeserializer<'de>::erase (line 219)
[INFO] [stdout]     src/lib.rs - (line 35)
[INFO] [stdout]     src/lib.rs - (line 71)
[INFO] [stdout]     src/macros.rs - macros::serialize_trait_object (line 16)
[INFO] [stdout]     src/macros.rs - macros::serialize_trait_object (line 4)
[INFO] [stdout]     src/ser.rs - ser::Serialize (line 33)
[INFO] [stdout]     src/ser.rs - ser::Serializer (line 76)
[INFO] [stdout]     src/ser.rs - ser::dynSerializer::erase (line 179)
[INFO] [stdout]     src/ser.rs - ser::serialize (line 639)
[INFO] [stdout]     src/ser.rs - ser::serialize (line 656)
[INFO] [stdout] 
[INFO] [stdout] test result: FAILED. 0 passed; 12 failed; 0 ignored; 0 measured; 0 filtered out; finished in 0.20s
[INFO] [stdout] 
[INFO] [stderr] error: doctest failed, to rerun pass `--doc`
[INFO] running `Command { std: "docker" "inspect" "6d9f30edd1d999c57917131957a492c955557cd3cebfa39d8a8ce6528c49200f", kill_on_drop: false }`
[INFO] running `Command { std: "docker" "rm" "-f" "6d9f30edd1d999c57917131957a492c955557cd3cebfa39d8a8ce6528c49200f", kill_on_drop: false }`
[INFO] [stdout] 6d9f30edd1d999c57917131957a492c955557cd3cebfa39d8a8ce6528c49200f
[INFO] testing bevy_save-erased-serde-0.4.0 against beta-2023-12-22 for beta-1.76-1
[INFO] extracting crate bevy_save-erased-serde 0.4.0 into /workspace/builds/worker-2-tc2/source
[INFO] validating manifest of crates.io crate bevy_save-erased-serde 0.4.0 on toolchain beta-2023-12-22
[INFO] running `Command { std: CARGO_HOME="/workspace/cargo-home" RUSTUP_HOME="/workspace/rustup-home" "/workspace/cargo-home/bin/cargo" "+beta-2023-12-22" "metadata" "--manifest-path" "Cargo.toml" "--no-deps", kill_on_drop: false }`
[INFO] started tweaking crates.io crate bevy_save-erased-serde 0.4.0
[INFO] finished tweaking crates.io crate bevy_save-erased-serde 0.4.0
[INFO] tweaked toml for crates.io crate bevy_save-erased-serde 0.4.0 written to /workspace/builds/worker-2-tc2/source/Cargo.toml
[INFO] running `Command { std: CARGO_HOME="/workspace/cargo-home" RUSTUP_HOME="/workspace/rustup-home" "/workspace/cargo-home/bin/cargo" "+beta-2023-12-22" "generate-lockfile" "--manifest-path" "Cargo.toml", kill_on_drop: false }`
[INFO] [stderr]     Updating crates.io index
[INFO] running `Command { std: CARGO_HOME="/workspace/cargo-home" RUSTUP_HOME="/workspace/rustup-home" "/workspace/cargo-home/bin/cargo" "+beta-2023-12-22" "fetch" "--manifest-path" "Cargo.toml", kill_on_drop: false }`
[INFO] running `Command { std: "docker" "create" "-v" "/var/lib/crater-agent-workspace/builds/worker-2-tc2/target:/opt/rustwide/target:rw,Z" "-v" "/var/lib/crater-agent-workspace/builds/worker-2-tc2/source:/opt/rustwide/workdir:ro,Z" "-v" "/var/lib/crater-agent-workspace/cargo-home:/opt/rustwide/cargo-home:ro,Z" "-v" "/var/lib/crater-agent-workspace/rustup-home:/opt/rustwide/rustup-home:ro,Z" "-e" "SOURCE_DIR=/opt/rustwide/workdir" "-e" "CARGO_TARGET_DIR=/opt/rustwide/target" "-e" "CARGO_HOME=/opt/rustwide/cargo-home" "-e" "RUSTUP_HOME=/opt/rustwide/rustup-home" "-w" "/opt/rustwide/workdir" "-m" "1610612736" "--user" "0:0" "--network" "none" "ghcr.io/rust-lang/crates-build-env/linux@sha256:2788e3201cd34a07e3172128adcd8b3090168a8e3bcc40d7c032b9dda1df7d1c" "/opt/rustwide/cargo-home/bin/cargo" "+beta-2023-12-22" "metadata" "--no-deps" "--format-version=1", kill_on_drop: false }`
[INFO] [stdout] 10bf3bb7a3f015a8fc6b1b8fecf407ef4e55281bf6a38b7651910ec6bc126b0f
[INFO] running `Command { std: "docker" "start" "-a" "10bf3bb7a3f015a8fc6b1b8fecf407ef4e55281bf6a38b7651910ec6bc126b0f", kill_on_drop: false }`
[INFO] running `Command { std: "docker" "inspect" "10bf3bb7a3f015a8fc6b1b8fecf407ef4e55281bf6a38b7651910ec6bc126b0f", kill_on_drop: false }`
[INFO] running `Command { std: "docker" "rm" "-f" "10bf3bb7a3f015a8fc6b1b8fecf407ef4e55281bf6a38b7651910ec6bc126b0f", kill_on_drop: false }`
[INFO] [stdout] 10bf3bb7a3f015a8fc6b1b8fecf407ef4e55281bf6a38b7651910ec6bc126b0f
[INFO] running `Command { std: "docker" "create" "-v" "/var/lib/crater-agent-workspace/builds/worker-2-tc2/target:/opt/rustwide/target:rw,Z" "-v" "/var/lib/crater-agent-workspace/builds/worker-2-tc2/source:/opt/rustwide/workdir:ro,Z" "-v" "/var/lib/crater-agent-workspace/cargo-home:/opt/rustwide/cargo-home:ro,Z" "-v" "/var/lib/crater-agent-workspace/rustup-home:/opt/rustwide/rustup-home:ro,Z" "-e" "SOURCE_DIR=/opt/rustwide/workdir" "-e" "CARGO_TARGET_DIR=/opt/rustwide/target" "-e" "CARGO_INCREMENTAL=0" "-e" "RUST_BACKTRACE=full" "-e" "RUSTFLAGS=--cap-lints=warn" "-e" "RUSTDOCFLAGS=--cap-lints=warn" "-e" "CARGO_HOME=/opt/rustwide/cargo-home" "-e" "RUSTUP_HOME=/opt/rustwide/rustup-home" "-w" "/opt/rustwide/workdir" "-m" "1610612736" "--user" "0:0" "--network" "none" "ghcr.io/rust-lang/crates-build-env/linux@sha256:2788e3201cd34a07e3172128adcd8b3090168a8e3bcc40d7c032b9dda1df7d1c" "/opt/rustwide/cargo-home/bin/cargo" "+beta-2023-12-22" "build" "--frozen" "--message-format=json", kill_on_drop: false }`
[INFO] [stdout] 2442d0e5e0db352651b185a79ce6b487775d031417ef50284d9e672a9e32c31a
[INFO] running `Command { std: "docker" "start" "-a" "2442d0e5e0db352651b185a79ce6b487775d031417ef50284d9e672a9e32c31a", kill_on_drop: false }`
[INFO] [stderr]    Compiling serde v1.0.194
[INFO] [stderr]    Compiling bevy_save-erased-serde v0.4.0 (/opt/rustwide/workdir)
[INFO] [stdout] warning: unused import: `vec`
[INFO] [stdout]    --> src/lib.rs:123:27
[INFO] [stdout]     |
[INFO] [stdout] 123 |     pub use self::alloc::{vec, vec::Vec};
[INFO] [stdout]     |                           ^^^
[INFO] [stdout]     |
[INFO] [stdout]     = note: `#[warn(unused_imports)]` on by default
[INFO] [stdout] 
[INFO] [stdout] 
[INFO] [stdout] warning: 1 warning emitted
[INFO] [stdout] 
[INFO] [stdout] 
[INFO] [stderr]     Finished dev [unoptimized + debuginfo] target(s) in 4.53s
[INFO] running `Command { std: "docker" "inspect" "2442d0e5e0db352651b185a79ce6b487775d031417ef50284d9e672a9e32c31a", kill_on_drop: false }`
[INFO] running `Command { std: "docker" "rm" "-f" "2442d0e5e0db352651b185a79ce6b487775d031417ef50284d9e672a9e32c31a", kill_on_drop: false }`
[INFO] [stdout] 2442d0e5e0db352651b185a79ce6b487775d031417ef50284d9e672a9e32c31a
[INFO] running `Command { std: "docker" "create" "-v" "/var/lib/crater-agent-workspace/builds/worker-2-tc2/target:/opt/rustwide/target:rw,Z" "-v" "/var/lib/crater-agent-workspace/builds/worker-2-tc2/source:/opt/rustwide/workdir:ro,Z" "-v" "/var/lib/crater-agent-workspace/cargo-home:/opt/rustwide/cargo-home:ro,Z" "-v" "/var/lib/crater-agent-workspace/rustup-home:/opt/rustwide/rustup-home:ro,Z" "-e" "SOURCE_DIR=/opt/rustwide/workdir" "-e" "CARGO_TARGET_DIR=/opt/rustwide/target" "-e" "CARGO_INCREMENTAL=0" "-e" "RUST_BACKTRACE=full" "-e" "RUSTFLAGS=--cap-lints=warn" "-e" "RUSTDOCFLAGS=--cap-lints=warn" "-e" "CARGO_HOME=/opt/rustwide/cargo-home" "-e" "RUSTUP_HOME=/opt/rustwide/rustup-home" "-w" "/opt/rustwide/workdir" "-m" "1610612736" "--user" "0:0" "--network" "none" "ghcr.io/rust-lang/crates-build-env/linux@sha256:2788e3201cd34a07e3172128adcd8b3090168a8e3bcc40d7c032b9dda1df7d1c" "/opt/rustwide/cargo-home/bin/cargo" "+beta-2023-12-22" "test" "--frozen" "--no-run" "--message-format=json", kill_on_drop: false }`
[INFO] [stdout] ab335542e89e53c2ab64e57b460cec4496ca01c32ce7fe2d6c4aca27a71d1a03
[INFO] running `Command { std: "docker" "start" "-a" "ab335542e89e53c2ab64e57b460cec4496ca01c32ce7fe2d6c4aca27a71d1a03", kill_on_drop: false }`
[INFO] [stderr]    Compiling trybuild v1.0.87
[INFO] [stderr]    Compiling glob v0.3.1
[INFO] [stderr]    Compiling dissimilar v1.0.7
[INFO] [stderr]    Compiling basic-toml v0.1.8
[INFO] [stderr]    Compiling bevy_save-erased-serde v0.4.0 (/opt/rustwide/workdir)
[INFO] [stdout] warning: unused import: `vec`
[INFO] [stdout]    --> src/lib.rs:123:27
[INFO] [stdout]     |
[INFO] [stdout] 123 |     pub use self::alloc::{vec, vec::Vec};
[INFO] [stdout]     |                           ^^^
[INFO] [stdout]     |
[INFO] [stdout]     = note: `#[warn(unused_imports)]` on by default
[INFO] [stdout] 
[INFO] [stdout] 
[INFO] [stdout] warning: 1 warning emitted
[INFO] [stdout] 
[INFO] [stdout] 
[INFO] [stderr]     Finished test [unoptimized + debuginfo] target(s) in 7.75s
[INFO] running `Command { std: "docker" "inspect" "ab335542e89e53c2ab64e57b460cec4496ca01c32ce7fe2d6c4aca27a71d1a03", kill_on_drop: false }`
[INFO] running `Command { std: "docker" "rm" "-f" "ab335542e89e53c2ab64e57b460cec4496ca01c32ce7fe2d6c4aca27a71d1a03", kill_on_drop: false }`
[INFO] [stdout] ab335542e89e53c2ab64e57b460cec4496ca01c32ce7fe2d6c4aca27a71d1a03
[INFO] running `Command { std: "docker" "create" "-v" "/var/lib/crater-agent-workspace/builds/worker-2-tc2/target:/opt/rustwide/target:rw,Z" "-v" "/var/lib/crater-agent-workspace/builds/worker-2-tc2/source:/opt/rustwide/workdir:ro,Z" "-v" "/var/lib/crater-agent-workspace/cargo-home:/opt/rustwide/cargo-home:ro,Z" "-v" "/var/lib/crater-agent-workspace/rustup-home:/opt/rustwide/rustup-home:ro,Z" "-e" "SOURCE_DIR=/opt/rustwide/workdir" "-e" "CARGO_TARGET_DIR=/opt/rustwide/target" "-e" "CARGO_INCREMENTAL=0" "-e" "RUST_BACKTRACE=full" "-e" "RUSTFLAGS=--cap-lints=warn" "-e" "RUSTDOCFLAGS=--cap-lints=warn" "-e" "CARGO_HOME=/opt/rustwide/cargo-home" "-e" "RUSTUP_HOME=/opt/rustwide/rustup-home" "-w" "/opt/rustwide/workdir" "-m" "1610612736" "--user" "0:0" "--network" "none" "ghcr.io/rust-lang/crates-build-env/linux@sha256:2788e3201cd34a07e3172128adcd8b3090168a8e3bcc40d7c032b9dda1df7d1c" "/opt/rustwide/cargo-home/bin/cargo" "+beta-2023-12-22" "test" "--frozen", kill_on_drop: false }`
[INFO] [stdout] 39c084b839671d14cfd8994b0fcdb0c682ba163973a969e542150bb31ce392bc
[INFO] running `Command { std: "docker" "start" "-a" "39c084b839671d14cfd8994b0fcdb0c682ba163973a969e542150bb31ce392bc", kill_on_drop: false }`
[INFO] [stderr] warning: unused import: `vec`
[INFO] [stderr]    --> src/lib.rs:123:27
[INFO] [stderr]     |
[INFO] [stderr] 123 |     pub use self::alloc::{vec, vec::Vec};
[INFO] [stderr]     |                           ^^^
[INFO] [stderr]     |
[INFO] [stderr]     = note: `#[warn(unused_imports)]` on by default
[INFO] [stderr] 
[INFO] [stderr] warning: `bevy_save-erased-serde` (lib) generated 1 warning (run `cargo fix --lib -p bevy_save-erased-serde` to apply 1 suggestion)
[INFO] [stderr]     Finished test [unoptimized + debuginfo] target(s) in 0.03s
[INFO] [stderr]      Running unittests src/lib.rs (/opt/rustwide/target/debug/deps/bevy_save_erased_serde-a20152096e140615)
[INFO] [stdout] 
[INFO] [stdout] running 15 tests
[INFO] [stdout] test de::tests::test_enum ... ok
[INFO] [stdout] test de::tests::assert_deserializer ... ok
[INFO] [stdout] test de::tests::test_struct ... ok
[INFO] [stdout] test macros::tests::test_where_clause ... ok
[INFO] [stdout] test any::test_fingerprint ... ok
[INFO] [stdout] test macros::tests::test_plain ... ok
[INFO] [stdout] test macros::tests::test_type_parameter ... ok
[INFO] [stdout] test ser::tests::test_struct ... ok
[INFO] [stdout] test ser::tests::assert_serializer ... ok
[INFO] [stdout] test ser::tests::assert_serialize ... ok
[INFO] [stderr]    Doc-tests bevy_save-erased-serde
[INFO] [stdout] test de::tests::test_borrowed ... ok
[INFO] [stdout] test ser::tests::test_enum ... ok
[INFO] [stdout] test de::tests::test_value ... ok
[INFO] [stdout] test ser::tests::test_vec ... ok
[INFO] [stdout] test macros::tests::test_generic_bound ... ok
[INFO] [stdout] 
[INFO] [stdout] test result: ok. 15 passed; 0 failed; 0 ignored; 0 measured; 0 filtered out; finished in 0.02s
[INFO] [stdout] 
[INFO] [stdout] 
[INFO] [stdout] running 12 tests
[INFO] [stdout] test src/ser.rs - ser::Serialize (line 33) ... FAILED
[INFO] [stdout] test src/ser.rs - ser::dynSerializer::erase (line 179) ... FAILED
[INFO] [stdout] test src/lib.rs - (line 35) ... FAILED
[INFO] [stdout] test src/lib.rs - (line 71) ... FAILED
[INFO] [stdout] test src/ser.rs - ser::Serializer (line 76) ... FAILED
[INFO] [stdout] test src/de.rs - de::Deserializer (line 65) ... FAILED
[INFO] [stdout] test src/de.rs - de::dynDeserializer<'de>::erase (line 219) ... FAILED
[INFO] [stdout] test src/de.rs - de::deserialize (line 20) ... FAILED
[INFO] [stdout] test src/macros.rs - macros::serialize_trait_object (line 16) ... FAILED
[INFO] [stdout] test src/ser.rs - ser::serialize (line 656) ... FAILED
[INFO] [stdout] test src/macros.rs - macros::serialize_trait_object (line 4) ... FAILED
[INFO] [stdout] test src/ser.rs - ser::serialize (line 639) ... FAILED
[INFO] [stdout] 
[INFO] [stdout] failures:
[INFO] [stdout] 
[INFO] [stdout] ---- src/ser.rs - ser::Serialize (line 33) stdout ----
[INFO] [stdout] error[E0432]: unresolved import `erased_serde`
[INFO] [stdout]  --> src/ser.rs:34:5
[INFO] [stdout]   |
[INFO] [stdout] 2 | use erased_serde::{Serialize, Serializer};
[INFO] [stdout]   |     ^^^^^^^^^^^^ use of undeclared crate or module `erased_serde`
[INFO] [stdout] 
[INFO] [stdout] error: aborting due to 1 previous error
[INFO] [stdout] 
[INFO] [stdout] For more information about this error, try `rustc --explain E0432`.
[INFO] [stdout] Couldn't compile the test.
[INFO] [stdout] ---- src/ser.rs - ser::dynSerializer::erase (line 179) stdout ----
[INFO] [stdout] error[E0432]: unresolved import `erased_serde`
[INFO] [stdout]  --> src/ser.rs:180:5
[INFO] [stdout]   |
[INFO] [stdout] 2 | use erased_serde::{Serialize, Serializer};
[INFO] [stdout]   |     ^^^^^^^^^^^^ use of undeclared crate or module `erased_serde`
[INFO] [stdout] 
[INFO] [stdout] error: aborting due to 1 previous error
[INFO] [stdout] 
[INFO] [stdout] For more information about this error, try `rustc --explain E0432`.
[INFO] [stdout] Couldn't compile the test.
[INFO] [stdout] ---- src/lib.rs - (line 35) stdout ----
[INFO] [stdout] error[E0432]: unresolved import `erased_serde`
[INFO] [stdout]  --> src/lib.rs:36:5
[INFO] [stdout]   |
[INFO] [stdout] 2 | use erased_serde::{Serialize, Serializer};
[INFO] [stdout]   |     ^^^^^^^^^^^^ use of undeclared crate or module `erased_serde`
[INFO] [stdout] 
[INFO] [stdout] error: aborting due to 1 previous error
[INFO] [stdout] 
[INFO] [stdout] For more information about this error, try `rustc --explain E0432`.
[INFO] [stdout] Couldn't compile the test.
[INFO] [stdout] ---- src/lib.rs - (line 71) stdout ----
[INFO] [stdout] error[E0432]: unresolved import `erased_serde`
[INFO] [stdout]  --> src/lib.rs:72:5
[INFO] [stdout]   |
[INFO] [stdout] 2 | use erased_serde::Deserializer;
[INFO] [stdout]   |     ^^^^^^^^^^^^ use of undeclared crate or module `erased_serde`
[INFO] [stdout] 
[INFO] [stdout] error[E0433]: failed to resolve: use of undeclared crate or module `erased_serde`
[INFO] [stdout]   --> src/lib.rs:92:36
[INFO] [stdout]    |
[INFO] [stdout] 22 |     let data: Map<String, usize> = erased_serde::deserialize(format).unwrap();
[INFO] [stdout]    |                                    ^^^^^^^^^^^^ use of undeclared crate or module `erased_serde`
[INFO] [stdout] 
[INFO] [stdout] error: aborting due to 2 previous errors
[INFO] [stdout] 
[INFO] [stdout] Some errors have detailed explanations: E0432, E0433.
[INFO] [stdout] For more information about an error, try `rustc --explain E0432`.
[INFO] [stdout] Couldn't compile the test.
[INFO] [stdout] ---- src/ser.rs - ser::Serializer (line 76) stdout ----
[INFO] [stdout] error[E0432]: unresolved import `erased_serde`
[INFO] [stdout]  --> src/ser.rs:77:5
[INFO] [stdout]   |
[INFO] [stdout] 2 | use erased_serde::{Serialize, Serializer};
[INFO] [stdout]   |     ^^^^^^^^^^^^ use of undeclared crate or module `erased_serde`
[INFO] [stdout] 
[INFO] [stdout] error: aborting due to 1 previous error
[INFO] [stdout] 
[INFO] [stdout] For more information about this error, try `rustc --explain E0432`.
[INFO] [stdout] Couldn't compile the test.
[INFO] [stdout] ---- src/de.rs - de::Deserializer (line 65) stdout ----
[INFO] [stdout] error[E0432]: unresolved import `erased_serde`
[INFO] [stdout]  --> src/de.rs:66:5
[INFO] [stdout]   |
[INFO] [stdout] 2 | use erased_serde::Deserializer;
[INFO] [stdout]   |     ^^^^^^^^^^^^ use of undeclared crate or module `erased_serde`
[INFO] [stdout] 
[INFO] [stdout] error[E0433]: failed to resolve: use of undeclared crate or module `erased_serde`
[INFO] [stdout]   --> src/de.rs:86:36
[INFO] [stdout]    |
[INFO] [stdout] 22 |     let data: Map<String, usize> = erased_serde::deserialize(format).unwrap();
[INFO] [stdout]    |                                    ^^^^^^^^^^^^ use of undeclared crate or module `erased_serde`
[INFO] [stdout] 
[INFO] [stdout] error: aborting due to 2 previous errors
[INFO] [stdout] 
[INFO] [stdout] Some errors have detailed explanations: E0432, E0433.
[INFO] [stdout] For more information about an error, try `rustc --explain E0432`.
[INFO] [stdout] Couldn't compile the test.
[INFO] [stdout] ---- src/de.rs - de::dynDeserializer<'de>::erase (line 219) stdout ----
[INFO] [stdout] error[E0432]: unresolved import `erased_serde`
[INFO] [stdout]  --> src/de.rs:220:5
[INFO] [stdout]   |
[INFO] [stdout] 2 | use erased_serde::Deserializer;
[INFO] [stdout]   |     ^^^^^^^^^^^^ use of undeclared crate or module `erased_serde`
[INFO] [stdout] 
[INFO] [stdout] error[E0433]: failed to resolve: use of undeclared crate or module `erased_serde`
[INFO] [stdout]   --> src/de.rs:240:36
[INFO] [stdout]    |
[INFO] [stdout] 22 |     let data: Map<String, usize> = erased_serde::deserialize(format).unwrap();
[INFO] [stdout]    |                                    ^^^^^^^^^^^^ use of undeclared crate or module `erased_serde`
[INFO] [stdout] 
[INFO] [stdout] error: aborting due to 2 previous errors
[INFO] [stdout] 
[INFO] [stdout] Some errors have detailed explanations: E0432, E0433.
[INFO] [stdout] For more information about an error, try `rustc --explain E0432`.
[INFO] [stdout] Couldn't compile the test.
[INFO] [stdout] ---- src/de.rs - de::deserialize (line 20) stdout ----
[INFO] [stdout] error[E0432]: unresolved import `erased_serde`
[INFO] [stdout]  --> src/de.rs:21:5
[INFO] [stdout]   |
[INFO] [stdout] 2 | use erased_serde::Deserializer;
[INFO] [stdout]   |     ^^^^^^^^^^^^ use of undeclared crate or module `erased_serde`
[INFO] [stdout] 
[INFO] [stdout] error[E0433]: failed to resolve: use of undeclared crate or module `erased_serde`
[INFO] [stdout]   --> src/de.rs:41:36
[INFO] [stdout]    |
[INFO] [stdout] 22 |     let data: Map<String, usize> = erased_serde::deserialize(format).unwrap();
[INFO] [stdout]    |                                    ^^^^^^^^^^^^ use of undeclared crate or module `erased_serde`
[INFO] [stdout] 
[INFO] [stdout] error: aborting due to 2 previous errors
[INFO] [stdout] 
[INFO] [stdout] Some errors have detailed explanations: E0432, E0433.
[INFO] [stdout] For more information about an error, try `rustc --explain E0432`.
[INFO] [stdout] Couldn't compile the test.
[INFO] [stdout] ---- src/macros.rs - macros::serialize_trait_object (line 16) stdout ----
[INFO] [stdout] error[E0432]: unresolved import `erased_serde`
[INFO] [stdout]  --> src/macros.rs:17:5
[INFO] [stdout]   |
[INFO] [stdout] 3 | use erased_serde::serialize_trait_object;
[INFO] [stdout]   |     ^^^^^^^^^^^^ use of undeclared crate or module `erased_serde`
[INFO] [stdout] 
[INFO] [stdout] error: cannot determine resolution for the macro `serialize_trait_object`
[INFO] [stdout]  --> src/macros.rs:23:1
[INFO] [stdout]   |
[INFO] [stdout] 9 | serialize_trait_object!(<T> Difficult<T> where T: Copy);
[INFO] [stdout]   | ^^^^^^^^^^^^^^^^^^^^^^
[INFO] [stdout]   |
[INFO] [stdout]   = note: import resolution is stuck, try simplifying macro imports
[INFO] [stdout] 
[INFO] [stdout] error[E0433]: failed to resolve: use of undeclared crate or module `erased_serde`
[INFO] [stdout]  --> src/macros.rs:19:21
[INFO] [stdout]   |
[INFO] [stdout] 5 | trait Difficult<T>: erased_serde::Serialize where T: Copy {
[INFO] [stdout]   |                     ^^^^^^^^^^^^ use of undeclared crate or module `erased_serde`
[INFO] [stdout] 
[INFO] [stdout] error: aborting due to 3 previous errors
[INFO] [stdout] 
[INFO] [stdout] Some errors have detailed explanations: E0432, E0433.
[INFO] [stdout] For more information about an error, try `rustc --explain E0432`.
[INFO] [stdout] Couldn't compile the test.
[INFO] [stdout] ---- src/ser.rs - ser::serialize (line 656) stdout ----
[INFO] [stdout] error[E0432]: unresolved import `erased_serde`
[INFO] [stdout]  --> src/ser.rs:657:5
[INFO] [stdout]   |
[INFO] [stdout] 3 | use erased_serde::serialize_trait_object;
[INFO] [stdout]   |     ^^^^^^^^^^^^ use of undeclared crate or module `erased_serde`
[INFO] [stdout] 
[INFO] [stdout] error: cannot determine resolution for the macro `serialize_trait_object`
[INFO] [stdout]  --> src/ser.rs:661:1
[INFO] [stdout]   |
[INFO] [stdout] 7 | serialize_trait_object!(Event);
[INFO] [stdout]   | ^^^^^^^^^^^^^^^^^^^^^^
[INFO] [stdout]   |
[INFO] [stdout]   = note: import resolution is stuck, try simplifying macro imports
[INFO] [stdout] 
[INFO] [stdout] error[E0433]: failed to resolve: use of undeclared crate or module `erased_serde`
[INFO] [stdout]  --> src/ser.rs:659:14
[INFO] [stdout]   |
[INFO] [stdout] 5 | trait Event: erased_serde::Serialize {}
[INFO] [stdout]   |              ^^^^^^^^^^^^ use of undeclared crate or module `erased_serde`
[INFO] [stdout] 
[INFO] [stdout] error: aborting due to 3 previous errors
[INFO] [stdout] 
[INFO] [stdout] Some errors have detailed explanations: E0432, E0433.
[INFO] [stdout] For more information about an error, try `rustc --explain E0432`.
[INFO] [stdout] Couldn't compile the test.
[INFO] [stdout] ---- src/macros.rs - macros::serialize_trait_object (line 4) stdout ----
[INFO] [stdout] error[E0432]: unresolved import `erased_serde`
[INFO] [stdout]  --> src/macros.rs:5:5
[INFO] [stdout]   |
[INFO] [stdout] 3 | use erased_serde::serialize_trait_object;
[INFO] [stdout]   |     ^^^^^^^^^^^^ use of undeclared crate or module `erased_serde`
[INFO] [stdout] 
[INFO] [stdout] error[E0433]: failed to resolve: use of undeclared crate or module `erased_serde`
[INFO] [stdout]  --> src/macros.rs:11:1
[INFO] [stdout]   |
[INFO] [stdout] 9 | erased_serde::serialize_trait_object!(Event);
[INFO] [stdout]   | ^^^^^^^^^^^^ use of undeclared crate or module `erased_serde`
[INFO] [stdout] 
[INFO] [stdout] error[E0433]: failed to resolve: use of undeclared crate or module `erased_serde`
[INFO] [stdout]  --> src/macros.rs:7:14
[INFO] [stdout]   |
[INFO] [stdout] 5 | trait Event: erased_serde::Serialize {
[INFO] [stdout]   |              ^^^^^^^^^^^^ use of undeclared crate or module `erased_serde`
[INFO] [stdout] 
[INFO] [stdout] error: aborting due to 3 previous errors
[INFO] [stdout] 
[INFO] [stdout] Some errors have detailed explanations: E0432, E0433.
[INFO] [stdout] For more information about an error, try `rustc --explain E0432`.
[INFO] [stdout] Couldn't compile the test.
[INFO] [stdout] ---- src/ser.rs - ser::serialize (line 639) stdout ----
[INFO] [stdout] error[E0433]: failed to resolve: use of undeclared crate or module `erased_serde`
[INFO] [stdout]  --> src/ser.rs:640:14
[INFO] [stdout]   |
[INFO] [stdout] 3 | trait Event: erased_serde::Serialize {
[INFO] [stdout]   |              ^^^^^^^^^^^^ use of undeclared crate or module `erased_serde`
[INFO] [stdout] 
[INFO] [stdout] error[E0433]: failed to resolve: use of undeclared crate or module `erased_serde`
[INFO] [stdout]   --> src/ser.rs:648:9
[INFO] [stdout]    |
[INFO] [stdout] 11 |         erased_serde::serialize(self, serializer)
[INFO] [stdout]    |         ^^^^^^^^^^^^ use of undeclared crate or module `erased_serde`
[INFO] [stdout] 
[INFO] [stdout] error: aborting due to 2 previous errors
[INFO] [stdout] 
[INFO] [stdout] For more information about this error, try `rustc --explain E0433`.
[INFO] [stdout] Couldn't compile the test.
[INFO] [stdout] 
[INFO] [stdout] failures:
[INFO] [stdout]     src/de.rs - de::Deserializer (line 65)
[INFO] [stdout]     src/de.rs - de::deserialize (line 20)
[INFO] [stdout]     src/de.rs - de::dynDeserializer<'de>::erase (line 219)
[INFO] [stdout]     src/lib.rs - (line 35)
[INFO] [stdout]     src/lib.rs - (line 71)
[INFO] [stdout]     src/macros.rs - macros::serialize_trait_object (line 16)
[INFO] [stdout]     src/macros.rs - macros::serialize_trait_object (line 4)
[INFO] [stdout]     src/ser.rs - ser::Serialize (line 33)
[INFO] [stdout]     src/ser.rs - ser::Serializer (line 76)
[INFO] [stdout]     src/ser.rs - ser::dynSerializer::erase (line 179)
[INFO] [stdout]     src/ser.rs - ser::serialize (line 639)
[INFO] [stdout]     src/ser.rs - ser::serialize (line 656)
[INFO] [stdout] 
[INFO] [stdout] test result: FAILED. 0 passed; 12 failed; 0 ignored; 0 measured; 0 filtered out; finished in 0.26s
[INFO] [stdout] 
[INFO] [stderr] error: doctest failed, to rerun pass `--doc`
[INFO] running `Command { std: "docker" "inspect" "39c084b839671d14cfd8994b0fcdb0c682ba163973a969e542150bb31ce392bc", kill_on_drop: false }`
[INFO] running `Command { std: "docker" "rm" "-f" "39c084b839671d14cfd8994b0fcdb0c682ba163973a969e542150bb31ce392bc", kill_on_drop: false }`
[INFO] [stdout] 39c084b839671d14cfd8994b0fcdb0c682ba163973a969e542150bb31ce392bc
