[INFO] fetching crate bevy_rhai 0.3.0...
[INFO] testing bevy_rhai-0.3.0 against 1.75.0 for beta-1.76-1
[INFO] extracting crate bevy_rhai 0.3.0 into /workspace/builds/worker-6-tc1/source
[INFO] validating manifest of crates.io crate bevy_rhai 0.3.0 on toolchain 1.75.0
[INFO] running `Command { std: CARGO_HOME="/workspace/cargo-home" RUSTUP_HOME="/workspace/rustup-home" "/workspace/cargo-home/bin/cargo" "+1.75.0" "metadata" "--manifest-path" "Cargo.toml" "--no-deps", kill_on_drop: false }`
[INFO] started tweaking crates.io crate bevy_rhai 0.3.0
[INFO] finished tweaking crates.io crate bevy_rhai 0.3.0
[INFO] tweaked toml for crates.io crate bevy_rhai 0.3.0 written to /workspace/builds/worker-6-tc1/source/Cargo.toml
[INFO] crate crates.io crate bevy_rhai 0.3.0 already has a lockfile, it will not be regenerated
[INFO] running `Command { std: CARGO_HOME="/workspace/cargo-home" RUSTUP_HOME="/workspace/rustup-home" "/workspace/cargo-home/bin/cargo" "+1.75.0" "fetch" "--manifest-path" "Cargo.toml", kill_on_drop: false }`
[INFO] [stderr]     Updating crates.io index
[INFO] [stderr]  Downloading crates ...
[INFO] [stderr]   Downloaded bevy_reflect_derive v0.7.0
[INFO] [stderr]   Downloaded cpal v0.13.5
[INFO] [stderr]   Downloaded android_log-sys v0.2.0
[INFO] [stderr]   Downloaded tracing-subscriber v0.3.11
[INFO] [stderr]   Downloaded bevy_animation v0.7.0
[INFO] [stderr]   Downloaded bevy_window v0.7.0
[INFO] [stderr]   Downloaded coreaudio-sys v0.2.9
[INFO] [stderr]   Downloaded bevy_diagnostic v0.7.0
[INFO] [stderr]   Downloaded kqueue v1.0.5
[INFO] [stderr]   Downloaded bevy_tasks v0.7.0
[INFO] [stderr]   Downloaded tracing-core v0.1.24
[INFO] [stderr]   Downloaded clang-sys v1.3.1
[INFO] [stderr]   Downloaded oboe-sys v0.4.5
[INFO] [stderr]   Downloaded bevy_audio v0.7.0
[INFO] [stderr]   Downloaded gilrs-core v0.3.2
[INFO] [stderr]   Downloaded mach v0.2.3
[INFO] [stderr]   Downloaded rodio v0.15.0
[INFO] [stderr]   Downloaded bevy v0.7.0
[INFO] [stderr]   Downloaded bevy_text v0.7.0
[INFO] [stderr]   Downloaded gltf v1.0.0
[INFO] [stderr]   Downloaded hexasphere v7.0.0
[INFO] [stderr]   Downloaded bevy_render v0.7.0
[INFO] [stderr]   Downloaded ron v0.7.0
[INFO] [stderr]   Downloaded bevy_sprite v0.7.0
[INFO] [stderr]   Downloaded bevy_input v0.7.0
[INFO] [stderr]   Downloaded bevy_ui v0.7.0
[INFO] [stderr]   Downloaded bevy_winit v0.7.0
[INFO] [stderr]   Downloaded bevy_core_pipeline v0.7.0
[INFO] [stderr]   Downloaded anyhow v1.0.56
[INFO] [stderr]   Downloaded notify v5.0.0-pre.11
[INFO] [stderr]   Downloaded bevy_ecs v0.7.0
[INFO] [stderr]   Downloaded tracing v0.1.33
[INFO] [stderr]   Downloaded rhai_codegen v1.4.0
[INFO] [stderr]   Downloaded erased-serde v0.3.20
[INFO] [stderr]   Downloaded oboe v0.4.5
[INFO] [stderr]   Downloaded rusty-xinput v1.2.0
[INFO] [stderr]   Downloaded gilrs v0.8.2
[INFO] [stderr]   Downloaded gltf-derive v1.0.0
[INFO] [stderr]   Downloaded gltf-json v1.0.0
[INFO] [stderr]   Downloaded bevy_pbr v0.7.0
[INFO] [stderr]   Downloaded bevy-crevice-derive v0.7.0
[INFO] [stderr]   Downloaded bevy_crevice v0.7.0
[INFO] [stderr]   Downloaded bevy_math v0.7.0
[INFO] [stderr]   Downloaded rhai v1.6.1
[INFO] [stderr]   Downloaded bevy_ecs_macros v0.7.0
[INFO] [stderr]   Downloaded bevy_macro_utils v0.7.0
[INFO] [stderr]   Downloaded bevy_transform v0.7.0
[INFO] [stderr]   Downloaded bevy_hierarchy v0.7.0
[INFO] [stderr]   Downloaded base-x v0.2.8
[INFO] [stderr]   Downloaded io-kit-sys v0.1.0
[INFO] [stderr]   Downloaded bevy_gltf v0.7.0
[INFO] [stderr]   Downloaded bevy_dylib v0.7.0
[INFO] [stderr]   Downloaded euclid v0.22.7
[INFO] [stderr]   Downloaded stretch v0.3.2
[INFO] [stderr]   Downloaded android_logger v0.10.1
[INFO] [stderr]   Downloaded bevy_asset v0.7.0
[INFO] [stderr]   Downloaded bevy_derive v0.7.0
[INFO] [stderr]   Downloaded glam v0.20.5
[INFO] [stderr]   Downloaded bevy_reflect v0.7.0
[INFO] [stderr]   Downloaded smartstring v1.0.1
[INFO] [stderr]   Downloaded bevy_app v0.7.0
[INFO] [stderr]   Downloaded bevy_gilrs v0.7.0
[INFO] [stderr]   Downloaded bevy_internal v0.7.0
[INFO] [stderr]   Downloaded cargo-manifest v0.2.6
[INFO] [stderr]   Downloaded bevy_utils v0.7.0
[INFO] [stderr]   Downloaded bevy_scene v0.7.0
[INFO] [stderr]   Downloaded libc v0.2.122
[INFO] [stderr]   Downloaded bevy_log v0.7.0
[INFO] [stderr]   Downloaded bevy_core v0.7.0
[INFO] running `Command { std: "docker" "create" "-v" "/var/lib/crater-agent-workspace/builds/worker-6-tc1/target:/opt/rustwide/target:rw,Z" "-v" "/var/lib/crater-agent-workspace/builds/worker-6-tc1/source:/opt/rustwide/workdir:ro,Z" "-v" "/var/lib/crater-agent-workspace/cargo-home:/opt/rustwide/cargo-home:ro,Z" "-v" "/var/lib/crater-agent-workspace/rustup-home:/opt/rustwide/rustup-home:ro,Z" "-e" "SOURCE_DIR=/opt/rustwide/workdir" "-e" "CARGO_TARGET_DIR=/opt/rustwide/target" "-e" "CARGO_HOME=/opt/rustwide/cargo-home" "-e" "RUSTUP_HOME=/opt/rustwide/rustup-home" "-w" "/opt/rustwide/workdir" "-m" "1610612736" "--user" "0:0" "--network" "none" "ghcr.io/rust-lang/crates-build-env/linux@sha256:2788e3201cd34a07e3172128adcd8b3090168a8e3bcc40d7c032b9dda1df7d1c" "/opt/rustwide/cargo-home/bin/cargo" "+1.75.0" "metadata" "--no-deps" "--format-version=1", kill_on_drop: false }`
[INFO] [stdout] e39cfd9e0b4ab175c8ef300f29d4d0d301568a07c177a772888bae7b5019fd02
[INFO] running `Command { std: "docker" "start" "-a" "e39cfd9e0b4ab175c8ef300f29d4d0d301568a07c177a772888bae7b5019fd02", kill_on_drop: false }`
[INFO] running `Command { std: "docker" "inspect" "e39cfd9e0b4ab175c8ef300f29d4d0d301568a07c177a772888bae7b5019fd02", kill_on_drop: false }`
[INFO] running `Command { std: "docker" "rm" "-f" "e39cfd9e0b4ab175c8ef300f29d4d0d301568a07c177a772888bae7b5019fd02", kill_on_drop: false }`
[INFO] [stdout] e39cfd9e0b4ab175c8ef300f29d4d0d301568a07c177a772888bae7b5019fd02
[INFO] running `Command { std: "docker" "create" "-v" "/var/lib/crater-agent-workspace/builds/worker-6-tc1/target:/opt/rustwide/target:rw,Z" "-v" "/var/lib/crater-agent-workspace/builds/worker-6-tc1/source:/opt/rustwide/workdir:ro,Z" "-v" "/var/lib/crater-agent-workspace/cargo-home:/opt/rustwide/cargo-home:ro,Z" "-v" "/var/lib/crater-agent-workspace/rustup-home:/opt/rustwide/rustup-home:ro,Z" "-e" "SOURCE_DIR=/opt/rustwide/workdir" "-e" "CARGO_TARGET_DIR=/opt/rustwide/target" "-e" "CARGO_INCREMENTAL=0" "-e" "RUST_BACKTRACE=full" "-e" "RUSTFLAGS=--cap-lints=warn" "-e" "RUSTDOCFLAGS=--cap-lints=warn" "-e" "CARGO_HOME=/opt/rustwide/cargo-home" "-e" "RUSTUP_HOME=/opt/rustwide/rustup-home" "-w" "/opt/rustwide/workdir" "-m" "1610612736" "--user" "0:0" "--network" "none" "ghcr.io/rust-lang/crates-build-env/linux@sha256:2788e3201cd34a07e3172128adcd8b3090168a8e3bcc40d7c032b9dda1df7d1c" "/opt/rustwide/cargo-home/bin/cargo" "+1.75.0" "build" "--frozen" "--message-format=json", kill_on_drop: false }`
[INFO] [stdout] b2cc5c99cac88adc4fa5505cc9d243cfb5bc3013ed49fdd01c356f1616d0cc28
[INFO] running `Command { std: "docker" "start" "-a" "b2cc5c99cac88adc4fa5505cc9d243cfb5bc3013ed49fdd01c356f1616d0cc28", kill_on_drop: false }`
[INFO] [stderr]    Compiling proc-macro2 v1.0.37
[INFO] [stderr]    Compiling unicode-xid v0.2.2
[INFO] [stderr]    Compiling syn v1.0.91
[INFO] [stderr]    Compiling serde_derive v1.0.136
[INFO] [stderr]    Compiling libc v0.2.122
[INFO] [stderr]    Compiling serde v1.0.136
[INFO] [stderr]    Compiling once_cell v1.10.0
[INFO] [stderr]    Compiling hashbrown v0.11.2
[INFO] [stderr]    Compiling pin-project-lite v0.2.8
[INFO] [stderr]    Compiling futures-core v0.3.21
[INFO] [stderr]    Compiling indexmap v1.8.1
[INFO] [stderr]    Compiling ahash v0.7.6
[INFO] [stderr]    Compiling tracing-core v0.1.24
[INFO] [stderr]    Compiling lock_api v0.4.7
[INFO] [stderr]    Compiling memchr v2.4.1
[INFO] [stderr]    Compiling parking_lot_core v0.8.5
[INFO] [stderr]    Compiling cache-padded v1.2.0
[INFO] [stderr]    Compiling erased-serde v0.3.20
[INFO] [stderr]    Compiling concurrent-queue v1.2.2
[INFO] [stderr]    Compiling bytemuck v1.9.1
[INFO] [stderr]    Compiling futures-io v0.3.21
[INFO] [stderr]    Compiling parking v2.0.0
[INFO] [stderr]    Compiling waker-fn v1.1.0
[INFO] [stderr]    Compiling fastrand v1.7.0
[INFO] [stderr]    Compiling async-task v4.2.0
[INFO] [stderr]    Compiling slab v0.4.6
[INFO] [stderr]    Compiling event-listener v2.5.2
[INFO] [stderr]    Compiling byteorder v1.4.3
[INFO] [stderr]    Compiling log v0.4.16
[INFO] [stderr]    Compiling regex-syntax v0.6.25
[INFO] [stderr]    Compiling async-channel v1.6.1
[INFO] [stderr]    Compiling fixedbitset v0.4.1
[INFO] [stderr]    Compiling thread_local v1.1.4
[INFO] [stderr]    Compiling sharded-slab v0.1.4
[INFO] [stderr]    Compiling ansi_term v0.12.1
[INFO] [stderr]    Compiling crossbeam-utils v0.8.8
[INFO] [stderr]    Compiling num-traits v0.2.14
[INFO] [stderr]    Compiling fxhash v0.2.1
[INFO] [stderr]    Compiling tracing-log v0.1.2
[INFO] [stderr]    Compiling smartstring v1.0.1
[INFO] [stderr]    Compiling ppv-lite86 v0.2.16
[INFO] [stderr]    Compiling getrandom v0.2.6
[INFO] [stderr]    Compiling num_cpus v1.13.1
[INFO] [stderr]    Compiling anyhow v1.0.56
[INFO] [stderr]    Compiling bitflags v1.3.2
[INFO] [stderr]    Compiling futures-lite v1.12.0
[INFO] [stderr]    Compiling rand_core v0.6.3
[INFO] [stderr]    Compiling quote v1.0.18
[INFO] [stderr]    Compiling rand_chacha v0.3.1
[INFO] [stderr]    Compiling crossbeam-channel v0.5.4
[INFO] [stderr]    Compiling rand v0.8.5
[INFO] [stderr]    Compiling async-executor v1.4.1
[INFO] [stderr]    Compiling bevy_tasks v0.7.0
[INFO] [stderr]    Compiling regex-automata v0.1.10
[INFO] [stderr]    Compiling regex v1.5.5
[INFO] [stderr]    Compiling matchers v0.1.0
[INFO] [stderr]    Compiling toml v0.5.8
[INFO] [stderr]    Compiling uuid v0.8.2
[INFO] [stderr]    Compiling tracing-attributes v0.1.20
[INFO] [stderr]    Compiling thiserror-impl v1.0.30
[INFO] [stderr]    Compiling rhai_codegen v1.4.0
[INFO] [stderr]    Compiling thiserror v1.0.30
[INFO] [stderr]    Compiling tracing v0.1.33
[INFO] [stderr]    Compiling cargo-manifest v0.2.6
[INFO] [stderr]    Compiling bevy_macro_utils v0.7.0
[INFO] [stderr]    Compiling bevy_derive v0.7.0
[INFO] [stderr]    Compiling bevy_reflect_derive v0.7.0
[INFO] [stderr]    Compiling bevy_ecs_macros v0.7.0
[INFO] [stderr]    Compiling smallvec v1.8.0
[INFO] [stderr]    Compiling glam v0.20.5
[INFO] [stderr]    Compiling tracing-subscriber v0.3.11
[INFO] [stderr]    Compiling rhai v1.6.1
[INFO] [stderr]    Compiling parking_lot v0.11.2
[INFO] [stderr]    Compiling bevy_utils v0.7.0
[INFO] [stderr]    Compiling bevy_reflect v0.7.0
[INFO] [stderr]    Compiling bevy_ecs v0.7.0
[INFO] [stderr]    Compiling bevy_math v0.7.0
[INFO] [stderr]    Compiling bevy_app v0.7.0
[INFO] [stderr]    Compiling bevy_log v0.7.0
[INFO] [stderr]    Compiling bevy_core v0.7.0
[INFO] [stderr]    Compiling bevy_diagnostic v0.7.0
[INFO] [stderr]    Compiling bevy_asset v0.7.0
[INFO] [stderr]    Compiling bevy_rhai v0.3.0 (/opt/rustwide/workdir)
[INFO] [stderr]     Finished dev [unoptimized + debuginfo] target(s) in 51.20s
[INFO] running `Command { std: "docker" "inspect" "b2cc5c99cac88adc4fa5505cc9d243cfb5bc3013ed49fdd01c356f1616d0cc28", kill_on_drop: false }`
[INFO] running `Command { std: "docker" "rm" "-f" "b2cc5c99cac88adc4fa5505cc9d243cfb5bc3013ed49fdd01c356f1616d0cc28", kill_on_drop: false }`
[INFO] [stdout] b2cc5c99cac88adc4fa5505cc9d243cfb5bc3013ed49fdd01c356f1616d0cc28
[INFO] running `Command { std: "docker" "create" "-v" "/var/lib/crater-agent-workspace/builds/worker-6-tc1/target:/opt/rustwide/target:rw,Z" "-v" "/var/lib/crater-agent-workspace/builds/worker-6-tc1/source:/opt/rustwide/workdir:ro,Z" "-v" "/var/lib/crater-agent-workspace/cargo-home:/opt/rustwide/cargo-home:ro,Z" "-v" "/var/lib/crater-agent-workspace/rustup-home:/opt/rustwide/rustup-home:ro,Z" "-e" "SOURCE_DIR=/opt/rustwide/workdir" "-e" "CARGO_TARGET_DIR=/opt/rustwide/target" "-e" "CARGO_INCREMENTAL=0" "-e" "RUST_BACKTRACE=full" "-e" "RUSTFLAGS=--cap-lints=warn" "-e" "RUSTDOCFLAGS=--cap-lints=warn" "-e" "CARGO_HOME=/opt/rustwide/cargo-home" "-e" "RUSTUP_HOME=/opt/rustwide/rustup-home" "-w" "/opt/rustwide/workdir" "-m" "1610612736" "--user" "0:0" "--network" "none" "ghcr.io/rust-lang/crates-build-env/linux@sha256:2788e3201cd34a07e3172128adcd8b3090168a8e3bcc40d7c032b9dda1df7d1c" "/opt/rustwide/cargo-home/bin/cargo" "+1.75.0" "test" "--frozen" "--no-run" "--message-format=json", kill_on_drop: false }`
[INFO] [stdout] c64060a28da735d5f0f22571b1ae91bb04b1cb16117a364e9ad8b8e3c8b2f68e
[INFO] running `Command { std: "docker" "start" "-a" "c64060a28da735d5f0f22571b1ae91bb04b1cb16117a364e9ad8b8e3c8b2f68e", kill_on_drop: false }`
[INFO] [stderr]    Compiling unicode-xid v0.2.2
[INFO] [stderr]    Compiling libc v0.2.122
[INFO] [stderr]    Compiling indexmap v1.8.1
[INFO] [stderr]    Compiling mint v0.5.9
[INFO] [stderr]    Compiling num-traits v0.2.14
[INFO] [stderr]    Compiling pkg-config v0.3.25
[INFO] [stderr]    Compiling aho-corasick v0.7.18
[INFO] [stderr]    Compiling cty v0.2.2
[INFO] [stderr]    Compiling same-file v1.0.6
[INFO] [stderr]    Compiling libloading v0.7.3
[INFO] [stderr]    Compiling num-integer v0.1.44
[INFO] [stderr]    Compiling ash v0.34.0+1.2.203
[INFO] [stderr]    Compiling termcolor v1.1.3
[INFO] [stderr]    Compiling bit-vec v0.6.3
[INFO] [stderr]    Compiling unicode-width v0.1.9
[INFO] [stderr]    Compiling gpu-alloc-types v0.2.0
[INFO] [stderr]    Compiling proc-macro2 v1.0.37
[INFO] [stderr]    Compiling raw-window-handle v0.4.3
[INFO] [stderr]    Compiling walkdir v2.3.2
[INFO] [stderr]    Compiling pp-rs v0.2.1
[INFO] [stderr]    Compiling gpu-descriptor-types v0.1.1
[INFO] [stderr]    Compiling cfg_aliases v0.1.1
[INFO] [stderr]    Compiling bit-set v0.5.2
[INFO] [stderr]    Compiling adler32 v1.2.0
[INFO] [stderr]    Compiling wgpu-core v0.12.2
[INFO] [stderr]    Compiling gpu-alloc v0.5.3
[INFO] [stderr]    Compiling codespan-reporting v0.11.1
[INFO] [stderr]    Compiling wgpu-types v0.12.0
[INFO] [stderr]    Compiling num-rational v0.3.2
[INFO] [stderr]    Compiling memoffset v0.6.5
[INFO] [stderr]    Compiling num-iter v0.1.42
[INFO] [stderr]    Compiling arrayvec v0.7.2
[INFO] [stderr]    Compiling quote v1.0.18
[INFO] [stderr]    Compiling inplace_it v0.3.3
[INFO] [stderr]    Compiling profiling v1.0.5
[INFO] [stderr]    Compiling renderdoc-sys v0.7.1
[INFO] [stderr]    Compiling toml v0.5.8
[INFO] [stderr]    Compiling glow v0.11.2
[INFO] [stderr]    Compiling syn v1.0.91
[INFO] [stderr]    Compiling regex v1.5.5
[INFO] [stderr]    Compiling deflate v0.8.6
[INFO] [stderr]    Compiling miniz_oxide v0.3.7
[INFO] [stderr]    Compiling copyless v0.1.5
[INFO] [stderr]    Compiling scoped_threadpool v0.1.9
[INFO] [stderr]    Compiling alsa-sys v0.3.1
[INFO] [stderr]    Compiling libudev-sys v0.1.4
[INFO] [stderr]    Compiling ttf-parser v0.15.0
[INFO] [stderr]    Compiling spirv v0.2.0+1.5.4
[INFO] [stderr]    Compiling serde_json v1.0.79
[INFO] [stderr]    Compiling euclid v0.22.7
[INFO] [stderr]    Compiling png v0.16.8
[INFO] [stderr]    Compiling getrandom v0.2.6
[INFO] [stderr]    Compiling num_cpus v1.13.1
[INFO] [stderr]    Compiling inotify-sys v0.1.5
[INFO] [stderr]    Compiling ahash v0.7.6
[INFO] [stderr]    Compiling bevy_tasks v0.7.0
[INFO] [stderr]    Compiling rand_core v0.6.3
[INFO] [stderr]    Compiling inotify v0.9.6
[INFO] [stderr]    Compiling mio v0.7.14
[INFO] [stderr]    Compiling filetime v0.2.16
[INFO] [stderr]    Compiling rand_chacha v0.3.1
[INFO] [stderr]    Compiling khronos-egl v4.1.0
[INFO] [stderr]    Compiling nix v0.23.1
[INFO] [stderr]    Compiling rand v0.8.5
[INFO] [stderr]    Compiling notify v5.0.0-pre.11
[INFO] [stderr]    Compiling approx v0.5.1
[INFO] [stderr]    Compiling x11-dl v2.19.1
[INFO] [stderr]    Compiling cpal v0.13.5
[INFO] [stderr]    Compiling itoa v1.0.1
[INFO] [stderr]    Compiling ab_glyph_rasterizer v0.1.5
[INFO] [stderr]    Compiling svg_fmt v0.4.1
[INFO] [stderr]    Compiling ryu v1.0.9
[INFO] [stderr]    Compiling libm v0.1.4
[INFO] [stderr]    Compiling inflections v1.1.1
[INFO] [stderr]    Compiling guillotiere v0.6.2
[INFO] [stderr]    Compiling tinyvec v1.5.1
[INFO] [stderr]    Compiling ogg v0.8.0
[INFO] [stderr]    Compiling base64 v0.13.0
[INFO] [stderr]    Compiling xi-unicode v0.3.0
[INFO] [stderr]    Compiling winit v0.26.1
[INFO] [stderr]    Compiling rectangle-pack v0.4.2
[INFO] [stderr]    Compiling vec_map v0.8.2
[INFO] [stderr]    Compiling mio v0.8.2
[INFO] [stderr]    Compiling owned_ttf_parser v0.15.0
[INFO] [stderr]    Compiling ab_glyph v0.2.15
[INFO] [stderr]    Compiling glyph_brush_layout v0.2.3
[INFO] [stderr]    Compiling stretch v0.3.2
[INFO] [stderr]    Compiling lewton v0.10.2
[INFO] [stderr]    Compiling alsa v0.6.0
[INFO] [stderr]    Compiling serde_derive v1.0.136
[INFO] [stderr]    Compiling thiserror-impl v1.0.30
[INFO] [stderr]    Compiling bytemuck_derive v1.1.0
[INFO] [stderr]    Compiling tracing-attributes v0.1.20
[INFO] [stderr]    Compiling gltf-derive v1.0.0
[INFO] [stderr]    Compiling rhai_codegen v1.4.0
[INFO] [stderr]    Compiling bytemuck v1.9.1
[INFO] [stderr]    Compiling image v0.23.14
[INFO] [stderr]    Compiling thiserror v1.0.30
[INFO] [stderr]    Compiling tracing v0.1.33
[INFO] [stderr]    Compiling serde v1.0.136
[INFO] [stderr]    Compiling cargo-manifest v0.2.6
[INFO] [stderr]    Compiling bevy_macro_utils v0.7.0
[INFO] [stderr]    Compiling bevy_derive v0.7.0
[INFO] [stderr]    Compiling bevy_reflect_derive v0.7.0
[INFO] [stderr]    Compiling bevy_ecs_macros v0.7.0
[INFO] [stderr]    Compiling bevy-crevice-derive v0.7.0
[INFO] [stderr]    Compiling smallvec v1.8.0
[INFO] [stderr]    Compiling hashbrown v0.11.2
[INFO] [stderr]    Compiling uuid v0.8.2
[INFO] [stderr]    Compiling glam v0.20.5
[INFO] [stderr]    Compiling erased-serde v0.3.20
[INFO] [stderr]    Compiling ron v0.7.0
[INFO] [stderr]    Compiling gilrs-core v0.3.2
[INFO] [stderr]    Compiling parking_lot_core v0.8.5
[INFO] [stderr]    Compiling tracing-subscriber v0.3.11
[INFO] [stderr]    Compiling rhai v1.6.1
[INFO] [stderr]    Compiling bevy_utils v0.7.0
[INFO] [stderr]    Compiling gpu-descriptor v0.2.2
[INFO] [stderr]    Compiling parking_lot v0.11.2
[INFO] [stderr]    Compiling gilrs v0.8.2
[INFO] [stderr]    Compiling petgraph v0.6.0
[INFO] [stderr]    Compiling rodio v0.15.0
[INFO] [stderr]    Compiling gltf-json v1.0.0
[INFO] [stderr]    Compiling naga v0.8.5
[INFO] [stderr]    Compiling bevy_reflect v0.7.0
[INFO] [stderr]    Compiling bevy_crevice v0.7.0
[INFO] [stderr]    Compiling hexasphere v7.0.0
[INFO] [stderr]    Compiling gltf v1.0.0
[INFO] [stderr]    Compiling bevy_ecs v0.7.0
[INFO] [stderr]    Compiling bevy_math v0.7.0
[INFO] [stderr]    Compiling wgpu-hal v0.12.4
[INFO] [stderr]    Compiling bevy_app v0.7.0
[INFO] [stderr]    Compiling bevy_core v0.7.0
[INFO] [stderr]    Compiling bevy_log v0.7.0
[INFO] [stderr]    Compiling bevy_hierarchy v0.7.0
[INFO] [stderr]    Compiling bevy_window v0.7.0
[INFO] [stderr]    Compiling bevy_input v0.7.0
[INFO] [stderr]    Compiling bevy_transform v0.7.0
[INFO] [stderr]    Compiling bevy_diagnostic v0.7.0
[INFO] [stderr]    Compiling bevy_winit v0.7.0
[INFO] [stderr]    Compiling bevy_gilrs v0.7.0
[INFO] [stderr]    Compiling bevy_asset v0.7.0
[INFO] [stderr]    Compiling bevy_animation v0.7.0
[INFO] [stderr]    Compiling bevy_scene v0.7.0
[INFO] [stderr]    Compiling bevy_audio v0.7.0
[INFO] [stderr]    Compiling bevy_rhai v0.3.0 (/opt/rustwide/workdir)
[INFO] [stderr]    Compiling wgpu v0.12.0
[INFO] [stderr]    Compiling bevy_render v0.7.0
[INFO] [stderr]    Compiling bevy_core_pipeline v0.7.0
[INFO] [stderr]    Compiling bevy_sprite v0.7.0
[INFO] [stderr]    Compiling bevy_pbr v0.7.0
[INFO] [stderr]    Compiling bevy_gltf v0.7.0
[INFO] [stderr]    Compiling bevy_text v0.7.0
[INFO] [stderr]    Compiling bevy_ui v0.7.0
[INFO] [stderr]    Compiling bevy_internal v0.7.0
[INFO] [stderr]    Compiling bevy_dylib v0.7.0
[INFO] [stderr]    Compiling bevy v0.7.0
[INFO] [stderr]     Finished test [unoptimized + debuginfo] target(s) in 2m 21s
[INFO] running `Command { std: "docker" "inspect" "c64060a28da735d5f0f22571b1ae91bb04b1cb16117a364e9ad8b8e3c8b2f68e", kill_on_drop: false }`
[INFO] running `Command { std: "docker" "rm" "-f" "c64060a28da735d5f0f22571b1ae91bb04b1cb16117a364e9ad8b8e3c8b2f68e", kill_on_drop: false }`
[INFO] [stdout] c64060a28da735d5f0f22571b1ae91bb04b1cb16117a364e9ad8b8e3c8b2f68e
[INFO] running `Command { std: "docker" "create" "-v" "/var/lib/crater-agent-workspace/builds/worker-6-tc1/target:/opt/rustwide/target:rw,Z" "-v" "/var/lib/crater-agent-workspace/builds/worker-6-tc1/source:/opt/rustwide/workdir:ro,Z" "-v" "/var/lib/crater-agent-workspace/cargo-home:/opt/rustwide/cargo-home:ro,Z" "-v" "/var/lib/crater-agent-workspace/rustup-home:/opt/rustwide/rustup-home:ro,Z" "-e" "SOURCE_DIR=/opt/rustwide/workdir" "-e" "CARGO_TARGET_DIR=/opt/rustwide/target" "-e" "CARGO_INCREMENTAL=0" "-e" "RUST_BACKTRACE=full" "-e" "RUSTFLAGS=--cap-lints=warn" "-e" "RUSTDOCFLAGS=--cap-lints=warn" "-e" "CARGO_HOME=/opt/rustwide/cargo-home" "-e" "RUSTUP_HOME=/opt/rustwide/rustup-home" "-w" "/opt/rustwide/workdir" "-m" "1610612736" "--user" "0:0" "--network" "none" "ghcr.io/rust-lang/crates-build-env/linux@sha256:2788e3201cd34a07e3172128adcd8b3090168a8e3bcc40d7c032b9dda1df7d1c" "/opt/rustwide/cargo-home/bin/cargo" "+1.75.0" "test" "--frozen", kill_on_drop: false }`
[INFO] [stdout] 054d982f3f1441e8f8f45e9e3cf8477557caeadaf11517389d1207accc375e1a
[INFO] running `Command { std: "docker" "start" "-a" "054d982f3f1441e8f8f45e9e3cf8477557caeadaf11517389d1207accc375e1a", kill_on_drop: false }`
[INFO] [stderr]     Finished test [unoptimized + debuginfo] target(s) in 0.50s
[INFO] [stderr]      Running unittests src/lib.rs (/opt/rustwide/target/debug/deps/bevy_rhai-cae582e9c510c7db)
[INFO] [stderr]    Doc-tests bevy_rhai
[INFO] [stdout] 
[INFO] [stdout] running 0 tests
[INFO] [stdout] 
[INFO] [stdout] test result: ok. 0 passed; 0 failed; 0 ignored; 0 measured; 0 filtered out; finished in 0.00s
[INFO] [stdout] 
[INFO] [stdout] 
[INFO] [stdout] running 5 tests
[INFO] [stdout] test src/lib.rs - ScriptLoader<T>::add_extensions (line 100) ... FAILED
[INFO] [stdout] test src/lib.rs - ScriptLoader<T>::add_extension (line 84) ... ok
[INFO] [stdout] test src/lib.rs - StandardEngine::with_engine (line 176) ... ok
[INFO] [stdout] test src/lib.rs - StandardScope::with_scope (line 215) ... ok
[INFO] [stdout] test src/lib.rs - ScriptLoader<T>::with_engine (line 63) ... ok
[INFO] [stdout] 
[INFO] [stdout] failures:
[INFO] [stdout] 
[INFO] [stdout] ---- src/lib.rs - ScriptLoader<T>::add_extensions (line 100) stdout ----
[INFO] [stdout] error: linking with `cc` failed: exit status: 1
[INFO] [stdout]   |
[INFO] [stdout]   = note: LC_ALL="C" PATH="/opt/rustwide/rustup-home/toolchains/1.75.0-x86_64-unknown-linux-gnu/lib/rustlib/x86_64-unknown-linux-gnu/bin:/opt/rustwide/cargo-home/bin:/usr/local/sbin:/usr/local/bin:/usr/sbin:/usr/bin:/sbin:/bin" VSLANG="1033" "cc" "-m64" "/tmp/rustcH7oWwe/symbols.o" "/tmp/rustdoctest5QgsAs/rust_out.rust_out.263fb70ac1c95110-cgu.0.rcgu.o" "/tmp/rustdoctest5QgsAs/rust_out.2uel00cfmdh5ufit.rcgu.o" "-Wl,--as-needed" "-L" "/opt/rustwide/target/debug/deps" "-L" "/opt/rustwide/target/debug/deps" "-L" "/usr/lib/x86_64-linux-gnu" "-L" "/opt/rustwide/rustup-home/toolchains/1.75.0-x86_64-unknown-linux-gnu/lib/rustlib/x86_64-unknown-linux-gnu/lib" "-Wl,-Bstatic" "/opt/rustwide/target/debug/deps/libbevy_rhai-6798860c5c7c7937.rlib" "/opt/rustwide/target/debug/deps/librhai-e08525360d47c9d3.rlib" "/opt/rustwide/target/debug/deps/libsmartstring-7f425ac9ef6eff12.rlib" "/opt/rustwide/target/debug/deps/libstatic_assertions-06b6572b5d394a0a.rlib" "/opt/rustwide/target/debug/deps/libnum_traits-a888385c1f0bdd19.rlib" "/opt/rustwide/target/debug/deps/libbevy_asset-6f2911b732c631ea.rlib" "/opt/rustwide/target/debug/deps/librand-9ac260c4be7fd647.rlib" "/opt/rustwide/target/debug/deps/librand_chacha-0009e277497e1f4e.rlib" "/opt/rustwide/target/debug/deps/libppv_lite86-a99ab8a0983e0261.rlib" "/opt/rustwide/target/debug/deps/librand_core-152e6606b456774e.rlib" "/opt/rustwide/target/debug/deps/libnotify-2c3ea2f4eafa7019.rlib" "/opt/rustwide/target/debug/deps/libmio-f98fbddbf4d149ec.rlib" "/opt/rustwide/target/debug/deps/libfiletime-bec58dbbfc04e3cf.rlib" "/opt/rustwide/target/debug/deps/libwalkdir-6f37c7dff47afc4f.rlib" "/opt/rustwide/target/debug/deps/libsame_file-06a4c01142053b65.rlib" "/opt/rustwide/target/debug/deps/libinotify-c3d571243609fe8a.rlib" "/opt/rustwide/target/debug/deps/libinotify_sys-12511a5af0adc550.rlib" "/opt/rustwide/target/debug/deps/libbitflags-b7cee2ca4fb438d0.rlib" "/opt/rustwide/target/debug/deps/libbevy_diagnostic-d13e568386637ef4.rlib" "/opt/rustwide/target/debug/deps/libbevy_core-1deac1d16eada2d9.rlib" "/opt/rustwide/target/debug/deps/libbevy_math-3088d17497788913.rlib" "/opt/rustwide/target/debug/deps/libcrossbeam_channel-b4dfe8b7fcd1fb41.rlib" "/opt/rustwide/target/debug/deps/libcrossbeam_utils-cbe8ee271898edcb.rlib" "/opt/rustwide/target/debug/deps/libbevy_log-a5ee6c1e7f865d0a.rlib" "/opt/rustwide/target/debug/deps/libtracing_subscriber-4ba0e17a51827367.rlib" "/opt/rustwide/target/debug/deps/libsharded_slab-02c3102eff4edbd9.rlib" "/opt/rustwide/target/debug/deps/libmatchers-7e038e2c97489aca.rlib" "/opt/rustwide/target/debug/deps/libregex_automata-81b76f549442b744.rlib" "/opt/rustwide/target/debug/deps/libregex-6f701831efb68404.rlib" "/opt/rustwide/target/debug/deps/libaho_corasick-4efc27b8b413d73f.rlib" "/opt/rustwide/target/debug/deps/libregex_syntax-df051bb3664d7987.rlib" "/opt/rustwide/target/debug/deps/libansi_term-b21a82a9f4d0b6eb.rlib" "/opt/rustwide/target/debug/deps/libthread_local-d35f3ca4fafcc7a5.rlib" "/opt/rustwide/target/debug/deps/libtracing_log-87ec21bc1b768633.rlib" "/opt/rustwide/target/debug/deps/liblog-7b089df37cddad0b.rlib" "/opt/rustwide/target/debug/deps/libanyhow-e494d85fe3320118.rlib" "/opt/rustwide/target/debug/deps/libbevy_app-cc9b4502d9163cba.rlib" "/opt/rustwide/target/debug/deps/libbevy_ecs-ee05f9a22a42f38f.rlib" "/opt/rustwide/target/debug/deps/libfxhash-b01b7a3ef6565d3c.rlib" "/opt/rustwide/target/debug/deps/libbyteorder-b7588b59c1d17615.rlib" "/opt/rustwide/target/debug/deps/libbevy_tasks-0bc0460b63ca08f8.rlib" "/opt/rustwide/target/debug/deps/libasync_channel-d3c5d84b1cab51ae.rlib" "/opt/rustwide/target/debug/deps/libasync_executor-5044b4238ccb247c.rlib" "/opt/rustwide/target/debug/deps/libslab-16df553d075f3057.rlib" "/opt/rustwide/target/debug/deps/libconcurrent_queue-d63ef47f996eedb3.rlib" "/opt/rustwide/target/debug/deps/libcache_padded-b47797190cff0e45.rlib" "/opt/rustwide/target/debug/deps/libasync_task-f782d72e884b6c8b.rlib" "/opt/rustwide/target/debug/deps/libnum_cpus-82289eb5e75de985.rlib" "/opt/rustwide/target/debug/deps/libevent_listener-7508e35804b88fcf.rlib" "/opt/rustwide/target/debug/deps/libfutures_lite-6496c5ee2d23854d.rlib" "/opt/rustwide/target/debug/deps/libmemchr-651b9a52835bc194.rlib" "/opt/rustwide/target/debug/deps/libfastrand-07f877a5db0068c6.rlib" "/opt/rustwide/target/debug/deps/libfutures_io-ed0d485aa5d3c747.rlib" "/opt/rustwide/target/debug/deps/libfutures_core-561ba3cced7f43f6.rlib" "/opt/rustwide/target/debug/deps/libwaker_fn-22984b605b7992c0.rlib" "/opt/rustwide/target/debug/deps/libparking-a64765005b191951.rlib" "/opt/rustwide/target/debug/deps/libfixedbitset-fe993ddee8099b33.rlib" "/opt/rustwide/target/debug/deps/libbevy_reflect-b2e2211f5ccd5e3b.rlib" "/opt/rustwide/target/debug/deps/liberased_serde-7f652646d565c18e.rlib" "/opt/rustwide/target/debug/deps/libglam-e431445897bd150d.rlib" "/opt/rustwide/target/debug/deps/libmint-ad6418a5babb6bbe.rlib" "/opt/rustwide/target/debug/deps/libbytemuck-fc95694d830bd172.rlib" "/opt/rustwide/target/debug/deps/libparking_lot-a004277cbe95b460.rlib" "/opt/rustwide/target/debug/deps/libparking_lot_core-d17efbe1f90c07d0.rlib" "/opt/rustwide/target/debug/deps/libsmallvec-d754b49972085e3d.rlib" "/opt/rustwide/target/debug/deps/liblock_api-f79b9b5978180fd7.rlib" "/opt/rustwide/target/debug/deps/libscopeguard-b35f5c652940acc2.rlib" "/opt/rustwide/target/debug/deps/libdowncast_rs-c097a54188a9369f.rlib" "/opt/rustwide/target/debug/deps/libthiserror-8cc6f7965ec58c03.rlib" "/opt/rustwide/target/debug/deps/libbevy_utils-58d74cee48918df0.rlib" "/opt/rustwide/target/debug/deps/libuuid-d3674f3c9c617f71.rlib" "/opt/rustwide/target/debug/deps/libtracing-88833a0d183f9cd3.rlib" "/opt/rustwide/target/debug/deps/libpin_project_lite-bd863d416e545bf5.rlib" "/opt/rustwide/target/debug/deps/libtracing_core-80adc8c10460b8e9.rlib" "/opt/rustwide/target/debug/deps/liblazy_static-591486ebcb9a7ead.rlib" "/opt/rustwide/target/debug/deps/libinstant-d2eacafc3f5b0144.rlib" "/opt/rustwide/target/debug/deps/libhashbrown-a841e794aa4ebee9.rlib" "/opt/rustwide/target/debug/deps/libserde-493bbfe33b3cfd64.rlib" "/opt/rustwide/target/debug/deps/libahash-4cfea6636753e64e.rlib" "/opt/rustwide/target/debug/deps/libgetrandom-4147915edbc962a6.rlib" "/opt/rustwide/target/debug/deps/liblibc-9e56b640f29eaae5.rlib" "/opt/rustwide/target/debug/deps/libcfg_if-61dc7a6799e72b18.rlib" "/opt/rustwide/target/debug/deps/libonce_cell-d4185e3ff62717e2.rlib" "/opt/rustwide/rustup-home/toolchains/1.75.0-x86_64-unknown-linux-gnu/lib/rustlib/x86_64-unknown-linux-gnu/lib/libstd-90f6ddbf82de36ec.rlib" "/opt/rustwide/rustup-home/toolchains/1.75.0-x86_64-unknown-linux-gnu/lib/rustlib/x86_64-unknown-linux-gnu/lib/libpanic_unwind-480c41e9d4e1f677.rlib" "/opt/rustwide/rustup-home/toolchains/1.75.0-x86_64-unknown-linux-gnu/lib/rustlib/x86_64-unknown-linux-gnu/lib/libobject-db744c0ca03eed1d.rlib" "/opt/rustwide/rustup-home/toolchains/1.75.0-x86_64-unknown-linux-gnu/lib/rustlib/x86_64-unknown-linux-gnu/lib/libmemchr-8ba652dc7d4b285a.rlib" "/opt/rustwide/rustup-home/toolchains/1.75.0-x86_64-unknown-linux-gnu/lib/rustlib/x86_64-unknown-linux-gnu/lib/libaddr2line-d5f4520a9ebc0d58.rlib" "/opt/rustwide/rustup-home/toolchains/1.75.0-x86_64-unknown-linux-gnu/lib/rustlib/x86_64-unknown-linux-gnu/lib/libgimli-4ad84de58f0cb463.rlib" "/opt/rustwide/rustup-home/toolchains/1.75.0-x86_64-unknown-linux-gnu/lib/rustlib/x86_64-unknown-linux-gnu/lib/librustc_demangle-0d10aae2e0f38735.rlib" "/opt/rustwide/rustup-home/toolchains/1.75.0-x86_64-unknown-linux-gnu/lib/rustlib/x86_64-unknown-linux-gnu/lib/libstd_detect-0c17cff739e6745b.rlib" "/opt/rustwide/rustup-home/toolchains/1.75.0-x86_64-unknown-linux-gnu/lib/rustlib/x86_64-unknown-linux-gnu/lib/libhashbrown-b29e17139dde1aa8.rlib" "/opt/rustwide/rustup-home/toolchains/1.75.0-x86_64-unknown-linux-gnu/lib/rustlib/x86_64-unknown-linux-gnu/lib/librustc_std_workspace_alloc-1f975299829cc7bd.rlib" "/opt/rustwide/rustup-home/toolchains/1.75.0-x86_64-unknown-linux-gnu/lib/rustlib/x86_64-unknown-linux-gnu/lib/libminiz_oxide-86bae3bc3079f89b.rlib" "/opt/rustwide/rustup-home/toolchains/1.75.0-x86_64-unknown-linux-gnu/lib/rustlib/x86_64-unknown-linux-gnu/lib/libadler-321b82c30dffdf5f.rlib" "/opt/rustwide/rustup-home/toolchains/1.75.0-x86_64-unknown-linux-gnu/lib/rustlib/x86_64-unknown-linux-gnu/lib/libunwind-3dd8a6810a0bdfef.rlib" "/opt/rustwide/rustup-home/toolchains/1.75.0-x86_64-unknown-linux-gnu/lib/rustlib/x86_64-unknown-linux-gnu/lib/libcfg_if-eb39a61c0c879984.rlib" "/opt/rustwide/rustup-home/toolchains/1.75.0-x86_64-unknown-linux-gnu/lib/rustlib/x86_64-unknown-linux-gnu/lib/liblibc-aa769569f91c3548.rlib" "/opt/rustwide/rustup-home/toolchains/1.75.0-x86_64-unknown-linux-gnu/lib/rustlib/x86_64-unknown-linux-gnu/lib/liballoc-510a192a50a983ed.rlib" "/opt/rustwide/rustup-home/toolchains/1.75.0-x86_64-unknown-linux-gnu/lib/rustlib/x86_64-unknown-linux-gnu/lib/librustc_std_workspace_core-0577018320f99037.rlib" "/opt/rustwide/rustup-home/toolchains/1.75.0-x86_64-unknown-linux-gnu/lib/rustlib/x86_64-unknown-linux-gnu/lib/libcore-193cf992125ccd4c.rlib" "/opt/rustwide/rustup-home/toolchains/1.75.0-x86_64-unknown-linux-gnu/lib/rustlib/x86_64-unknown-linux-gnu/lib/libcompiler_builtins-8e138eaf26ebb4a8.rlib" "-Wl,-Bdynamic" "-lgcc_s" "-lutil" "-lrt" "-lpthread" "-lm" "-ldl" "-lc" "-Wl,--eh-frame-hdr" "-Wl,-z,noexecstack" "-L" "/opt/rustwide/rustup-home/toolchains/1.75.0-x86_64-unknown-linux-gnu/lib/rustlib/x86_64-unknown-linux-gnu/lib" "-o" "/tmp/rustdoctest5QgsAs/rust_out" "-Wl,--gc-sections" "-pie" "-Wl,-z,relro,-z,now" "-nodefaultlibs"
[INFO] [stdout]   = note: collect2: fatal error: ld terminated with signal 9 [Killed]
[INFO] [stdout]           compilation terminated.
[INFO] [stdout]           
[INFO] [stdout] 
[INFO] [stdout] error: aborting due to previous error
[INFO] [stdout] 
[INFO] [stdout] Couldn't compile the test.
[INFO] [stdout] 
[INFO] [stdout] failures:
[INFO] [stdout]     src/lib.rs - ScriptLoader<T>::add_extensions (line 100)
[INFO] [stdout] 
[INFO] [stdout] test result: FAILED. 4 passed; 1 failed; 0 ignored; 0 measured; 0 filtered out; finished in 10.54s
[INFO] [stdout] 
[INFO] [stderr] error: doctest failed, to rerun pass `--doc`
[INFO] running `Command { std: "docker" "inspect" "054d982f3f1441e8f8f45e9e3cf8477557caeadaf11517389d1207accc375e1a", kill_on_drop: false }`
[INFO] running `Command { std: "docker" "rm" "-f" "054d982f3f1441e8f8f45e9e3cf8477557caeadaf11517389d1207accc375e1a", kill_on_drop: false }`
[INFO] [stdout] 054d982f3f1441e8f8f45e9e3cf8477557caeadaf11517389d1207accc375e1a
[INFO] testing bevy_rhai-0.3.0 against beta-2023-12-22 for beta-1.76-1
[INFO] extracting crate bevy_rhai 0.3.0 into /workspace/builds/worker-6-tc2/source
[INFO] validating manifest of crates.io crate bevy_rhai 0.3.0 on toolchain beta-2023-12-22
[INFO] running `Command { std: CARGO_HOME="/workspace/cargo-home" RUSTUP_HOME="/workspace/rustup-home" "/workspace/cargo-home/bin/cargo" "+beta-2023-12-22" "metadata" "--manifest-path" "Cargo.toml" "--no-deps", kill_on_drop: false }`
[INFO] started tweaking crates.io crate bevy_rhai 0.3.0
[INFO] finished tweaking crates.io crate bevy_rhai 0.3.0
[INFO] tweaked toml for crates.io crate bevy_rhai 0.3.0 written to /workspace/builds/worker-6-tc2/source/Cargo.toml
[INFO] crate crates.io crate bevy_rhai 0.3.0 already has a lockfile, it will not be regenerated
[INFO] running `Command { std: CARGO_HOME="/workspace/cargo-home" RUSTUP_HOME="/workspace/rustup-home" "/workspace/cargo-home/bin/cargo" "+beta-2023-12-22" "fetch" "--manifest-path" "Cargo.toml", kill_on_drop: false }`
[INFO] running `Command { std: "docker" "create" "-v" "/var/lib/crater-agent-workspace/builds/worker-6-tc2/target:/opt/rustwide/target:rw,Z" "-v" "/var/lib/crater-agent-workspace/builds/worker-6-tc2/source:/opt/rustwide/workdir:ro,Z" "-v" "/var/lib/crater-agent-workspace/cargo-home:/opt/rustwide/cargo-home:ro,Z" "-v" "/var/lib/crater-agent-workspace/rustup-home:/opt/rustwide/rustup-home:ro,Z" "-e" "SOURCE_DIR=/opt/rustwide/workdir" "-e" "CARGO_TARGET_DIR=/opt/rustwide/target" "-e" "CARGO_HOME=/opt/rustwide/cargo-home" "-e" "RUSTUP_HOME=/opt/rustwide/rustup-home" "-w" "/opt/rustwide/workdir" "-m" "1610612736" "--user" "0:0" "--network" "none" "ghcr.io/rust-lang/crates-build-env/linux@sha256:2788e3201cd34a07e3172128adcd8b3090168a8e3bcc40d7c032b9dda1df7d1c" "/opt/rustwide/cargo-home/bin/cargo" "+beta-2023-12-22" "metadata" "--no-deps" "--format-version=1", kill_on_drop: false }`
[INFO] [stdout] 99623b1ab46a9e6727e64815a6faa54c7637bec2aa60432b7ed784967b4807de
[INFO] running `Command { std: "docker" "start" "-a" "99623b1ab46a9e6727e64815a6faa54c7637bec2aa60432b7ed784967b4807de", kill_on_drop: false }`
[INFO] running `Command { std: "docker" "inspect" "99623b1ab46a9e6727e64815a6faa54c7637bec2aa60432b7ed784967b4807de", kill_on_drop: false }`
[INFO] running `Command { std: "docker" "rm" "-f" "99623b1ab46a9e6727e64815a6faa54c7637bec2aa60432b7ed784967b4807de", kill_on_drop: false }`
[INFO] [stdout] 99623b1ab46a9e6727e64815a6faa54c7637bec2aa60432b7ed784967b4807de
[INFO] running `Command { std: "docker" "create" "-v" "/var/lib/crater-agent-workspace/builds/worker-6-tc2/target:/opt/rustwide/target:rw,Z" "-v" "/var/lib/crater-agent-workspace/builds/worker-6-tc2/source:/opt/rustwide/workdir:ro,Z" "-v" "/var/lib/crater-agent-workspace/cargo-home:/opt/rustwide/cargo-home:ro,Z" "-v" "/var/lib/crater-agent-workspace/rustup-home:/opt/rustwide/rustup-home:ro,Z" "-e" "SOURCE_DIR=/opt/rustwide/workdir" "-e" "CARGO_TARGET_DIR=/opt/rustwide/target" "-e" "CARGO_INCREMENTAL=0" "-e" "RUST_BACKTRACE=full" "-e" "RUSTFLAGS=--cap-lints=warn" "-e" "RUSTDOCFLAGS=--cap-lints=warn" "-e" "CARGO_HOME=/opt/rustwide/cargo-home" "-e" "RUSTUP_HOME=/opt/rustwide/rustup-home" "-w" "/opt/rustwide/workdir" "-m" "1610612736" "--user" "0:0" "--network" "none" "ghcr.io/rust-lang/crates-build-env/linux@sha256:2788e3201cd34a07e3172128adcd8b3090168a8e3bcc40d7c032b9dda1df7d1c" "/opt/rustwide/cargo-home/bin/cargo" "+beta-2023-12-22" "build" "--frozen" "--message-format=json", kill_on_drop: false }`
[INFO] [stdout] 6d1fa76c27dd5e0ffd534f6f1a4555b6c917c7883939c1bcc1e40c7059f0aa8b
[INFO] running `Command { std: "docker" "start" "-a" "6d1fa76c27dd5e0ffd534f6f1a4555b6c917c7883939c1bcc1e40c7059f0aa8b", kill_on_drop: false }`
[INFO] [stderr]    Compiling proc-macro2 v1.0.37
[INFO] [stderr]    Compiling unicode-xid v0.2.2
[INFO] [stderr]    Compiling syn v1.0.91
[INFO] [stderr]    Compiling serde_derive v1.0.136
[INFO] [stderr]    Compiling libc v0.2.122
[INFO] [stderr]    Compiling serde v1.0.136
[INFO] [stderr]    Compiling hashbrown v0.11.2
[INFO] [stderr]    Compiling once_cell v1.10.0
[INFO] [stderr]    Compiling pin-project-lite v0.2.8
[INFO] [stderr]    Compiling futures-core v0.3.21
[INFO] [stderr]    Compiling indexmap v1.8.1
[INFO] [stderr]    Compiling ahash v0.7.6
[INFO] [stderr]    Compiling tracing-core v0.1.24
[INFO] [stderr]    Compiling lock_api v0.4.7
[INFO] [stderr]    Compiling parking_lot_core v0.8.5
[INFO] [stderr]    Compiling memchr v2.4.1
[INFO] [stderr]    Compiling cache-padded v1.2.0
[INFO] [stderr]    Compiling erased-serde v0.3.20
[INFO] [stderr]    Compiling concurrent-queue v1.2.2
[INFO] [stderr]    Compiling waker-fn v1.1.0
[INFO] [stderr]    Compiling bytemuck v1.9.1
[INFO] [stderr]    Compiling futures-io v0.3.21
[INFO] [stderr]    Compiling parking v2.0.0
[INFO] [stderr]    Compiling fastrand v1.7.0
[INFO] [stderr]    Compiling async-task v4.2.0
[INFO] [stderr]    Compiling event-listener v2.5.2
[INFO] [stderr]    Compiling slab v0.4.6
[INFO] [stderr]    Compiling byteorder v1.4.3
[INFO] [stderr]    Compiling async-channel v1.6.1
[INFO] [stderr]    Compiling log v0.4.16
[INFO] [stderr]    Compiling regex-syntax v0.6.25
[INFO] [stderr]    Compiling fixedbitset v0.4.1
[INFO] [stderr]    Compiling thread_local v1.1.4
[INFO] [stderr]    Compiling sharded-slab v0.1.4
[INFO] [stderr]    Compiling ansi_term v0.12.1
[INFO] [stderr]    Compiling fxhash v0.2.1
[INFO] [stderr]    Compiling crossbeam-utils v0.8.8
[INFO] [stderr]    Compiling smartstring v1.0.1
[INFO] [stderr]    Compiling num-traits v0.2.14
[INFO] [stderr]    Compiling quote v1.0.18
[INFO] [stderr]    Compiling ppv-lite86 v0.2.16
[INFO] [stderr]    Compiling futures-lite v1.12.0
[INFO] [stderr]    Compiling anyhow v1.0.56
[INFO] [stderr]    Compiling getrandom v0.2.6
[INFO] [stderr]    Compiling num_cpus v1.13.1
[INFO] [stderr]    Compiling bitflags v1.3.2
[INFO] [stderr]    Compiling tracing-log v0.1.2
[INFO] [stderr]    Compiling rand_core v0.6.3
[INFO] [stderr]    Compiling rand_chacha v0.3.1
[INFO] [stderr]    Compiling crossbeam-channel v0.5.4
[INFO] [stderr]    Compiling rand v0.8.5
[INFO] [stderr]    Compiling async-executor v1.4.1
[INFO] [stderr]    Compiling bevy_tasks v0.7.0
[INFO] [stderr]    Compiling regex-automata v0.1.10
[INFO] [stderr]    Compiling regex v1.5.5
[INFO] [stderr]    Compiling matchers v0.1.0
[INFO] [stderr]    Compiling toml v0.5.8
[INFO] [stderr]    Compiling uuid v0.8.2
[INFO] [stderr]    Compiling tracing-attributes v0.1.20
[INFO] [stderr]    Compiling thiserror-impl v1.0.30
[INFO] [stderr]    Compiling rhai_codegen v1.4.0
[INFO] [stderr]    Compiling thiserror v1.0.30
[INFO] [stderr]    Compiling tracing v0.1.33
[INFO] [stderr]    Compiling cargo-manifest v0.2.6
[INFO] [stderr]    Compiling bevy_macro_utils v0.7.0
[INFO] [stderr]    Compiling bevy_derive v0.7.0
[INFO] [stderr]    Compiling bevy_reflect_derive v0.7.0
[INFO] [stderr]    Compiling bevy_ecs_macros v0.7.0
[INFO] [stderr]    Compiling smallvec v1.8.0
[INFO] [stderr]    Compiling glam v0.20.5
[INFO] [stderr]    Compiling tracing-subscriber v0.3.11
[INFO] [stderr]    Compiling rhai v1.6.1
[INFO] [stderr]    Compiling parking_lot v0.11.2
[INFO] [stderr]    Compiling bevy_utils v0.7.0
[INFO] [stderr]    Compiling bevy_reflect v0.7.0
[INFO] [stderr]    Compiling bevy_ecs v0.7.0
[INFO] [stderr]    Compiling bevy_math v0.7.0
[INFO] [stderr]    Compiling bevy_app v0.7.0
[INFO] [stderr]    Compiling bevy_core v0.7.0
[INFO] [stderr]    Compiling bevy_log v0.7.0
[INFO] [stderr]    Compiling bevy_diagnostic v0.7.0
[INFO] [stderr]    Compiling bevy_asset v0.7.0
[INFO] [stderr]    Compiling bevy_rhai v0.3.0 (/opt/rustwide/workdir)
[INFO] [stderr]     Finished dev [unoptimized + debuginfo] target(s) in 29.72s
[INFO] running `Command { std: "docker" "inspect" "6d1fa76c27dd5e0ffd534f6f1a4555b6c917c7883939c1bcc1e40c7059f0aa8b", kill_on_drop: false }`
[INFO] running `Command { std: "docker" "rm" "-f" "6d1fa76c27dd5e0ffd534f6f1a4555b6c917c7883939c1bcc1e40c7059f0aa8b", kill_on_drop: false }`
[INFO] [stdout] 6d1fa76c27dd5e0ffd534f6f1a4555b6c917c7883939c1bcc1e40c7059f0aa8b
[INFO] running `Command { std: "docker" "create" "-v" "/var/lib/crater-agent-workspace/builds/worker-6-tc2/target:/opt/rustwide/target:rw,Z" "-v" "/var/lib/crater-agent-workspace/builds/worker-6-tc2/source:/opt/rustwide/workdir:ro,Z" "-v" "/var/lib/crater-agent-workspace/cargo-home:/opt/rustwide/cargo-home:ro,Z" "-v" "/var/lib/crater-agent-workspace/rustup-home:/opt/rustwide/rustup-home:ro,Z" "-e" "SOURCE_DIR=/opt/rustwide/workdir" "-e" "CARGO_TARGET_DIR=/opt/rustwide/target" "-e" "CARGO_INCREMENTAL=0" "-e" "RUST_BACKTRACE=full" "-e" "RUSTFLAGS=--cap-lints=warn" "-e" "RUSTDOCFLAGS=--cap-lints=warn" "-e" "CARGO_HOME=/opt/rustwide/cargo-home" "-e" "RUSTUP_HOME=/opt/rustwide/rustup-home" "-w" "/opt/rustwide/workdir" "-m" "1610612736" "--user" "0:0" "--network" "none" "ghcr.io/rust-lang/crates-build-env/linux@sha256:2788e3201cd34a07e3172128adcd8b3090168a8e3bcc40d7c032b9dda1df7d1c" "/opt/rustwide/cargo-home/bin/cargo" "+beta-2023-12-22" "test" "--frozen" "--no-run" "--message-format=json", kill_on_drop: false }`
[INFO] [stdout] 42f2a9d68c80cde964293013ea1973519ae481acf18a8dc9522f25890d92a42a
[INFO] running `Command { std: "docker" "start" "-a" "42f2a9d68c80cde964293013ea1973519ae481acf18a8dc9522f25890d92a42a", kill_on_drop: false }`
[INFO] [stderr]    Compiling unicode-xid v0.2.2
[INFO] [stderr]    Compiling libc v0.2.122
[INFO] [stderr]    Compiling indexmap v1.8.1
[INFO] [stderr]    Compiling mint v0.5.9
[INFO] [stderr]    Compiling num-traits v0.2.14
[INFO] [stderr]    Compiling pkg-config v0.3.25
[INFO] [stderr]    Compiling aho-corasick v0.7.18
[INFO] [stderr]    Compiling same-file v1.0.6
[INFO] [stderr]    Compiling cty v0.2.2
[INFO] [stderr]    Compiling libloading v0.7.3
[INFO] [stderr]    Compiling num-integer v0.1.44
[INFO] [stderr]    Compiling unicode-width v0.1.9
[INFO] [stderr]    Compiling termcolor v1.1.3
[INFO] [stderr]    Compiling bit-vec v0.6.3
[INFO] [stderr]    Compiling ash v0.34.0+1.2.203
[INFO] [stderr]    Compiling gpu-alloc-types v0.2.0
[INFO] [stderr]    Compiling proc-macro2 v1.0.37
[INFO] [stderr]    Compiling raw-window-handle v0.4.3
[INFO] [stderr]    Compiling walkdir v2.3.2
[INFO] [stderr]    Compiling pp-rs v0.2.1
[INFO] [stderr]    Compiling gpu-descriptor-types v0.1.1
[INFO] [stderr]    Compiling bit-set v0.5.2
[INFO] [stderr]    Compiling codespan-reporting v0.11.1
[INFO] [stderr]    Compiling adler32 v1.2.0
[INFO] [stderr]    Compiling wgpu-core v0.12.2
[INFO] [stderr]    Compiling gpu-alloc v0.5.3
[INFO] [stderr]    Compiling wgpu-types v0.12.0
[INFO] [stderr]    Compiling quote v1.0.18
[INFO] [stderr]    Compiling num-iter v0.1.42
[INFO] [stderr]    Compiling num-rational v0.3.2
[INFO] [stderr]    Compiling syn v1.0.91
[INFO] [stderr]    Compiling regex v1.5.5
[INFO] [stderr]    Compiling memoffset v0.6.5
[INFO] [stderr]    Compiling renderdoc-sys v0.7.1
[INFO] [stderr]    Compiling inplace_it v0.3.3
[INFO] [stderr]    Compiling glow v0.11.2
[INFO] [stderr]    Compiling toml v0.5.8
[INFO] [stderr]    Compiling profiling v1.0.5
[INFO] [stderr]    Compiling arrayvec v0.7.2
[INFO] [stderr]    Compiling deflate v0.8.6
[INFO] [stderr]    Compiling miniz_oxide v0.3.7
[INFO] [stderr]    Compiling copyless v0.1.5
[INFO] [stderr]    Compiling spirv v0.2.0+1.5.4
[INFO] [stderr]    Compiling scoped_threadpool v0.1.9
[INFO] [stderr]    Compiling alsa-sys v0.3.1
[INFO] [stderr]    Compiling libudev-sys v0.1.4
[INFO] [stderr]    Compiling ttf-parser v0.15.0
[INFO] [stderr]    Compiling png v0.16.8
[INFO] [stderr]    Compiling serde_json v1.0.79
[INFO] [stderr]    Compiling getrandom v0.2.6
[INFO] [stderr]    Compiling num_cpus v1.13.1
[INFO] [stderr]    Compiling ahash v0.7.6
[INFO] [stderr]    Compiling rand_core v0.6.3
[INFO] [stderr]    Compiling inotify-sys v0.1.5
[INFO] [stderr]    Compiling inotify v0.9.6
[INFO] [stderr]    Compiling filetime v0.2.16
[INFO] [stderr]    Compiling mio v0.7.14
[INFO] [stderr]    Compiling khronos-egl v4.1.0
[INFO] [stderr]    Compiling bevy_tasks v0.7.0
[INFO] [stderr]    Compiling nix v0.23.1
[INFO] [stderr]    Compiling rand_chacha v0.3.1
[INFO] [stderr]    Compiling notify v5.0.0-pre.11
[INFO] [stderr]    Compiling approx v0.5.1
[INFO] [stderr]    Compiling euclid v0.22.7
[INFO] [stderr]    Compiling x11-dl v2.19.1
[INFO] [stderr]    Compiling rand v0.8.5
[INFO] [stderr]    Compiling libm v0.1.4
[INFO] [stderr]    Compiling cpal v0.13.5
[INFO] [stderr]    Compiling inflections v1.1.1
[INFO] [stderr]    Compiling itoa v1.0.1
[INFO] [stderr]    Compiling ab_glyph_rasterizer v0.1.5
[INFO] [stderr]    Compiling ryu v1.0.9
[INFO] [stderr]    Compiling tinyvec v1.5.1
[INFO] [stderr]    Compiling ogg v0.8.0
[INFO] [stderr]    Compiling vec_map v0.8.2
[INFO] [stderr]    Compiling winit v0.26.1
[INFO] [stderr]    Compiling base64 v0.13.0
[INFO] [stderr]    Compiling mio v0.8.2
[INFO] [stderr]    Compiling guillotiere v0.6.2
[INFO] [stderr]    Compiling lewton v0.10.2
[INFO] [stderr]    Compiling stretch v0.3.2
[INFO] [stderr]    Compiling owned_ttf_parser v0.15.0
[INFO] [stderr]    Compiling ab_glyph v0.2.15
[INFO] [stderr]    Compiling glyph_brush_layout v0.2.3
[INFO] [stderr]    Compiling alsa v0.6.0
[INFO] [stderr]    Compiling serde_derive v1.0.136
[INFO] [stderr]    Compiling thiserror-impl v1.0.30
[INFO] [stderr]    Compiling bytemuck_derive v1.1.0
[INFO] [stderr]    Compiling tracing-attributes v0.1.20
[INFO] [stderr]    Compiling gltf-derive v1.0.0
[INFO] [stderr]    Compiling rhai_codegen v1.4.0
[INFO] [stderr]    Compiling bytemuck v1.9.1
[INFO] [stderr]    Compiling image v0.23.14
[INFO] [stderr]    Compiling thiserror v1.0.30
[INFO] [stderr]    Compiling tracing v0.1.33
[INFO] [stderr]    Compiling serde v1.0.136
[INFO] [stderr]    Compiling cargo-manifest v0.2.6
[INFO] [stderr]    Compiling bevy_macro_utils v0.7.0
[INFO] [stderr]    Compiling bevy_derive v0.7.0
[INFO] [stderr]    Compiling bevy_reflect_derive v0.7.0
[INFO] [stderr]    Compiling bevy_ecs_macros v0.7.0
[INFO] [stderr]    Compiling bevy-crevice-derive v0.7.0
[INFO] [stderr]    Compiling smallvec v1.8.0
[INFO] [stderr]    Compiling hashbrown v0.11.2
[INFO] [stderr]    Compiling uuid v0.8.2
[INFO] [stderr]    Compiling glam v0.20.5
[INFO] [stderr]    Compiling erased-serde v0.3.20
[INFO] [stderr]    Compiling ron v0.7.0
[INFO] [stderr]    Compiling parking_lot_core v0.8.5
[INFO] [stderr]    Compiling tracing-subscriber v0.3.11
[INFO] [stderr]    Compiling rhai v1.6.1
[INFO] [stderr]    Compiling gilrs-core v0.3.2
[INFO] [stderr]    Compiling parking_lot v0.11.2
[INFO] [stderr]    Compiling gilrs v0.8.2
[INFO] [stderr]    Compiling bevy_utils v0.7.0
[INFO] [stderr]    Compiling gpu-descriptor v0.2.2
[INFO] [stderr]    Compiling petgraph v0.6.0
[INFO] [stderr]    Compiling rodio v0.15.0
[INFO] [stderr]    Compiling gltf-json v1.0.0
[INFO] [stderr]    Compiling naga v0.8.5
[INFO] [stderr]    Compiling bevy_reflect v0.7.0
[INFO] [stderr]    Compiling hexasphere v7.0.0
[INFO] [stderr]    Compiling bevy_crevice v0.7.0
[INFO] [stderr]    Compiling bevy_ecs v0.7.0
[INFO] [stderr]    Compiling bevy_math v0.7.0
[INFO] [stderr]    Compiling gltf v1.0.0
[INFO] [stderr]    Compiling wgpu-hal v0.12.4
[INFO] [stderr]    Compiling bevy_app v0.7.0
[INFO] [stderr]    Compiling bevy_log v0.7.0
[INFO] [stderr]    Compiling bevy_core v0.7.0
[INFO] [stderr]    Compiling bevy_hierarchy v0.7.0
[INFO] [stderr]    Compiling bevy_window v0.7.0
[INFO] [stderr]    Compiling bevy_input v0.7.0
[INFO] [stderr]    Compiling bevy_diagnostic v0.7.0
[INFO] [stderr]    Compiling bevy_transform v0.7.0
[INFO] [stderr]    Compiling bevy_winit v0.7.0
[INFO] [stderr]    Compiling bevy_gilrs v0.7.0
[INFO] [stderr]    Compiling bevy_asset v0.7.0
[INFO] [stderr]    Compiling bevy_animation v0.7.0
[INFO] [stderr]    Compiling bevy_scene v0.7.0
[INFO] [stderr]    Compiling bevy_audio v0.7.0
[INFO] [stderr]    Compiling bevy_rhai v0.3.0 (/opt/rustwide/workdir)
[INFO] [stderr]    Compiling wgpu v0.12.0
[INFO] [stderr]    Compiling bevy_render v0.7.0
[INFO] [stderr]    Compiling bevy_core_pipeline v0.7.0
[INFO] [stderr]    Compiling bevy_sprite v0.7.0
[INFO] [stderr]    Compiling bevy_pbr v0.7.0
[INFO] [stderr]    Compiling bevy_text v0.7.0
[INFO] [stderr]    Compiling bevy_ui v0.7.0
[INFO] [stderr]    Compiling bevy_gltf v0.7.0
[INFO] [stderr]    Compiling bevy_internal v0.7.0
[INFO] [stderr]    Compiling bevy_dylib v0.7.0
[INFO] [stderr]    Compiling bevy v0.7.0
[INFO] [stderr]     Finished test [unoptimized + debuginfo] target(s) in 1m 41s
[INFO] running `Command { std: "docker" "inspect" "42f2a9d68c80cde964293013ea1973519ae481acf18a8dc9522f25890d92a42a", kill_on_drop: false }`
[INFO] running `Command { std: "docker" "rm" "-f" "42f2a9d68c80cde964293013ea1973519ae481acf18a8dc9522f25890d92a42a", kill_on_drop: false }`
[INFO] [stdout] 42f2a9d68c80cde964293013ea1973519ae481acf18a8dc9522f25890d92a42a
[INFO] running `Command { std: "docker" "create" "-v" "/var/lib/crater-agent-workspace/builds/worker-6-tc2/target:/opt/rustwide/target:rw,Z" "-v" "/var/lib/crater-agent-workspace/builds/worker-6-tc2/source:/opt/rustwide/workdir:ro,Z" "-v" "/var/lib/crater-agent-workspace/cargo-home:/opt/rustwide/cargo-home:ro,Z" "-v" "/var/lib/crater-agent-workspace/rustup-home:/opt/rustwide/rustup-home:ro,Z" "-e" "SOURCE_DIR=/opt/rustwide/workdir" "-e" "CARGO_TARGET_DIR=/opt/rustwide/target" "-e" "CARGO_INCREMENTAL=0" "-e" "RUST_BACKTRACE=full" "-e" "RUSTFLAGS=--cap-lints=warn" "-e" "RUSTDOCFLAGS=--cap-lints=warn" "-e" "CARGO_HOME=/opt/rustwide/cargo-home" "-e" "RUSTUP_HOME=/opt/rustwide/rustup-home" "-w" "/opt/rustwide/workdir" "-m" "1610612736" "--user" "0:0" "--network" "none" "ghcr.io/rust-lang/crates-build-env/linux@sha256:2788e3201cd34a07e3172128adcd8b3090168a8e3bcc40d7c032b9dda1df7d1c" "/opt/rustwide/cargo-home/bin/cargo" "+beta-2023-12-22" "test" "--frozen", kill_on_drop: false }`
[INFO] [stdout] 3e189c094b5354b7f5ee3057f99e3ffc392bf8f31b27260bc60022ae9c572eac
[INFO] running `Command { std: "docker" "start" "-a" "3e189c094b5354b7f5ee3057f99e3ffc392bf8f31b27260bc60022ae9c572eac", kill_on_drop: false }`
[INFO] [stderr]     Finished test [unoptimized + debuginfo] target(s) in 0.45s
[INFO] [stderr]      Running unittests src/lib.rs (/opt/rustwide/target/debug/deps/bevy_rhai-131b40fbc1f809a0)
[INFO] [stderr]    Doc-tests bevy_rhai
[INFO] [stdout] 
[INFO] [stdout] running 0 tests
[INFO] [stdout] 
[INFO] [stdout] test result: ok. 0 passed; 0 failed; 0 ignored; 0 measured; 0 filtered out; finished in 0.00s
[INFO] [stdout] 
[INFO] [stdout] 
[INFO] [stdout] running 5 tests
[INFO] [stdout] test src/lib.rs - StandardScope::with_scope (line 215) ... FAILED
[INFO] [stdout] test src/lib.rs - StandardEngine::with_engine (line 176) ... ok
[INFO] [stdout] test src/lib.rs - ScriptLoader<T>::with_engine (line 63) ... ok
[INFO] [stdout] test src/lib.rs - ScriptLoader<T>::add_extension (line 84) ... ok
[INFO] [stdout] test src/lib.rs - ScriptLoader<T>::add_extensions (line 100) ... ok
[INFO] [stdout] 
[INFO] [stdout] failures:
[INFO] [stdout] 
[INFO] [stdout] ---- src/lib.rs - StandardScope::with_scope (line 215) stdout ----
[INFO] [stdout] error: linking with `cc` failed: exit status: 1
[INFO] [stdout]   |
[INFO] [stdout]   = note: LC_ALL="C" PATH="/opt/rustwide/rustup-home/toolchains/beta-2023-12-22-x86_64-unknown-linux-gnu/lib/rustlib/x86_64-unknown-linux-gnu/bin:/opt/rustwide/cargo-home/bin:/usr/local/sbin:/usr/local/bin:/usr/sbin:/usr/bin:/sbin:/bin" VSLANG="1033" "cc" "-m64" "/tmp/rustcYC4bTg/symbols.o" "/tmp/rustdoctestp3qnrC/rust_out.rust_out.1380c8ea7c88b8e2-cgu.0.rcgu.o" "/tmp/rustdoctestp3qnrC/rust_out.3lr6z6385pynyhem.rcgu.o" "-Wl,--as-needed" "-L" "/opt/rustwide/target/debug/deps" "-L" "/opt/rustwide/target/debug/deps" "-L" "/usr/lib/x86_64-linux-gnu" "-L" "/opt/rustwide/rustup-home/toolchains/beta-2023-12-22-x86_64-unknown-linux-gnu/lib/rustlib/x86_64-unknown-linux-gnu/lib" "-Wl,-Bstatic" "/opt/rustwide/target/debug/deps/libbevy_rhai-a58133aa3c872b1b.rlib" "/opt/rustwide/target/debug/deps/librhai-eb74599feb351b9a.rlib" "/opt/rustwide/target/debug/deps/libsmartstring-152a67b8752d0fd8.rlib" "/opt/rustwide/target/debug/deps/libstatic_assertions-0ef270c4de502b0e.rlib" "/opt/rustwide/target/debug/deps/libnum_traits-1607050be59a4e2a.rlib" "/opt/rustwide/target/debug/deps/libbevy_asset-295530ad752a98fc.rlib" "/opt/rustwide/target/debug/deps/librand-2fa12bcaae6ddafb.rlib" "/opt/rustwide/target/debug/deps/librand_chacha-8ff795b55db81fad.rlib" "/opt/rustwide/target/debug/deps/libppv_lite86-7d6f1ee516acde66.rlib" "/opt/rustwide/target/debug/deps/librand_core-739663597c612a66.rlib" "/opt/rustwide/target/debug/deps/libnotify-8f66c0e94bd2f916.rlib" "/opt/rustwide/target/debug/deps/libmio-aa06f9027f7e58d3.rlib" "/opt/rustwide/target/debug/deps/libfiletime-ae6ee46f1f9807cc.rlib" "/opt/rustwide/target/debug/deps/libwalkdir-f0b67fbf628bcd90.rlib" "/opt/rustwide/target/debug/deps/libsame_file-5e62a1af5be346fb.rlib" "/opt/rustwide/target/debug/deps/libinotify-e2f1f1185217772f.rlib" "/opt/rustwide/target/debug/deps/libinotify_sys-f9a24c8a5b439f98.rlib" "/opt/rustwide/target/debug/deps/libbitflags-85e13ed1e0c6d910.rlib" "/opt/rustwide/target/debug/deps/libbevy_diagnostic-dceccca20bb880ca.rlib" "/opt/rustwide/target/debug/deps/libbevy_core-de152ae314ccf5f9.rlib" "/opt/rustwide/target/debug/deps/libbevy_math-64fd2579183760aa.rlib" "/opt/rustwide/target/debug/deps/libcrossbeam_channel-2388c3b6acd5b594.rlib" "/opt/rustwide/target/debug/deps/libcrossbeam_utils-58402bf6d5790e82.rlib" "/opt/rustwide/target/debug/deps/libbevy_log-b20751900439b3ce.rlib" "/opt/rustwide/target/debug/deps/libtracing_subscriber-ebc67a55fc5cee94.rlib" "/opt/rustwide/target/debug/deps/libsharded_slab-bb331dccd6fe0513.rlib" "/opt/rustwide/target/debug/deps/libmatchers-a61746881e910a90.rlib" "/opt/rustwide/target/debug/deps/libregex_automata-af157ee19ee74102.rlib" "/opt/rustwide/target/debug/deps/libregex-a597e9f26b0ea7ec.rlib" "/opt/rustwide/target/debug/deps/libaho_corasick-568b0d6cd2919161.rlib" "/opt/rustwide/target/debug/deps/libregex_syntax-4577c841cfe0367b.rlib" "/opt/rustwide/target/debug/deps/libansi_term-f435e404af61098a.rlib" "/opt/rustwide/target/debug/deps/libthread_local-e7f139b6f5900217.rlib" "/opt/rustwide/target/debug/deps/libtracing_log-284b2adb8a964fc6.rlib" "/opt/rustwide/target/debug/deps/liblog-d242e1ae64731d9a.rlib" "/opt/rustwide/target/debug/deps/libanyhow-13789d6de28d2396.rlib" "/opt/rustwide/target/debug/deps/libbevy_app-b995bc62614a1d44.rlib" "/opt/rustwide/target/debug/deps/libbevy_ecs-ba3fc4b5d4c75192.rlib" "/opt/rustwide/target/debug/deps/libfxhash-50ec1e7e2db7710c.rlib" "/opt/rustwide/target/debug/deps/libbyteorder-0ef92d8cf14cf0b1.rlib" "/opt/rustwide/target/debug/deps/libbevy_tasks-ff7f0cbf3adbe70a.rlib" "/opt/rustwide/target/debug/deps/libasync_channel-25a3fd52db759ce3.rlib" "/opt/rustwide/target/debug/deps/libasync_executor-76046683c652150f.rlib" "/opt/rustwide/target/debug/deps/libslab-cbdcaa7e55a10b04.rlib" "/opt/rustwide/target/debug/deps/libconcurrent_queue-40ea510764a7b3c7.rlib" "/opt/rustwide/target/debug/deps/libcache_padded-1b08425d86e2ab96.rlib" "/opt/rustwide/target/debug/deps/libasync_task-75dd9edda80be4a0.rlib" "/opt/rustwide/target/debug/deps/libnum_cpus-9b39a89ffcf1d25b.rlib" "/opt/rustwide/target/debug/deps/libevent_listener-c937e22559ca9aa7.rlib" "/opt/rustwide/target/debug/deps/libfutures_lite-a741114ab240faaa.rlib" "/opt/rustwide/target/debug/deps/libmemchr-6f62f415054b7720.rlib" "/opt/rustwide/target/debug/deps/libfastrand-50ceb2154a8898ba.rlib" "/opt/rustwide/target/debug/deps/libfutures_io-df8c91c791714b94.rlib" "/opt/rustwide/target/debug/deps/libfutures_core-f70fbe9b58d1b090.rlib" "/opt/rustwide/target/debug/deps/libwaker_fn-c70ff5f06f747f8a.rlib" "/opt/rustwide/target/debug/deps/libparking-558a8ab41cbf63b8.rlib" "/opt/rustwide/target/debug/deps/libfixedbitset-218cdb62681a2b8e.rlib" "/opt/rustwide/target/debug/deps/libbevy_reflect-1ad6ac92845cb179.rlib" "/opt/rustwide/target/debug/deps/liberased_serde-ad01ad3e9fc8beca.rlib" "/opt/rustwide/target/debug/deps/libglam-03d71c3ab0041a12.rlib" "/opt/rustwide/target/debug/deps/libmint-ce676a1dea93c7dc.rlib" "/opt/rustwide/target/debug/deps/libbytemuck-34de9bca26a17fc9.rlib" "/opt/rustwide/target/debug/deps/libparking_lot-91d2b490d0f113c2.rlib" "/opt/rustwide/target/debug/deps/libparking_lot_core-990ddef974db8303.rlib" "/opt/rustwide/target/debug/deps/libsmallvec-e65c6f674ae2e391.rlib" "/opt/rustwide/target/debug/deps/liblock_api-9e8575a2b4d645e5.rlib" "/opt/rustwide/target/debug/deps/libscopeguard-31f1b56a39f2a372.rlib" "/opt/rustwide/target/debug/deps/libdowncast_rs-c4a86e4848913de8.rlib" "/opt/rustwide/target/debug/deps/libthiserror-fa3a42e88602c17e.rlib" "/opt/rustwide/target/debug/deps/libbevy_utils-243b7b183076146d.rlib" "/opt/rustwide/target/debug/deps/libuuid-1454969e0385465d.rlib" "/opt/rustwide/target/debug/deps/libtracing-53670f48d6b170c7.rlib" "/opt/rustwide/target/debug/deps/libpin_project_lite-ca6a0babd9f90b02.rlib" "/opt/rustwide/target/debug/deps/libtracing_core-8b06c36cbd124625.rlib" "/opt/rustwide/target/debug/deps/liblazy_static-efa3519517df6cf0.rlib" "/opt/rustwide/target/debug/deps/libinstant-11857eb893fd2c6b.rlib" "/opt/rustwide/target/debug/deps/libhashbrown-a9cc45a0c5142ee0.rlib" "/opt/rustwide/target/debug/deps/libserde-d7c1f7816556518e.rlib" "/opt/rustwide/target/debug/deps/libahash-1dc61e9a3c7b32b0.rlib" "/opt/rustwide/target/debug/deps/libgetrandom-adb71e6be9c59bad.rlib" "/opt/rustwide/target/debug/deps/liblibc-f52767727073554d.rlib" "/opt/rustwide/target/debug/deps/libcfg_if-e7002d307f97bc56.rlib" "/opt/rustwide/target/debug/deps/libonce_cell-c132b073185ffffc.rlib" "/opt/rustwide/rustup-home/toolchains/beta-2023-12-22-x86_64-unknown-linux-gnu/lib/rustlib/x86_64-unknown-linux-gnu/lib/libstd-0672489a78b613de.rlib" "/opt/rustwide/rustup-home/toolchains/beta-2023-12-22-x86_64-unknown-linux-gnu/lib/rustlib/x86_64-unknown-linux-gnu/lib/libpanic_unwind-7eb3ffc34a49f675.rlib" "/opt/rustwide/rustup-home/toolchains/beta-2023-12-22-x86_64-unknown-linux-gnu/lib/rustlib/x86_64-unknown-linux-gnu/lib/libobject-6478a9daa4bee8e2.rlib" "/opt/rustwide/rustup-home/toolchains/beta-2023-12-22-x86_64-unknown-linux-gnu/lib/rustlib/x86_64-unknown-linux-gnu/lib/libmemchr-0c75d871a5c3923d.rlib" "/opt/rustwide/rustup-home/toolchains/beta-2023-12-22-x86_64-unknown-linux-gnu/lib/rustlib/x86_64-unknown-linux-gnu/lib/libaddr2line-d163ef63ad37bb71.rlib" "/opt/rustwide/rustup-home/toolchains/beta-2023-12-22-x86_64-unknown-linux-gnu/lib/rustlib/x86_64-unknown-linux-gnu/lib/libgimli-8a3fd810a85b9f4c.rlib" "/opt/rustwide/rustup-home/toolchains/beta-2023-12-22-x86_64-unknown-linux-gnu/lib/rustlib/x86_64-unknown-linux-gnu/lib/librustc_demangle-462a2cde8c5dfc10.rlib" "/opt/rustwide/rustup-home/toolchains/beta-2023-12-22-x86_64-unknown-linux-gnu/lib/rustlib/x86_64-unknown-linux-gnu/lib/libstd_detect-cb06ac9f54713f71.rlib" "/opt/rustwide/rustup-home/toolchains/beta-2023-12-22-x86_64-unknown-linux-gnu/lib/rustlib/x86_64-unknown-linux-gnu/lib/libhashbrown-f20bfd1f8e59b393.rlib" "/opt/rustwide/rustup-home/toolchains/beta-2023-12-22-x86_64-unknown-linux-gnu/lib/rustlib/x86_64-unknown-linux-gnu/lib/librustc_std_workspace_alloc-1ef460949b49da4b.rlib" "/opt/rustwide/rustup-home/toolchains/beta-2023-12-22-x86_64-unknown-linux-gnu/lib/rustlib/x86_64-unknown-linux-gnu/lib/libminiz_oxide-2cb0c0ffe4f87514.rlib" "/opt/rustwide/rustup-home/toolchains/beta-2023-12-22-x86_64-unknown-linux-gnu/lib/rustlib/x86_64-unknown-linux-gnu/lib/libadler-58d841eb322a11a2.rlib" "/opt/rustwide/rustup-home/toolchains/beta-2023-12-22-x86_64-unknown-linux-gnu/lib/rustlib/x86_64-unknown-linux-gnu/lib/libunwind-aa2ae0b0a9d11533.rlib" "/opt/rustwide/rustup-home/toolchains/beta-2023-12-22-x86_64-unknown-linux-gnu/lib/rustlib/x86_64-unknown-linux-gnu/lib/libcfg_if-23874e15830ed336.rlib" "/opt/rustwide/rustup-home/toolchains/beta-2023-12-22-x86_64-unknown-linux-gnu/lib/rustlib/x86_64-unknown-linux-gnu/lib/liblibc-e47cddc003bce885.rlib" "/opt/rustwide/rustup-home/toolchains/beta-2023-12-22-x86_64-unknown-linux-gnu/lib/rustlib/x86_64-unknown-linux-gnu/lib/liballoc-c22b13b48a8f128e.rlib" "/opt/rustwide/rustup-home/toolchains/beta-2023-12-22-x86_64-unknown-linux-gnu/lib/rustlib/x86_64-unknown-linux-gnu/lib/librustc_std_workspace_core-e46bc3da6d7c462f.rlib" "/opt/rustwide/rustup-home/toolchains/beta-2023-12-22-x86_64-unknown-linux-gnu/lib/rustlib/x86_64-unknown-linux-gnu/lib/libcore-8d1ac131d3cb2645.rlib" "/opt/rustwide/rustup-home/toolchains/beta-2023-12-22-x86_64-unknown-linux-gnu/lib/rustlib/x86_64-unknown-linux-gnu/lib/libcompiler_builtins-a1b43df8c6899c1f.rlib" "-Wl,-Bdynamic" "-lgcc_s" "-lutil" "-lrt" "-lpthread" "-lm" "-ldl" "-lc" "-Wl,--eh-frame-hdr" "-Wl,-z,noexecstack" "-L" "/opt/rustwide/rustup-home/toolchains/beta-2023-12-22-x86_64-unknown-linux-gnu/lib/rustlib/x86_64-unknown-linux-gnu/lib" "-o" "/tmp/rustdoctestp3qnrC/rust_out" "-Wl,--gc-sections" "-pie" "-Wl,-z,relro,-z,now" "-nodefaultlibs"
[INFO] [stdout]   = note: collect2: fatal error: ld terminated with signal 9 [Killed]
[INFO] [stdout]           compilation terminated.
[INFO] [stdout]           
[INFO] [stdout] 
[INFO] [stdout] error: aborting due to 1 previous error
[INFO] [stdout] 
[INFO] [stdout] Couldn't compile the test.
[INFO] [stdout] 
[INFO] [stdout] failures:
[INFO] [stdout]     src/lib.rs - StandardScope::with_scope (line 215)
[INFO] [stdout] 
[INFO] [stdout] test result: FAILED. 4 passed; 1 failed; 0 ignored; 0 measured; 0 filtered out; finished in 7.70s
[INFO] [stdout] 
[INFO] [stderr] error: doctest failed, to rerun pass `--doc`
[INFO] running `Command { std: "docker" "inspect" "3e189c094b5354b7f5ee3057f99e3ffc392bf8f31b27260bc60022ae9c572eac", kill_on_drop: false }`
[INFO] running `Command { std: "docker" "rm" "-f" "3e189c094b5354b7f5ee3057f99e3ffc392bf8f31b27260bc60022ae9c572eac", kill_on_drop: false }`
[INFO] [stdout] 3e189c094b5354b7f5ee3057f99e3ffc392bf8f31b27260bc60022ae9c572eac
