[INFO] fetching crate bevy_lunex_core 0.0.9...
[INFO] testing bevy_lunex_core-0.0.9 against 1.75.0 for beta-1.76-1
[INFO] extracting crate bevy_lunex_core 0.0.9 into /workspace/builds/worker-5-tc1/source
[INFO] validating manifest of crates.io crate bevy_lunex_core 0.0.9 on toolchain 1.75.0
[INFO] running `Command { std: CARGO_HOME="/workspace/cargo-home" RUSTUP_HOME="/workspace/rustup-home" "/workspace/cargo-home/bin/cargo" "+1.75.0" "metadata" "--manifest-path" "Cargo.toml" "--no-deps", kill_on_drop: false }`
[INFO] started tweaking crates.io crate bevy_lunex_core 0.0.9
[INFO] finished tweaking crates.io crate bevy_lunex_core 0.0.9
[INFO] tweaked toml for crates.io crate bevy_lunex_core 0.0.9 written to /workspace/builds/worker-5-tc1/source/Cargo.toml
[INFO] running `Command { std: CARGO_HOME="/workspace/cargo-home" RUSTUP_HOME="/workspace/rustup-home" "/workspace/cargo-home/bin/cargo" "+1.75.0" "generate-lockfile" "--manifest-path" "Cargo.toml", kill_on_drop: false }`
[INFO] [stderr]     Updating crates.io index
[INFO] running `Command { std: CARGO_HOME="/workspace/cargo-home" RUSTUP_HOME="/workspace/rustup-home" "/workspace/cargo-home/bin/cargo" "+1.75.0" "fetch" "--manifest-path" "Cargo.toml", kill_on_drop: false }`
[INFO] [stderr]  Downloading crates ...
[INFO] [stderr]   Downloaded accesskit v0.12.2
[INFO] [stderr]   Downloaded colored v2.1.0
[INFO] [stderr]   Downloaded pathio v0.2.3
[INFO] running `Command { std: "docker" "create" "-v" "/var/lib/crater-agent-workspace/builds/worker-5-tc1/target:/opt/rustwide/target:rw,Z" "-v" "/var/lib/crater-agent-workspace/builds/worker-5-tc1/source:/opt/rustwide/workdir:ro,Z" "-v" "/var/lib/crater-agent-workspace/cargo-home:/opt/rustwide/cargo-home:ro,Z" "-v" "/var/lib/crater-agent-workspace/rustup-home:/opt/rustwide/rustup-home:ro,Z" "-e" "SOURCE_DIR=/opt/rustwide/workdir" "-e" "CARGO_TARGET_DIR=/opt/rustwide/target" "-e" "CARGO_HOME=/opt/rustwide/cargo-home" "-e" "RUSTUP_HOME=/opt/rustwide/rustup-home" "-w" "/opt/rustwide/workdir" "-m" "1610612736" "--user" "0:0" "--network" "none" "ghcr.io/rust-lang/crates-build-env/linux@sha256:2788e3201cd34a07e3172128adcd8b3090168a8e3bcc40d7c032b9dda1df7d1c" "/opt/rustwide/cargo-home/bin/cargo" "+1.75.0" "metadata" "--no-deps" "--format-version=1", kill_on_drop: false }`
[INFO] [stdout] 77003289139cf7c1666be93988a2baa1898b1e38fbabbae492b2608716dc1604
[INFO] running `Command { std: "docker" "start" "-a" "77003289139cf7c1666be93988a2baa1898b1e38fbabbae492b2608716dc1604", kill_on_drop: false }`
[INFO] running `Command { std: "docker" "inspect" "77003289139cf7c1666be93988a2baa1898b1e38fbabbae492b2608716dc1604", kill_on_drop: false }`
[INFO] running `Command { std: "docker" "rm" "-f" "77003289139cf7c1666be93988a2baa1898b1e38fbabbae492b2608716dc1604", kill_on_drop: false }`
[INFO] [stdout] 77003289139cf7c1666be93988a2baa1898b1e38fbabbae492b2608716dc1604
[INFO] running `Command { std: "docker" "create" "-v" "/var/lib/crater-agent-workspace/builds/worker-5-tc1/target:/opt/rustwide/target:rw,Z" "-v" "/var/lib/crater-agent-workspace/builds/worker-5-tc1/source:/opt/rustwide/workdir:ro,Z" "-v" "/var/lib/crater-agent-workspace/cargo-home:/opt/rustwide/cargo-home:ro,Z" "-v" "/var/lib/crater-agent-workspace/rustup-home:/opt/rustwide/rustup-home:ro,Z" "-e" "SOURCE_DIR=/opt/rustwide/workdir" "-e" "CARGO_TARGET_DIR=/opt/rustwide/target" "-e" "CARGO_INCREMENTAL=0" "-e" "RUST_BACKTRACE=full" "-e" "RUSTFLAGS=--cap-lints=warn" "-e" "RUSTDOCFLAGS=--cap-lints=warn" "-e" "CARGO_HOME=/opt/rustwide/cargo-home" "-e" "RUSTUP_HOME=/opt/rustwide/rustup-home" "-w" "/opt/rustwide/workdir" "-m" "1610612736" "--user" "0:0" "--network" "none" "ghcr.io/rust-lang/crates-build-env/linux@sha256:2788e3201cd34a07e3172128adcd8b3090168a8e3bcc40d7c032b9dda1df7d1c" "/opt/rustwide/cargo-home/bin/cargo" "+1.75.0" "build" "--frozen" "--message-format=json", kill_on_drop: false }`
[INFO] [stdout] fa66b5333700bf81139f08ba4e5e30da6732e2356cb035727539e32df3233df3
[INFO] running `Command { std: "docker" "start" "-a" "fa66b5333700bf81139f08ba4e5e30da6732e2356cb035727539e32df3233df3", kill_on_drop: false }`
[INFO] [stderr]    Compiling serde v1.0.194
[INFO] [stderr]    Compiling once_cell v1.19.0
[INFO] [stderr]    Compiling libc v0.2.151
[INFO] [stderr]    Compiling crossbeam-utils v0.8.18
[INFO] [stderr]    Compiling thiserror v1.0.56
[INFO] [stderr]    Compiling zerocopy v0.7.32
[INFO] [stderr]    Compiling proc-macro2 v1.0.75
[INFO] [stderr]    Compiling ahash v0.8.7
[INFO] [stderr]    Compiling futures-core v0.3.30
[INFO] [stderr]    Compiling memchr v2.7.1
[INFO] [stderr]    Compiling toml_edit v0.20.7
[INFO] [stderr]    Compiling futures-io v0.3.30
[INFO] [stderr]    Compiling async-task v4.7.0
[INFO] [stderr]    Compiling num-traits v0.2.17
[INFO] [stderr]    Compiling ash v0.37.3+1.3.251
[INFO] [stderr]    Compiling tracing-core v0.1.32
[INFO] [stderr]    Compiling futures-lite v2.1.0
[INFO] [stderr]    Compiling thread_local v1.1.7
[INFO] [stderr]    Compiling piper v0.2.1
[INFO] [stderr]    Compiling profiling v1.0.13
[INFO] [stderr]    Compiling accesskit v0.12.2
[INFO] [stderr]    Compiling async-broadcast v0.5.1
[INFO] [stderr]    Compiling svg_fmt v0.4.1
[INFO] [stderr]    Compiling radsort v0.1.0
[INFO] [stderr]    Compiling quote v1.0.35
[INFO] [stderr]    Compiling ttf-parser v0.20.0
[INFO] [stderr]    Compiling tracing-log v0.2.0
[INFO] [stderr]    Compiling futures-lite v1.13.0
[INFO] [stderr]    Compiling syn v2.0.48
[INFO] [stderr]    Compiling aho-corasick v1.1.2
[INFO] [stderr]    Compiling tracing-log v0.1.4
[INFO] [stderr]    Compiling concurrent-queue v2.4.0
[INFO] [stderr]    Compiling crossbeam-channel v0.5.10
[INFO] [stderr]    Compiling ab_glyph_rasterizer v0.1.8
[INFO] [stderr]    Compiling getrandom v0.2.11
[INFO] [stderr]    Compiling event-listener v4.0.2
[INFO] [stderr]    Compiling async-channel v1.9.0
[INFO] [stderr]    Compiling cc v1.0.83
[INFO] [stderr]    Compiling khronos-egl v4.1.0
[INFO] [stderr]    Compiling uuid v1.6.1
[INFO] [stderr]    Compiling rectangle-pack v0.4.2
[INFO] [stderr]    Compiling event-listener-strategy v0.4.0
[INFO] [stderr]    Compiling xi-unicode v0.3.0
[INFO] [stderr]    Compiling sysinfo v0.29.11
[INFO] [stderr]    Compiling colored v2.1.0
[INFO] [stderr]    Compiling async-lock v3.2.0
[INFO] [stderr]    Compiling spirv v0.2.0+1.5.4
[INFO] [stderr]    Compiling async-channel v2.1.1
[INFO] [stderr]    Compiling num-integer v0.1.45
[INFO] [stderr]    Compiling regex-automata v0.4.3
[INFO] [stderr]    Compiling euclid v0.22.9
[INFO] [stderr]    Compiling approx v0.5.1
[INFO] [stderr]    Compiling num-rational v0.4.1
[INFO] [stderr]    Compiling async-executor v1.8.0
[INFO] [stderr]    Compiling bevy_tasks v0.12.1
[INFO] [stderr]    Compiling blake3 v1.5.0
[INFO] [stderr]    Compiling guillotiere v0.6.2
[INFO] [stderr]    Compiling owned_ttf_parser v0.20.0
[INFO] [stderr]    Compiling ab_glyph v0.2.23
[INFO] [stderr]    Compiling glyph_brush_layout v0.2.3
[INFO] [stderr]    Compiling regex v1.10.2
[INFO] [stderr]    Compiling bevy_macro_utils v0.12.1
[INFO] [stderr]    Compiling encase_derive_impl v0.6.1
[INFO] [stderr]    Compiling serde_derive v1.0.194
[INFO] [stderr]    Compiling thiserror-impl v1.0.56
[INFO] [stderr]    Compiling bytemuck_derive v1.5.0
[INFO] [stderr]    Compiling tracing-attributes v0.1.27
[INFO] [stderr]    Compiling bevy_utils_proc_macros v0.12.1
[INFO] [stderr]    Compiling bevy_reflect_derive v0.12.1
[INFO] [stderr]    Compiling bevy_ecs_macros v0.12.1
[INFO] [stderr]    Compiling bevy_derive v0.12.1
[INFO] [stderr]    Compiling bevy_asset_macros v0.12.1
[INFO] [stderr]    Compiling encase_derive v0.6.1
[INFO] [stderr]    Compiling bevy_encase_derive v0.12.1
[INFO] [stderr]    Compiling bevy_render_macros v0.12.1
[INFO] [stderr]    Compiling bytemuck v1.14.0
[INFO] [stderr]    Compiling image v0.24.7
[INFO] [stderr]    Compiling tracing v0.1.40
[INFO] [stderr]    Compiling blocking v1.5.1
[INFO] [stderr]    Compiling async-fs v1.6.0
[INFO] [stderr]    Compiling hashbrown v0.14.3
[INFO] [stderr]    Compiling smallvec v1.11.2
[INFO] [stderr]    Compiling glam v0.24.2
[INFO] [stderr]    Compiling erased-serde v0.3.31
[INFO] [stderr]    Compiling bitflags v2.4.1
[INFO] [stderr]    Compiling gpu-alloc-types v0.3.0
[INFO] [stderr]    Compiling naga v0.13.0
[INFO] [stderr]    Compiling gpu-descriptor-types v0.1.2
[INFO] [stderr]    Compiling wgpu-types v0.17.0
[INFO] [stderr]    Compiling ron v0.8.1
[INFO] [stderr]    Compiling parking_lot_core v0.9.9
[INFO] [stderr]    Compiling tracing-subscriber v0.3.18
[INFO] [stderr]    Compiling gpu-alloc v0.6.0
[INFO] [stderr]    Compiling parking_lot v0.12.1
[INFO] [stderr]    Compiling indexmap v2.1.0
[INFO] [stderr]    Compiling gpu-descriptor v0.2.4
[INFO] [stderr]    Compiling petgraph v0.6.4
[INFO] [stderr]    Compiling bevy_math v0.12.1
[INFO] [stderr]    Compiling hexasphere v9.1.0
[INFO] [stderr]    Compiling bevy_mikktspace v0.12.1
[INFO] [stderr]    Compiling encase v0.6.1
[INFO] [stderr]    Compiling bevy_utils v0.12.1
[INFO] [stderr]    Compiling bevy_reflect v0.12.1
[INFO] [stderr]    Compiling wgpu-hal v0.17.2
[INFO] [stderr]    Compiling naga_oil v0.10.1
[INFO] [stderr]    Compiling bevy_ecs v0.12.1
[INFO] [stderr]    Compiling wgpu-core v0.17.1
[INFO] [stderr]    Compiling wgpu v0.17.2
[INFO] [stderr]    Compiling bevy_app v0.12.1
[INFO] [stderr]    Compiling bevy_log v0.12.1
[INFO] [stderr]    Compiling bevy_core v0.12.1
[INFO] [stderr]    Compiling bevy_time v0.12.1
[INFO] [stderr]    Compiling bevy_a11y v0.12.1
[INFO] [stderr]    Compiling bevy_input v0.12.1
[INFO] [stderr]    Compiling bevy_asset v0.12.1
[INFO] [stderr]    Compiling bevy_hierarchy v0.12.1
[INFO] [stderr]    Compiling bevy_diagnostic v0.12.1
[INFO] [stderr]    Compiling bevy_transform v0.12.1
[INFO] [stderr]    Compiling bevy_window v0.12.1
[INFO] [stderr]    Compiling bevy_render v0.12.1
[INFO] [stderr]    Compiling bevy_core_pipeline v0.12.1
[INFO] [stderr]    Compiling bevy_sprite v0.12.1
[INFO] [stderr]    Compiling bevy_gizmos v0.12.1
[INFO] [stderr]    Compiling bevy_text v0.12.1
[INFO] [stderr]    Compiling bevy_internal v0.12.1
[INFO] [stderr]    Compiling bevy v0.12.1
[INFO] [stderr]    Compiling pathio v0.2.3
[INFO] [stderr]    Compiling bevy_lunex_core v0.0.9 (/opt/rustwide/workdir)
[INFO] [stderr]     Finished dev [unoptimized + debuginfo] target(s) in 38.23s
[INFO] running `Command { std: "docker" "inspect" "fa66b5333700bf81139f08ba4e5e30da6732e2356cb035727539e32df3233df3", kill_on_drop: false }`
[INFO] running `Command { std: "docker" "rm" "-f" "fa66b5333700bf81139f08ba4e5e30da6732e2356cb035727539e32df3233df3", kill_on_drop: false }`
[INFO] [stdout] fa66b5333700bf81139f08ba4e5e30da6732e2356cb035727539e32df3233df3
[INFO] running `Command { std: "docker" "create" "-v" "/var/lib/crater-agent-workspace/builds/worker-5-tc1/target:/opt/rustwide/target:rw,Z" "-v" "/var/lib/crater-agent-workspace/builds/worker-5-tc1/source:/opt/rustwide/workdir:ro,Z" "-v" "/var/lib/crater-agent-workspace/cargo-home:/opt/rustwide/cargo-home:ro,Z" "-v" "/var/lib/crater-agent-workspace/rustup-home:/opt/rustwide/rustup-home:ro,Z" "-e" "SOURCE_DIR=/opt/rustwide/workdir" "-e" "CARGO_TARGET_DIR=/opt/rustwide/target" "-e" "CARGO_INCREMENTAL=0" "-e" "RUST_BACKTRACE=full" "-e" "RUSTFLAGS=--cap-lints=warn" "-e" "RUSTDOCFLAGS=--cap-lints=warn" "-e" "CARGO_HOME=/opt/rustwide/cargo-home" "-e" "RUSTUP_HOME=/opt/rustwide/rustup-home" "-w" "/opt/rustwide/workdir" "-m" "1610612736" "--user" "0:0" "--network" "none" "ghcr.io/rust-lang/crates-build-env/linux@sha256:2788e3201cd34a07e3172128adcd8b3090168a8e3bcc40d7c032b9dda1df7d1c" "/opt/rustwide/cargo-home/bin/cargo" "+1.75.0" "test" "--frozen" "--no-run" "--message-format=json", kill_on_drop: false }`
[INFO] [stdout] ff7e23333bf4093a2035a490234a5d30c7c7b6b8e6e3aee5b021ebbe17360b94
[INFO] running `Command { std: "docker" "start" "-a" "ff7e23333bf4093a2035a490234a5d30c7c7b6b8e6e3aee5b021ebbe17360b94", kill_on_drop: false }`
[INFO] [stderr]    Compiling bevy_lunex_core v0.0.9 (/opt/rustwide/workdir)
[INFO] [stderr]     Finished test [unoptimized + debuginfo] target(s) in 7.15s
[INFO] running `Command { std: "docker" "inspect" "ff7e23333bf4093a2035a490234a5d30c7c7b6b8e6e3aee5b021ebbe17360b94", kill_on_drop: false }`
[INFO] running `Command { std: "docker" "rm" "-f" "ff7e23333bf4093a2035a490234a5d30c7c7b6b8e6e3aee5b021ebbe17360b94", kill_on_drop: false }`
[INFO] [stdout] ff7e23333bf4093a2035a490234a5d30c7c7b6b8e6e3aee5b021ebbe17360b94
[INFO] running `Command { std: "docker" "create" "-v" "/var/lib/crater-agent-workspace/builds/worker-5-tc1/target:/opt/rustwide/target:rw,Z" "-v" "/var/lib/crater-agent-workspace/builds/worker-5-tc1/source:/opt/rustwide/workdir:ro,Z" "-v" "/var/lib/crater-agent-workspace/cargo-home:/opt/rustwide/cargo-home:ro,Z" "-v" "/var/lib/crater-agent-workspace/rustup-home:/opt/rustwide/rustup-home:ro,Z" "-e" "SOURCE_DIR=/opt/rustwide/workdir" "-e" "CARGO_TARGET_DIR=/opt/rustwide/target" "-e" "CARGO_INCREMENTAL=0" "-e" "RUST_BACKTRACE=full" "-e" "RUSTFLAGS=--cap-lints=warn" "-e" "RUSTDOCFLAGS=--cap-lints=warn" "-e" "CARGO_HOME=/opt/rustwide/cargo-home" "-e" "RUSTUP_HOME=/opt/rustwide/rustup-home" "-w" "/opt/rustwide/workdir" "-m" "1610612736" "--user" "0:0" "--network" "none" "ghcr.io/rust-lang/crates-build-env/linux@sha256:2788e3201cd34a07e3172128adcd8b3090168a8e3bcc40d7c032b9dda1df7d1c" "/opt/rustwide/cargo-home/bin/cargo" "+1.75.0" "test" "--frozen", kill_on_drop: false }`
[INFO] [stdout] c0e49577edb26c517e0d5f82fa51ffba906f0b5a709ecc6795e0270de9d37f28
[INFO] running `Command { std: "docker" "start" "-a" "c0e49577edb26c517e0d5f82fa51ffba906f0b5a709ecc6795e0270de9d37f28", kill_on_drop: false }`
[INFO] [stderr]     Finished test [unoptimized + debuginfo] target(s) in 0.14s
[INFO] [stderr]      Running unittests src/lib.rs (/opt/rustwide/target/debug/deps/bevy_lunex_core-ac5157cd522fd882)
[INFO] [stdout] 
[INFO] [stdout] running 1 test
[INFO] [stdout] test test::run ... ok
[INFO] [stdout] 
[INFO] [stdout] test result: ok. 1 passed; 0 failed; 0 ignored; 0 measured; 0 filtered out; finished in 0.00s
[INFO] [stdout] 
[INFO] [stderr]    Doc-tests bevy_lunex_core
[INFO] [stdout] 
[INFO] [stdout] running 13 tests
[INFO] [stdout] test src/code/widget.rs - code::widget::Widget::fetch_ext (line 193) ... FAILED
[INFO] [stdout] test src/code/widget.rs - code::widget::Widget::fetch_mut (line 223) ... FAILED
[INFO] [stdout] test src/code/widget.rs - code::widget::Widget::fetch (line 166) ... FAILED
[INFO] [stdout] test src/code/widget.rs - code::widget::Widget::fetch_mut_ext (line 250) ... FAILED
[INFO] [stdout] test src/code/widget.rs - code::widget::Widget::create (line 49) ... FAILED
[INFO] [stdout] test src/code/widget.rs - code::widget::Widget::end (line 82) ... FAILED
[INFO] [stdout] test src/code/widget.rs - code::widget::Widget::path (line 126) ... FAILED
[INFO] [stdout] test src/code/widget.rs - code::widget::Widget::name (line 143) ... FAILED
[INFO] [stdout] test src/code/widget.rs - code::widget::Widget::contains_position_ext (line 309) ... FAILED
[INFO] [stdout] test src/code/widget.rs - code::widget::Widget::contains_position (line 280) ... FAILED
[INFO] [stdout] test src/code/widget.rs - code::widget::Widget::create (line 59) ... FAILED
[INFO] [stdout] test src/code/widget.rs - code::widget::Widget::drop_branch (line 102) ... FAILED
[INFO] [stdout] test src/code/widget.rs - code::widget::Widget::new (line 28) ... ok
[INFO] [stdout] 
[INFO] [stdout] failures:
[INFO] [stdout] 
[INFO] [stdout] ---- src/code/widget.rs - code::widget::Widget::fetch_ext (line 193) stdout ----
[INFO] [stdout] error[E0107]: missing generics for type alias `bevy_lunex_core::UiBranch`
[INFO] [stdout]    --> src/code/widget.rs:200:15
[INFO] [stdout]     |
[INFO] [stdout] 10  | let _button: &UiBranch = menu.fetch_ext(&tree, "Button").unwrap();
[INFO] [stdout]     |               ^^^^^^^^ expected 1 generic argument
[INFO] [stdout]     |
[INFO] [stdout] note: type alias defined here, with 1 generic parameter: `T`
[INFO] [stdout]    --> /opt/rustwide/workdir/src/code/tree.rs:281:10
[INFO] [stdout]     |
[INFO] [stdout] 281 | pub type UiBranch<T> = DirectorySingle<DataWrap<T>>;
[INFO] [stdout]     |          ^^^^^^^^ -
[INFO] [stdout] help: add missing generic argument
[INFO] [stdout]     |
[INFO] [stdout] 10  | let _button: &UiBranch<T> = menu.fetch_ext(&tree, "Button").unwrap();
[INFO] [stdout]     |                       +++
[INFO] [stdout] 
[INFO] [stdout] error[E0107]: missing generics for type alias `bevy_lunex_core::UiBranch`
[INFO] [stdout]    --> src/code/widget.rs:201:15
[INFO] [stdout]     |
[INFO] [stdout] 11  | let _button: &UiBranch = button.fetch_ext(&tree, "").unwrap();
[INFO] [stdout]     |               ^^^^^^^^ expected 1 generic argument
[INFO] [stdout]     |
[INFO] [stdout] note: type alias defined here, with 1 generic parameter: `T`
[INFO] [stdout]    --> /opt/rustwide/workdir/src/code/tree.rs:281:10
[INFO] [stdout]     |
[INFO] [stdout] 281 | pub type UiBranch<T> = DirectorySingle<DataWrap<T>>;
[INFO] [stdout]     |          ^^^^^^^^ -
[INFO] [stdout] help: add missing generic argument
[INFO] [stdout]     |
[INFO] [stdout] 11  | let _button: &UiBranch<T> = button.fetch_ext(&tree, "").unwrap();
[INFO] [stdout]     |                       +++
[INFO] [stdout] 
[INFO] [stdout] error: aborting due to 2 previous errors
[INFO] [stdout] 
[INFO] [stdout] For more information about this error, try `rustc --explain E0107`.
[INFO] [stdout] Couldn't compile the test.
[INFO] [stdout] ---- src/code/widget.rs - code::widget::Widget::fetch_mut (line 223) stdout ----
[INFO] [stdout] error[E0107]: missing generics for type alias `bevy_lunex_core::UiBranch`
[INFO] [stdout]    --> src/code/widget.rs:230:17
[INFO] [stdout]     |
[INFO] [stdout] 10  | let _menu: &mut UiBranch = menu.fetch_mut(&mut tree).unwrap();
[INFO] [stdout]     |                 ^^^^^^^^ expected 1 generic argument
[INFO] [stdout]     |
[INFO] [stdout] note: type alias defined here, with 1 generic parameter: `T`
[INFO] [stdout]    --> /opt/rustwide/workdir/src/code/tree.rs:281:10
[INFO] [stdout]     |
[INFO] [stdout] 281 | pub type UiBranch<T> = DirectorySingle<DataWrap<T>>;
[INFO] [stdout]     |          ^^^^^^^^ -
[INFO] [stdout] help: add missing generic argument
[INFO] [stdout]     |
[INFO] [stdout] 10  | let _menu: &mut UiBranch<T> = menu.fetch_mut(&mut tree).unwrap();
[INFO] [stdout]     |                         +++
[INFO] [stdout] 
[INFO] [stdout] error[E0107]: missing generics for type alias `bevy_lunex_core::UiBranch`
[INFO] [stdout]    --> src/code/widget.rs:231:19
[INFO] [stdout]     |
[INFO] [stdout] 11  | let _button: &mut UiBranch = button.fetch_mut(&mut tree).unwrap();
[INFO] [stdout]     |                   ^^^^^^^^ expected 1 generic argument
[INFO] [stdout]     |
[INFO] [stdout] note: type alias defined here, with 1 generic parameter: `T`
[INFO] [stdout]    --> /opt/rustwide/workdir/src/code/tree.rs:281:10
[INFO] [stdout]     |
[INFO] [stdout] 281 | pub type UiBranch<T> = DirectorySingle<DataWrap<T>>;
[INFO] [stdout]     |          ^^^^^^^^ -
[INFO] [stdout] help: add missing generic argument
[INFO] [stdout]     |
[INFO] [stdout] 11  | let _button: &mut UiBranch<T> = button.fetch_mut(&mut tree).unwrap();
[INFO] [stdout]     |                           +++
[INFO] [stdout] 
[INFO] [stdout] error: aborting due to 2 previous errors
[INFO] [stdout] 
[INFO] [stdout] For more information about this error, try `rustc --explain E0107`.
[INFO] [stdout] Couldn't compile the test.
[INFO] [stdout] ---- src/code/widget.rs - code::widget::Widget::fetch (line 166) stdout ----
[INFO] [stdout] error[E0107]: missing generics for type alias `bevy_lunex_core::UiBranch`
[INFO] [stdout]    --> src/code/widget.rs:173:13
[INFO] [stdout]     |
[INFO] [stdout] 10  | let _menu: &UiBranch = menu.fetch(&tree).unwrap();
[INFO] [stdout]     |             ^^^^^^^^ expected 1 generic argument
[INFO] [stdout]     |
[INFO] [stdout] note: type alias defined here, with 1 generic parameter: `T`
[INFO] [stdout]    --> /opt/rustwide/workdir/src/code/tree.rs:281:10
[INFO] [stdout]     |
[INFO] [stdout] 281 | pub type UiBranch<T> = DirectorySingle<DataWrap<T>>;
[INFO] [stdout]     |          ^^^^^^^^ -
[INFO] [stdout] help: add missing generic argument
[INFO] [stdout]     |
[INFO] [stdout] 10  | let _menu: &UiBranch<T> = menu.fetch(&tree).unwrap();
[INFO] [stdout]     |                     +++
[INFO] [stdout] 
[INFO] [stdout] error[E0107]: missing generics for type alias `bevy_lunex_core::UiBranch`
[INFO] [stdout]    --> src/code/widget.rs:174:15
[INFO] [stdout]     |
[INFO] [stdout] 11  | let _button: &UiBranch = button.fetch(&tree).unwrap();
[INFO] [stdout]     |               ^^^^^^^^ expected 1 generic argument
[INFO] [stdout]     |
[INFO] [stdout] note: type alias defined here, with 1 generic parameter: `T`
[INFO] [stdout]    --> /opt/rustwide/workdir/src/code/tree.rs:281:10
[INFO] [stdout]     |
[INFO] [stdout] 281 | pub type UiBranch<T> = DirectorySingle<DataWrap<T>>;
[INFO] [stdout]     |          ^^^^^^^^ -
[INFO] [stdout] help: add missing generic argument
[INFO] [stdout]     |
[INFO] [stdout] 11  | let _button: &UiBranch<T> = button.fetch(&tree).unwrap();
[INFO] [stdout]     |                       +++
[INFO] [stdout] 
[INFO] [stdout] error: aborting due to 2 previous errors
[INFO] [stdout] 
[INFO] [stdout] For more information about this error, try `rustc --explain E0107`.
[INFO] [stdout] Couldn't compile the test.
[INFO] [stdout] ---- src/code/widget.rs - code::widget::Widget::fetch_mut_ext (line 250) stdout ----
[INFO] [stdout] error[E0107]: missing generics for type alias `bevy_lunex_core::UiBranch`
[INFO] [stdout]    --> src/code/widget.rs:257:19
[INFO] [stdout]     |
[INFO] [stdout] 10  | let _button: &mut UiBranch = menu.fetch_mut_ext(&mut tree, "Button").unwrap();
[INFO] [stdout]     |                   ^^^^^^^^ expected 1 generic argument
[INFO] [stdout]     |
[INFO] [stdout] note: type alias defined here, with 1 generic parameter: `T`
[INFO] [stdout]    --> /opt/rustwide/workdir/src/code/tree.rs:281:10
[INFO] [stdout]     |
[INFO] [stdout] 281 | pub type UiBranch<T> = DirectorySingle<DataWrap<T>>;
[INFO] [stdout]     |          ^^^^^^^^ -
[INFO] [stdout] help: add missing generic argument
[INFO] [stdout]     |
[INFO] [stdout] 10  | let _button: &mut UiBranch<T> = menu.fetch_mut_ext(&mut tree, "Button").unwrap();
[INFO] [stdout]     |                           +++
[INFO] [stdout] 
[INFO] [stdout] error[E0107]: missing generics for type alias `bevy_lunex_core::UiBranch`
[INFO] [stdout]    --> src/code/widget.rs:258:19
[INFO] [stdout]     |
[INFO] [stdout] 11  | let _button: &mut UiBranch = button.fetch_mut_ext(&mut tree, "").unwrap();
[INFO] [stdout]     |                   ^^^^^^^^ expected 1 generic argument
[INFO] [stdout]     |
[INFO] [stdout] note: type alias defined here, with 1 generic parameter: `T`
[INFO] [stdout]    --> /opt/rustwide/workdir/src/code/tree.rs:281:10
[INFO] [stdout]     |
[INFO] [stdout] 281 | pub type UiBranch<T> = DirectorySingle<DataWrap<T>>;
[INFO] [stdout]     |          ^^^^^^^^ -
[INFO] [stdout] help: add missing generic argument
[INFO] [stdout]     |
[INFO] [stdout] 11  | let _button: &mut UiBranch<T> = button.fetch_mut_ext(&mut tree, "").unwrap();
[INFO] [stdout]     |                           +++
[INFO] [stdout] 
[INFO] [stdout] error: aborting due to 2 previous errors
[INFO] [stdout] 
[INFO] [stdout] For more information about this error, try `rustc --explain E0107`.
[INFO] [stdout] Couldn't compile the test.
[INFO] [stdout] ---- src/code/widget.rs - code::widget::Widget::create (line 49) stdout ----
[INFO] [stdout] error[E0283]: type annotations needed for `pathio::tree::PathTreeSingle<DataWrap<T>>`
[INFO] [stdout]   --> src/code/widget.rs:52:5
[INFO] [stdout]    |
[INFO] [stdout] 6  | let mut tree = UiTree::new("Ui");
[INFO] [stdout]    |     ^^^^^^^^   ----------- type must be known at this point
[INFO] [stdout]    |
[INFO] [stdout]    = note: cannot satisfy `_: Default`
[INFO] [stdout] note: required by a bound in `new`
[INFO] [stdout]   --> /opt/rustwide/workdir/src/code/tree.rs:19:17
[INFO] [stdout]    |
[INFO] [stdout] 19 | pub trait UiT<T:Default> {
[INFO] [stdout]    |                 ^^^^^^^ required by this bound in `UiT::new`
[INFO] [stdout] 20 |     /// Creates a new UiTree
[INFO] [stdout] 21 |     fn new (name: impl Borrow<str>) -> Self;
[INFO] [stdout]    |        --- required by a bound in this associated function
[INFO] [stdout] help: consider giving `tree` an explicit type, where the type for type parameter `T` is specified
[INFO] [stdout]    |
[INFO] [stdout] 6  | let mut tree: pathio::tree::PathTreeSingle<DataWrap<T>> = UiTree::new("Ui");
[INFO] [stdout]    |             +++++++++++++++++++++++++++++++++++++++++++
[INFO] [stdout] 
[INFO] [stdout] error: aborting due to previous error
[INFO] [stdout] 
[INFO] [stdout] For more information about this error, try `rustc --explain E0283`.
[INFO] [stdout] Couldn't compile the test.
[INFO] [stdout] ---- src/code/widget.rs - code::widget::Widget::end (line 82) stdout ----
[INFO] [stdout] error[E0283]: type annotations needed for `pathio::tree::PathTreeSingle<DataWrap<T>>`
[INFO] [stdout]   --> src/code/widget.rs:85:5
[INFO] [stdout]    |
[INFO] [stdout] 6  | let mut tree = UiTree::new("Ui");
[INFO] [stdout]    |     ^^^^^^^^   ----------- type must be known at this point
[INFO] [stdout]    |
[INFO] [stdout]    = note: cannot satisfy `_: Default`
[INFO] [stdout] note: required by a bound in `new`
[INFO] [stdout]   --> /opt/rustwide/workdir/src/code/tree.rs:19:17
[INFO] [stdout]    |
[INFO] [stdout] 19 | pub trait UiT<T:Default> {
[INFO] [stdout]    |                 ^^^^^^^ required by this bound in `UiT::new`
[INFO] [stdout] 20 |     /// Creates a new UiTree
[INFO] [stdout] 21 |     fn new (name: impl Borrow<str>) -> Self;
[INFO] [stdout]    |        --- required by a bound in this associated function
[INFO] [stdout] help: consider giving `tree` an explicit type, where the type for type parameter `T` is specified
[INFO] [stdout]    |
[INFO] [stdout] 6  | let mut tree: pathio::tree::PathTreeSingle<DataWrap<T>> = UiTree::new("Ui");
[INFO] [stdout]    |             +++++++++++++++++++++++++++++++++++++++++++
[INFO] [stdout] 
[INFO] [stdout] error: aborting due to previous error
[INFO] [stdout] 
[INFO] [stdout] For more information about this error, try `rustc --explain E0283`.
[INFO] [stdout] Couldn't compile the test.
[INFO] [stdout] ---- src/code/widget.rs - code::widget::Widget::path (line 126) stdout ----
[INFO] [stdout] error[E0283]: type annotations needed for `pathio::tree::PathTreeSingle<DataWrap<T>>`
[INFO] [stdout]   --> src/code/widget.rs:129:5
[INFO] [stdout]    |
[INFO] [stdout] 6  | let mut tree = UiTree::new("Ui");
[INFO] [stdout]    |     ^^^^^^^^   ----------- type must be known at this point
[INFO] [stdout]    |
[INFO] [stdout]    = note: cannot satisfy `_: Default`
[INFO] [stdout] note: required by a bound in `new`
[INFO] [stdout]   --> /opt/rustwide/workdir/src/code/tree.rs:19:17
[INFO] [stdout]    |
[INFO] [stdout] 19 | pub trait UiT<T:Default> {
[INFO] [stdout]    |                 ^^^^^^^ required by this bound in `UiT::new`
[INFO] [stdout] 20 |     /// Creates a new UiTree
[INFO] [stdout] 21 |     fn new (name: impl Borrow<str>) -> Self;
[INFO] [stdout]    |        --- required by a bound in this associated function
[INFO] [stdout] help: consider giving `tree` an explicit type, where the type for type parameter `T` is specified
[INFO] [stdout]    |
[INFO] [stdout] 6  | let mut tree: pathio::tree::PathTreeSingle<DataWrap<T>> = UiTree::new("Ui");
[INFO] [stdout]    |             +++++++++++++++++++++++++++++++++++++++++++
[INFO] [stdout] 
[INFO] [stdout] error: aborting due to previous error
[INFO] [stdout] 
[INFO] [stdout] For more information about this error, try `rustc --explain E0283`.
[INFO] [stdout] Couldn't compile the test.
[INFO] [stdout] ---- src/code/widget.rs - code::widget::Widget::name (line 143) stdout ----
[INFO] [stdout] error[E0283]: type annotations needed for `pathio::tree::PathTreeSingle<DataWrap<T>>`
[INFO] [stdout]   --> src/code/widget.rs:146:5
[INFO] [stdout]    |
[INFO] [stdout] 6  | let mut tree = UiTree::new("Ui");
[INFO] [stdout]    |     ^^^^^^^^   ----------- type must be known at this point
[INFO] [stdout]    |
[INFO] [stdout]    = note: cannot satisfy `_: Default`
[INFO] [stdout] note: required by a bound in `new`
[INFO] [stdout]   --> /opt/rustwide/workdir/src/code/tree.rs:19:17
[INFO] [stdout]    |
[INFO] [stdout] 19 | pub trait UiT<T:Default> {
[INFO] [stdout]    |                 ^^^^^^^ required by this bound in `UiT::new`
[INFO] [stdout] 20 |     /// Creates a new UiTree
[INFO] [stdout] 21 |     fn new (name: impl Borrow<str>) -> Self;
[INFO] [stdout]    |        --- required by a bound in this associated function
[INFO] [stdout] help: consider giving `tree` an explicit type, where the type for type parameter `T` is specified
[INFO] [stdout]    |
[INFO] [stdout] 6  | let mut tree: pathio::tree::PathTreeSingle<DataWrap<T>> = UiTree::new("Ui");
[INFO] [stdout]    |             +++++++++++++++++++++++++++++++++++++++++++
[INFO] [stdout] 
[INFO] [stdout] error: aborting due to previous error
[INFO] [stdout] 
[INFO] [stdout] For more information about this error, try `rustc --explain E0283`.
[INFO] [stdout] Couldn't compile the test.
[INFO] [stdout] ---- src/code/widget.rs - code::widget::Widget::contains_position_ext (line 309) stdout ----
[INFO] [stdout] error[E0283]: type annotations needed for `pathio::tree::PathTreeSingle<DataWrap<T>>`
[INFO] [stdout]   --> src/code/widget.rs:313:5
[INFO] [stdout]    |
[INFO] [stdout] 7  | let mut tree = UiTree::new("Ui");
[INFO] [stdout]    |     ^^^^^^^^   ----------- type must be known at this point
[INFO] [stdout]    |
[INFO] [stdout]    = note: cannot satisfy `_: std::default::Default`
[INFO] [stdout] note: required by a bound in `bevy_lunex_core::UiT::new`
[INFO] [stdout]   --> /opt/rustwide/workdir/src/code/tree.rs:19:17
[INFO] [stdout]    |
[INFO] [stdout] 19 | pub trait UiT<T:Default> {
[INFO] [stdout]    |                 ^^^^^^^ required by this bound in `UiT::new`
[INFO] [stdout] 20 |     /// Creates a new UiTree
[INFO] [stdout] 21 |     fn new (name: impl Borrow<str>) -> Self;
[INFO] [stdout]    |        --- required by a bound in this associated function
[INFO] [stdout] help: consider giving `tree` an explicit type, where the type for type parameter `T` is specified
[INFO] [stdout]    |
[INFO] [stdout] 7  | let mut tree: pathio::tree::PathTreeSingle<DataWrap<T>> = UiTree::new("Ui");
[INFO] [stdout]    |             +++++++++++++++++++++++++++++++++++++++++++
[INFO] [stdout] 
[INFO] [stdout] error: aborting due to previous error
[INFO] [stdout] 
[INFO] [stdout] For more information about this error, try `rustc --explain E0283`.
[INFO] [stdout] Couldn't compile the test.
[INFO] [stdout] ---- src/code/widget.rs - code::widget::Widget::contains_position (line 280) stdout ----
[INFO] [stdout] error[E0283]: type annotations needed for `pathio::tree::PathTreeSingle<DataWrap<T>>`
[INFO] [stdout]   --> src/code/widget.rs:284:5
[INFO] [stdout]    |
[INFO] [stdout] 7  | let mut tree = UiTree::new("Ui");
[INFO] [stdout]    |     ^^^^^^^^   ----------- type must be known at this point
[INFO] [stdout]    |
[INFO] [stdout]    = note: cannot satisfy `_: std::default::Default`
[INFO] [stdout] note: required by a bound in `bevy_lunex_core::UiT::new`
[INFO] [stdout]   --> /opt/rustwide/workdir/src/code/tree.rs:19:17
[INFO] [stdout]    |
[INFO] [stdout] 19 | pub trait UiT<T:Default> {
[INFO] [stdout]    |                 ^^^^^^^ required by this bound in `UiT::new`
[INFO] [stdout] 20 |     /// Creates a new UiTree
[INFO] [stdout] 21 |     fn new (name: impl Borrow<str>) -> Self;
[INFO] [stdout]    |        --- required by a bound in this associated function
[INFO] [stdout] help: consider giving `tree` an explicit type, where the type for type parameter `T` is specified
[INFO] [stdout]    |
[INFO] [stdout] 7  | let mut tree: pathio::tree::PathTreeSingle<DataWrap<T>> = UiTree::new("Ui");
[INFO] [stdout]    |             +++++++++++++++++++++++++++++++++++++++++++
[INFO] [stdout] 
[INFO] [stdout] error: aborting due to previous error
[INFO] [stdout] 
[INFO] [stdout] For more information about this error, try `rustc --explain E0283`.
[INFO] [stdout] Couldn't compile the test.
[INFO] [stdout] ---- src/code/widget.rs - code::widget::Widget::create (line 59) stdout ----
[INFO] [stdout] error[E0283]: type annotations needed for `pathio::tree::PathTreeSingle<DataWrap<T>>`
[INFO] [stdout]   --> src/code/widget.rs:62:5
[INFO] [stdout]    |
[INFO] [stdout] 6  | let mut tree = UiTree::new("Ui");
[INFO] [stdout]    |     ^^^^^^^^   ----------- type must be known at this point
[INFO] [stdout]    |
[INFO] [stdout]    = note: cannot satisfy `_: Default`
[INFO] [stdout] note: required by a bound in `new`
[INFO] [stdout]   --> /opt/rustwide/workdir/src/code/tree.rs:19:17
[INFO] [stdout]    |
[INFO] [stdout] 19 | pub trait UiT<T:Default> {
[INFO] [stdout]    |                 ^^^^^^^ required by this bound in `UiT::new`
[INFO] [stdout] 20 |     /// Creates a new UiTree
[INFO] [stdout] 21 |     fn new (name: impl Borrow<str>) -> Self;
[INFO] [stdout]    |        --- required by a bound in this associated function
[INFO] [stdout] help: consider giving `tree` an explicit type, where the type for type parameter `T` is specified
[INFO] [stdout]    |
[INFO] [stdout] 6  | let mut tree: pathio::tree::PathTreeSingle<DataWrap<T>> = UiTree::new("Ui");
[INFO] [stdout]    |             +++++++++++++++++++++++++++++++++++++++++++
[INFO] [stdout] 
[INFO] [stdout] error: aborting due to previous error
[INFO] [stdout] 
[INFO] [stdout] For more information about this error, try `rustc --explain E0283`.
[INFO] [stdout] Couldn't compile the test.
[INFO] [stdout] ---- src/code/widget.rs - code::widget::Widget::drop_branch (line 102) stdout ----
[INFO] [stdout] error[E0283]: type annotations needed for `pathio::tree::PathTreeSingle<DataWrap<T>>`
[INFO] [stdout]   --> src/code/widget.rs:105:5
[INFO] [stdout]    |
[INFO] [stdout] 6  | let mut tree = UiTree::new("Ui");
[INFO] [stdout]    |     ^^^^^^^^   ----------- type must be known at this point
[INFO] [stdout]    |
[INFO] [stdout]    = note: cannot satisfy `_: Default`
[INFO] [stdout] note: required by a bound in `new`
[INFO] [stdout]   --> /opt/rustwide/workdir/src/code/tree.rs:19:17
[INFO] [stdout]    |
[INFO] [stdout] 19 | pub trait UiT<T:Default> {
[INFO] [stdout]    |                 ^^^^^^^ required by this bound in `UiT::new`
[INFO] [stdout] 20 |     /// Creates a new UiTree
[INFO] [stdout] 21 |     fn new (name: impl Borrow<str>) -> Self;
[INFO] [stdout]    |        --- required by a bound in this associated function
[INFO] [stdout] help: consider giving `tree` an explicit type, where the type for type parameter `T` is specified
[INFO] [stdout]    |
[INFO] [stdout] 6  | let mut tree: pathio::tree::PathTreeSingle<DataWrap<T>> = UiTree::new("Ui");
[INFO] [stdout]    |             +++++++++++++++++++++++++++++++++++++++++++
[INFO] [stdout] 
[INFO] [stdout] error: aborting due to previous error
[INFO] [stdout] 
[INFO] [stdout] For more information about this error, try `rustc --explain E0283`.
[INFO] [stdout] Couldn't compile the test.
[INFO] [stdout] 
[INFO] [stdout] failures:
[INFO] [stdout]     src/code/widget.rs - code::widget::Widget::contains_position (line 280)
[INFO] [stdout]     src/code/widget.rs - code::widget::Widget::contains_position_ext (line 309)
[INFO] [stdout]     src/code/widget.rs - code::widget::Widget::create (line 49)
[INFO] [stdout]     src/code/widget.rs - code::widget::Widget::create (line 59)
[INFO] [stdout]     src/code/widget.rs - code::widget::Widget::drop_branch (line 102)
[INFO] [stdout]     src/code/widget.rs - code::widget::Widget::end (line 82)
[INFO] [stdout]     src/code/widget.rs - code::widget::Widget::fetch (line 166)
[INFO] [stdout]     src/code/widget.rs - code::widget::Widget::fetch_ext (line 193)
[INFO] [stdout]     src/code/widget.rs - code::widget::Widget::fetch_mut (line 223)
[INFO] [stdout]     src/code/widget.rs - code::widget::Widget::fetch_mut_ext (line 250)
[INFO] [stdout]     src/code/widget.rs - code::widget::Widget::name (line 143)
[INFO] [stdout]     src/code/widget.rs - code::widget::Widget::path (line 126)
[INFO] [stdout] 
[INFO] [stdout] test result: FAILED. 1 passed; 12 failed; 0 ignored; 0 measured; 0 filtered out; finished in 2.58s
[INFO] [stdout] 
[INFO] [stderr] error: doctest failed, to rerun pass `--doc`
[INFO] running `Command { std: "docker" "inspect" "c0e49577edb26c517e0d5f82fa51ffba906f0b5a709ecc6795e0270de9d37f28", kill_on_drop: false }`
[INFO] running `Command { std: "docker" "rm" "-f" "c0e49577edb26c517e0d5f82fa51ffba906f0b5a709ecc6795e0270de9d37f28", kill_on_drop: false }`
[INFO] [stdout] c0e49577edb26c517e0d5f82fa51ffba906f0b5a709ecc6795e0270de9d37f28
[INFO] testing bevy_lunex_core-0.0.9 against beta-2023-12-22 for beta-1.76-1
[INFO] extracting crate bevy_lunex_core 0.0.9 into /workspace/builds/worker-5-tc2/source
[INFO] validating manifest of crates.io crate bevy_lunex_core 0.0.9 on toolchain beta-2023-12-22
[INFO] running `Command { std: CARGO_HOME="/workspace/cargo-home" RUSTUP_HOME="/workspace/rustup-home" "/workspace/cargo-home/bin/cargo" "+beta-2023-12-22" "metadata" "--manifest-path" "Cargo.toml" "--no-deps", kill_on_drop: false }`
[INFO] started tweaking crates.io crate bevy_lunex_core 0.0.9
[INFO] finished tweaking crates.io crate bevy_lunex_core 0.0.9
[INFO] tweaked toml for crates.io crate bevy_lunex_core 0.0.9 written to /workspace/builds/worker-5-tc2/source/Cargo.toml
[INFO] running `Command { std: CARGO_HOME="/workspace/cargo-home" RUSTUP_HOME="/workspace/rustup-home" "/workspace/cargo-home/bin/cargo" "+beta-2023-12-22" "generate-lockfile" "--manifest-path" "Cargo.toml", kill_on_drop: false }`
[INFO] [stderr]     Updating crates.io index
[INFO] running `Command { std: CARGO_HOME="/workspace/cargo-home" RUSTUP_HOME="/workspace/rustup-home" "/workspace/cargo-home/bin/cargo" "+beta-2023-12-22" "fetch" "--manifest-path" "Cargo.toml", kill_on_drop: false }`
[INFO] running `Command { std: "docker" "create" "-v" "/var/lib/crater-agent-workspace/builds/worker-5-tc2/target:/opt/rustwide/target:rw,Z" "-v" "/var/lib/crater-agent-workspace/builds/worker-5-tc2/source:/opt/rustwide/workdir:ro,Z" "-v" "/var/lib/crater-agent-workspace/cargo-home:/opt/rustwide/cargo-home:ro,Z" "-v" "/var/lib/crater-agent-workspace/rustup-home:/opt/rustwide/rustup-home:ro,Z" "-e" "SOURCE_DIR=/opt/rustwide/workdir" "-e" "CARGO_TARGET_DIR=/opt/rustwide/target" "-e" "CARGO_HOME=/opt/rustwide/cargo-home" "-e" "RUSTUP_HOME=/opt/rustwide/rustup-home" "-w" "/opt/rustwide/workdir" "-m" "1610612736" "--user" "0:0" "--network" "none" "ghcr.io/rust-lang/crates-build-env/linux@sha256:2788e3201cd34a07e3172128adcd8b3090168a8e3bcc40d7c032b9dda1df7d1c" "/opt/rustwide/cargo-home/bin/cargo" "+beta-2023-12-22" "metadata" "--no-deps" "--format-version=1", kill_on_drop: false }`
[INFO] [stdout] c33f9b23327c43b41b5d91fbe8645461098b4d0a5851fa1b99334b9d7d7e9936
[INFO] running `Command { std: "docker" "start" "-a" "c33f9b23327c43b41b5d91fbe8645461098b4d0a5851fa1b99334b9d7d7e9936", kill_on_drop: false }`
[INFO] running `Command { std: "docker" "inspect" "c33f9b23327c43b41b5d91fbe8645461098b4d0a5851fa1b99334b9d7d7e9936", kill_on_drop: false }`
[INFO] running `Command { std: "docker" "rm" "-f" "c33f9b23327c43b41b5d91fbe8645461098b4d0a5851fa1b99334b9d7d7e9936", kill_on_drop: false }`
[INFO] [stdout] c33f9b23327c43b41b5d91fbe8645461098b4d0a5851fa1b99334b9d7d7e9936
[INFO] running `Command { std: "docker" "create" "-v" "/var/lib/crater-agent-workspace/builds/worker-5-tc2/target:/opt/rustwide/target:rw,Z" "-v" "/var/lib/crater-agent-workspace/builds/worker-5-tc2/source:/opt/rustwide/workdir:ro,Z" "-v" "/var/lib/crater-agent-workspace/cargo-home:/opt/rustwide/cargo-home:ro,Z" "-v" "/var/lib/crater-agent-workspace/rustup-home:/opt/rustwide/rustup-home:ro,Z" "-e" "SOURCE_DIR=/opt/rustwide/workdir" "-e" "CARGO_TARGET_DIR=/opt/rustwide/target" "-e" "CARGO_INCREMENTAL=0" "-e" "RUST_BACKTRACE=full" "-e" "RUSTFLAGS=--cap-lints=warn" "-e" "RUSTDOCFLAGS=--cap-lints=warn" "-e" "CARGO_HOME=/opt/rustwide/cargo-home" "-e" "RUSTUP_HOME=/opt/rustwide/rustup-home" "-w" "/opt/rustwide/workdir" "-m" "1610612736" "--user" "0:0" "--network" "none" "ghcr.io/rust-lang/crates-build-env/linux@sha256:2788e3201cd34a07e3172128adcd8b3090168a8e3bcc40d7c032b9dda1df7d1c" "/opt/rustwide/cargo-home/bin/cargo" "+beta-2023-12-22" "build" "--frozen" "--message-format=json", kill_on_drop: false }`
[INFO] [stdout] 5f0fc8dced58e0e8dcb8dddf670edde64976b14c85b2bf05a77afae2fa7ae87e
[INFO] running `Command { std: "docker" "start" "-a" "5f0fc8dced58e0e8dcb8dddf670edde64976b14c85b2bf05a77afae2fa7ae87e", kill_on_drop: false }`
[INFO] [stderr]    Compiling serde v1.0.194
[INFO] [stderr]    Compiling once_cell v1.19.0
[INFO] [stderr]    Compiling libc v0.2.151
[INFO] [stderr]    Compiling crossbeam-utils v0.8.18
[INFO] [stderr]    Compiling thiserror v1.0.56
[INFO] [stderr]    Compiling zerocopy v0.7.32
[INFO] [stderr]    Compiling proc-macro2 v1.0.75
[INFO] [stderr]    Compiling ahash v0.8.7
[INFO] [stderr]    Compiling futures-core v0.3.30
[INFO] [stderr]    Compiling memchr v2.7.1
[INFO] [stderr]    Compiling toml_edit v0.20.7
[INFO] [stderr]    Compiling futures-io v0.3.30
[INFO] [stderr]    Compiling async-task v4.7.0
[INFO] [stderr]    Compiling num-traits v0.2.17
[INFO] [stderr]    Compiling ash v0.37.3+1.3.251
[INFO] [stderr]    Compiling futures-lite v2.1.0
[INFO] [stderr]    Compiling tracing-core v0.1.32
[INFO] [stderr]    Compiling thread_local v1.1.7
[INFO] [stderr]    Compiling piper v0.2.1
[INFO] [stderr]    Compiling profiling v1.0.13
[INFO] [stderr]    Compiling accesskit v0.12.2
[INFO] [stderr]    Compiling async-broadcast v0.5.1
[INFO] [stderr]    Compiling svg_fmt v0.4.1
[INFO] [stderr]    Compiling ttf-parser v0.20.0
[INFO] [stderr]    Compiling quote v1.0.35
[INFO] [stderr]    Compiling rectangle-pack v0.4.2
[INFO] [stderr]    Compiling ab_glyph_rasterizer v0.1.8
[INFO] [stderr]    Compiling syn v2.0.48
[INFO] [stderr]    Compiling futures-lite v1.13.0
[INFO] [stderr]    Compiling aho-corasick v1.1.2
[INFO] [stderr]    Compiling tracing-log v0.2.0
[INFO] [stderr]    Compiling tracing-log v0.1.4
[INFO] [stderr]    Compiling concurrent-queue v2.4.0
[INFO] [stderr]    Compiling crossbeam-channel v0.5.10
[INFO] [stderr]    Compiling xi-unicode v0.3.0
[INFO] [stderr]    Compiling event-listener v4.0.2
[INFO] [stderr]    Compiling getrandom v0.2.11
[INFO] [stderr]    Compiling async-channel v1.9.0
[INFO] [stderr]    Compiling khronos-egl v4.1.0
[INFO] [stderr]    Compiling sysinfo v0.29.11
[INFO] [stderr]    Compiling colored v2.1.0
[INFO] [stderr]    Compiling event-listener-strategy v0.4.0
[INFO] [stderr]    Compiling async-lock v3.2.0
[INFO] [stderr]    Compiling cc v1.0.83
[INFO] [stderr]    Compiling uuid v1.6.1
[INFO] [stderr]    Compiling async-channel v2.1.1
[INFO] [stderr]    Compiling spirv v0.2.0+1.5.4
[INFO] [stderr]    Compiling num-integer v0.1.45
[INFO] [stderr]    Compiling euclid v0.22.9
[INFO] [stderr]    Compiling approx v0.5.1
[INFO] [stderr]    Compiling async-executor v1.8.0
[INFO] [stderr]    Compiling regex-automata v0.4.3
[INFO] [stderr]    Compiling num-rational v0.4.1
[INFO] [stderr]    Compiling bevy_tasks v0.12.1
[INFO] [stderr]    Compiling guillotiere v0.6.2
[INFO] [stderr]    Compiling owned_ttf_parser v0.20.0
[INFO] [stderr]    Compiling blake3 v1.5.0
[INFO] [stderr]    Compiling ab_glyph v0.2.23
[INFO] [stderr]    Compiling glyph_brush_layout v0.2.3
[INFO] [stderr]    Compiling bevy_macro_utils v0.12.1
[INFO] [stderr]    Compiling encase_derive_impl v0.6.1
[INFO] [stderr]    Compiling regex v1.10.2
[INFO] [stderr]    Compiling serde_derive v1.0.194
[INFO] [stderr]    Compiling thiserror-impl v1.0.56
[INFO] [stderr]    Compiling bytemuck_derive v1.5.0
[INFO] [stderr]    Compiling tracing-attributes v0.1.27
[INFO] [stderr]    Compiling bevy_utils_proc_macros v0.12.1
[INFO] [stderr]    Compiling bevy_reflect_derive v0.12.1
[INFO] [stderr]    Compiling bevy_ecs_macros v0.12.1
[INFO] [stderr]    Compiling bevy_derive v0.12.1
[INFO] [stderr]    Compiling bevy_asset_macros v0.12.1
[INFO] [stderr]    Compiling encase_derive v0.6.1
[INFO] [stderr]    Compiling bevy_encase_derive v0.12.1
[INFO] [stderr]    Compiling bevy_render_macros v0.12.1
[INFO] [stderr]    Compiling bytemuck v1.14.0
[INFO] [stderr]    Compiling image v0.24.7
[INFO] [stderr]    Compiling tracing v0.1.40
[INFO] [stderr]    Compiling blocking v1.5.1
[INFO] [stderr]    Compiling async-fs v1.6.0
[INFO] [stderr]    Compiling hashbrown v0.14.3
[INFO] [stderr]    Compiling smallvec v1.11.2
[INFO] [stderr]    Compiling glam v0.24.2
[INFO] [stderr]    Compiling erased-serde v0.3.31
[INFO] [stderr]    Compiling bitflags v2.4.1
[INFO] [stderr]    Compiling naga v0.13.0
[INFO] [stderr]    Compiling gpu-descriptor-types v0.1.2
[INFO] [stderr]    Compiling gpu-alloc-types v0.3.0
[INFO] [stderr]    Compiling wgpu-types v0.17.0
[INFO] [stderr]    Compiling ron v0.8.1
[INFO] [stderr]    Compiling tracing-subscriber v0.3.18
[INFO] [stderr]    Compiling parking_lot_core v0.9.9
[INFO] [stderr]    Compiling parking_lot v0.12.1
[INFO] [stderr]    Compiling gpu-alloc v0.6.0
[INFO] [stderr]    Compiling indexmap v2.1.0
[INFO] [stderr]    Compiling gpu-descriptor v0.2.4
[INFO] [stderr]    Compiling petgraph v0.6.4
[INFO] [stderr]    Compiling bevy_math v0.12.1
[INFO] [stderr]    Compiling bevy_mikktspace v0.12.1
[INFO] [stderr]    Compiling encase v0.6.1
[INFO] [stderr]    Compiling hexasphere v9.1.0
[INFO] [stderr]    Compiling bevy_utils v0.12.1
[INFO] [stderr]    Compiling bevy_reflect v0.12.1
[INFO] [stderr]    Compiling wgpu-hal v0.17.2
[INFO] [stderr]    Compiling naga_oil v0.10.1
[INFO] [stderr]    Compiling bevy_ecs v0.12.1
[INFO] [stderr]    Compiling wgpu-core v0.17.1
[INFO] [stderr]    Compiling wgpu v0.17.2
[INFO] [stderr]    Compiling bevy_app v0.12.1
[INFO] [stderr]    Compiling bevy_log v0.12.1
[INFO] [stderr]    Compiling bevy_core v0.12.1
[INFO] [stderr]    Compiling bevy_time v0.12.1
[INFO] [stderr]    Compiling bevy_a11y v0.12.1
[INFO] [stderr]    Compiling bevy_input v0.12.1
[INFO] [stderr]    Compiling bevy_asset v0.12.1
[INFO] [stderr]    Compiling bevy_hierarchy v0.12.1
[INFO] [stderr]    Compiling bevy_diagnostic v0.12.1
[INFO] [stderr]    Compiling bevy_transform v0.12.1
[INFO] [stderr]    Compiling bevy_window v0.12.1
[INFO] [stderr]    Compiling bevy_render v0.12.1
[INFO] [stderr]    Compiling bevy_core_pipeline v0.12.1
[INFO] [stderr]    Compiling bevy_sprite v0.12.1
[INFO] [stderr]    Compiling bevy_text v0.12.1
[INFO] [stderr]    Compiling bevy_gizmos v0.12.1
[INFO] [stderr]    Compiling bevy_internal v0.12.1
[INFO] [stderr]    Compiling bevy v0.12.1
[INFO] [stderr]    Compiling pathio v0.2.3
[INFO] [stderr]    Compiling bevy_lunex_core v0.0.9 (/opt/rustwide/workdir)
[INFO] [stderr]     Finished dev [unoptimized + debuginfo] target(s) in 45.05s
[INFO] running `Command { std: "docker" "inspect" "5f0fc8dced58e0e8dcb8dddf670edde64976b14c85b2bf05a77afae2fa7ae87e", kill_on_drop: false }`
[INFO] running `Command { std: "docker" "rm" "-f" "5f0fc8dced58e0e8dcb8dddf670edde64976b14c85b2bf05a77afae2fa7ae87e", kill_on_drop: false }`
[INFO] [stdout] 5f0fc8dced58e0e8dcb8dddf670edde64976b14c85b2bf05a77afae2fa7ae87e
[INFO] running `Command { std: "docker" "create" "-v" "/var/lib/crater-agent-workspace/builds/worker-5-tc2/target:/opt/rustwide/target:rw,Z" "-v" "/var/lib/crater-agent-workspace/builds/worker-5-tc2/source:/opt/rustwide/workdir:ro,Z" "-v" "/var/lib/crater-agent-workspace/cargo-home:/opt/rustwide/cargo-home:ro,Z" "-v" "/var/lib/crater-agent-workspace/rustup-home:/opt/rustwide/rustup-home:ro,Z" "-e" "SOURCE_DIR=/opt/rustwide/workdir" "-e" "CARGO_TARGET_DIR=/opt/rustwide/target" "-e" "CARGO_INCREMENTAL=0" "-e" "RUST_BACKTRACE=full" "-e" "RUSTFLAGS=--cap-lints=warn" "-e" "RUSTDOCFLAGS=--cap-lints=warn" "-e" "CARGO_HOME=/opt/rustwide/cargo-home" "-e" "RUSTUP_HOME=/opt/rustwide/rustup-home" "-w" "/opt/rustwide/workdir" "-m" "1610612736" "--user" "0:0" "--network" "none" "ghcr.io/rust-lang/crates-build-env/linux@sha256:2788e3201cd34a07e3172128adcd8b3090168a8e3bcc40d7c032b9dda1df7d1c" "/opt/rustwide/cargo-home/bin/cargo" "+beta-2023-12-22" "test" "--frozen" "--no-run" "--message-format=json", kill_on_drop: false }`
[INFO] [stdout] 97e3c84cc01c1d2e2385f5aecbcb9f8d85f7563aaa23a12755a7cf9b90b4b8cd
[INFO] running `Command { std: "docker" "start" "-a" "97e3c84cc01c1d2e2385f5aecbcb9f8d85f7563aaa23a12755a7cf9b90b4b8cd", kill_on_drop: false }`
[INFO] [stderr]    Compiling bevy_lunex_core v0.0.9 (/opt/rustwide/workdir)
[INFO] [stderr]     Finished test [unoptimized + debuginfo] target(s) in 7.28s
[INFO] running `Command { std: "docker" "inspect" "97e3c84cc01c1d2e2385f5aecbcb9f8d85f7563aaa23a12755a7cf9b90b4b8cd", kill_on_drop: false }`
[INFO] running `Command { std: "docker" "rm" "-f" "97e3c84cc01c1d2e2385f5aecbcb9f8d85f7563aaa23a12755a7cf9b90b4b8cd", kill_on_drop: false }`
[INFO] [stdout] 97e3c84cc01c1d2e2385f5aecbcb9f8d85f7563aaa23a12755a7cf9b90b4b8cd
[INFO] running `Command { std: "docker" "create" "-v" "/var/lib/crater-agent-workspace/builds/worker-5-tc2/target:/opt/rustwide/target:rw,Z" "-v" "/var/lib/crater-agent-workspace/builds/worker-5-tc2/source:/opt/rustwide/workdir:ro,Z" "-v" "/var/lib/crater-agent-workspace/cargo-home:/opt/rustwide/cargo-home:ro,Z" "-v" "/var/lib/crater-agent-workspace/rustup-home:/opt/rustwide/rustup-home:ro,Z" "-e" "SOURCE_DIR=/opt/rustwide/workdir" "-e" "CARGO_TARGET_DIR=/opt/rustwide/target" "-e" "CARGO_INCREMENTAL=0" "-e" "RUST_BACKTRACE=full" "-e" "RUSTFLAGS=--cap-lints=warn" "-e" "RUSTDOCFLAGS=--cap-lints=warn" "-e" "CARGO_HOME=/opt/rustwide/cargo-home" "-e" "RUSTUP_HOME=/opt/rustwide/rustup-home" "-w" "/opt/rustwide/workdir" "-m" "1610612736" "--user" "0:0" "--network" "none" "ghcr.io/rust-lang/crates-build-env/linux@sha256:2788e3201cd34a07e3172128adcd8b3090168a8e3bcc40d7c032b9dda1df7d1c" "/opt/rustwide/cargo-home/bin/cargo" "+beta-2023-12-22" "test" "--frozen", kill_on_drop: false }`
[INFO] [stdout] 524a634ef7e02c01fbbc2033df2c94027bc28ddec9bf362a24410ce925ca9768
[INFO] running `Command { std: "docker" "start" "-a" "524a634ef7e02c01fbbc2033df2c94027bc28ddec9bf362a24410ce925ca9768", kill_on_drop: false }`
[INFO] [stderr]     Finished test [unoptimized + debuginfo] target(s) in 0.19s
[INFO] [stderr]      Running unittests src/lib.rs (/opt/rustwide/target/debug/deps/bevy_lunex_core-1a6d56aaf079beb5)
[INFO] [stdout] 
[INFO] [stdout] running 1 test
[INFO] [stdout] test test::run ... ok
[INFO] [stderr]    Doc-tests bevy_lunex_core
[INFO] [stdout] 
[INFO] [stdout] test result: ok. 1 passed; 0 failed; 0 ignored; 0 measured; 0 filtered out; finished in 0.00s
[INFO] [stdout] 
[INFO] [stdout] 
[INFO] [stdout] running 13 tests
[INFO] [stdout] test src/code/widget.rs - code::widget::Widget::fetch_ext (line 193) ... FAILED
[INFO] [stdout] test src/code/widget.rs - code::widget::Widget::fetch_mut_ext (line 250) ... FAILED
[INFO] [stdout] test src/code/widget.rs - code::widget::Widget::fetch (line 166) ... FAILED
[INFO] [stdout] test src/code/widget.rs - code::widget::Widget::fetch_mut (line 223) ... FAILED
[INFO] [stdout] test src/code/widget.rs - code::widget::Widget::create (line 49) ... FAILED
[INFO] [stdout] test src/code/widget.rs - code::widget::Widget::end (line 82) ... FAILED
[INFO] [stdout] test src/code/widget.rs - code::widget::Widget::contains_position (line 280) ... FAILED
[INFO] [stdout] test src/code/widget.rs - code::widget::Widget::create (line 59) ... FAILED
[INFO] [stdout] test src/code/widget.rs - code::widget::Widget::path (line 126) ... FAILED
[INFO] [stdout] test src/code/widget.rs - code::widget::Widget::name (line 143) ... FAILED
[INFO] [stdout] test src/code/widget.rs - code::widget::Widget::contains_position_ext (line 309) ... FAILED
[INFO] [stdout] test src/code/widget.rs - code::widget::Widget::drop_branch (line 102) ... FAILED
[INFO] [stdout] test src/code/widget.rs - code::widget::Widget::new (line 28) ... ok
[INFO] [stdout] 
[INFO] [stdout] failures:
[INFO] [stdout] 
[INFO] [stdout] ---- src/code/widget.rs - code::widget::Widget::fetch_ext (line 193) stdout ----
[INFO] [stdout] error[E0107]: missing generics for type alias `bevy_lunex_core::UiBranch`
[INFO] [stdout]    --> src/code/widget.rs:200:15
[INFO] [stdout]     |
[INFO] [stdout] 10  | let _button: &UiBranch = menu.fetch_ext(&tree, "Button").unwrap();
[INFO] [stdout]     |               ^^^^^^^^ expected 1 generic argument
[INFO] [stdout]     |
[INFO] [stdout] note: type alias defined here, with 1 generic parameter: `T`
[INFO] [stdout]    --> /opt/rustwide/workdir/src/code/tree.rs:281:10
[INFO] [stdout]     |
[INFO] [stdout] 281 | pub type UiBranch<T> = DirectorySingle<DataWrap<T>>;
[INFO] [stdout]     |          ^^^^^^^^ -
[INFO] [stdout] help: add missing generic argument
[INFO] [stdout]     |
[INFO] [stdout] 10  | let _button: &UiBranch<T> = menu.fetch_ext(&tree, "Button").unwrap();
[INFO] [stdout]     |                       +++
[INFO] [stdout] 
[INFO] [stdout] error[E0107]: missing generics for type alias `bevy_lunex_core::UiBranch`
[INFO] [stdout]    --> src/code/widget.rs:201:15
[INFO] [stdout]     |
[INFO] [stdout] 11  | let _button: &UiBranch = button.fetch_ext(&tree, "").unwrap();
[INFO] [stdout]     |               ^^^^^^^^ expected 1 generic argument
[INFO] [stdout]     |
[INFO] [stdout] note: type alias defined here, with 1 generic parameter: `T`
[INFO] [stdout]    --> /opt/rustwide/workdir/src/code/tree.rs:281:10
[INFO] [stdout]     |
[INFO] [stdout] 281 | pub type UiBranch<T> = DirectorySingle<DataWrap<T>>;
[INFO] [stdout]     |          ^^^^^^^^ -
[INFO] [stdout] help: add missing generic argument
[INFO] [stdout]     |
[INFO] [stdout] 11  | let _button: &UiBranch<T> = button.fetch_ext(&tree, "").unwrap();
[INFO] [stdout]     |                       +++
[INFO] [stdout] 
[INFO] [stdout] error: aborting due to 2 previous errors
[INFO] [stdout] 
[INFO] [stdout] For more information about this error, try `rustc --explain E0107`.
[INFO] [stdout] Couldn't compile the test.
[INFO] [stdout] ---- src/code/widget.rs - code::widget::Widget::fetch_mut_ext (line 250) stdout ----
[INFO] [stdout] error[E0107]: missing generics for type alias `bevy_lunex_core::UiBranch`
[INFO] [stdout]    --> src/code/widget.rs:257:19
[INFO] [stdout]     |
[INFO] [stdout] 10  | let _button: &mut UiBranch = menu.fetch_mut_ext(&mut tree, "Button").unwrap();
[INFO] [stdout]     |                   ^^^^^^^^ expected 1 generic argument
[INFO] [stdout]     |
[INFO] [stdout] note: type alias defined here, with 1 generic parameter: `T`
[INFO] [stdout]    --> /opt/rustwide/workdir/src/code/tree.rs:281:10
[INFO] [stdout]     |
[INFO] [stdout] 281 | pub type UiBranch<T> = DirectorySingle<DataWrap<T>>;
[INFO] [stdout]     |          ^^^^^^^^ -
[INFO] [stdout] help: add missing generic argument
[INFO] [stdout]     |
[INFO] [stdout] 10  | let _button: &mut UiBranch<T> = menu.fetch_mut_ext(&mut tree, "Button").unwrap();
[INFO] [stdout]     |                           +++
[INFO] [stdout] 
[INFO] [stdout] error[E0107]: missing generics for type alias `bevy_lunex_core::UiBranch`
[INFO] [stdout]    --> src/code/widget.rs:258:19
[INFO] [stdout]     |
[INFO] [stdout] 11  | let _button: &mut UiBranch = button.fetch_mut_ext(&mut tree, "").unwrap();
[INFO] [stdout]     |                   ^^^^^^^^ expected 1 generic argument
[INFO] [stdout]     |
[INFO] [stdout] note: type alias defined here, with 1 generic parameter: `T`
[INFO] [stdout]    --> /opt/rustwide/workdir/src/code/tree.rs:281:10
[INFO] [stdout]     |
[INFO] [stdout] 281 | pub type UiBranch<T> = DirectorySingle<DataWrap<T>>;
[INFO] [stdout]     |          ^^^^^^^^ -
[INFO] [stdout] help: add missing generic argument
[INFO] [stdout]     |
[INFO] [stdout] 11  | let _button: &mut UiBranch<T> = button.fetch_mut_ext(&mut tree, "").unwrap();
[INFO] [stdout]     |                           +++
[INFO] [stdout] 
[INFO] [stdout] error: aborting due to 2 previous errors
[INFO] [stdout] 
[INFO] [stdout] For more information about this error, try `rustc --explain E0107`.
[INFO] [stdout] Couldn't compile the test.
[INFO] [stdout] ---- src/code/widget.rs - code::widget::Widget::fetch (line 166) stdout ----
[INFO] [stdout] error[E0107]: missing generics for type alias `bevy_lunex_core::UiBranch`
[INFO] [stdout]    --> src/code/widget.rs:173:13
[INFO] [stdout]     |
[INFO] [stdout] 10  | let _menu: &UiBranch = menu.fetch(&tree).unwrap();
[INFO] [stdout]     |             ^^^^^^^^ expected 1 generic argument
[INFO] [stdout]     |
[INFO] [stdout] note: type alias defined here, with 1 generic parameter: `T`
[INFO] [stdout]    --> /opt/rustwide/workdir/src/code/tree.rs:281:10
[INFO] [stdout]     |
[INFO] [stdout] 281 | pub type UiBranch<T> = DirectorySingle<DataWrap<T>>;
[INFO] [stdout]     |          ^^^^^^^^ -
[INFO] [stdout] help: add missing generic argument
[INFO] [stdout]     |
[INFO] [stdout] 10  | let _menu: &UiBranch<T> = menu.fetch(&tree).unwrap();
[INFO] [stdout]     |                     +++
[INFO] [stdout] 
[INFO] [stdout] error[E0107]: missing generics for type alias `bevy_lunex_core::UiBranch`
[INFO] [stdout]    --> src/code/widget.rs:174:15
[INFO] [stdout]     |
[INFO] [stdout] 11  | let _button: &UiBranch = button.fetch(&tree).unwrap();
[INFO] [stdout]     |               ^^^^^^^^ expected 1 generic argument
[INFO] [stdout]     |
[INFO] [stdout] note: type alias defined here, with 1 generic parameter: `T`
[INFO] [stdout]    --> /opt/rustwide/workdir/src/code/tree.rs:281:10
[INFO] [stdout]     |
[INFO] [stdout] 281 | pub type UiBranch<T> = DirectorySingle<DataWrap<T>>;
[INFO] [stdout]     |          ^^^^^^^^ -
[INFO] [stdout] help: add missing generic argument
[INFO] [stdout]     |
[INFO] [stdout] 11  | let _button: &UiBranch<T> = button.fetch(&tree).unwrap();
[INFO] [stdout]     |                       +++
[INFO] [stdout] 
[INFO] [stdout] error: aborting due to 2 previous errors
[INFO] [stdout] 
[INFO] [stdout] For more information about this error, try `rustc --explain E0107`.
[INFO] [stdout] Couldn't compile the test.
[INFO] [stdout] ---- src/code/widget.rs - code::widget::Widget::fetch_mut (line 223) stdout ----
[INFO] [stdout] error[E0107]: missing generics for type alias `bevy_lunex_core::UiBranch`
[INFO] [stdout]    --> src/code/widget.rs:230:17
[INFO] [stdout]     |
[INFO] [stdout] 10  | let _menu: &mut UiBranch = menu.fetch_mut(&mut tree).unwrap();
[INFO] [stdout]     |                 ^^^^^^^^ expected 1 generic argument
[INFO] [stdout]     |
[INFO] [stdout] note: type alias defined here, with 1 generic parameter: `T`
[INFO] [stdout]    --> /opt/rustwide/workdir/src/code/tree.rs:281:10
[INFO] [stdout]     |
[INFO] [stdout] 281 | pub type UiBranch<T> = DirectorySingle<DataWrap<T>>;
[INFO] [stdout]     |          ^^^^^^^^ -
[INFO] [stdout] help: add missing generic argument
[INFO] [stdout]     |
[INFO] [stdout] 10  | let _menu: &mut UiBranch<T> = menu.fetch_mut(&mut tree).unwrap();
[INFO] [stdout]     |                         +++
[INFO] [stdout] 
[INFO] [stdout] error[E0107]: missing generics for type alias `bevy_lunex_core::UiBranch`
[INFO] [stdout]    --> src/code/widget.rs:231:19
[INFO] [stdout]     |
[INFO] [stdout] 11  | let _button: &mut UiBranch = button.fetch_mut(&mut tree).unwrap();
[INFO] [stdout]     |                   ^^^^^^^^ expected 1 generic argument
[INFO] [stdout]     |
[INFO] [stdout] note: type alias defined here, with 1 generic parameter: `T`
[INFO] [stdout]    --> /opt/rustwide/workdir/src/code/tree.rs:281:10
[INFO] [stdout]     |
[INFO] [stdout] 281 | pub type UiBranch<T> = DirectorySingle<DataWrap<T>>;
[INFO] [stdout]     |          ^^^^^^^^ -
[INFO] [stdout] help: add missing generic argument
[INFO] [stdout]     |
[INFO] [stdout] 11  | let _button: &mut UiBranch<T> = button.fetch_mut(&mut tree).unwrap();
[INFO] [stdout]     |                           +++
[INFO] [stdout] 
[INFO] [stdout] error: aborting due to 2 previous errors
[INFO] [stdout] 
[INFO] [stdout] For more information about this error, try `rustc --explain E0107`.
[INFO] [stdout] Couldn't compile the test.
[INFO] [stdout] ---- src/code/widget.rs - code::widget::Widget::create (line 49) stdout ----
[INFO] [stdout] error[E0283]: type annotations needed for `pathio::tree::PathTreeSingle<DataWrap<T>>`
[INFO] [stdout]   --> src/code/widget.rs:52:5
[INFO] [stdout]    |
[INFO] [stdout] 6  | let mut tree = UiTree::new("Ui");
[INFO] [stdout]    |     ^^^^^^^^   ----------- type must be known at this point
[INFO] [stdout]    |
[INFO] [stdout]    = note: cannot satisfy `_: Default`
[INFO] [stdout] note: required by a bound in `new`
[INFO] [stdout]   --> /opt/rustwide/workdir/src/code/tree.rs:19:17
[INFO] [stdout]    |
[INFO] [stdout] 19 | pub trait UiT<T:Default> {
[INFO] [stdout]    |                 ^^^^^^^ required by this bound in `UiT::new`
[INFO] [stdout] 20 |     /// Creates a new UiTree
[INFO] [stdout] 21 |     fn new (name: impl Borrow<str>) -> Self;
[INFO] [stdout]    |        --- required by a bound in this associated function
[INFO] [stdout] help: consider giving `tree` an explicit type, where the type for type parameter `T` is specified
[INFO] [stdout]    |
[INFO] [stdout] 6  | let mut tree: pathio::tree::PathTreeSingle<DataWrap<T>> = UiTree::new("Ui");
[INFO] [stdout]    |             +++++++++++++++++++++++++++++++++++++++++++
[INFO] [stdout] 
[INFO] [stdout] error: aborting due to 1 previous error
[INFO] [stdout] 
[INFO] [stdout] For more information about this error, try `rustc --explain E0283`.
[INFO] [stdout] Couldn't compile the test.
[INFO] [stdout] ---- src/code/widget.rs - code::widget::Widget::end (line 82) stdout ----
[INFO] [stdout] error[E0283]: type annotations needed for `pathio::tree::PathTreeSingle<DataWrap<T>>`
[INFO] [stdout]   --> src/code/widget.rs:85:5
[INFO] [stdout]    |
[INFO] [stdout] 6  | let mut tree = UiTree::new("Ui");
[INFO] [stdout]    |     ^^^^^^^^   ----------- type must be known at this point
[INFO] [stdout]    |
[INFO] [stdout]    = note: cannot satisfy `_: Default`
[INFO] [stdout] note: required by a bound in `new`
[INFO] [stdout]   --> /opt/rustwide/workdir/src/code/tree.rs:19:17
[INFO] [stdout]    |
[INFO] [stdout] 19 | pub trait UiT<T:Default> {
[INFO] [stdout]    |                 ^^^^^^^ required by this bound in `UiT::new`
[INFO] [stdout] 20 |     /// Creates a new UiTree
[INFO] [stdout] 21 |     fn new (name: impl Borrow<str>) -> Self;
[INFO] [stdout]    |        --- required by a bound in this associated function
[INFO] [stdout] help: consider giving `tree` an explicit type, where the type for type parameter `T` is specified
[INFO] [stdout]    |
[INFO] [stdout] 6  | let mut tree: pathio::tree::PathTreeSingle<DataWrap<T>> = UiTree::new("Ui");
[INFO] [stdout]    |             +++++++++++++++++++++++++++++++++++++++++++
[INFO] [stdout] 
[INFO] [stdout] error: aborting due to 1 previous error
[INFO] [stdout] 
[INFO] [stdout] For more information about this error, try `rustc --explain E0283`.
[INFO] [stdout] Couldn't compile the test.
[INFO] [stdout] ---- src/code/widget.rs - code::widget::Widget::contains_position (line 280) stdout ----
[INFO] [stdout] error[E0283]: type annotations needed for `pathio::tree::PathTreeSingle<DataWrap<T>>`
[INFO] [stdout]   --> src/code/widget.rs:284:5
[INFO] [stdout]    |
[INFO] [stdout] 7  | let mut tree = UiTree::new("Ui");
[INFO] [stdout]    |     ^^^^^^^^   ----------- type must be known at this point
[INFO] [stdout]    |
[INFO] [stdout]    = note: cannot satisfy `_: std::default::Default`
[INFO] [stdout] note: required by a bound in `bevy_lunex_core::UiT::new`
[INFO] [stdout]   --> /opt/rustwide/workdir/src/code/tree.rs:19:17
[INFO] [stdout]    |
[INFO] [stdout] 19 | pub trait UiT<T:Default> {
[INFO] [stdout]    |                 ^^^^^^^ required by this bound in `UiT::new`
[INFO] [stdout] 20 |     /// Creates a new UiTree
[INFO] [stdout] 21 |     fn new (name: impl Borrow<str>) -> Self;
[INFO] [stdout]    |        --- required by a bound in this associated function
[INFO] [stdout] help: consider giving `tree` an explicit type, where the type for type parameter `T` is specified
[INFO] [stdout]    |
[INFO] [stdout] 7  | let mut tree: pathio::tree::PathTreeSingle<DataWrap<T>> = UiTree::new("Ui");
[INFO] [stdout]    |             +++++++++++++++++++++++++++++++++++++++++++
[INFO] [stdout] 
[INFO] [stdout] error: aborting due to 1 previous error
[INFO] [stdout] 
[INFO] [stdout] For more information about this error, try `rustc --explain E0283`.
[INFO] [stdout] Couldn't compile the test.
[INFO] [stdout] ---- src/code/widget.rs - code::widget::Widget::create (line 59) stdout ----
[INFO] [stdout] error[E0283]: type annotations needed for `pathio::tree::PathTreeSingle<DataWrap<T>>`
[INFO] [stdout]   --> src/code/widget.rs:62:5
[INFO] [stdout]    |
[INFO] [stdout] 6  | let mut tree = UiTree::new("Ui");
[INFO] [stdout]    |     ^^^^^^^^   ----------- type must be known at this point
[INFO] [stdout]    |
[INFO] [stdout]    = note: cannot satisfy `_: Default`
[INFO] [stdout] note: required by a bound in `new`
[INFO] [stdout]   --> /opt/rustwide/workdir/src/code/tree.rs:19:17
[INFO] [stdout]    |
[INFO] [stdout] 19 | pub trait UiT<T:Default> {
[INFO] [stdout]    |                 ^^^^^^^ required by this bound in `UiT::new`
[INFO] [stdout] 20 |     /// Creates a new UiTree
[INFO] [stdout] 21 |     fn new (name: impl Borrow<str>) -> Self;
[INFO] [stdout]    |        --- required by a bound in this associated function
[INFO] [stdout] help: consider giving `tree` an explicit type, where the type for type parameter `T` is specified
[INFO] [stdout]    |
[INFO] [stdout] 6  | let mut tree: pathio::tree::PathTreeSingle<DataWrap<T>> = UiTree::new("Ui");
[INFO] [stdout]    |             +++++++++++++++++++++++++++++++++++++++++++
[INFO] [stdout] 
[INFO] [stdout] error: aborting due to 1 previous error
[INFO] [stdout] 
[INFO] [stdout] For more information about this error, try `rustc --explain E0283`.
[INFO] [stdout] Couldn't compile the test.
[INFO] [stdout] ---- src/code/widget.rs - code::widget::Widget::path (line 126) stdout ----
[INFO] [stdout] error[E0283]: type annotations needed for `pathio::tree::PathTreeSingle<DataWrap<T>>`
[INFO] [stdout]   --> src/code/widget.rs:129:5
[INFO] [stdout]    |
[INFO] [stdout] 6  | let mut tree = UiTree::new("Ui");
[INFO] [stdout]    |     ^^^^^^^^   ----------- type must be known at this point
[INFO] [stdout]    |
[INFO] [stdout]    = note: cannot satisfy `_: Default`
[INFO] [stdout] note: required by a bound in `new`
[INFO] [stdout]   --> /opt/rustwide/workdir/src/code/tree.rs:19:17
[INFO] [stdout]    |
[INFO] [stdout] 19 | pub trait UiT<T:Default> {
[INFO] [stdout]    |                 ^^^^^^^ required by this bound in `UiT::new`
[INFO] [stdout] 20 |     /// Creates a new UiTree
[INFO] [stdout] 21 |     fn new (name: impl Borrow<str>) -> Self;
[INFO] [stdout]    |        --- required by a bound in this associated function
[INFO] [stdout] help: consider giving `tree` an explicit type, where the type for type parameter `T` is specified
[INFO] [stdout]    |
[INFO] [stdout] 6  | let mut tree: pathio::tree::PathTreeSingle<DataWrap<T>> = UiTree::new("Ui");
[INFO] [stdout]    |             +++++++++++++++++++++++++++++++++++++++++++
[INFO] [stdout] 
[INFO] [stdout] error: aborting due to 1 previous error
[INFO] [stdout] 
[INFO] [stdout] For more information about this error, try `rustc --explain E0283`.
[INFO] [stdout] Couldn't compile the test.
[INFO] [stdout] ---- src/code/widget.rs - code::widget::Widget::name (line 143) stdout ----
[INFO] [stdout] error[E0283]: type annotations needed for `pathio::tree::PathTreeSingle<DataWrap<T>>`
[INFO] [stdout]   --> src/code/widget.rs:146:5
[INFO] [stdout]    |
[INFO] [stdout] 6  | let mut tree = UiTree::new("Ui");
[INFO] [stdout]    |     ^^^^^^^^   ----------- type must be known at this point
[INFO] [stdout]    |
[INFO] [stdout]    = note: cannot satisfy `_: Default`
[INFO] [stdout] note: required by a bound in `new`
[INFO] [stdout]   --> /opt/rustwide/workdir/src/code/tree.rs:19:17
[INFO] [stdout]    |
[INFO] [stdout] 19 | pub trait UiT<T:Default> {
[INFO] [stdout]    |                 ^^^^^^^ required by this bound in `UiT::new`
[INFO] [stdout] 20 |     /// Creates a new UiTree
[INFO] [stdout] 21 |     fn new (name: impl Borrow<str>) -> Self;
[INFO] [stdout]    |        --- required by a bound in this associated function
[INFO] [stdout] help: consider giving `tree` an explicit type, where the type for type parameter `T` is specified
[INFO] [stdout]    |
[INFO] [stdout] 6  | let mut tree: pathio::tree::PathTreeSingle<DataWrap<T>> = UiTree::new("Ui");
[INFO] [stdout]    |             +++++++++++++++++++++++++++++++++++++++++++
[INFO] [stdout] 
[INFO] [stdout] error: aborting due to 1 previous error
[INFO] [stdout] 
[INFO] [stdout] For more information about this error, try `rustc --explain E0283`.
[INFO] [stdout] Couldn't compile the test.
[INFO] [stdout] ---- src/code/widget.rs - code::widget::Widget::contains_position_ext (line 309) stdout ----
[INFO] [stdout] error[E0283]: type annotations needed for `pathio::tree::PathTreeSingle<DataWrap<T>>`
[INFO] [stdout]   --> src/code/widget.rs:313:5
[INFO] [stdout]    |
[INFO] [stdout] 7  | let mut tree = UiTree::new("Ui");
[INFO] [stdout]    |     ^^^^^^^^   ----------- type must be known at this point
[INFO] [stdout]    |
[INFO] [stdout]    = note: cannot satisfy `_: std::default::Default`
[INFO] [stdout] note: required by a bound in `bevy_lunex_core::UiT::new`
[INFO] [stdout]   --> /opt/rustwide/workdir/src/code/tree.rs:19:17
[INFO] [stdout]    |
[INFO] [stdout] 19 | pub trait UiT<T:Default> {
[INFO] [stdout]    |                 ^^^^^^^ required by this bound in `UiT::new`
[INFO] [stdout] 20 |     /// Creates a new UiTree
[INFO] [stdout] 21 |     fn new (name: impl Borrow<str>) -> Self;
[INFO] [stdout]    |        --- required by a bound in this associated function
[INFO] [stdout] help: consider giving `tree` an explicit type, where the type for type parameter `T` is specified
[INFO] [stdout]    |
[INFO] [stdout] 7  | let mut tree: pathio::tree::PathTreeSingle<DataWrap<T>> = UiTree::new("Ui");
[INFO] [stdout]    |             +++++++++++++++++++++++++++++++++++++++++++
[INFO] [stdout] 
[INFO] [stdout] error: aborting due to 1 previous error
[INFO] [stdout] 
[INFO] [stdout] For more information about this error, try `rustc --explain E0283`.
[INFO] [stdout] Couldn't compile the test.
[INFO] [stdout] ---- src/code/widget.rs - code::widget::Widget::drop_branch (line 102) stdout ----
[INFO] [stdout] error[E0283]: type annotations needed for `pathio::tree::PathTreeSingle<DataWrap<T>>`
[INFO] [stdout]   --> src/code/widget.rs:105:5
[INFO] [stdout]    |
[INFO] [stdout] 6  | let mut tree = UiTree::new("Ui");
[INFO] [stdout]    |     ^^^^^^^^   ----------- type must be known at this point
[INFO] [stdout]    |
[INFO] [stdout]    = note: cannot satisfy `_: Default`
[INFO] [stdout] note: required by a bound in `new`
[INFO] [stdout]   --> /opt/rustwide/workdir/src/code/tree.rs:19:17
[INFO] [stdout]    |
[INFO] [stdout] 19 | pub trait UiT<T:Default> {
[INFO] [stdout]    |                 ^^^^^^^ required by this bound in `UiT::new`
[INFO] [stdout] 20 |     /// Creates a new UiTree
[INFO] [stdout] 21 |     fn new (name: impl Borrow<str>) -> Self;
[INFO] [stdout]    |        --- required by a bound in this associated function
[INFO] [stdout] help: consider giving `tree` an explicit type, where the type for type parameter `T` is specified
[INFO] [stdout]    |
[INFO] [stdout] 6  | let mut tree: pathio::tree::PathTreeSingle<DataWrap<T>> = UiTree::new("Ui");
[INFO] [stdout]    |             +++++++++++++++++++++++++++++++++++++++++++
[INFO] [stdout] 
[INFO] [stdout] error: aborting due to 1 previous error
[INFO] [stdout] 
[INFO] [stdout] For more information about this error, try `rustc --explain E0283`.
[INFO] [stdout] Couldn't compile the test.
[INFO] [stdout] 
[INFO] [stdout] failures:
[INFO] [stdout]     src/code/widget.rs - code::widget::Widget::contains_position (line 280)
[INFO] [stdout]     src/code/widget.rs - code::widget::Widget::contains_position_ext (line 309)
[INFO] [stdout]     src/code/widget.rs - code::widget::Widget::create (line 49)
[INFO] [stdout]     src/code/widget.rs - code::widget::Widget::create (line 59)
[INFO] [stdout]     src/code/widget.rs - code::widget::Widget::drop_branch (line 102)
[INFO] [stdout]     src/code/widget.rs - code::widget::Widget::end (line 82)
[INFO] [stdout]     src/code/widget.rs - code::widget::Widget::fetch (line 166)
[INFO] [stdout]     src/code/widget.rs - code::widget::Widget::fetch_ext (line 193)
[INFO] [stdout]     src/code/widget.rs - code::widget::Widget::fetch_mut (line 223)
[INFO] [stdout]     src/code/widget.rs - code::widget::Widget::fetch_mut_ext (line 250)
[INFO] [stdout]     src/code/widget.rs - code::widget::Widget::name (line 143)
[INFO] [stdout]     src/code/widget.rs - code::widget::Widget::path (line 126)
[INFO] [stdout] 
[INFO] [stdout] test result: FAILED. 1 passed; 12 failed; 0 ignored; 0 measured; 0 filtered out; finished in 2.19s
[INFO] [stdout] 
[INFO] [stderr] error: doctest failed, to rerun pass `--doc`
[INFO] running `Command { std: "docker" "inspect" "524a634ef7e02c01fbbc2033df2c94027bc28ddec9bf362a24410ce925ca9768", kill_on_drop: false }`
[INFO] running `Command { std: "docker" "rm" "-f" "524a634ef7e02c01fbbc2033df2c94027bc28ddec9bf362a24410ce925ca9768", kill_on_drop: false }`
[INFO] [stdout] 524a634ef7e02c01fbbc2033df2c94027bc28ddec9bf362a24410ce925ca9768
