[INFO] fetching crate bevy_kot_ecs 0.8.0...
[INFO] testing bevy_kot_ecs-0.8.0 against 1.75.0 for beta-1.76-1
[INFO] extracting crate bevy_kot_ecs 0.8.0 into /workspace/builds/worker-1-tc1/source
[INFO] validating manifest of crates.io crate bevy_kot_ecs 0.8.0 on toolchain 1.75.0
[INFO] running `Command { std: CARGO_HOME="/workspace/cargo-home" RUSTUP_HOME="/workspace/rustup-home" "/workspace/cargo-home/bin/cargo" "+1.75.0" "metadata" "--manifest-path" "Cargo.toml" "--no-deps", kill_on_drop: false }`
[INFO] started tweaking crates.io crate bevy_kot_ecs 0.8.0
[INFO] finished tweaking crates.io crate bevy_kot_ecs 0.8.0
[INFO] tweaked toml for crates.io crate bevy_kot_ecs 0.8.0 written to /workspace/builds/worker-1-tc1/source/Cargo.toml
[INFO] running `Command { std: CARGO_HOME="/workspace/cargo-home" RUSTUP_HOME="/workspace/rustup-home" "/workspace/cargo-home/bin/cargo" "+1.75.0" "generate-lockfile" "--manifest-path" "Cargo.toml", kill_on_drop: false }`
[INFO] [stderr]     Updating crates.io index
[INFO] running `Command { std: CARGO_HOME="/workspace/cargo-home" RUSTUP_HOME="/workspace/rustup-home" "/workspace/cargo-home/bin/cargo" "+1.75.0" "fetch" "--manifest-path" "Cargo.toml", kill_on_drop: false }`
[INFO] [stderr]  Downloading crates ...
[INFO] [stderr]   Downloaded bevy_internal v0.11.3
[INFO] [stderr]   Downloaded bevy_hierarchy v0.11.3
[INFO] [stderr]   Downloaded bevy_utils v0.11.3
[INFO] [stderr]   Downloaded bevy_fn_plugin v0.1.2
[INFO] [stderr]   Downloaded bevy_utils_proc_macros v0.11.3
[INFO] [stderr]   Downloaded bevy_eventlistener_core v0.5.1
[INFO] [stderr]   Downloaded bevy_log v0.11.3
[INFO] [stderr]   Downloaded bevy_core v0.11.3
[INFO] [stderr]   Downloaded bevy_derive v0.11.3
[INFO] [stderr]   Downloaded bevy_app v0.11.3
[INFO] [stderr]   Downloaded accesskit v0.11.2
[INFO] [stderr]   Downloaded bevy_tasks v0.11.3
[INFO] [stderr]   Downloaded bevy_ecs v0.11.3
[INFO] [stderr]   Downloaded glam v0.24.2
[INFO] [stderr]   Downloaded bevy v0.11.3
[INFO] [stderr]   Downloaded bevy_reflect v0.11.3
[INFO] [stderr]   Downloaded bevy_input v0.11.3
[INFO] [stderr]   Downloaded bevy_reflect_derive v0.11.3
[INFO] [stderr]   Downloaded bevy_diagnostic v0.11.3
[INFO] [stderr]   Downloaded bevy_transform v0.11.3
[INFO] [stderr]   Downloaded bevy_macro_utils v0.11.3
[INFO] [stderr]   Downloaded bevy_time v0.11.3
[INFO] [stderr]   Downloaded bevy_math v0.11.3
[INFO] [stderr]   Downloaded bevy_ptr v0.11.3
[INFO] [stderr]   Downloaded bevy_ecs_macros v0.11.3
[INFO] [stderr]   Downloaded bevy_kot_utils v0.8.0
[INFO] [stderr]   Downloaded bevy_window v0.11.3
[INFO] [stderr]   Downloaded bevy_a11y v0.11.3
[INFO] running `Command { std: "docker" "create" "-v" "/var/lib/crater-agent-workspace/builds/worker-1-tc1/target:/opt/rustwide/target:rw,Z" "-v" "/var/lib/crater-agent-workspace/builds/worker-1-tc1/source:/opt/rustwide/workdir:ro,Z" "-v" "/var/lib/crater-agent-workspace/cargo-home:/opt/rustwide/cargo-home:ro,Z" "-v" "/var/lib/crater-agent-workspace/rustup-home:/opt/rustwide/rustup-home:ro,Z" "-e" "SOURCE_DIR=/opt/rustwide/workdir" "-e" "CARGO_TARGET_DIR=/opt/rustwide/target" "-e" "CARGO_HOME=/opt/rustwide/cargo-home" "-e" "RUSTUP_HOME=/opt/rustwide/rustup-home" "-w" "/opt/rustwide/workdir" "-m" "1610612736" "--user" "0:0" "--network" "none" "ghcr.io/rust-lang/crates-build-env/linux@sha256:2788e3201cd34a07e3172128adcd8b3090168a8e3bcc40d7c032b9dda1df7d1c" "/opt/rustwide/cargo-home/bin/cargo" "+1.75.0" "metadata" "--no-deps" "--format-version=1", kill_on_drop: false }`
[INFO] [stdout] 8a2ac148158961f3571af20cd8e3e18a33db5a49b88439f4a41bd6050d81323c
[INFO] running `Command { std: "docker" "start" "-a" "8a2ac148158961f3571af20cd8e3e18a33db5a49b88439f4a41bd6050d81323c", kill_on_drop: false }`
[INFO] running `Command { std: "docker" "inspect" "8a2ac148158961f3571af20cd8e3e18a33db5a49b88439f4a41bd6050d81323c", kill_on_drop: false }`
[INFO] running `Command { std: "docker" "rm" "-f" "8a2ac148158961f3571af20cd8e3e18a33db5a49b88439f4a41bd6050d81323c", kill_on_drop: false }`
[INFO] [stdout] 8a2ac148158961f3571af20cd8e3e18a33db5a49b88439f4a41bd6050d81323c
[INFO] running `Command { std: "docker" "create" "-v" "/var/lib/crater-agent-workspace/builds/worker-1-tc1/target:/opt/rustwide/target:rw,Z" "-v" "/var/lib/crater-agent-workspace/builds/worker-1-tc1/source:/opt/rustwide/workdir:ro,Z" "-v" "/var/lib/crater-agent-workspace/cargo-home:/opt/rustwide/cargo-home:ro,Z" "-v" "/var/lib/crater-agent-workspace/rustup-home:/opt/rustwide/rustup-home:ro,Z" "-e" "SOURCE_DIR=/opt/rustwide/workdir" "-e" "CARGO_TARGET_DIR=/opt/rustwide/target" "-e" "CARGO_INCREMENTAL=0" "-e" "RUST_BACKTRACE=full" "-e" "RUSTFLAGS=--cap-lints=warn" "-e" "RUSTDOCFLAGS=--cap-lints=warn" "-e" "CARGO_HOME=/opt/rustwide/cargo-home" "-e" "RUSTUP_HOME=/opt/rustwide/rustup-home" "-w" "/opt/rustwide/workdir" "-m" "1610612736" "--user" "0:0" "--network" "none" "ghcr.io/rust-lang/crates-build-env/linux@sha256:2788e3201cd34a07e3172128adcd8b3090168a8e3bcc40d7c032b9dda1df7d1c" "/opt/rustwide/cargo-home/bin/cargo" "+1.75.0" "build" "--frozen" "--message-format=json", kill_on_drop: false }`
[INFO] [stdout] 2f7de98cd7f0b00e945c1ae0905d9f40ecc5babfefddb233d6cd4637673b1140
[INFO] running `Command { std: "docker" "start" "-a" "2f7de98cd7f0b00e945c1ae0905d9f40ecc5babfefddb233d6cd4637673b1140", kill_on_drop: false }`
[INFO] [stderr]    Compiling crossbeam-utils v0.8.18
[INFO] [stderr]    Compiling version_check v0.9.4
[INFO] [stderr]    Compiling parking v2.2.0
[INFO] [stderr]    Compiling hashbrown v0.14.3
[INFO] [stderr]    Compiling getrandom v0.2.11
[INFO] [stderr]    Compiling winnow v0.5.32
[INFO] [stderr]    Compiling toml_datetime v0.6.5
[INFO] [stderr]    Compiling zerocopy v0.7.32
[INFO] [stderr]    Compiling rustc-hash v1.1.0
[INFO] [stderr]    Compiling allocator-api2 v0.2.16
[INFO] [stderr]    Compiling smallvec v1.11.2
[INFO] [stderr]    Compiling tracing v0.1.40
[INFO] [stderr]    Compiling ahash v0.8.7
[INFO] [stderr]    Compiling bit-vec v0.6.3
[INFO] [stderr]    Compiling fixedbitset v0.4.2
[INFO] [stderr]    Compiling bytemuck v1.14.0
[INFO] [stderr]    Compiling uuid v1.6.1
[INFO] [stderr]    Compiling indexmap v2.1.0
[INFO] [stderr]    Compiling bit-set v0.5.3
[INFO] [stderr]    Compiling parking_lot_core v0.9.9
[INFO] [stderr]    Compiling glam v0.24.2
[INFO] [stderr]    Compiling bevy_utils_proc_macros v0.11.3
[INFO] [stderr]    Compiling concurrent-queue v2.4.0
[INFO] [stderr]    Compiling futures-lite v2.1.0
[INFO] [stderr]    Compiling instant v0.1.12
[INFO] [stderr]    Compiling event-listener v4.0.2
[INFO] [stderr]    Compiling fastrand v1.9.0
[INFO] [stderr]    Compiling fastrand v2.0.1
[INFO] [stderr]    Compiling event-listener-strategy v0.4.0
[INFO] [stderr]    Compiling waker-fn v1.1.1
[INFO] [stderr]    Compiling async-lock v3.2.0
[INFO] [stderr]    Compiling async-task v4.7.0
[INFO] [stderr]    Compiling futures-io v0.3.30
[INFO] [stderr]    Compiling event-listener v2.5.3
[INFO] [stderr]    Compiling futures-lite v1.13.0
[INFO] [stderr]    Compiling parking_lot v0.12.1
[INFO] [stderr]    Compiling toml_edit v0.19.15
[INFO] [stderr]    Compiling async-channel v1.9.0
[INFO] [stderr]    Compiling erased-serde v0.3.31
[INFO] [stderr]    Compiling bevy_ptr v0.11.3
[INFO] [stderr]    Compiling downcast-rs v1.2.0
[INFO] [stderr]    Compiling smol_str v0.2.0
[INFO] [stderr]    Compiling regex-syntax v0.8.2
[INFO] [stderr]    Compiling async-executor v1.8.0
[INFO] [stderr]    Compiling petgraph v0.6.4
[INFO] [stderr]    Compiling regex-syntax v0.6.29
[INFO] [stderr]    Compiling bevy_tasks v0.11.3
[INFO] [stderr]    Compiling tracing-log v0.1.4
[INFO] [stderr]    Compiling crossbeam-channel v0.5.10
[INFO] [stderr]    Compiling proc-macro-error-attr v1.0.4
[INFO] [stderr]    Compiling syn v1.0.109
[INFO] [stderr]    Compiling proc-macro-error v1.0.4
[INFO] [stderr]    Compiling bevy_macro_utils v0.11.3
[INFO] [stderr]    Compiling bevy_math v0.11.3
[INFO] [stderr]    Compiling sysinfo v0.29.11
[INFO] [stderr]    Compiling raw-window-handle v0.5.2
[INFO] [stderr]    Compiling regex-automata v0.4.3
[INFO] [stderr]    Compiling accesskit v0.11.2
[INFO] [stderr]    Compiling bevy_utils v0.11.3
[INFO] [stderr]    Compiling regex-automata v0.1.10
[INFO] [stderr]    Compiling crossbeam-epoch v0.9.17
[INFO] [stderr]    Compiling crossbeam-deque v0.8.4
[INFO] [stderr]    Compiling crossbeam-queue v0.3.10
[INFO] [stderr]    Compiling bevy_reflect_derive v0.11.3
[INFO] [stderr]    Compiling bevy_ecs_macros v0.11.3
[INFO] [stderr]    Compiling bevy_derive v0.11.3
[INFO] [stderr]    Compiling matchers v0.1.0
[INFO] [stderr]    Compiling regex v1.10.2
[INFO] [stderr]    Compiling bevy_fn_plugin v0.1.2
[INFO] [stderr]    Compiling crossbeam v0.8.3
[INFO] [stderr]    Compiling async-channel v2.1.1
[INFO] [stderr]    Compiling tracing-subscriber v0.3.18
[INFO] [stderr]    Compiling fxhash v0.2.1
[INFO] [stderr]    Compiling bevy_reflect v0.11.3
[INFO] [stderr]    Compiling bevy_ecs v0.11.3
[INFO] [stderr]    Compiling bevy_app v0.11.3
[INFO] [stderr]    Compiling bevy_log v0.11.3
[INFO] [stderr]    Compiling bevy_core v0.11.3
[INFO] [stderr]    Compiling bevy_time v0.11.3
[INFO] [stderr]    Compiling bevy_input v0.11.3
[INFO] [stderr]    Compiling bevy_a11y v0.11.3
[INFO] [stderr]    Compiling bevy_hierarchy v0.11.3
[INFO] [stderr]    Compiling bevy_diagnostic v0.11.3
[INFO] [stderr]    Compiling bevy_transform v0.11.3
[INFO] [stderr]    Compiling bevy_eventlistener_core v0.5.1
[INFO] [stderr]    Compiling bevy_window v0.11.3
[INFO] [stderr]    Compiling bevy_internal v0.11.3
[INFO] [stderr]    Compiling bevy v0.11.3
[INFO] [stderr]    Compiling bevy_kot_utils v0.8.0
[INFO] [stderr]    Compiling bevy_kot_ecs v0.8.0 (/opt/rustwide/workdir)
[INFO] [stderr]     Finished dev [unoptimized + debuginfo] target(s) in 1m 04s
[INFO] running `Command { std: "docker" "inspect" "2f7de98cd7f0b00e945c1ae0905d9f40ecc5babfefddb233d6cd4637673b1140", kill_on_drop: false }`
[INFO] running `Command { std: "docker" "rm" "-f" "2f7de98cd7f0b00e945c1ae0905d9f40ecc5babfefddb233d6cd4637673b1140", kill_on_drop: false }`
[INFO] [stdout] 2f7de98cd7f0b00e945c1ae0905d9f40ecc5babfefddb233d6cd4637673b1140
[INFO] running `Command { std: "docker" "create" "-v" "/var/lib/crater-agent-workspace/builds/worker-1-tc1/target:/opt/rustwide/target:rw,Z" "-v" "/var/lib/crater-agent-workspace/builds/worker-1-tc1/source:/opt/rustwide/workdir:ro,Z" "-v" "/var/lib/crater-agent-workspace/cargo-home:/opt/rustwide/cargo-home:ro,Z" "-v" "/var/lib/crater-agent-workspace/rustup-home:/opt/rustwide/rustup-home:ro,Z" "-e" "SOURCE_DIR=/opt/rustwide/workdir" "-e" "CARGO_TARGET_DIR=/opt/rustwide/target" "-e" "CARGO_INCREMENTAL=0" "-e" "RUST_BACKTRACE=full" "-e" "RUSTFLAGS=--cap-lints=warn" "-e" "RUSTDOCFLAGS=--cap-lints=warn" "-e" "CARGO_HOME=/opt/rustwide/cargo-home" "-e" "RUSTUP_HOME=/opt/rustwide/rustup-home" "-w" "/opt/rustwide/workdir" "-m" "1610612736" "--user" "0:0" "--network" "none" "ghcr.io/rust-lang/crates-build-env/linux@sha256:2788e3201cd34a07e3172128adcd8b3090168a8e3bcc40d7c032b9dda1df7d1c" "/opt/rustwide/cargo-home/bin/cargo" "+1.75.0" "test" "--frozen" "--no-run" "--message-format=json", kill_on_drop: false }`
[INFO] [stdout] 6fefde115fd7ec3d2c9fe6ec5ec418d9bb916240cebc4daea2b14544aa252018
[INFO] running `Command { std: "docker" "start" "-a" "6fefde115fd7ec3d2c9fe6ec5ec418d9bb916240cebc4daea2b14544aa252018", kill_on_drop: false }`
[INFO] [stderr]     Finished test [unoptimized + debuginfo] target(s) in 0.21s
[INFO] running `Command { std: "docker" "inspect" "6fefde115fd7ec3d2c9fe6ec5ec418d9bb916240cebc4daea2b14544aa252018", kill_on_drop: false }`
[INFO] running `Command { std: "docker" "rm" "-f" "6fefde115fd7ec3d2c9fe6ec5ec418d9bb916240cebc4daea2b14544aa252018", kill_on_drop: false }`
[INFO] [stdout] 6fefde115fd7ec3d2c9fe6ec5ec418d9bb916240cebc4daea2b14544aa252018
[INFO] running `Command { std: "docker" "create" "-v" "/var/lib/crater-agent-workspace/builds/worker-1-tc1/target:/opt/rustwide/target:rw,Z" "-v" "/var/lib/crater-agent-workspace/builds/worker-1-tc1/source:/opt/rustwide/workdir:ro,Z" "-v" "/var/lib/crater-agent-workspace/cargo-home:/opt/rustwide/cargo-home:ro,Z" "-v" "/var/lib/crater-agent-workspace/rustup-home:/opt/rustwide/rustup-home:ro,Z" "-e" "SOURCE_DIR=/opt/rustwide/workdir" "-e" "CARGO_TARGET_DIR=/opt/rustwide/target" "-e" "CARGO_INCREMENTAL=0" "-e" "RUST_BACKTRACE=full" "-e" "RUSTFLAGS=--cap-lints=warn" "-e" "RUSTDOCFLAGS=--cap-lints=warn" "-e" "CARGO_HOME=/opt/rustwide/cargo-home" "-e" "RUSTUP_HOME=/opt/rustwide/rustup-home" "-w" "/opt/rustwide/workdir" "-m" "1610612736" "--user" "0:0" "--network" "none" "ghcr.io/rust-lang/crates-build-env/linux@sha256:2788e3201cd34a07e3172128adcd8b3090168a8e3bcc40d7c032b9dda1df7d1c" "/opt/rustwide/cargo-home/bin/cargo" "+1.75.0" "test" "--frozen", kill_on_drop: false }`
[INFO] [stdout] fb62dfeb3e745b9661530172f07b0be9a914c7a1f6f11915bb5bb2f0a68d907d
[INFO] running `Command { std: "docker" "start" "-a" "fb62dfeb3e745b9661530172f07b0be9a914c7a1f6f11915bb5bb2f0a68d907d", kill_on_drop: false }`
[INFO] [stderr]     Finished test [unoptimized + debuginfo] target(s) in 0.14s
[INFO] [stderr]    Doc-tests bevy_kot_ecs
[INFO] [stdout] 
[INFO] [stdout] running 7 tests
[INFO] [stdout] test src/react/react_commands.rs - react::react_commands::ReactCommands<'w,'s>::on_despawn (line 258) - compile ... FAILED
[INFO] [stdout] test src/react/react_commands.rs - react::react_commands::ReactCommands<'w,'s>::on (line 236) - compile ... FAILED
[INFO] [stdout] test src/system_callers.rs - system_callers::syscall (line 282) ... FAILED
[INFO] [stdout] test src/system_callers.rs - system_callers::named_syscall (line 584) ... FAILED
[INFO] [stdout] test src/system_callers.rs - system_callers::call_basic (line 211) ... FAILED
[INFO] [stdout] test src/system_callers.rs - system_callers::call (line 150) ... FAILED
[INFO] [stdout] test src/system_callers.rs - system_callers::spawned_syscall (line 440) ... FAILED
[INFO] [stdout] 
[INFO] [stdout] failures:
[INFO] [stdout] 
[INFO] [stdout] ---- src/react/react_commands.rs - react::react_commands::ReactCommands<'w,'s>::on_despawn (line 258) stdout ----
[INFO] [stdout] error[E0425]: cannot find value `rcommands` in this scope
[INFO] [stdout]  --> src/react/react_commands.rs:259:1
[INFO] [stdout]   |
[INFO] [stdout] 3 | rcommands.on_despawn(entity, my_reactor_system).expect("entity is missing");
[INFO] [stdout]   | ^^^^^^^^^ not found in this scope
[INFO] [stdout] 
[INFO] [stdout] error[E0425]: cannot find value `entity` in this scope
[INFO] [stdout]  --> src/react/react_commands.rs:259:22
[INFO] [stdout]   |
[INFO] [stdout] 3 | rcommands.on_despawn(entity, my_reactor_system).expect("entity is missing");
[INFO] [stdout]   |                      ^^^^^^ not found in this scope
[INFO] [stdout] 
[INFO] [stdout] error[E0425]: cannot find value `my_reactor_system` in this scope
[INFO] [stdout]  --> src/react/react_commands.rs:259:30
[INFO] [stdout]   |
[INFO] [stdout] 3 | rcommands.on_despawn(entity, my_reactor_system).expect("entity is missing");
[INFO] [stdout]   |                              ^^^^^^^^^^^^^^^^^ not found in this scope
[INFO] [stdout] 
[INFO] [stdout] error: aborting due to 3 previous errors
[INFO] [stdout] 
[INFO] [stdout] For more information about this error, try `rustc --explain E0425`.
[INFO] [stdout] Couldn't compile the test.
[INFO] [stdout] ---- src/react/react_commands.rs - react::react_commands::ReactCommands<'w,'s>::on (line 236) stdout ----
[INFO] [stdout] error[E0425]: cannot find value `rcommands` in this scope
[INFO] [stdout]  --> src/react/react_commands.rs:237:1
[INFO] [stdout]   |
[INFO] [stdout] 3 | rcommands.on((resource_mutation::<MyRes>(), component_mutation::<MyComponent>()), my_reactor_system);
[INFO] [stdout]   | ^^^^^^^^^ not found in this scope
[INFO] [stdout] 
[INFO] [stdout] error[E0425]: cannot find function `resource_mutation` in this scope
[INFO] [stdout]  --> src/react/react_commands.rs:237:15
[INFO] [stdout]   |
[INFO] [stdout] 3 | rcommands.on((resource_mutation::<MyRes>(), component_mutation::<MyComponent>()), my_reactor_system);
[INFO] [stdout]   |               ^^^^^^^^^^^^^^^^^ not found in this scope
[INFO] [stdout]   |
[INFO] [stdout] help: consider importing this function
[INFO] [stdout]   |
[INFO] [stdout] 2 + use bevy_kot_ecs::resource_mutation;
[INFO] [stdout]   |
[INFO] [stdout] 
[INFO] [stdout] error[E0412]: cannot find type `MyRes` in this scope
[INFO] [stdout]  --> src/react/react_commands.rs:237:35
[INFO] [stdout]   |
[INFO] [stdout] 3 | rcommands.on((resource_mutation::<MyRes>(), component_mutation::<MyComponent>()), my_reactor_system);
[INFO] [stdout]   |                                   ^^^^^ not found in this scope
[INFO] [stdout]   |
[INFO] [stdout] help: you might be missing a type parameter
[INFO] [stdout]   |
[INFO] [stdout] 2 | fn main() { #[allow(non_snake_case)] fn _doctest_main_src_react_react_commands_rs_236_0<MyRes>() {
[INFO] [stdout]   |                                                                                        +++++++
[INFO] [stdout] 
[INFO] [stdout] error[E0412]: cannot find type `MyComponent` in this scope
[INFO] [stdout]  --> src/react/react_commands.rs:237:66
[INFO] [stdout]   |
[INFO] [stdout] 3 | rcommands.on((resource_mutation::<MyRes>(), component_mutation::<MyComponent>()), my_reactor_system);
[INFO] [stdout]   |                                                                  ^^^^^^^^^^^ not found in this scope
[INFO] [stdout]   |
[INFO] [stdout] help: you might be missing a type parameter
[INFO] [stdout]   |
[INFO] [stdout] 2 | fn main() { #[allow(non_snake_case)] fn _doctest_main_src_react_react_commands_rs_236_0<MyComponent>() {
[INFO] [stdout]   |                                                                                        +++++++++++++
[INFO] [stdout] 
[INFO] [stdout] error[E0425]: cannot find value `my_reactor_system` in this scope
[INFO] [stdout]  --> src/react/react_commands.rs:237:83
[INFO] [stdout]   |
[INFO] [stdout] 3 | rcommands.on((resource_mutation::<MyRes>(), component_mutation::<MyComponent>()), my_reactor_system);
[INFO] [stdout]   |                                                                                   ^^^^^^^^^^^^^^^^^ not found in this scope
[INFO] [stdout] 
[INFO] [stdout] error[E0425]: cannot find function `component_mutation` in this scope
[INFO] [stdout]  --> src/react/react_commands.rs:237:45
[INFO] [stdout]   |
[INFO] [stdout] 3 | rcommands.on((resource_mutation::<MyRes>(), component_mutation::<MyComponent>()), my_reactor_system);
[INFO] [stdout]   |                                             ^^^^^^^^^^^^^^^^^^ not found in this scope
[INFO] [stdout] 
[INFO] [stdout] error: aborting due to 6 previous errors
[INFO] [stdout] 
[INFO] [stdout] Some errors have detailed explanations: E0412, E0425.
[INFO] [stdout] For more information about an error, try `rustc --explain E0412`.
[INFO] [stdout] Couldn't compile the test.
[INFO] [stdout] ---- src/system_callers.rs - system_callers::syscall (line 282) stdout ----
[INFO] [stdout] error[E0433]: failed to resolve: use of undeclared crate or module `bevy_kot`
[INFO] [stdout]  --> src/system_callers.rs:283:5
[INFO] [stdout]   |
[INFO] [stdout] 3 | use bevy_kot::ecs::*;
[INFO] [stdout]   |     ^^^^^^^^ use of undeclared crate or module `bevy_kot`
[INFO] [stdout] 
[INFO] [stdout] error[E0425]: cannot find function `syscall` in this scope
[INFO] [stdout]   --> src/system_callers.rs:295:1
[INFO] [stdout]    |
[INFO] [stdout] 15 | syscall(&mut world, 0u16, test_system);
[INFO] [stdout]    | ^^^^^^^ not found in this scope
[INFO] [stdout]    |
[INFO] [stdout] help: consider importing this function
[INFO] [stdout]    |
[INFO] [stdout] 2  + use bevy_kot_ecs::syscall;
[INFO] [stdout]    |
[INFO] [stdout] 
[INFO] [stdout] error[E0425]: cannot find function `syscall` in this scope
[INFO] [stdout]   --> src/system_callers.rs:296:1
[INFO] [stdout]    |
[INFO] [stdout] 16 | syscall(&mut world, 1u16, test_system);  //Local is preserved
[INFO] [stdout]    | ^^^^^^^ not found in this scope
[INFO] [stdout]    |
[INFO] [stdout] help: consider importing this function
[INFO] [stdout]    |
[INFO] [stdout] 2  + use bevy_kot_ecs::syscall;
[INFO] [stdout]    |
[INFO] [stdout] 
[INFO] [stdout] error[E0425]: cannot find function `syscall` in this scope
[INFO] [stdout]   --> src/system_callers.rs:306:12
[INFO] [stdout]    |
[INFO] [stdout] 26 | assert_eq!(syscall(&mut world, 1u16, test_function), 2u16);
[INFO] [stdout]    |            ^^^^^^^ not found in this scope
[INFO] [stdout]    |
[INFO] [stdout] help: consider importing this function
[INFO] [stdout]    |
[INFO] [stdout] 2  + use bevy_kot_ecs::syscall;
[INFO] [stdout]    |
[INFO] [stdout] 
[INFO] [stdout] error: aborting due to 4 previous errors
[INFO] [stdout] 
[INFO] [stdout] Some errors have detailed explanations: E0425, E0433.
[INFO] [stdout] For more information about an error, try `rustc --explain E0425`.
[INFO] [stdout] Couldn't compile the test.
[INFO] [stdout] ---- src/system_callers.rs - system_callers::named_syscall (line 584) stdout ----
[INFO] [stdout] error[E0433]: failed to resolve: use of undeclared crate or module `bevy_kot`
[INFO] [stdout]  --> src/system_callers.rs:585:5
[INFO] [stdout]   |
[INFO] [stdout] 3 | use bevy_kot::ecs::*;
[INFO] [stdout]   |     ^^^^^^^^ use of undeclared crate or module `bevy_kot`
[INFO] [stdout] 
[INFO] [stdout] error[E0425]: cannot find function `named_syscall` in this scope
[INFO] [stdout]   --> src/system_callers.rs:596:12
[INFO] [stdout]    |
[INFO] [stdout] 14 | assert_eq!(named_syscall(&mut world, "a", 1u16, test_system), 1);
[INFO] [stdout]    |            ^^^^^^^^^^^^^ not found in this scope
[INFO] [stdout]    |
[INFO] [stdout] help: consider importing this function
[INFO] [stdout]    |
[INFO] [stdout] 2  + use bevy_kot_ecs::named_syscall;
[INFO] [stdout]    |
[INFO] [stdout] 
[INFO] [stdout] error[E0425]: cannot find function `named_syscall` in this scope
[INFO] [stdout]   --> src/system_callers.rs:597:12
[INFO] [stdout]    |
[INFO] [stdout] 15 | assert_eq!(named_syscall(&mut world, "a", 1u16, test_system), 2);    //Local is preserved
[INFO] [stdout]    |            ^^^^^^^^^^^^^ not found in this scope
[INFO] [stdout]    |
[INFO] [stdout] help: consider importing this function
[INFO] [stdout]    |
[INFO] [stdout] 2  + use bevy_kot_ecs::named_syscall;
[INFO] [stdout]    |
[INFO] [stdout] 
[INFO] [stdout] error[E0425]: cannot find function `named_syscall` in this scope
[INFO] [stdout]   --> src/system_callers.rs:598:12
[INFO] [stdout]    |
[INFO] [stdout] 16 | assert_eq!(named_syscall(&mut world, "b", 10u16, test_system), 10);  //new Local
[INFO] [stdout]    |            ^^^^^^^^^^^^^ not found in this scope
[INFO] [stdout]    |
[INFO] [stdout] help: consider importing this function
[INFO] [stdout]    |
[INFO] [stdout] 2  + use bevy_kot_ecs::named_syscall;
[INFO] [stdout]    |
[INFO] [stdout] 
[INFO] [stdout] error[E0425]: cannot find function `named_syscall` in this scope
[INFO] [stdout]   --> src/system_callers.rs:599:12
[INFO] [stdout]    |
[INFO] [stdout] 17 | assert_eq!(named_syscall(&mut world, "b", 10u16, test_system), 20);
[INFO] [stdout]    |            ^^^^^^^^^^^^^ not found in this scope
[INFO] [stdout]    |
[INFO] [stdout] help: consider importing this function
[INFO] [stdout]    |
[INFO] [stdout] 2  + use bevy_kot_ecs::named_syscall;
[INFO] [stdout]    |
[INFO] [stdout] 
[INFO] [stdout] error: aborting due to 5 previous errors
[INFO] [stdout] 
[INFO] [stdout] Some errors have detailed explanations: E0425, E0433.
[INFO] [stdout] For more information about an error, try `rustc --explain E0425`.
[INFO] [stdout] Couldn't compile the test.
[INFO] [stdout] ---- src/system_callers.rs - system_callers::call_basic (line 211) stdout ----
[INFO] [stdout] error[E0433]: failed to resolve: use of undeclared crate or module `bevy_kot`
[INFO] [stdout]  --> src/system_callers.rs:212:5
[INFO] [stdout]   |
[INFO] [stdout] 3 | use bevy_kot::ecs::*;
[INFO] [stdout]   |     ^^^^^^^^ use of undeclared crate or module `bevy_kot`
[INFO] [stdout] 
[INFO] [stdout] error[E0405]: cannot find trait `BasicCallableSystem` in this scope
[INFO] [stdout]   --> src/system_callers.rs:231:14
[INFO] [stdout]    |
[INFO] [stdout] 22 | impl<'w, 's> BasicCallableSystem for BasicCallableTest<'w, 's>
[INFO] [stdout]    |              ^^^^^^^^^^^^^^^^^^^ not found in this scope
[INFO] [stdout]    |
[INFO] [stdout] help: consider importing this trait
[INFO] [stdout]    |
[INFO] [stdout] 2  + use bevy_kot_ecs::BasicCallableSystem;
[INFO] [stdout]    |
[INFO] [stdout] 
[INFO] [stdout] error[E0412]: cannot find type `CallId` in this scope
[INFO] [stdout]   --> src/system_callers.rs:233:70
[INFO] [stdout]    |
[INFO] [stdout] 24 |     fn system(world: &mut World, state: &mut SystemState<Self>, _id: CallId)
[INFO] [stdout]    |                                                                      ^^^^^^ not found in this scope
[INFO] [stdout]    |
[INFO] [stdout] help: consider importing this struct
[INFO] [stdout]    |
[INFO] [stdout] 2  + use bevy_kot_ecs::CallId;
[INFO] [stdout]    |
[INFO] [stdout] 
[INFO] [stdout] error[E0425]: cannot find function `call_basic` in this scope
[INFO] [stdout]   --> src/system_callers.rs:246:1
[INFO] [stdout]    |
[INFO] [stdout] 37 | call_basic::<BasicCallableTest>(&mut world, CallId::new("a"));
[INFO] [stdout]    | ^^^^^^^^^^ not found in this scope
[INFO] [stdout]    |
[INFO] [stdout] help: consider importing this function
[INFO] [stdout]    |
[INFO] [stdout] 2  + use bevy_kot_ecs::call_basic;
[INFO] [stdout]    |
[INFO] [stdout] 
[INFO] [stdout] error[E0433]: failed to resolve: use of undeclared type `CallId`
[INFO] [stdout]   --> src/system_callers.rs:246:45
[INFO] [stdout]    |
[INFO] [stdout] 37 | call_basic::<BasicCallableTest>(&mut world, CallId::new("a"));
[INFO] [stdout]    |                                             ^^^^^^ use of undeclared type `CallId`
[INFO] [stdout]    |
[INFO] [stdout] help: consider importing this struct
[INFO] [stdout]    |
[INFO] [stdout] 2  + use bevy_kot_ecs::CallId;
[INFO] [stdout]    |
[INFO] [stdout] 
[INFO] [stdout] error[E0425]: cannot find function `call_basic` in this scope
[INFO] [stdout]   --> src/system_callers.rs:247:1
[INFO] [stdout]    |
[INFO] [stdout] 38 | call_basic::<BasicCallableTest>(&mut world, CallId::new("a"));
[INFO] [stdout]    | ^^^^^^^^^^ not found in this scope
[INFO] [stdout]    |
[INFO] [stdout] help: consider importing this function
[INFO] [stdout]    |
[INFO] [stdout] 2  + use bevy_kot_ecs::call_basic;
[INFO] [stdout]    |
[INFO] [stdout] 
[INFO] [stdout] error[E0433]: failed to resolve: use of undeclared type `CallId`
[INFO] [stdout]   --> src/system_callers.rs:247:45
[INFO] [stdout]    |
[INFO] [stdout] 38 | call_basic::<BasicCallableTest>(&mut world, CallId::new("a"));
[INFO] [stdout]    |                                             ^^^^^^ use of undeclared type `CallId`
[INFO] [stdout]    |
[INFO] [stdout] help: consider importing this struct
[INFO] [stdout]    |
[INFO] [stdout] 2  + use bevy_kot_ecs::CallId;
[INFO] [stdout]    |
[INFO] [stdout] 
[INFO] [stdout] error[E0425]: cannot find function `call_basic` in this scope
[INFO] [stdout]   --> src/system_callers.rs:249:1
[INFO] [stdout]    |
[INFO] [stdout] 40 | call_basic::<BasicCallableTest>(&mut world, CallId::new("b"));
[INFO] [stdout]    | ^^^^^^^^^^ not found in this scope
[INFO] [stdout]    |
[INFO] [stdout] help: consider importing this function
[INFO] [stdout]    |
[INFO] [stdout] 2  + use bevy_kot_ecs::call_basic;
[INFO] [stdout]    |
[INFO] [stdout] 
[INFO] [stdout] error[E0433]: failed to resolve: use of undeclared type `CallId`
[INFO] [stdout]   --> src/system_callers.rs:249:45
[INFO] [stdout]    |
[INFO] [stdout] 40 | call_basic::<BasicCallableTest>(&mut world, CallId::new("b"));
[INFO] [stdout]    |                                             ^^^^^^ use of undeclared type `CallId`
[INFO] [stdout]    |
[INFO] [stdout] help: consider importing this struct
[INFO] [stdout]    |
[INFO] [stdout] 2  + use bevy_kot_ecs::CallId;
[INFO] [stdout]    |
[INFO] [stdout] 
[INFO] [stdout] error[E0425]: cannot find function `call_basic` in this scope
[INFO] [stdout]   --> src/system_callers.rs:250:1
[INFO] [stdout]    |
[INFO] [stdout] 41 | call_basic::<BasicCallableTest>(&mut world, CallId::new("b"));
[INFO] [stdout]    | ^^^^^^^^^^ not found in this scope
[INFO] [stdout]    |
[INFO] [stdout] help: consider importing this function
[INFO] [stdout]    |
[INFO] [stdout] 2  + use bevy_kot_ecs::call_basic;
[INFO] [stdout]    |
[INFO] [stdout] 
[INFO] [stdout] error[E0433]: failed to resolve: use of undeclared type `CallId`
[INFO] [stdout]   --> src/system_callers.rs:250:45
[INFO] [stdout]    |
[INFO] [stdout] 41 | call_basic::<BasicCallableTest>(&mut world, CallId::new("b"));
[INFO] [stdout]    |                                             ^^^^^^ use of undeclared type `CallId`
[INFO] [stdout]    |
[INFO] [stdout] help: consider importing this struct
[INFO] [stdout]    |
[INFO] [stdout] 2  + use bevy_kot_ecs::CallId;
[INFO] [stdout]    |
[INFO] [stdout] 
[INFO] [stdout] error: aborting due to 11 previous errors
[INFO] [stdout] 
[INFO] [stdout] Some errors have detailed explanations: E0405, E0412, E0425, E0433.
[INFO] [stdout] For more information about an error, try `rustc --explain E0405`.
[INFO] [stdout] Couldn't compile the test.
[INFO] [stdout] ---- src/system_callers.rs - system_callers::call (line 150) stdout ----
[INFO] [stdout] error[E0433]: failed to resolve: use of undeclared crate or module `bevy_kot`
[INFO] [stdout]  --> src/system_callers.rs:151:5
[INFO] [stdout]   |
[INFO] [stdout] 3 | use bevy_kot::ecs::*;
[INFO] [stdout]   |     ^^^^^^^^ use of undeclared crate or module `bevy_kot`
[INFO] [stdout] 
[INFO] [stdout] error[E0405]: cannot find trait `CallableSystem` in this scope
[INFO] [stdout]   --> src/system_callers.rs:167:14
[INFO] [stdout]    |
[INFO] [stdout] 19 | impl<'w, 's> CallableSystem for CallableTest<'w, 's>
[INFO] [stdout]    |              ^^^^^^^^^^^^^^ not found in this scope
[INFO] [stdout]    |
[INFO] [stdout] help: consider importing this trait
[INFO] [stdout]    |
[INFO] [stdout] 2  + use bevy_kot_ecs::CallableSystem;
[INFO] [stdout]    |
[INFO] [stdout] 
[INFO] [stdout] error[E0412]: cannot find type `CallId` in this scope
[INFO] [stdout]   --> src/system_callers.rs:171:70
[INFO] [stdout]    |
[INFO] [stdout] 23 |     fn system(world: &mut World, state: &mut SystemState<Self>, _id: CallId, test_counter: usize)
[INFO] [stdout]    |                                                                      ^^^^^^ not found in this scope
[INFO] [stdout]    |
[INFO] [stdout] help: consider importing this struct
[INFO] [stdout]    |
[INFO] [stdout] 2  + use bevy_kot_ecs::CallId;
[INFO] [stdout]    |
[INFO] [stdout] 
[INFO] [stdout] error[E0425]: cannot find function `call` in this scope
[INFO] [stdout]   --> src/system_callers.rs:184:1
[INFO] [stdout]    |
[INFO] [stdout] 36 | call::<CallableTest>(&mut world, CallId::new("a"), 0);
[INFO] [stdout]    | ^^^^ not found in this scope
[INFO] [stdout]    |
[INFO] [stdout] help: consider importing this function
[INFO] [stdout]    |
[INFO] [stdout] 2  + use bevy_kot_ecs::call;
[INFO] [stdout]    |
[INFO] [stdout] 
[INFO] [stdout] error[E0433]: failed to resolve: use of undeclared type `CallId`
[INFO] [stdout]   --> src/system_callers.rs:184:34
[INFO] [stdout]    |
[INFO] [stdout] 36 | call::<CallableTest>(&mut world, CallId::new("a"), 0);
[INFO] [stdout]    |                                  ^^^^^^ use of undeclared type `CallId`
[INFO] [stdout]    |
[INFO] [stdout] help: consider importing this struct
[INFO] [stdout]    |
[INFO] [stdout] 2  + use bevy_kot_ecs::CallId;
[INFO] [stdout]    |
[INFO] [stdout] 
[INFO] [stdout] error[E0425]: cannot find function `call` in this scope
[INFO] [stdout]   --> src/system_callers.rs:185:1
[INFO] [stdout]    |
[INFO] [stdout] 37 | call::<CallableTest>(&mut world, CallId::new("a"), 1);
[INFO] [stdout]    | ^^^^ not found in this scope
[INFO] [stdout]    |
[INFO] [stdout] help: consider importing this function
[INFO] [stdout]    |
[INFO] [stdout] 2  + use bevy_kot_ecs::call;
[INFO] [stdout]    |
[INFO] [stdout] 
[INFO] [stdout] error[E0433]: failed to resolve: use of undeclared type `CallId`
[INFO] [stdout]   --> src/system_callers.rs:185:34
[INFO] [stdout]    |
[INFO] [stdout] 37 | call::<CallableTest>(&mut world, CallId::new("a"), 1);
[INFO] [stdout]    |                                  ^^^^^^ use of undeclared type `CallId`
[INFO] [stdout]    |
[INFO] [stdout] help: consider importing this struct
[INFO] [stdout]    |
[INFO] [stdout] 2  + use bevy_kot_ecs::CallId;
[INFO] [stdout]    |
[INFO] [stdout] 
[INFO] [stdout] error[E0425]: cannot find function `call` in this scope
[INFO] [stdout]   --> src/system_callers.rs:187:1
[INFO] [stdout]    |
[INFO] [stdout] 39 | call::<CallableTest>(&mut world, CallId::new("b"), 0);
[INFO] [stdout]    | ^^^^ not found in this scope
[INFO] [stdout]    |
[INFO] [stdout] help: consider importing this function
[INFO] [stdout]    |
[INFO] [stdout] 2  + use bevy_kot_ecs::call;
[INFO] [stdout]    |
[INFO] [stdout] 
[INFO] [stdout] error[E0433]: failed to resolve: use of undeclared type `CallId`
[INFO] [stdout]   --> src/system_callers.rs:187:34
[INFO] [stdout]    |
[INFO] [stdout] 39 | call::<CallableTest>(&mut world, CallId::new("b"), 0);
[INFO] [stdout]    |                                  ^^^^^^ use of undeclared type `CallId`
[INFO] [stdout]    |
[INFO] [stdout] help: consider importing this struct
[INFO] [stdout]    |
[INFO] [stdout] 2  + use bevy_kot_ecs::CallId;
[INFO] [stdout]    |
[INFO] [stdout] 
[INFO] [stdout] error[E0425]: cannot find function `call` in this scope
[INFO] [stdout]   --> src/system_callers.rs:188:1
[INFO] [stdout]    |
[INFO] [stdout] 40 | call::<CallableTest>(&mut world, CallId::new("b"), 1);
[INFO] [stdout]    | ^^^^ not found in this scope
[INFO] [stdout]    |
[INFO] [stdout] help: consider importing this function
[INFO] [stdout]    |
[INFO] [stdout] 2  + use bevy_kot_ecs::call;
[INFO] [stdout]    |
[INFO] [stdout] 
[INFO] [stdout] error[E0433]: failed to resolve: use of undeclared type `CallId`
[INFO] [stdout]   --> src/system_callers.rs:188:34
[INFO] [stdout]    |
[INFO] [stdout] 40 | call::<CallableTest>(&mut world, CallId::new("b"), 1);
[INFO] [stdout]    |                                  ^^^^^^ use of undeclared type `CallId`
[INFO] [stdout]    |
[INFO] [stdout] help: consider importing this struct
[INFO] [stdout]    |
[INFO] [stdout] 2  + use bevy_kot_ecs::CallId;
[INFO] [stdout]    |
[INFO] [stdout] 
[INFO] [stdout] error: aborting due to 11 previous errors
[INFO] [stdout] 
[INFO] [stdout] Some errors have detailed explanations: E0405, E0412, E0425, E0433.
[INFO] [stdout] For more information about an error, try `rustc --explain E0405`.
[INFO] [stdout] Couldn't compile the test.
[INFO] [stdout] ---- src/system_callers.rs - system_callers::spawned_syscall (line 440) stdout ----
[INFO] [stdout] error[E0061]: this function takes 2 arguments but 1 argument was supplied
[INFO] [stdout]    --> src/system_callers.rs:452:15
[INFO] [stdout]     |
[INFO] [stdout] 15  | let sys_id1 = spawn_system(test_system);
[INFO] [stdout]     |               ^^^^^^^^^^^^ ----------- an argument of type `&mut bevy::prelude::World` is missing
[INFO] [stdout]     |
[INFO] [stdout] note: function defined here
[INFO] [stdout]    --> /opt/rustwide/workdir/src/system_callers.rs:380:8
[INFO] [stdout]     |
[INFO] [stdout] 380 | pub fn spawn_system<I, O, S, Marker>(world: &mut World, system: S) -> SysId
[INFO] [stdout]     |        ^^^^^^^^^^^^
[INFO] [stdout] help: provide the argument
[INFO] [stdout]     |
[INFO] [stdout] 15  | let sys_id1 = spawn_system(/* &mut bevy::prelude::World */, test_system);
[INFO] [stdout]     |                           ~~~~~~~~~~~~~~~~~~~~~~~~~~~~~~~~~~~~~~~~~~~~~~
[INFO] [stdout] 
[INFO] [stdout] error[E0061]: this function takes 2 arguments but 1 argument was supplied
[INFO] [stdout]    --> src/system_callers.rs:453:15
[INFO] [stdout]     |
[INFO] [stdout] 16  | let sys_id2 = spawn_system(test_system);
[INFO] [stdout]     |               ^^^^^^^^^^^^ ----------- an argument of type `&mut bevy::prelude::World` is missing
[INFO] [stdout]     |
[INFO] [stdout] note: function defined here
[INFO] [stdout]    --> /opt/rustwide/workdir/src/system_callers.rs:380:8
[INFO] [stdout]     |
[INFO] [stdout] 380 | pub fn spawn_system<I, O, S, Marker>(world: &mut World, system: S) -> SysId
[INFO] [stdout]     |        ^^^^^^^^^^^^
[INFO] [stdout] help: provide the argument
[INFO] [stdout]     |
[INFO] [stdout] 16  | let sys_id2 = spawn_system(/* &mut bevy::prelude::World */, test_system);
[INFO] [stdout]     |                           ~~~~~~~~~~~~~~~~~~~~~~~~~~~~~~~~~~~~~~~~~~~~~~
[INFO] [stdout] 
[INFO] [stdout] error[E0308]: mismatched types
[INFO] [stdout]   --> src/system_callers.rs:455:56
[INFO] [stdout]    |
[INFO] [stdout] 18 | assert_eq!(spawned_syscall(&mut world, sys_id1, 1u16), 1);
[INFO] [stdout]    |                                                        ^ expected `Result<_, ()>`, found integer
[INFO] [stdout]    |
[INFO] [stdout]    = note: expected enum `Result<_, ()>`
[INFO] [stdout]               found type `{integer}`
[INFO] [stdout] help: try wrapping the expression in `Ok`
[INFO] [stdout]    |
[INFO] [stdout] 18 | assert_eq!(spawned_syscall(&mut world, sys_id1, 1u16), Ok(1));
[INFO] [stdout]    |                                                        +++ +
[INFO] [stdout] 
[INFO] [stdout] error[E0308]: mismatched types
[INFO] [stdout]   --> src/system_callers.rs:456:56
[INFO] [stdout]    |
[INFO] [stdout] 19 | assert_eq!(spawned_syscall(&mut world, sys_id1, 1u16), 2);    //Local is preserved
[INFO] [stdout]    |                                                        ^ expected `Result<_, ()>`, found integer
[INFO] [stdout]    |
[INFO] [stdout]    = note: expected enum `Result<_, ()>`
[INFO] [stdout]               found type `{integer}`
[INFO] [stdout] help: try wrapping the expression in `Ok`
[INFO] [stdout]    |
[INFO] [stdout] 19 | assert_eq!(spawned_syscall(&mut world, sys_id1, 1u16), Ok(2));    //Local is preserved
[INFO] [stdout]    |                                                        +++ +
[INFO] [stdout] 
[INFO] [stdout] error[E0308]: mismatched types
[INFO] [stdout]   --> src/system_callers.rs:457:57
[INFO] [stdout]    |
[INFO] [stdout] 20 | assert_eq!(spawned_syscall(&mut world, sys_id2, 10u16), 10);  //new Local
[INFO] [stdout]    |                                                         ^^ expected `Result<_, ()>`, found integer
[INFO] [stdout]    |
[INFO] [stdout]    = note: expected enum `Result<_, ()>`
[INFO] [stdout]               found type `{integer}`
[INFO] [stdout] help: try wrapping the expression in `Ok`
[INFO] [stdout]    |
[INFO] [stdout] 20 | assert_eq!(spawned_syscall(&mut world, sys_id2, 10u16), Ok(10));  //new Local
[INFO] [stdout]    |                                                         +++  +
[INFO] [stdout] 
[INFO] [stdout] error[E0308]: mismatched types
[INFO] [stdout]   --> src/system_callers.rs:458:57
[INFO] [stdout]    |
[INFO] [stdout] 21 | assert_eq!(spawned_syscall(&mut world, sys_id2, 10u16), 20);
[INFO] [stdout]    |                                                         ^^ expected `Result<_, ()>`, found integer
[INFO] [stdout]    |
[INFO] [stdout]    = note: expected enum `Result<_, ()>`
[INFO] [stdout]               found type `{integer}`
[INFO] [stdout] help: try wrapping the expression in `Ok`
[INFO] [stdout]    |
[INFO] [stdout] 21 | assert_eq!(spawned_syscall(&mut world, sys_id2, 10u16), Ok(20));
[INFO] [stdout]    |                                                         +++  +
[INFO] [stdout] 
[INFO] [stdout] error: aborting due to 6 previous errors
[INFO] [stdout] 
[INFO] [stdout] Some errors have detailed explanations: E0061, E0308.
[INFO] [stdout] For more information about an error, try `rustc --explain E0061`.
[INFO] [stdout] Couldn't compile the test.
[INFO] [stdout] 
[INFO] [stdout] failures:
[INFO] [stdout]     src/react/react_commands.rs - react::react_commands::ReactCommands<'w,'s>::on (line 236)
[INFO] [stdout]     src/react/react_commands.rs - react::react_commands::ReactCommands<'w,'s>::on_despawn (line 258)
[INFO] [stdout]     src/system_callers.rs - system_callers::call (line 150)
[INFO] [stdout]     src/system_callers.rs - system_callers::call_basic (line 211)
[INFO] [stdout]     src/system_callers.rs - system_callers::named_syscall (line 584)
[INFO] [stdout]     src/system_callers.rs - system_callers::spawned_syscall (line 440)
[INFO] [stdout]     src/system_callers.rs - system_callers::syscall (line 282)
[INFO] [stdout] 
[INFO] [stdout] test result: FAILED. 0 passed; 7 failed; 0 ignored; 0 measured; 0 filtered out; finished in 0.53s
[INFO] [stdout] 
[INFO] [stderr] error: doctest failed, to rerun pass `--doc`
[INFO] running `Command { std: "docker" "inspect" "fb62dfeb3e745b9661530172f07b0be9a914c7a1f6f11915bb5bb2f0a68d907d", kill_on_drop: false }`
[INFO] running `Command { std: "docker" "rm" "-f" "fb62dfeb3e745b9661530172f07b0be9a914c7a1f6f11915bb5bb2f0a68d907d", kill_on_drop: false }`
[INFO] [stdout] fb62dfeb3e745b9661530172f07b0be9a914c7a1f6f11915bb5bb2f0a68d907d
