[INFO] fetching crate bevy_ergo_plugin 0.2.1...
[INFO] testing bevy_ergo_plugin-0.2.1 against 1.75.0 for beta-1.76-1
[INFO] extracting crate bevy_ergo_plugin 0.2.1 into /workspace/builds/worker-4-tc1/source
[INFO] validating manifest of crates.io crate bevy_ergo_plugin 0.2.1 on toolchain 1.75.0
[INFO] running `Command { std: CARGO_HOME="/workspace/cargo-home" RUSTUP_HOME="/workspace/rustup-home" "/workspace/cargo-home/bin/cargo" "+1.75.0" "metadata" "--manifest-path" "Cargo.toml" "--no-deps", kill_on_drop: false }`
[INFO] started tweaking crates.io crate bevy_ergo_plugin 0.2.1
[INFO] finished tweaking crates.io crate bevy_ergo_plugin 0.2.1
[INFO] tweaked toml for crates.io crate bevy_ergo_plugin 0.2.1 written to /workspace/builds/worker-4-tc1/source/Cargo.toml
[INFO] running `Command { std: CARGO_HOME="/workspace/cargo-home" RUSTUP_HOME="/workspace/rustup-home" "/workspace/cargo-home/bin/cargo" "+1.75.0" "generate-lockfile" "--manifest-path" "Cargo.toml", kill_on_drop: false }`
[INFO] [stderr]     Updating crates.io index
[INFO] running `Command { std: CARGO_HOME="/workspace/cargo-home" RUSTUP_HOME="/workspace/rustup-home" "/workspace/cargo-home/bin/cargo" "+1.75.0" "fetch" "--manifest-path" "Cargo.toml", kill_on_drop: false }`
[INFO] running `Command { std: "docker" "create" "-v" "/var/lib/crater-agent-workspace/builds/worker-4-tc1/target:/opt/rustwide/target:rw,Z" "-v" "/var/lib/crater-agent-workspace/builds/worker-4-tc1/source:/opt/rustwide/workdir:ro,Z" "-v" "/var/lib/crater-agent-workspace/cargo-home:/opt/rustwide/cargo-home:ro,Z" "-v" "/var/lib/crater-agent-workspace/rustup-home:/opt/rustwide/rustup-home:ro,Z" "-e" "SOURCE_DIR=/opt/rustwide/workdir" "-e" "CARGO_TARGET_DIR=/opt/rustwide/target" "-e" "CARGO_HOME=/opt/rustwide/cargo-home" "-e" "RUSTUP_HOME=/opt/rustwide/rustup-home" "-w" "/opt/rustwide/workdir" "-m" "1610612736" "--user" "0:0" "--network" "none" "ghcr.io/rust-lang/crates-build-env/linux@sha256:2788e3201cd34a07e3172128adcd8b3090168a8e3bcc40d7c032b9dda1df7d1c" "/opt/rustwide/cargo-home/bin/cargo" "+1.75.0" "metadata" "--no-deps" "--format-version=1", kill_on_drop: false }`
[INFO] [stdout] 6cdcdacdb2d1a63aa0dfa0e76d14395262e4254651a3ec3647de967adbdda9b9
[INFO] running `Command { std: "docker" "start" "-a" "6cdcdacdb2d1a63aa0dfa0e76d14395262e4254651a3ec3647de967adbdda9b9", kill_on_drop: false }`
[INFO] running `Command { std: "docker" "inspect" "6cdcdacdb2d1a63aa0dfa0e76d14395262e4254651a3ec3647de967adbdda9b9", kill_on_drop: false }`
[INFO] running `Command { std: "docker" "rm" "-f" "6cdcdacdb2d1a63aa0dfa0e76d14395262e4254651a3ec3647de967adbdda9b9", kill_on_drop: false }`
[INFO] [stdout] 6cdcdacdb2d1a63aa0dfa0e76d14395262e4254651a3ec3647de967adbdda9b9
[INFO] running `Command { std: "docker" "create" "-v" "/var/lib/crater-agent-workspace/builds/worker-4-tc1/target:/opt/rustwide/target:rw,Z" "-v" "/var/lib/crater-agent-workspace/builds/worker-4-tc1/source:/opt/rustwide/workdir:ro,Z" "-v" "/var/lib/crater-agent-workspace/cargo-home:/opt/rustwide/cargo-home:ro,Z" "-v" "/var/lib/crater-agent-workspace/rustup-home:/opt/rustwide/rustup-home:ro,Z" "-e" "SOURCE_DIR=/opt/rustwide/workdir" "-e" "CARGO_TARGET_DIR=/opt/rustwide/target" "-e" "CARGO_INCREMENTAL=0" "-e" "RUST_BACKTRACE=full" "-e" "RUSTFLAGS=--cap-lints=warn" "-e" "RUSTDOCFLAGS=--cap-lints=warn" "-e" "CARGO_HOME=/opt/rustwide/cargo-home" "-e" "RUSTUP_HOME=/opt/rustwide/rustup-home" "-w" "/opt/rustwide/workdir" "-m" "1610612736" "--user" "0:0" "--network" "none" "ghcr.io/rust-lang/crates-build-env/linux@sha256:2788e3201cd34a07e3172128adcd8b3090168a8e3bcc40d7c032b9dda1df7d1c" "/opt/rustwide/cargo-home/bin/cargo" "+1.75.0" "build" "--frozen" "--message-format=json", kill_on_drop: false }`
[INFO] [stdout] 2f2264636173bd5428039718cb05b87e57680150f5e0d4301b49db6ea86271a0
[INFO] running `Command { std: "docker" "start" "-a" "2f2264636173bd5428039718cb05b87e57680150f5e0d4301b49db6ea86271a0", kill_on_drop: false }`
[INFO] [stderr]    Compiling proc-macro2 v1.0.75
[INFO] [stderr]    Compiling unicode-ident v1.0.12
[INFO] [stderr]    Compiling either v1.9.0
[INFO] [stderr]    Compiling itertools v0.10.5
[INFO] [stderr]    Compiling quote v1.0.35
[INFO] [stderr]    Compiling syn v2.0.48
[INFO] [stderr]    Compiling bevy_ergo_plugin v0.2.1 (/opt/rustwide/workdir)
[INFO] [stderr]     Finished dev [unoptimized + debuginfo] target(s) in 7.65s
[INFO] running `Command { std: "docker" "inspect" "2f2264636173bd5428039718cb05b87e57680150f5e0d4301b49db6ea86271a0", kill_on_drop: false }`
[INFO] running `Command { std: "docker" "rm" "-f" "2f2264636173bd5428039718cb05b87e57680150f5e0d4301b49db6ea86271a0", kill_on_drop: false }`
[INFO] [stdout] 2f2264636173bd5428039718cb05b87e57680150f5e0d4301b49db6ea86271a0
[INFO] running `Command { std: "docker" "create" "-v" "/var/lib/crater-agent-workspace/builds/worker-4-tc1/target:/opt/rustwide/target:rw,Z" "-v" "/var/lib/crater-agent-workspace/builds/worker-4-tc1/source:/opt/rustwide/workdir:ro,Z" "-v" "/var/lib/crater-agent-workspace/cargo-home:/opt/rustwide/cargo-home:ro,Z" "-v" "/var/lib/crater-agent-workspace/rustup-home:/opt/rustwide/rustup-home:ro,Z" "-e" "SOURCE_DIR=/opt/rustwide/workdir" "-e" "CARGO_TARGET_DIR=/opt/rustwide/target" "-e" "CARGO_INCREMENTAL=0" "-e" "RUST_BACKTRACE=full" "-e" "RUSTFLAGS=--cap-lints=warn" "-e" "RUSTDOCFLAGS=--cap-lints=warn" "-e" "CARGO_HOME=/opt/rustwide/cargo-home" "-e" "RUSTUP_HOME=/opt/rustwide/rustup-home" "-w" "/opt/rustwide/workdir" "-m" "1610612736" "--user" "0:0" "--network" "none" "ghcr.io/rust-lang/crates-build-env/linux@sha256:2788e3201cd34a07e3172128adcd8b3090168a8e3bcc40d7c032b9dda1df7d1c" "/opt/rustwide/cargo-home/bin/cargo" "+1.75.0" "test" "--frozen" "--no-run" "--message-format=json", kill_on_drop: false }`
[INFO] [stdout] e6b4d0a705e01978c198a8e6fec4ff128efe0df0506e2a3aa65bd99996492171
[INFO] running `Command { std: "docker" "start" "-a" "e6b4d0a705e01978c198a8e6fec4ff128efe0df0506e2a3aa65bd99996492171", kill_on_drop: false }`
[INFO] [stderr]    Compiling bevy_ergo_plugin v0.2.1 (/opt/rustwide/workdir)
[INFO] [stderr]     Finished test [unoptimized + debuginfo] target(s) in 1.29s
[INFO] running `Command { std: "docker" "inspect" "e6b4d0a705e01978c198a8e6fec4ff128efe0df0506e2a3aa65bd99996492171", kill_on_drop: false }`
[INFO] running `Command { std: "docker" "rm" "-f" "e6b4d0a705e01978c198a8e6fec4ff128efe0df0506e2a3aa65bd99996492171", kill_on_drop: false }`
[INFO] [stdout] e6b4d0a705e01978c198a8e6fec4ff128efe0df0506e2a3aa65bd99996492171
[INFO] running `Command { std: "docker" "create" "-v" "/var/lib/crater-agent-workspace/builds/worker-4-tc1/target:/opt/rustwide/target:rw,Z" "-v" "/var/lib/crater-agent-workspace/builds/worker-4-tc1/source:/opt/rustwide/workdir:ro,Z" "-v" "/var/lib/crater-agent-workspace/cargo-home:/opt/rustwide/cargo-home:ro,Z" "-v" "/var/lib/crater-agent-workspace/rustup-home:/opt/rustwide/rustup-home:ro,Z" "-e" "SOURCE_DIR=/opt/rustwide/workdir" "-e" "CARGO_TARGET_DIR=/opt/rustwide/target" "-e" "CARGO_INCREMENTAL=0" "-e" "RUST_BACKTRACE=full" "-e" "RUSTFLAGS=--cap-lints=warn" "-e" "RUSTDOCFLAGS=--cap-lints=warn" "-e" "CARGO_HOME=/opt/rustwide/cargo-home" "-e" "RUSTUP_HOME=/opt/rustwide/rustup-home" "-w" "/opt/rustwide/workdir" "-m" "1610612736" "--user" "0:0" "--network" "none" "ghcr.io/rust-lang/crates-build-env/linux@sha256:2788e3201cd34a07e3172128adcd8b3090168a8e3bcc40d7c032b9dda1df7d1c" "/opt/rustwide/cargo-home/bin/cargo" "+1.75.0" "test" "--frozen", kill_on_drop: false }`
[INFO] [stdout] c8855ab896c9e1736f28706fedd50a17062c92b3fb04e6deea9eea1f196a64be
[INFO] running `Command { std: "docker" "start" "-a" "c8855ab896c9e1736f28706fedd50a17062c92b3fb04e6deea9eea1f196a64be", kill_on_drop: false }`
[INFO] [stderr]     Finished test [unoptimized + debuginfo] target(s) in 0.02s
[INFO] [stderr]      Running unittests src/lib.rs (/opt/rustwide/target/debug/deps/bevy_ergo_plugin-ff3fac37f029e6ee)
[INFO] [stdout] 
[INFO] [stdout] running 0 tests
[INFO] [stdout] 
[INFO] [stdout] test result: ok. 0 passed; 0 failed; 0 ignored; 0 measured; 0 filtered out; finished in 0.00s
[INFO] [stdout] 
[INFO] [stderr]    Doc-tests bevy_ergo_plugin
[INFO] [stdout] 
[INFO] [stdout] running 1 test
[INFO] [stderr] error: doctest failed, to rerun pass `--doc`
[INFO] [stdout] test src/lib.rs - (line 21) ... FAILED
[INFO] [stdout] 
[INFO] [stdout] failures:
[INFO] [stdout] 
[INFO] [stdout] ---- src/lib.rs - (line 21) stdout ----
[INFO] [stdout] error[E0433]: failed to resolve: use of undeclared crate or module `bevy`
[INFO] [stdout]  --> src/lib.rs:23:5
[INFO] [stdout]   |
[INFO] [stdout] 4 | use bevy::prelude::*;
[INFO] [stdout]   |     ^^^^ use of undeclared crate or module `bevy`
[INFO] [stdout] 
[INFO] [stdout] error: cannot find derive macro `Resource` in this scope
[INFO] [stdout]   --> src/lib.rs:37:10
[INFO] [stdout]    |
[INFO] [stdout] 18 | #[derive(Resource, Default)]
[INFO] [stdout]    |          ^^^^^^^^
[INFO] [stdout] 
[INFO] [stdout] error[E0425]: cannot find value `DefaultPlugins` in this scope
[INFO] [stdout]   --> src/lib.rs:33:22
[INFO] [stdout]    |
[INFO] [stdout] 14 |         .add_plugins(DefaultPlugins)
[INFO] [stdout]    |                      ^^^^^^^^^^^^^^ not found in this scope
[INFO] [stdout] 
[INFO] [stdout] error[E0412]: cannot find type `ResMut` in this scope
[INFO] [stdout]   --> src/lib.rs:45:49
[INFO] [stdout]    |
[INFO] [stdout] 26 |     pub fn increment_input_counter(mut counter: ResMut<InputCounter>) {
[INFO] [stdout]    |                                                 ^^^^^^ help: a trait with a similar name exists: `AsMut`
[INFO] [stdout]   --> /rustc/82e1608dfa6e0b5569232559e3d385fea5a93112/library/core/src/convert/mod.rs:369:1
[INFO] [stdout]    |
[INFO] [stdout]    = note: similarly named trait `AsMut` defined here
[INFO] [stdout] 
[INFO] [stdout] error[E0412]: cannot find type `Res` in this scope
[INFO] [stdout]   --> src/lib.rs:52:41
[INFO] [stdout]    |
[INFO] [stdout] 33 |     pub fn print_input_counter(counter: Res<InputCounter>) {
[INFO] [stdout]    |                                         ^^^ not found in this scope
[INFO] [stdout] 
[INFO] [stdout] error[E0412]: cannot find type `Res` in this scope
[INFO] [stdout]   --> src/lib.rs:66:25
[INFO] [stdout]    |
[INFO] [stdout] 47 |         keyboard_input: Res<Input<KeyCode>>,
[INFO] [stdout]    |                         ^^^ not found in this scope
[INFO] [stdout] 
[INFO] [stdout] error[E0412]: cannot find type `Input` in this scope
[INFO] [stdout]   --> src/lib.rs:66:29
[INFO] [stdout]    |
[INFO] [stdout] 47 |         keyboard_input: Res<Input<KeyCode>>,
[INFO] [stdout]    |                             ^^^^^ not found in this scope
[INFO] [stdout] 
[INFO] [stdout] error[E0412]: cannot find type `KeyCode` in this scope
[INFO] [stdout]   --> src/lib.rs:66:35
[INFO] [stdout]    |
[INFO] [stdout] 47 |         keyboard_input: Res<Input<KeyCode>>,
[INFO] [stdout]    |                                   ^^^^^^^ not found in this scope
[INFO] [stdout]    |
[INFO] [stdout] help: you might be missing a type parameter
[INFO] [stdout]    |
[INFO] [stdout] 23 | impl<KeyCode> Game {
[INFO] [stdout]    |     +++++++++
[INFO] [stdout] 
[INFO] [stdout] error[E0412]: cannot find type `Res` in this scope
[INFO] [stdout]   --> src/lib.rs:67:29
[INFO] [stdout]    |
[INFO] [stdout] 48 |         mouse_button_input: Res<Input<MouseButton>>,
[INFO] [stdout]    |                             ^^^ not found in this scope
[INFO] [stdout] 
[INFO] [stdout] error[E0412]: cannot find type `Input` in this scope
[INFO] [stdout]   --> src/lib.rs:67:33
[INFO] [stdout]    |
[INFO] [stdout] 48 |         mouse_button_input: Res<Input<MouseButton>>,
[INFO] [stdout]    |                                 ^^^^^ not found in this scope
[INFO] [stdout] 
[INFO] [stdout] error[E0412]: cannot find type `MouseButton` in this scope
[INFO] [stdout]   --> src/lib.rs:67:39
[INFO] [stdout]    |
[INFO] [stdout] 48 |         mouse_button_input: Res<Input<MouseButton>>,
[INFO] [stdout]    |                                       ^^^^^^^^^^^ not found in this scope
[INFO] [stdout]    |
[INFO] [stdout] help: you might be missing a type parameter
[INFO] [stdout]    |
[INFO] [stdout] 23 | impl<MouseButton> Game {
[INFO] [stdout]    |     +++++++++++++
[INFO] [stdout] 
[INFO] [stdout] error[E0412]: cannot find type `Res` in this scope
[INFO] [stdout]   --> src/lib.rs:68:22
[INFO] [stdout]    |
[INFO] [stdout] 49 |         touch_input: Res<Touches>,
[INFO] [stdout]    |                      ^^^ not found in this scope
[INFO] [stdout] 
[INFO] [stdout] error[E0412]: cannot find type `Touches` in this scope
[INFO] [stdout]   --> src/lib.rs:68:26
[INFO] [stdout]    |
[INFO] [stdout] 49 |         touch_input: Res<Touches>,
[INFO] [stdout]    |                          ^^^^^^^ not found in this scope
[INFO] [stdout]    |
[INFO] [stdout] help: you might be missing a type parameter
[INFO] [stdout]    |
[INFO] [stdout] 23 | impl<Touches> Game {
[INFO] [stdout]    |     +++++++++
[INFO] [stdout] 
[INFO] [stdout] error[E0412]: cannot find type `Local` in this scope
[INFO] [stdout]   --> src/lib.rs:78:46
[INFO] [stdout]    |
[INFO] [stdout] 59 |     pub fn time_passed(t: f32) -> impl FnMut(Local<f32>, Res<Time>) -> bool {
[INFO] [stdout]    |                                              ^^^^^ not found in this scope
[INFO] [stdout]    |
[INFO] [stdout] help: consider importing this struct
[INFO] [stdout]    |
[INFO] [stdout] 4  + use syn::Local;
[INFO] [stdout]    |
[INFO] [stdout] 
[INFO] [stdout] error[E0412]: cannot find type `Res` in this scope
[INFO] [stdout]   --> src/lib.rs:78:58
[INFO] [stdout]    |
[INFO] [stdout] 59 |     pub fn time_passed(t: f32) -> impl FnMut(Local<f32>, Res<Time>) -> bool {
[INFO] [stdout]    |                                                          ^^^ not found in this scope
[INFO] [stdout] 
[INFO] [stdout] error[E0412]: cannot find type `Time` in this scope
[INFO] [stdout]   --> src/lib.rs:78:62
[INFO] [stdout]    |
[INFO] [stdout] 59 |     pub fn time_passed(t: f32) -> impl FnMut(Local<f32>, Res<Time>) -> bool {
[INFO] [stdout]    |                                                              ^^^^ not found in this scope
[INFO] [stdout]    |
[INFO] [stdout] help: you might be missing a type parameter
[INFO] [stdout]    |
[INFO] [stdout] 23 | impl<Time> Game {
[INFO] [stdout]    |     ++++++
[INFO] [stdout] 
[INFO] [stdout] error[E0412]: cannot find type `Local` in this scope
[INFO] [stdout]   --> src/lib.rs:79:26
[INFO] [stdout]    |
[INFO] [stdout] 60 |         move |mut timer: Local<f32>, time: Res<Time>| {
[INFO] [stdout]    |                          ^^^^^ not found in this scope
[INFO] [stdout]    |
[INFO] [stdout] help: consider importing this struct
[INFO] [stdout]    |
[INFO] [stdout] 4  + use syn::Local;
[INFO] [stdout]    |
[INFO] [stdout] 
[INFO] [stdout] error[E0412]: cannot find type `Res` in this scope
[INFO] [stdout]   --> src/lib.rs:79:44
[INFO] [stdout]    |
[INFO] [stdout] 60 |         move |mut timer: Local<f32>, time: Res<Time>| {
[INFO] [stdout]    |                                            ^^^ not found in this scope
[INFO] [stdout] 
[INFO] [stdout] error[E0412]: cannot find type `Time` in this scope
[INFO] [stdout]   --> src/lib.rs:79:48
[INFO] [stdout]    |
[INFO] [stdout] 60 |         move |mut timer: Local<f32>, time: Res<Time>| {
[INFO] [stdout]    |                                                ^^^^ not found in this scope
[INFO] [stdout]    |
[INFO] [stdout] help: you might be missing a type parameter
[INFO] [stdout]    |
[INFO] [stdout] 23 | impl<Time> Game {
[INFO] [stdout]    |     ++++++
[INFO] [stdout] 
[INFO] [stdout] error[E0405]: cannot find trait `Plugin` in this scope
[INFO] [stdout]   --> src/lib.rs:41:1
[INFO] [stdout]    |
[INFO] [stdout] 22 | #[bevy_plugin]
[INFO] [stdout]    | ^^^^^^^^^^^^^^ not found in this scope
[INFO] [stdout]    |
[INFO] [stdout]    = note: this error originates in the attribute macro `bevy_plugin` (in Nightly builds, run with -Z macro-backtrace for more info)
[INFO] [stdout] 
[INFO] [stdout] error[E0412]: cannot find type `App` in this scope
[INFO] [stdout]   --> src/lib.rs:41:1
[INFO] [stdout]    |
[INFO] [stdout] 22 | #[bevy_plugin]
[INFO] [stdout]    | ^^^^^^^^^^^^^^ not found in this scope
[INFO] [stdout]    |
[INFO] [stdout]    = note: this error originates in the attribute macro `bevy_plugin` (in Nightly builds, run with -Z macro-backtrace for more info)
[INFO] [stdout] 
[INFO] [stdout] error[E0412]: cannot find type `Res` in this scope
[INFO] [stdout]   --> src/lib.rs:41:1
[INFO] [stdout]    |
[INFO] [stdout] 22 | #[bevy_plugin]
[INFO] [stdout]    | ^^^^^^^^^^^^^^ not found in this scope
[INFO] [stdout]    |
[INFO] [stdout]    = note: this error originates in the attribute macro `bevy_plugin` (in Nightly builds, run with -Z macro-backtrace for more info)
[INFO] [stdout] 
[INFO] [stdout] error[E0433]: failed to resolve: use of undeclared type `App`
[INFO] [stdout]   --> src/lib.rs:32:5
[INFO] [stdout]    |
[INFO] [stdout] 13 |     App::new()
[INFO] [stdout]    |     ^^^ use of undeclared type `App`
[INFO] [stdout] 
[INFO] [stdout] error[E0433]: failed to resolve: use of undeclared type `KeyCode`
[INFO] [stdout]   --> src/lib.rs:70:37
[INFO] [stdout]    |
[INFO] [stdout] 51 |         keyboard_input.just_pressed(KeyCode::Space)
[INFO] [stdout]    |                                     ^^^^^^^ use of undeclared type `KeyCode`
[INFO] [stdout] 
[INFO] [stdout] error[E0433]: failed to resolve: use of undeclared type `KeyCode`
[INFO] [stdout]   --> src/lib.rs:71:44
[INFO] [stdout]    |
[INFO] [stdout] 52 |             || keyboard_input.just_pressed(KeyCode::Return)
[INFO] [stdout]    |                                            ^^^^^^^ use of undeclared type `KeyCode`
[INFO] [stdout] 
[INFO] [stdout] error[E0433]: failed to resolve: use of undeclared type `MouseButton`
[INFO] [stdout]   --> src/lib.rs:72:48
[INFO] [stdout]    |
[INFO] [stdout] 53 |             || mouse_button_input.just_pressed(MouseButton::Left)
[INFO] [stdout]    |                                                ^^^^^^^^^^^ use of undeclared type `MouseButton`
[INFO] [stdout] 
[INFO] [stdout] error[E0433]: failed to resolve: use of undeclared type `MouseButton`
[INFO] [stdout]   --> src/lib.rs:73:48
[INFO] [stdout]    |
[INFO] [stdout] 54 |             || mouse_button_input.just_pressed(MouseButton::Right)
[INFO] [stdout]    |                                                ^^^^^^^^^^^ use of undeclared type `MouseButton`
[INFO] [stdout] 
[INFO] [stdout] error[E0423]: expected function, found attribute macro `not`
[INFO] [stdout]   --> src/lib.rs:41:1
[INFO] [stdout]    |
[INFO] [stdout] 22 | #[bevy_plugin]
[INFO] [stdout]    | ^^^^^^^^^^^^^^ not a function
[INFO] [stdout]    |
[INFO] [stdout]    = note: this error originates in the attribute macro `bevy_plugin` (in Nightly builds, run with -Z macro-backtrace for more info)
[INFO] [stdout] 
[INFO] [stdout] error: aborting due to 28 previous errors
[INFO] [stdout] 
[INFO] [stdout] Some errors have detailed explanations: E0405, E0412, E0423, E0425, E0433.
[INFO] [stdout] For more information about an error, try `rustc --explain E0405`.
[INFO] [stdout] Couldn't compile the test.
[INFO] [stdout] 
[INFO] [stdout] failures:
[INFO] [stdout]     src/lib.rs - (line 21)
[INFO] [stdout] 
[INFO] [stdout] test result: FAILED. 0 passed; 1 failed; 0 ignored; 0 measured; 0 filtered out; finished in 0.13s
[INFO] [stdout] 
[INFO] running `Command { std: "docker" "inspect" "c8855ab896c9e1736f28706fedd50a17062c92b3fb04e6deea9eea1f196a64be", kill_on_drop: false }`
[INFO] running `Command { std: "docker" "rm" "-f" "c8855ab896c9e1736f28706fedd50a17062c92b3fb04e6deea9eea1f196a64be", kill_on_drop: false }`
[INFO] [stdout] c8855ab896c9e1736f28706fedd50a17062c92b3fb04e6deea9eea1f196a64be
[INFO] testing bevy_ergo_plugin-0.2.1 against beta-2023-12-22 for beta-1.76-1
[INFO] extracting crate bevy_ergo_plugin 0.2.1 into /workspace/builds/worker-4-tc2/source
[INFO] validating manifest of crates.io crate bevy_ergo_plugin 0.2.1 on toolchain beta-2023-12-22
[INFO] running `Command { std: CARGO_HOME="/workspace/cargo-home" RUSTUP_HOME="/workspace/rustup-home" "/workspace/cargo-home/bin/cargo" "+beta-2023-12-22" "metadata" "--manifest-path" "Cargo.toml" "--no-deps", kill_on_drop: false }`
[INFO] started tweaking crates.io crate bevy_ergo_plugin 0.2.1
[INFO] finished tweaking crates.io crate bevy_ergo_plugin 0.2.1
[INFO] tweaked toml for crates.io crate bevy_ergo_plugin 0.2.1 written to /workspace/builds/worker-4-tc2/source/Cargo.toml
[INFO] running `Command { std: CARGO_HOME="/workspace/cargo-home" RUSTUP_HOME="/workspace/rustup-home" "/workspace/cargo-home/bin/cargo" "+beta-2023-12-22" "generate-lockfile" "--manifest-path" "Cargo.toml", kill_on_drop: false }`
[INFO] [stderr]     Updating crates.io index
[INFO] running `Command { std: CARGO_HOME="/workspace/cargo-home" RUSTUP_HOME="/workspace/rustup-home" "/workspace/cargo-home/bin/cargo" "+beta-2023-12-22" "fetch" "--manifest-path" "Cargo.toml", kill_on_drop: false }`
[INFO] running `Command { std: "docker" "create" "-v" "/var/lib/crater-agent-workspace/builds/worker-4-tc2/target:/opt/rustwide/target:rw,Z" "-v" "/var/lib/crater-agent-workspace/builds/worker-4-tc2/source:/opt/rustwide/workdir:ro,Z" "-v" "/var/lib/crater-agent-workspace/cargo-home:/opt/rustwide/cargo-home:ro,Z" "-v" "/var/lib/crater-agent-workspace/rustup-home:/opt/rustwide/rustup-home:ro,Z" "-e" "SOURCE_DIR=/opt/rustwide/workdir" "-e" "CARGO_TARGET_DIR=/opt/rustwide/target" "-e" "CARGO_HOME=/opt/rustwide/cargo-home" "-e" "RUSTUP_HOME=/opt/rustwide/rustup-home" "-w" "/opt/rustwide/workdir" "-m" "1610612736" "--user" "0:0" "--network" "none" "ghcr.io/rust-lang/crates-build-env/linux@sha256:2788e3201cd34a07e3172128adcd8b3090168a8e3bcc40d7c032b9dda1df7d1c" "/opt/rustwide/cargo-home/bin/cargo" "+beta-2023-12-22" "metadata" "--no-deps" "--format-version=1", kill_on_drop: false }`
[INFO] [stdout] 544da29ee9847dd44024e579559830031d39b0fc6ac2d5dae608dc05f3a47862
[INFO] running `Command { std: "docker" "start" "-a" "544da29ee9847dd44024e579559830031d39b0fc6ac2d5dae608dc05f3a47862", kill_on_drop: false }`
[INFO] running `Command { std: "docker" "inspect" "544da29ee9847dd44024e579559830031d39b0fc6ac2d5dae608dc05f3a47862", kill_on_drop: false }`
[INFO] running `Command { std: "docker" "rm" "-f" "544da29ee9847dd44024e579559830031d39b0fc6ac2d5dae608dc05f3a47862", kill_on_drop: false }`
[INFO] [stdout] 544da29ee9847dd44024e579559830031d39b0fc6ac2d5dae608dc05f3a47862
[INFO] running `Command { std: "docker" "create" "-v" "/var/lib/crater-agent-workspace/builds/worker-4-tc2/target:/opt/rustwide/target:rw,Z" "-v" "/var/lib/crater-agent-workspace/builds/worker-4-tc2/source:/opt/rustwide/workdir:ro,Z" "-v" "/var/lib/crater-agent-workspace/cargo-home:/opt/rustwide/cargo-home:ro,Z" "-v" "/var/lib/crater-agent-workspace/rustup-home:/opt/rustwide/rustup-home:ro,Z" "-e" "SOURCE_DIR=/opt/rustwide/workdir" "-e" "CARGO_TARGET_DIR=/opt/rustwide/target" "-e" "CARGO_INCREMENTAL=0" "-e" "RUST_BACKTRACE=full" "-e" "RUSTFLAGS=--cap-lints=warn" "-e" "RUSTDOCFLAGS=--cap-lints=warn" "-e" "CARGO_HOME=/opt/rustwide/cargo-home" "-e" "RUSTUP_HOME=/opt/rustwide/rustup-home" "-w" "/opt/rustwide/workdir" "-m" "1610612736" "--user" "0:0" "--network" "none" "ghcr.io/rust-lang/crates-build-env/linux@sha256:2788e3201cd34a07e3172128adcd8b3090168a8e3bcc40d7c032b9dda1df7d1c" "/opt/rustwide/cargo-home/bin/cargo" "+beta-2023-12-22" "build" "--frozen" "--message-format=json", kill_on_drop: false }`
[INFO] [stdout] e8bbc47a93b583845a496aaf341a1cd2b7e0629392c236309bcf28e364fbb0f2
[INFO] running `Command { std: "docker" "start" "-a" "e8bbc47a93b583845a496aaf341a1cd2b7e0629392c236309bcf28e364fbb0f2", kill_on_drop: false }`
[INFO] [stderr]    Compiling proc-macro2 v1.0.75
[INFO] [stderr]    Compiling unicode-ident v1.0.12
[INFO] [stderr]    Compiling either v1.9.0
[INFO] [stderr]    Compiling itertools v0.10.5
[INFO] [stderr]    Compiling quote v1.0.35
[INFO] [stderr]    Compiling syn v2.0.48
[INFO] [stderr]    Compiling bevy_ergo_plugin v0.2.1 (/opt/rustwide/workdir)
[INFO] [stderr]     Finished dev [unoptimized + debuginfo] target(s) in 7.28s
[INFO] running `Command { std: "docker" "inspect" "e8bbc47a93b583845a496aaf341a1cd2b7e0629392c236309bcf28e364fbb0f2", kill_on_drop: false }`
[INFO] running `Command { std: "docker" "rm" "-f" "e8bbc47a93b583845a496aaf341a1cd2b7e0629392c236309bcf28e364fbb0f2", kill_on_drop: false }`
[INFO] [stdout] e8bbc47a93b583845a496aaf341a1cd2b7e0629392c236309bcf28e364fbb0f2
[INFO] running `Command { std: "docker" "create" "-v" "/var/lib/crater-agent-workspace/builds/worker-4-tc2/target:/opt/rustwide/target:rw,Z" "-v" "/var/lib/crater-agent-workspace/builds/worker-4-tc2/source:/opt/rustwide/workdir:ro,Z" "-v" "/var/lib/crater-agent-workspace/cargo-home:/opt/rustwide/cargo-home:ro,Z" "-v" "/var/lib/crater-agent-workspace/rustup-home:/opt/rustwide/rustup-home:ro,Z" "-e" "SOURCE_DIR=/opt/rustwide/workdir" "-e" "CARGO_TARGET_DIR=/opt/rustwide/target" "-e" "CARGO_INCREMENTAL=0" "-e" "RUST_BACKTRACE=full" "-e" "RUSTFLAGS=--cap-lints=warn" "-e" "RUSTDOCFLAGS=--cap-lints=warn" "-e" "CARGO_HOME=/opt/rustwide/cargo-home" "-e" "RUSTUP_HOME=/opt/rustwide/rustup-home" "-w" "/opt/rustwide/workdir" "-m" "1610612736" "--user" "0:0" "--network" "none" "ghcr.io/rust-lang/crates-build-env/linux@sha256:2788e3201cd34a07e3172128adcd8b3090168a8e3bcc40d7c032b9dda1df7d1c" "/opt/rustwide/cargo-home/bin/cargo" "+beta-2023-12-22" "test" "--frozen" "--no-run" "--message-format=json", kill_on_drop: false }`
[INFO] [stdout] ea1e7663b1b980e396514950f697be480218e69be6888976bc099efb348249d7
[INFO] running `Command { std: "docker" "start" "-a" "ea1e7663b1b980e396514950f697be480218e69be6888976bc099efb348249d7", kill_on_drop: false }`
[INFO] [stderr]    Compiling bevy_ergo_plugin v0.2.1 (/opt/rustwide/workdir)
[INFO] [stderr]     Finished test [unoptimized + debuginfo] target(s) in 1.13s
[INFO] running `Command { std: "docker" "inspect" "ea1e7663b1b980e396514950f697be480218e69be6888976bc099efb348249d7", kill_on_drop: false }`
[INFO] running `Command { std: "docker" "rm" "-f" "ea1e7663b1b980e396514950f697be480218e69be6888976bc099efb348249d7", kill_on_drop: false }`
[INFO] [stdout] ea1e7663b1b980e396514950f697be480218e69be6888976bc099efb348249d7
[INFO] running `Command { std: "docker" "create" "-v" "/var/lib/crater-agent-workspace/builds/worker-4-tc2/target:/opt/rustwide/target:rw,Z" "-v" "/var/lib/crater-agent-workspace/builds/worker-4-tc2/source:/opt/rustwide/workdir:ro,Z" "-v" "/var/lib/crater-agent-workspace/cargo-home:/opt/rustwide/cargo-home:ro,Z" "-v" "/var/lib/crater-agent-workspace/rustup-home:/opt/rustwide/rustup-home:ro,Z" "-e" "SOURCE_DIR=/opt/rustwide/workdir" "-e" "CARGO_TARGET_DIR=/opt/rustwide/target" "-e" "CARGO_INCREMENTAL=0" "-e" "RUST_BACKTRACE=full" "-e" "RUSTFLAGS=--cap-lints=warn" "-e" "RUSTDOCFLAGS=--cap-lints=warn" "-e" "CARGO_HOME=/opt/rustwide/cargo-home" "-e" "RUSTUP_HOME=/opt/rustwide/rustup-home" "-w" "/opt/rustwide/workdir" "-m" "1610612736" "--user" "0:0" "--network" "none" "ghcr.io/rust-lang/crates-build-env/linux@sha256:2788e3201cd34a07e3172128adcd8b3090168a8e3bcc40d7c032b9dda1df7d1c" "/opt/rustwide/cargo-home/bin/cargo" "+beta-2023-12-22" "test" "--frozen", kill_on_drop: false }`
[INFO] [stdout] 46efbc101c266189d7b6a9e70e8c56085432d3b141f78326a72a84939a3671c9
[INFO] running `Command { std: "docker" "start" "-a" "46efbc101c266189d7b6a9e70e8c56085432d3b141f78326a72a84939a3671c9", kill_on_drop: false }`
[INFO] [stderr]     Finished test [unoptimized + debuginfo] target(s) in 0.02s
[INFO] [stderr]      Running unittests src/lib.rs (/opt/rustwide/target/debug/deps/bevy_ergo_plugin-027bb75af73ca005)
[INFO] [stderr]    Doc-tests bevy_ergo_plugin
[INFO] [stdout] 
[INFO] [stdout] running 0 tests
[INFO] [stdout] 
[INFO] [stdout] test result: ok. 0 passed; 0 failed; 0 ignored; 0 measured; 0 filtered out; finished in 0.00s
[INFO] [stdout] 
[INFO] [stdout] 
[INFO] [stdout] running 1 test
[INFO] [stdout] test src/lib.rs - (line 21) ... FAILED
[INFO] [stdout] 
[INFO] [stdout] failures:
[INFO] [stdout] 
[INFO] [stdout] ---- src/lib.rs - (line 21) stdout ----
[INFO] [stdout] error[E0433]: failed to resolve: use of undeclared crate or module `bevy`
[INFO] [stdout]  --> src/lib.rs:23:5
[INFO] [stdout]   |
[INFO] [stdout] 4 | use bevy::prelude::*;
[INFO] [stdout]   |     ^^^^ use of undeclared crate or module `bevy`
[INFO] [stdout] 
[INFO] [stdout] error: cannot find derive macro `Resource` in this scope
[INFO] [stdout]   --> src/lib.rs:37:10
[INFO] [stdout]    |
[INFO] [stdout] 18 | #[derive(Resource, Default)]
[INFO] [stdout]    |          ^^^^^^^^
[INFO] [stdout] 
[INFO] [stdout] error[E0425]: cannot find value `DefaultPlugins` in this scope
[INFO] [stdout]   --> src/lib.rs:33:22
[INFO] [stdout]    |
[INFO] [stdout] 14 |         .add_plugins(DefaultPlugins)
[INFO] [stdout]    |                      ^^^^^^^^^^^^^^ not found in this scope
[INFO] [stdout] 
[INFO] [stdout] error[E0412]: cannot find type `ResMut` in this scope
[INFO] [stdout]   --> src/lib.rs:45:49
[INFO] [stdout]    |
[INFO] [stdout] 26 |     pub fn increment_input_counter(mut counter: ResMut<InputCounter>) {
[INFO] [stdout]    |                                                 ^^^^^^ help: a trait with a similar name exists: `AsMut`
[INFO] [stdout]   --> /rustc/0e09125c6c3c2fd70d7de961bcf0e51575235fad/library/core/src/convert/mod.rs:369:1
[INFO] [stdout]    |
[INFO] [stdout]    = note: similarly named trait `AsMut` defined here
[INFO] [stdout] 
[INFO] [stdout] error[E0412]: cannot find type `Res` in this scope
[INFO] [stdout]   --> src/lib.rs:52:41
[INFO] [stdout]    |
[INFO] [stdout] 33 |     pub fn print_input_counter(counter: Res<InputCounter>) {
[INFO] [stdout]    |                                         ^^^ not found in this scope
[INFO] [stdout] 
[INFO] [stdout] error[E0412]: cannot find type `Res` in this scope
[INFO] [stdout]   --> src/lib.rs:66:25
[INFO] [stdout]    |
[INFO] [stdout] 47 |         keyboard_input: Res<Input<KeyCode>>,
[INFO] [stdout]    |                         ^^^ not found in this scope
[INFO] [stdout] 
[INFO] [stdout] error[E0412]: cannot find type `Input` in this scope
[INFO] [stdout]   --> src/lib.rs:66:29
[INFO] [stdout]    |
[INFO] [stdout] 47 |         keyboard_input: Res<Input<KeyCode>>,
[INFO] [stdout]    |                             ^^^^^ not found in this scope
[INFO] [stdout] 
[INFO] [stdout] error[E0412]: cannot find type `KeyCode` in this scope
[INFO] [stdout]   --> src/lib.rs:66:35
[INFO] [stdout]    |
[INFO] [stdout] 47 |         keyboard_input: Res<Input<KeyCode>>,
[INFO] [stdout]    |                                   ^^^^^^^ not found in this scope
[INFO] [stdout]    |
[INFO] [stdout] help: you might be missing a type parameter
[INFO] [stdout]    |
[INFO] [stdout] 23 | impl<KeyCode> Game {
[INFO] [stdout]    |     +++++++++
[INFO] [stdout] 
[INFO] [stdout] error[E0412]: cannot find type `Res` in this scope
[INFO] [stdout]   --> src/lib.rs:67:29
[INFO] [stdout]    |
[INFO] [stdout] 48 |         mouse_button_input: Res<Input<MouseButton>>,
[INFO] [stdout]    |                             ^^^ not found in this scope
[INFO] [stdout] 
[INFO] [stdout] error[E0412]: cannot find type `Input` in this scope
[INFO] [stdout]   --> src/lib.rs:67:33
[INFO] [stdout]    |
[INFO] [stdout] 48 |         mouse_button_input: Res<Input<MouseButton>>,
[INFO] [stdout]    |                                 ^^^^^ not found in this scope
[INFO] [stdout] 
[INFO] [stdout] error[E0412]: cannot find type `MouseButton` in this scope
[INFO] [stdout]   --> src/lib.rs:67:39
[INFO] [stdout]    |
[INFO] [stdout] 48 |         mouse_button_input: Res<Input<MouseButton>>,
[INFO] [stdout]    |                                       ^^^^^^^^^^^ not found in this scope
[INFO] [stdout]    |
[INFO] [stdout] help: you might be missing a type parameter
[INFO] [stdout]    |
[INFO] [stdout] 23 | impl<MouseButton> Game {
[INFO] [stdout]    |     +++++++++++++
[INFO] [stdout] 
[INFO] [stdout] error[E0412]: cannot find type `Res` in this scope
[INFO] [stdout]   --> src/lib.rs:68:22
[INFO] [stdout]    |
[INFO] [stdout] 49 |         touch_input: Res<Touches>,
[INFO] [stdout]    |                      ^^^ not found in this scope
[INFO] [stdout] 
[INFO] [stdout] error[E0412]: cannot find type `Touches` in this scope
[INFO] [stdout]   --> src/lib.rs:68:26
[INFO] [stdout]    |
[INFO] [stdout] 49 |         touch_input: Res<Touches>,
[INFO] [stdout]    |                          ^^^^^^^ not found in this scope
[INFO] [stdout]    |
[INFO] [stdout] help: you might be missing a type parameter
[INFO] [stdout]    |
[INFO] [stdout] 23 | impl<Touches> Game {
[INFO] [stdout]    |     +++++++++
[INFO] [stdout] 
[INFO] [stdout] error[E0412]: cannot find type `Local` in this scope
[INFO] [stdout]   --> src/lib.rs:78:46
[INFO] [stdout]    |
[INFO] [stdout] 59 |     pub fn time_passed(t: f32) -> impl FnMut(Local<f32>, Res<Time>) -> bool {
[INFO] [stdout]    |                                              ^^^^^ not found in this scope
[INFO] [stdout]    |
[INFO] [stdout] help: consider importing this struct
[INFO] [stdout]    |
[INFO] [stdout] 4  + use syn::Local;
[INFO] [stdout]    |
[INFO] [stdout] 
[INFO] [stdout] error[E0412]: cannot find type `Res` in this scope
[INFO] [stdout]   --> src/lib.rs:78:58
[INFO] [stdout]    |
[INFO] [stdout] 59 |     pub fn time_passed(t: f32) -> impl FnMut(Local<f32>, Res<Time>) -> bool {
[INFO] [stdout]    |                                                          ^^^ not found in this scope
[INFO] [stdout] 
[INFO] [stdout] error[E0412]: cannot find type `Time` in this scope
[INFO] [stdout]   --> src/lib.rs:78:62
[INFO] [stdout]    |
[INFO] [stdout] 59 |     pub fn time_passed(t: f32) -> impl FnMut(Local<f32>, Res<Time>) -> bool {
[INFO] [stdout]    |                                                              ^^^^ not found in this scope
[INFO] [stdout]    |
[INFO] [stdout] help: you might be missing a type parameter
[INFO] [stdout]    |
[INFO] [stdout] 23 | impl<Time> Game {
[INFO] [stdout]    |     ++++++
[INFO] [stdout] 
[INFO] [stdout] error[E0412]: cannot find type `Local` in this scope
[INFO] [stdout]   --> src/lib.rs:79:26
[INFO] [stdout]    |
[INFO] [stdout] 60 |         move |mut timer: Local<f32>, time: Res<Time>| {
[INFO] [stdout]    |                          ^^^^^ not found in this scope
[INFO] [stdout]    |
[INFO] [stdout] help: consider importing this struct
[INFO] [stdout]    |
[INFO] [stdout] 4  + use syn::Local;
[INFO] [stdout]    |
[INFO] [stdout] 
[INFO] [stdout] error[E0412]: cannot find type `Res` in this scope
[INFO] [stdout]   --> src/lib.rs:79:44
[INFO] [stdout]    |
[INFO] [stdout] 60 |         move |mut timer: Local<f32>, time: Res<Time>| {
[INFO] [stdout]    |                                            ^^^ not found in this scope
[INFO] [stdout] 
[INFO] [stdout] error[E0412]: cannot find type `Time` in this scope
[INFO] [stdout]   --> src/lib.rs:79:48
[INFO] [stdout]    |
[INFO] [stdout] 60 |         move |mut timer: Local<f32>, time: Res<Time>| {
[INFO] [stdout]    |                                                ^^^^ not found in this scope
[INFO] [stdout]    |
[INFO] [stdout] help: you might be missing a type parameter
[INFO] [stdout]    |
[INFO] [stdout] 23 | impl<Time> Game {
[INFO] [stdout]    |     ++++++
[INFO] [stdout] 
[INFO] [stdout] error[E0405]: cannot find trait `Plugin` in this scope
[INFO] [stdout]   --> src/lib.rs:41:1
[INFO] [stdout]    |
[INFO] [stdout] 22 | #[bevy_plugin]
[INFO] [stdout]    | ^^^^^^^^^^^^^^ not found in this scope
[INFO] [stdout]    |
[INFO] [stdout]    = note: this error originates in the attribute macro `bevy_plugin` (in Nightly builds, run with -Z macro-backtrace for more info)
[INFO] [stdout] 
[INFO] [stdout] error[E0412]: cannot find type `App` in this scope
[INFO] [stdout]   --> src/lib.rs:41:1
[INFO] [stdout]    |
[INFO] [stdout] 22 | #[bevy_plugin]
[INFO] [stdout]    | ^^^^^^^^^^^^^^ not found in this scope
[INFO] [stdout]    |
[INFO] [stdout]    = note: this error originates in the attribute macro `bevy_plugin` (in Nightly builds, run with -Z macro-backtrace for more info)
[INFO] [stdout] 
[INFO] [stdout] error[E0412]: cannot find type `Res` in this scope
[INFO] [stdout]   --> src/lib.rs:41:1
[INFO] [stdout]    |
[INFO] [stdout] 22 | #[bevy_plugin]
[INFO] [stdout]    | ^^^^^^^^^^^^^^ not found in this scope
[INFO] [stdout]    |
[INFO] [stdout]    = note: this error originates in the attribute macro `bevy_plugin` (in Nightly builds, run with -Z macro-backtrace for more info)
[INFO] [stdout] 
[INFO] [stdout] error[E0433]: failed to resolve: use of undeclared type `App`
[INFO] [stdout]   --> src/lib.rs:32:5
[INFO] [stdout]    |
[INFO] [stdout] 13 |     App::new()
[INFO] [stdout]    |     ^^^ use of undeclared type `App`
[INFO] [stdout] 
[INFO] [stdout] error[E0433]: failed to resolve: use of undeclared type `KeyCode`
[INFO] [stdout]   --> src/lib.rs:70:37
[INFO] [stdout]    |
[INFO] [stdout] 51 |         keyboard_input.just_pressed(KeyCode::Space)
[INFO] [stdout]    |                                     ^^^^^^^ use of undeclared type `KeyCode`
[INFO] [stdout] 
[INFO] [stdout] error[E0433]: failed to resolve: use of undeclared type `KeyCode`
[INFO] [stdout]   --> src/lib.rs:71:44
[INFO] [stdout]    |
[INFO] [stdout] 52 |             || keyboard_input.just_pressed(KeyCode::Return)
[INFO] [stdout]    |                                            ^^^^^^^ use of undeclared type `KeyCode`
[INFO] [stdout] 
[INFO] [stdout] error[E0433]: failed to resolve: use of undeclared type `MouseButton`
[INFO] [stdout]   --> src/lib.rs:72:48
[INFO] [stdout]    |
[INFO] [stdout] 53 |             || mouse_button_input.just_pressed(MouseButton::Left)
[INFO] [stdout]    |                                                ^^^^^^^^^^^ use of undeclared type `MouseButton`
[INFO] [stdout] 
[INFO] [stdout] error[E0433]: failed to resolve: use of undeclared type `MouseButton`
[INFO] [stdout]   --> src/lib.rs:73:48
[INFO] [stdout]    |
[INFO] [stdout] 54 |             || mouse_button_input.just_pressed(MouseButton::Right)
[INFO] [stdout]    |                                                ^^^^^^^^^^^ use of undeclared type `MouseButton`
[INFO] [stdout] 
[INFO] [stdout] error[E0423]: expected function, found attribute macro `not`
[INFO] [stdout]   --> src/lib.rs:41:1
[INFO] [stdout]    |
[INFO] [stdout] 22 | #[bevy_plugin]
[INFO] [stdout]    | ^^^^^^^^^^^^^^ not a function
[INFO] [stdout]    |
[INFO] [stdout]    = note: this error originates in the attribute macro `bevy_plugin` (in Nightly builds, run with -Z macro-backtrace for more info)
[INFO] [stdout] 
[INFO] [stdout] error: aborting due to 28 previous errors
[INFO] [stdout] 
[INFO] [stdout] Some errors have detailed explanations: E0405, E0412, E0423, E0425, E0433.
[INFO] [stdout] For more information about an error, try `rustc --explain E0405`.
[INFO] [stdout] Couldn't compile the test.
[INFO] [stdout] 
[INFO] [stdout] failures:
[INFO] [stdout]     src/lib.rs - (line 21)
[INFO] [stdout] 
[INFO] [stdout] test result: FAILED. 0 passed; 1 failed; 0 ignored; 0 measured; 0 filtered out; finished in 0.15s
[INFO] [stdout] 
[INFO] [stderr] error: doctest failed, to rerun pass `--doc`
[INFO] running `Command { std: "docker" "inspect" "46efbc101c266189d7b6a9e70e8c56085432d3b141f78326a72a84939a3671c9", kill_on_drop: false }`
[INFO] running `Command { std: "docker" "rm" "-f" "46efbc101c266189d7b6a9e70e8c56085432d3b141f78326a72a84939a3671c9", kill_on_drop: false }`
[INFO] [stdout] 46efbc101c266189d7b6a9e70e8c56085432d3b141f78326a72a84939a3671c9
