[INFO] fetching crate bevy_asset_packer 0.4.0...
[INFO] testing bevy_asset_packer-0.4.0 against 1.75.0 for beta-1.76-1
[INFO] extracting crate bevy_asset_packer 0.4.0 into /workspace/builds/worker-0-tc1/source
[INFO] validating manifest of crates.io crate bevy_asset_packer 0.4.0 on toolchain 1.75.0
[INFO] running `Command { std: CARGO_HOME="/workspace/cargo-home" RUSTUP_HOME="/workspace/rustup-home" "/workspace/cargo-home/bin/cargo" "+1.75.0" "metadata" "--manifest-path" "Cargo.toml" "--no-deps", kill_on_drop: false }`
[INFO] started tweaking crates.io crate bevy_asset_packer 0.4.0
[INFO] finished tweaking crates.io crate bevy_asset_packer 0.4.0
[INFO] tweaked toml for crates.io crate bevy_asset_packer 0.4.0 written to /workspace/builds/worker-0-tc1/source/Cargo.toml
[INFO] running `Command { std: CARGO_HOME="/workspace/cargo-home" RUSTUP_HOME="/workspace/rustup-home" "/workspace/cargo-home/bin/cargo" "+1.75.0" "generate-lockfile" "--manifest-path" "Cargo.toml", kill_on_drop: false }`
[INFO] [stderr]     Updating crates.io index
[INFO] running `Command { std: CARGO_HOME="/workspace/cargo-home" RUSTUP_HOME="/workspace/rustup-home" "/workspace/cargo-home/bin/cargo" "+1.75.0" "fetch" "--manifest-path" "Cargo.toml", kill_on_drop: false }`
[INFO] [stderr]  Downloading crates ...
[INFO] [stderr]   Downloaded accesskit_winit v0.14.4
[INFO] [stderr]   Downloaded num_enum_derive v0.6.1
[INFO] [stderr]   Downloaded bevy_window v0.11.3
[INFO] [stderr]   Downloaded bevy_a11y v0.11.3
[INFO] [stderr]   Downloaded bevy_macro_utils v0.11.3
[INFO] [stderr]   Downloaded accesskit_windows v0.14.3
[INFO] [stderr]   Downloaded libredox v0.0.2
[INFO] [stderr]   Downloaded windows-implement v0.48.0
[INFO] [stderr]   Downloaded accesskit v0.11.2
[INFO] [stderr]   Downloaded bevy_hierarchy v0.11.3
[INFO] [stderr]   Downloaded bevy_transform v0.11.3
[INFO] [stderr]   Downloaded bevy_derive v0.11.3
[INFO] [stderr]   Downloaded bevy_math v0.11.3
[INFO] [stderr]   Downloaded bevy_ptr v0.11.3
[INFO] [stderr]   Downloaded bevy_internal v0.11.3
[INFO] [stderr]   Downloaded tracing-wasm v0.2.1
[INFO] [stderr]   Downloaded bevy_log v0.11.3
[INFO] [stderr]   Downloaded sysinfo v0.29.11
[INFO] [stderr]   Downloaded glam v0.24.2
[INFO] [stderr]   Downloaded orbclient v0.3.47
[INFO] [stderr]   Downloaded winit v0.28.7
[INFO] [stderr]   Downloaded bevy v0.11.3
[INFO] [stderr]   Downloaded bevy_ecs v0.11.3
[INFO] [stderr]   Downloaded bevy_reflect v0.11.3
[INFO] [stderr]   Downloaded windows v0.48.0
[INFO] [stderr]   Downloaded android-activity v0.4.3
[INFO] [stderr]   Downloaded bevy_ecs_macros v0.11.3
[INFO] [stderr]   Downloaded bevy_tasks v0.11.3
[INFO] [stderr]   Downloaded bevy_input v0.11.3
[INFO] [stderr]   Downloaded bevy_reflect_derive v0.11.3
[INFO] [stderr]   Downloaded belt-block v0.1.2
[INFO] [stderr]   Downloaded windows-interface v0.48.0
[INFO] [stderr]   Downloaded bevy_asset v0.11.3
[INFO] [stderr]   Downloaded accesskit_macos v0.9.0
[INFO] [stderr]   Downloaded accesskit_consumer v0.15.2
[INFO] [stderr]   Downloaded bevy_utils v0.11.3
[INFO] [stderr]   Downloaded bevy_diagnostic v0.11.3
[INFO] [stderr]   Downloaded smol_str v0.2.0
[INFO] [stderr]   Downloaded bevy_app v0.11.3
[INFO] [stderr]   Downloaded bevy_utils_proc_macros v0.11.3
[INFO] [stderr]   Downloaded num_enum v0.6.1
[INFO] [stderr]   Downloaded bevy_winit v0.11.3
[INFO] [stderr]   Downloaded bevy_time v0.11.3
[INFO] [stderr]   Downloaded bevy_core v0.11.3
[INFO] [stderr]   Downloaded android_log-sys v0.3.1
[INFO] [stderr]   Downloaded block-padding v0.3.3
[INFO] [stderr]   Downloaded belt-ctr v0.1.0
[INFO] running `Command { std: "docker" "create" "-v" "/var/lib/crater-agent-workspace/builds/worker-0-tc1/target:/opt/rustwide/target:rw,Z" "-v" "/var/lib/crater-agent-workspace/builds/worker-0-tc1/source:/opt/rustwide/workdir:ro,Z" "-v" "/var/lib/crater-agent-workspace/cargo-home:/opt/rustwide/cargo-home:ro,Z" "-v" "/var/lib/crater-agent-workspace/rustup-home:/opt/rustwide/rustup-home:ro,Z" "-e" "SOURCE_DIR=/opt/rustwide/workdir" "-e" "CARGO_TARGET_DIR=/opt/rustwide/target" "-e" "CARGO_HOME=/opt/rustwide/cargo-home" "-e" "RUSTUP_HOME=/opt/rustwide/rustup-home" "-w" "/opt/rustwide/workdir" "-m" "1610612736" "--user" "0:0" "--network" "none" "ghcr.io/rust-lang/crates-build-env/linux@sha256:2788e3201cd34a07e3172128adcd8b3090168a8e3bcc40d7c032b9dda1df7d1c" "/opt/rustwide/cargo-home/bin/cargo" "+1.75.0" "metadata" "--no-deps" "--format-version=1", kill_on_drop: false }`
[INFO] [stdout] 772605b6e58758bee3596ae1bd9dd54cf72c913ddb659991d87bafb1a4a1c7d9
[INFO] running `Command { std: "docker" "start" "-a" "772605b6e58758bee3596ae1bd9dd54cf72c913ddb659991d87bafb1a4a1c7d9", kill_on_drop: false }`
[INFO] running `Command { std: "docker" "inspect" "772605b6e58758bee3596ae1bd9dd54cf72c913ddb659991d87bafb1a4a1c7d9", kill_on_drop: false }`
[INFO] running `Command { std: "docker" "rm" "-f" "772605b6e58758bee3596ae1bd9dd54cf72c913ddb659991d87bafb1a4a1c7d9", kill_on_drop: false }`
[INFO] [stdout] 772605b6e58758bee3596ae1bd9dd54cf72c913ddb659991d87bafb1a4a1c7d9
[INFO] running `Command { std: "docker" "create" "-v" "/var/lib/crater-agent-workspace/builds/worker-0-tc1/target:/opt/rustwide/target:rw,Z" "-v" "/var/lib/crater-agent-workspace/builds/worker-0-tc1/source:/opt/rustwide/workdir:ro,Z" "-v" "/var/lib/crater-agent-workspace/cargo-home:/opt/rustwide/cargo-home:ro,Z" "-v" "/var/lib/crater-agent-workspace/rustup-home:/opt/rustwide/rustup-home:ro,Z" "-e" "SOURCE_DIR=/opt/rustwide/workdir" "-e" "CARGO_TARGET_DIR=/opt/rustwide/target" "-e" "CARGO_INCREMENTAL=0" "-e" "RUST_BACKTRACE=full" "-e" "RUSTFLAGS=--cap-lints=warn" "-e" "RUSTDOCFLAGS=--cap-lints=warn" "-e" "CARGO_HOME=/opt/rustwide/cargo-home" "-e" "RUSTUP_HOME=/opt/rustwide/rustup-home" "-w" "/opt/rustwide/workdir" "-m" "1610612736" "--user" "0:0" "--network" "none" "ghcr.io/rust-lang/crates-build-env/linux@sha256:2788e3201cd34a07e3172128adcd8b3090168a8e3bcc40d7c032b9dda1df7d1c" "/opt/rustwide/cargo-home/bin/cargo" "+1.75.0" "build" "--frozen" "--message-format=json", kill_on_drop: false }`
[INFO] [stdout] fc3963bf8ad66f42e1647d29802552fad2d9341088a25c046130a149fc6233d8
[INFO] running `Command { std: "docker" "start" "-a" "fc3963bf8ad66f42e1647d29802552fad2d9341088a25c046130a149fc6233d8", kill_on_drop: false }`
[INFO] [stderr]    Compiling cfg-if v1.0.0
[INFO] [stderr]    Compiling proc-macro2 v1.0.75
[INFO] [stderr]    Compiling unicode-ident v1.0.12
[INFO] [stderr]    Compiling version_check v0.9.4
[INFO] [stderr]    Compiling serde v1.0.194
[INFO] [stderr]    Compiling libc v0.2.151
[INFO] [stderr]    Compiling once_cell v1.19.0
[INFO] [stderr]    Compiling pin-project-lite v0.2.13
[INFO] [stderr]    Compiling crossbeam-utils v0.8.18
[INFO] [stderr]    Compiling equivalent v1.0.1
[INFO] [stderr]    Compiling autocfg v1.1.0
[INFO] [stderr]    Compiling hashbrown v0.14.3
[INFO] [stderr]    Compiling tracing-core v0.1.32
[INFO] [stderr]    Compiling parking v2.2.0
[INFO] [stderr]    Compiling zerocopy v0.7.32
[INFO] [stderr]    Compiling toml_datetime v0.6.5
[INFO] [stderr]    Compiling ahash v0.8.7
[INFO] [stderr]    Compiling quote v1.0.35
[INFO] [stderr]    Compiling concurrent-queue v2.4.0
[INFO] [stderr]    Compiling syn v2.0.48
[INFO] [stderr]    Compiling indexmap v2.1.0
[INFO] [stderr]    Compiling winnow v0.5.32
[INFO] [stderr]    Compiling getrandom v0.2.11
[INFO] [stderr]    Compiling futures-core v0.3.30
[INFO] [stderr]    Compiling allocator-api2 v0.2.16
[INFO] [stderr]    Compiling rustc-hash v1.1.0
[INFO] [stderr]    Compiling lock_api v0.4.11
[INFO] [stderr]    Compiling slab v0.4.9
[INFO] [stderr]    Compiling event-listener v4.0.2
[INFO] [stderr]    Compiling thiserror v1.0.56
[INFO] [stderr]    Compiling parking_lot_core v0.9.9
[INFO] [stderr]    Compiling event-listener-strategy v0.4.0
[INFO] [stderr]    Compiling toml_edit v0.19.15
[INFO] [stderr]    Compiling tracing v0.1.40
[INFO] [stderr]    Compiling bytemuck v1.14.0
[INFO] [stderr]    Compiling scopeguard v1.2.0
[INFO] [stderr]    Compiling bit-vec v0.6.3
[INFO] [stderr]    Compiling fixedbitset v0.4.2
[INFO] [stderr]    Compiling bit-set v0.5.3
[INFO] [stderr]    Compiling async-lock v3.2.0
[INFO] [stderr]    Compiling futures-lite v2.1.0
[INFO] [stderr]    Compiling instant v0.1.12
[INFO] [stderr]    Compiling async-task v4.7.0
[INFO] [stderr]    Compiling futures-io v0.3.30
[INFO] [stderr]    Compiling uuid v1.6.1
[INFO] [stderr]    Compiling waker-fn v1.1.1
[INFO] [stderr]    Compiling memchr v2.7.1
[INFO] [stderr]    Compiling fastrand v2.0.1
[INFO] [stderr]    Compiling fastrand v1.9.0
[INFO] [stderr]    Compiling event-listener v2.5.3
[INFO] [stderr]    Compiling async-executor v1.8.0
[INFO] [stderr]    Compiling futures-lite v1.13.0
[INFO] [stderr]    Compiling async-channel v1.9.0
[INFO] [stderr]    Compiling thread_local v1.1.7
[INFO] [stderr]    Compiling downcast-rs v1.2.0
[INFO] [stderr]    Compiling smol_str v0.2.0
[INFO] [stderr]    Compiling bevy_macro_utils v0.11.3
[INFO] [stderr]    Compiling bevy_ptr v0.11.3
[INFO] [stderr]    Compiling bevy_tasks v0.11.3
[INFO] [stderr]    Compiling typenum v1.17.0
[INFO] [stderr]    Compiling regex-syntax v0.6.29
[INFO] [stderr]    Compiling regex-syntax v0.8.2
[INFO] [stderr]    Compiling log v0.4.20
[INFO] [stderr]    Compiling generic-array v0.14.7
[INFO] [stderr]    Compiling lazy_static v1.4.0
[INFO] [stderr]    Compiling overload v0.1.1
[INFO] [stderr]    Compiling regex-automata v0.1.10
[INFO] [stderr]    Compiling nu-ansi-term v0.46.0
[INFO] [stderr]    Compiling regex-automata v0.4.3
[INFO] [stderr]    Compiling matchers v0.1.0
[INFO] [stderr]    Compiling sharded-slab v0.1.7
[INFO] [stderr]    Compiling tracing-log v0.2.0
[INFO] [stderr]    Compiling regex v1.10.2
[INFO] [stderr]    Compiling tracing-log v0.1.4
[INFO] [stderr]    Compiling block-padding v0.3.3
[INFO] [stderr]    Compiling crossbeam-channel v0.5.10
[INFO] [stderr]    Compiling anyhow v1.0.79
[INFO] [stderr]    Compiling inout v0.1.3
[INFO] [stderr]    Compiling crypto-common v0.1.6
[INFO] [stderr]    Compiling sysinfo v0.29.11
[INFO] [stderr]    Compiling rustix v0.38.28
[INFO] [stderr]    Compiling cipher v0.4.4
[INFO] [stderr]    Compiling accesskit v0.11.2
[INFO] [stderr]    Compiling raw-window-handle v0.5.2
[INFO] [stderr]    Compiling bitflags v2.4.1
[INFO] [stderr]    Compiling linux-raw-sys v0.4.12
[INFO] [stderr]    Compiling belt-block v0.1.2
[INFO] [stderr]    Compiling filetime v0.2.23
[INFO] [stderr]    Compiling cpufeatures v0.2.12
[INFO] [stderr]    Compiling adler v1.0.2
[INFO] [stderr]    Compiling simd-adler32 v0.3.7
[INFO] [stderr]    Compiling aes v0.8.3
[INFO] [stderr]    Compiling miniz_oxide v0.7.1
[INFO] [stderr]    Compiling belt-ctr v0.1.0
[INFO] [stderr]    Compiling bs58 v0.5.0
[INFO] [stderr]    Compiling xattr v1.2.0
[INFO] [stderr]    Compiling tar v0.4.40
[INFO] [stderr]    Compiling serde_derive v1.0.194
[INFO] [stderr]    Compiling thiserror-impl v1.0.56
[INFO] [stderr]    Compiling bevy_utils_proc_macros v0.11.3
[INFO] [stderr]    Compiling bevy_reflect_derive v0.11.3
[INFO] [stderr]    Compiling bevy_ecs_macros v0.11.3
[INFO] [stderr]    Compiling bevy_derive v0.11.3
[INFO] [stderr]    Compiling smallvec v1.11.2
[INFO] [stderr]    Compiling glam v0.24.2
[INFO] [stderr]    Compiling erased-serde v0.3.31
[INFO] [stderr]    Compiling tracing-subscriber v0.3.18
[INFO] [stderr]    Compiling parking_lot v0.12.1
[INFO] [stderr]    Compiling petgraph v0.6.4
[INFO] [stderr]    Compiling bevy_utils v0.11.3
[INFO] [stderr]    Compiling bevy_math v0.11.3
[INFO] [stderr]    Compiling bevy_reflect v0.11.3
[INFO] [stderr]    Compiling bevy_ecs v0.11.3
[INFO] [stderr]    Compiling bevy_app v0.11.3
[INFO] [stderr]    Compiling bevy_log v0.11.3
[INFO] [stderr]    Compiling bevy_core v0.11.3
[INFO] [stderr]    Compiling bevy_time v0.11.3
[INFO] [stderr]    Compiling bevy_input v0.11.3
[INFO] [stderr]    Compiling bevy_a11y v0.11.3
[INFO] [stderr]    Compiling bevy_diagnostic v0.11.3
[INFO] [stderr]    Compiling bevy_hierarchy v0.11.3
[INFO] [stderr]    Compiling bevy_window v0.11.3
[INFO] [stderr]    Compiling bevy_transform v0.11.3
[INFO] [stderr]    Compiling bevy_asset v0.11.3
[INFO] [stderr]    Compiling bevy_internal v0.11.3
[INFO] [stderr]    Compiling bevy v0.11.3
[INFO] [stderr]    Compiling bevy_asset_packer v0.4.0 (/opt/rustwide/workdir)
[INFO] [stderr]     Finished dev [optimized + debuginfo] target(s) in 6m 36s
[INFO] running `Command { std: "docker" "inspect" "fc3963bf8ad66f42e1647d29802552fad2d9341088a25c046130a149fc6233d8", kill_on_drop: false }`
[INFO] running `Command { std: "docker" "rm" "-f" "fc3963bf8ad66f42e1647d29802552fad2d9341088a25c046130a149fc6233d8", kill_on_drop: false }`
[INFO] [stdout] fc3963bf8ad66f42e1647d29802552fad2d9341088a25c046130a149fc6233d8
[INFO] running `Command { std: "docker" "create" "-v" "/var/lib/crater-agent-workspace/builds/worker-0-tc1/target:/opt/rustwide/target:rw,Z" "-v" "/var/lib/crater-agent-workspace/builds/worker-0-tc1/source:/opt/rustwide/workdir:ro,Z" "-v" "/var/lib/crater-agent-workspace/cargo-home:/opt/rustwide/cargo-home:ro,Z" "-v" "/var/lib/crater-agent-workspace/rustup-home:/opt/rustwide/rustup-home:ro,Z" "-e" "SOURCE_DIR=/opt/rustwide/workdir" "-e" "CARGO_TARGET_DIR=/opt/rustwide/target" "-e" "CARGO_INCREMENTAL=0" "-e" "RUST_BACKTRACE=full" "-e" "RUSTFLAGS=--cap-lints=warn" "-e" "RUSTDOCFLAGS=--cap-lints=warn" "-e" "CARGO_HOME=/opt/rustwide/cargo-home" "-e" "RUSTUP_HOME=/opt/rustwide/rustup-home" "-w" "/opt/rustwide/workdir" "-m" "1610612736" "--user" "0:0" "--network" "none" "ghcr.io/rust-lang/crates-build-env/linux@sha256:2788e3201cd34a07e3172128adcd8b3090168a8e3bcc40d7c032b9dda1df7d1c" "/opt/rustwide/cargo-home/bin/cargo" "+1.75.0" "test" "--frozen" "--no-run" "--message-format=json", kill_on_drop: false }`
[INFO] [stdout] cf3f2f6467902989f1b75a45d340d81c21681388aaf2df9c06845a732ac7680f
[INFO] running `Command { std: "docker" "start" "-a" "cf3f2f6467902989f1b75a45d340d81c21681388aaf2df9c06845a732ac7680f", kill_on_drop: false }`
[INFO] [stderr]    Compiling bevy_asset_packer v0.4.0 (/opt/rustwide/workdir)
[INFO] [stderr]     Finished test [optimized + debuginfo] target(s) in 1.15s
[INFO] running `Command { std: "docker" "inspect" "cf3f2f6467902989f1b75a45d340d81c21681388aaf2df9c06845a732ac7680f", kill_on_drop: false }`
[INFO] running `Command { std: "docker" "rm" "-f" "cf3f2f6467902989f1b75a45d340d81c21681388aaf2df9c06845a732ac7680f", kill_on_drop: false }`
[INFO] [stdout] cf3f2f6467902989f1b75a45d340d81c21681388aaf2df9c06845a732ac7680f
[INFO] running `Command { std: "docker" "create" "-v" "/var/lib/crater-agent-workspace/builds/worker-0-tc1/target:/opt/rustwide/target:rw,Z" "-v" "/var/lib/crater-agent-workspace/builds/worker-0-tc1/source:/opt/rustwide/workdir:ro,Z" "-v" "/var/lib/crater-agent-workspace/cargo-home:/opt/rustwide/cargo-home:ro,Z" "-v" "/var/lib/crater-agent-workspace/rustup-home:/opt/rustwide/rustup-home:ro,Z" "-e" "SOURCE_DIR=/opt/rustwide/workdir" "-e" "CARGO_TARGET_DIR=/opt/rustwide/target" "-e" "CARGO_INCREMENTAL=0" "-e" "RUST_BACKTRACE=full" "-e" "RUSTFLAGS=--cap-lints=warn" "-e" "RUSTDOCFLAGS=--cap-lints=warn" "-e" "CARGO_HOME=/opt/rustwide/cargo-home" "-e" "RUSTUP_HOME=/opt/rustwide/rustup-home" "-w" "/opt/rustwide/workdir" "-m" "1610612736" "--user" "0:0" "--network" "none" "ghcr.io/rust-lang/crates-build-env/linux@sha256:2788e3201cd34a07e3172128adcd8b3090168a8e3bcc40d7c032b9dda1df7d1c" "/opt/rustwide/cargo-home/bin/cargo" "+1.75.0" "test" "--frozen", kill_on_drop: false }`
[INFO] [stdout] 3d9d7505be4ef57e3fa96695715d357eb00c80273022848d730979c1356f1d93
[INFO] running `Command { std: "docker" "start" "-a" "3d9d7505be4ef57e3fa96695715d357eb00c80273022848d730979c1356f1d93", kill_on_drop: false }`
[INFO] [stderr]     Finished test [optimized + debuginfo] target(s) in 0.19s
[INFO] [stderr]      Running unittests src/lib.rs (/opt/rustwide/target/debug/deps/bevy_asset_packer-468f7270578e3741)
[INFO] [stdout] 
[INFO] [stderr]    Doc-tests bevy_asset_packer
[INFO] [stdout] running 0 tests
[INFO] [stdout] 
[INFO] [stdout] test result: ok. 0 passed; 0 failed; 0 ignored; 0 measured; 0 filtered out; finished in 0.00s
[INFO] [stdout] 
[INFO] [stdout] 
[INFO] [stdout] running 2 tests
[INFO] [stdout] test src/lib.rs - (line 29) ... FAILED
[INFO] [stdout] test src/lib.rs - (line 48) ... FAILED
[INFO] [stdout] 
[INFO] [stdout] failures:
[INFO] [stdout] 
[INFO] [stdout] ---- src/lib.rs - (line 29) stdout ----
[INFO] [stdout] error[E0433]: failed to resolve: use of undeclared type `AssetBundlingOptions`
[INFO] [stdout]  --> src/lib.rs:31:23
[INFO] [stdout]   |
[INFO] [stdout] 3 |     let mut options = AssetBundlingOptions::default();
[INFO] [stdout]   |                       ^^^^^^^^^^^^^^^^^^^^ use of undeclared type `AssetBundlingOptions`
[INFO] [stdout]   |
[INFO] [stdout] help: consider importing this struct
[INFO] [stdout]   |
[INFO] [stdout] 2 + use bevy_asset_packer::asset_bundling_options::AssetBundlingOptions;
[INFO] [stdout]   |
[INFO] [stdout] 
[INFO] [stdout] error[E0433]: failed to resolve: use of undeclared type `App`
[INFO] [stdout]  --> src/lib.rs:36:5
[INFO] [stdout]   |
[INFO] [stdout] 8 |     App::new()
[INFO] [stdout]   |     ^^^ use of undeclared type `App`
[INFO] [stdout]   |
[INFO] [stdout] help: consider importing this struct
[INFO] [stdout]   |
[INFO] [stdout] 2 + use bevy::app::App;
[INFO] [stdout]   |
[INFO] [stdout] 
[INFO] [stdout] error[E0425]: cannot find value `DefaultPlugins` in this scope
[INFO] [stdout]   --> src/lib.rs:38:13
[INFO] [stdout]    |
[INFO] [stdout] 10 |             DefaultPlugins
[INFO] [stdout]    |             ^^^^^^^^^^^^^^ not found in this scope
[INFO] [stdout]    |
[INFO] [stdout] help: consider importing this unit struct
[INFO] [stdout]    |
[INFO] [stdout] 2  + use bevy::DefaultPlugins;
[INFO] [stdout]    |
[INFO] [stdout] 
[INFO] [stdout] error[E0433]: failed to resolve: use of undeclared type `BundledAssetIoPlugin`
[INFO] [stdout]   --> src/lib.rs:40:60
[INFO] [stdout]    |
[INFO] [stdout] 12 |                 .add_before::<bevy::asset::AssetPlugin, _>(BundledAssetIoPlugin::from(options)),
[INFO] [stdout]    |                                                            ^^^^^^^^^^^^^^^^^^^^ use of undeclared type `BundledAssetIoPlugin`
[INFO] [stdout]    |
[INFO] [stdout] help: consider importing this struct
[INFO] [stdout]    |
[INFO] [stdout] 2  + use bevy_asset_packer::bundled_asset_plugin::BundledAssetIoPlugin;
[INFO] [stdout]    |
[INFO] [stdout] 
[INFO] [stdout] error: aborting due to 4 previous errors
[INFO] [stdout] 
[INFO] [stdout] Some errors have detailed explanations: E0425, E0433.
[INFO] [stdout] For more information about an error, try `rustc --explain E0425`.
[INFO] [stdout] Couldn't compile the test.
[INFO] [stdout] ---- src/lib.rs - (line 48) stdout ----
[INFO] [stdout] error[E0433]: failed to resolve: use of undeclared type `AssetBundlingOptions`
[INFO] [stdout]  --> src/lib.rs:50:23
[INFO] [stdout]   |
[INFO] [stdout] 3 |     let mut options = AssetBundlingOptions::default();
[INFO] [stdout]   |                       ^^^^^^^^^^^^^^^^^^^^ use of undeclared type `AssetBundlingOptions`
[INFO] [stdout]   |
[INFO] [stdout] help: consider importing this struct
[INFO] [stdout]   |
[INFO] [stdout] 2 + use bevy_asset_packer::asset_bundling_options::AssetBundlingOptions;
[INFO] [stdout]   |
[INFO] [stdout] 
[INFO] [stdout] error[E0433]: failed to resolve: use of undeclared type `AssetBundler`
[INFO] [stdout]  --> src/lib.rs:54:5
[INFO] [stdout]   |
[INFO] [stdout] 7 |     AssetBundler::from(options).build().unwrap();
[INFO] [stdout]   |     ^^^^^^^^^^^^ use of undeclared type `AssetBundler`
[INFO] [stdout]   |
[INFO] [stdout] help: consider importing this struct
[INFO] [stdout]   |
[INFO] [stdout] 2 + use bevy_asset_packer::asset_bundler::AssetBundler;
[INFO] [stdout]   |
[INFO] [stdout] 
[INFO] [stdout] error: aborting due to 2 previous errors
[INFO] [stdout] 
[INFO] [stdout] For more information about this error, try `rustc --explain E0433`.
[INFO] [stdout] Couldn't compile the test.
[INFO] [stdout] 
[INFO] [stdout] failures:
[INFO] [stdout]     src/lib.rs - (line 29)
[INFO] [stdout]     src/lib.rs - (line 48)
[INFO] [stdout] 
[INFO] [stdout] test result: FAILED. 0 passed; 2 failed; 0 ignored; 0 measured; 0 filtered out; finished in 0.25s
[INFO] [stdout] 
[INFO] [stderr] error: doctest failed, to rerun pass `--doc`
[INFO] running `Command { std: "docker" "inspect" "3d9d7505be4ef57e3fa96695715d357eb00c80273022848d730979c1356f1d93", kill_on_drop: false }`
[INFO] running `Command { std: "docker" "rm" "-f" "3d9d7505be4ef57e3fa96695715d357eb00c80273022848d730979c1356f1d93", kill_on_drop: false }`
[INFO] [stdout] 3d9d7505be4ef57e3fa96695715d357eb00c80273022848d730979c1356f1d93
[INFO] testing bevy_asset_packer-0.4.0 against beta-2023-12-22 for beta-1.76-1
[INFO] extracting crate bevy_asset_packer 0.4.0 into /workspace/builds/worker-0-tc2/source
[INFO] validating manifest of crates.io crate bevy_asset_packer 0.4.0 on toolchain beta-2023-12-22
[INFO] running `Command { std: CARGO_HOME="/workspace/cargo-home" RUSTUP_HOME="/workspace/rustup-home" "/workspace/cargo-home/bin/cargo" "+beta-2023-12-22" "metadata" "--manifest-path" "Cargo.toml" "--no-deps", kill_on_drop: false }`
[INFO] started tweaking crates.io crate bevy_asset_packer 0.4.0
[INFO] finished tweaking crates.io crate bevy_asset_packer 0.4.0
[INFO] tweaked toml for crates.io crate bevy_asset_packer 0.4.0 written to /workspace/builds/worker-0-tc2/source/Cargo.toml
[INFO] running `Command { std: CARGO_HOME="/workspace/cargo-home" RUSTUP_HOME="/workspace/rustup-home" "/workspace/cargo-home/bin/cargo" "+beta-2023-12-22" "generate-lockfile" "--manifest-path" "Cargo.toml", kill_on_drop: false }`
[INFO] [stderr]     Updating crates.io index
[INFO] running `Command { std: CARGO_HOME="/workspace/cargo-home" RUSTUP_HOME="/workspace/rustup-home" "/workspace/cargo-home/bin/cargo" "+beta-2023-12-22" "fetch" "--manifest-path" "Cargo.toml", kill_on_drop: false }`
[INFO] running `Command { std: "docker" "create" "-v" "/var/lib/crater-agent-workspace/builds/worker-0-tc2/target:/opt/rustwide/target:rw,Z" "-v" "/var/lib/crater-agent-workspace/builds/worker-0-tc2/source:/opt/rustwide/workdir:ro,Z" "-v" "/var/lib/crater-agent-workspace/cargo-home:/opt/rustwide/cargo-home:ro,Z" "-v" "/var/lib/crater-agent-workspace/rustup-home:/opt/rustwide/rustup-home:ro,Z" "-e" "SOURCE_DIR=/opt/rustwide/workdir" "-e" "CARGO_TARGET_DIR=/opt/rustwide/target" "-e" "CARGO_HOME=/opt/rustwide/cargo-home" "-e" "RUSTUP_HOME=/opt/rustwide/rustup-home" "-w" "/opt/rustwide/workdir" "-m" "1610612736" "--user" "0:0" "--network" "none" "ghcr.io/rust-lang/crates-build-env/linux@sha256:2788e3201cd34a07e3172128adcd8b3090168a8e3bcc40d7c032b9dda1df7d1c" "/opt/rustwide/cargo-home/bin/cargo" "+beta-2023-12-22" "metadata" "--no-deps" "--format-version=1", kill_on_drop: false }`
[INFO] [stdout] 96ed50cafea7ccfbeb0a1b3b0065f0c23485d8fcea425af324e56c3e20751499
[INFO] running `Command { std: "docker" "start" "-a" "96ed50cafea7ccfbeb0a1b3b0065f0c23485d8fcea425af324e56c3e20751499", kill_on_drop: false }`
[INFO] running `Command { std: "docker" "inspect" "96ed50cafea7ccfbeb0a1b3b0065f0c23485d8fcea425af324e56c3e20751499", kill_on_drop: false }`
[INFO] running `Command { std: "docker" "rm" "-f" "96ed50cafea7ccfbeb0a1b3b0065f0c23485d8fcea425af324e56c3e20751499", kill_on_drop: false }`
[INFO] [stdout] 96ed50cafea7ccfbeb0a1b3b0065f0c23485d8fcea425af324e56c3e20751499
[INFO] running `Command { std: "docker" "create" "-v" "/var/lib/crater-agent-workspace/builds/worker-0-tc2/target:/opt/rustwide/target:rw,Z" "-v" "/var/lib/crater-agent-workspace/builds/worker-0-tc2/source:/opt/rustwide/workdir:ro,Z" "-v" "/var/lib/crater-agent-workspace/cargo-home:/opt/rustwide/cargo-home:ro,Z" "-v" "/var/lib/crater-agent-workspace/rustup-home:/opt/rustwide/rustup-home:ro,Z" "-e" "SOURCE_DIR=/opt/rustwide/workdir" "-e" "CARGO_TARGET_DIR=/opt/rustwide/target" "-e" "CARGO_INCREMENTAL=0" "-e" "RUST_BACKTRACE=full" "-e" "RUSTFLAGS=--cap-lints=warn" "-e" "RUSTDOCFLAGS=--cap-lints=warn" "-e" "CARGO_HOME=/opt/rustwide/cargo-home" "-e" "RUSTUP_HOME=/opt/rustwide/rustup-home" "-w" "/opt/rustwide/workdir" "-m" "1610612736" "--user" "0:0" "--network" "none" "ghcr.io/rust-lang/crates-build-env/linux@sha256:2788e3201cd34a07e3172128adcd8b3090168a8e3bcc40d7c032b9dda1df7d1c" "/opt/rustwide/cargo-home/bin/cargo" "+beta-2023-12-22" "build" "--frozen" "--message-format=json", kill_on_drop: false }`
[INFO] [stdout] d8a291c1405c4d98fd0593d461becb5f7d6b00c1f374a1af99b237b376663aed
[INFO] running `Command { std: "docker" "start" "-a" "d8a291c1405c4d98fd0593d461becb5f7d6b00c1f374a1af99b237b376663aed", kill_on_drop: false }`
[INFO] [stderr]    Compiling cfg-if v1.0.0
[INFO] [stderr]    Compiling proc-macro2 v1.0.75
[INFO] [stderr]    Compiling unicode-ident v1.0.12
[INFO] [stderr]    Compiling version_check v0.9.4
[INFO] [stderr]    Compiling libc v0.2.151
[INFO] [stderr]    Compiling serde v1.0.194
[INFO] [stderr]    Compiling once_cell v1.19.0
[INFO] [stderr]    Compiling pin-project-lite v0.2.13
[INFO] [stderr]    Compiling autocfg v1.1.0
[INFO] [stderr]    Compiling equivalent v1.0.1
[INFO] [stderr]    Compiling crossbeam-utils v0.8.18
[INFO] [stderr]    Compiling hashbrown v0.14.3
[INFO] [stderr]    Compiling tracing-core v0.1.32
[INFO] [stderr]    Compiling toml_datetime v0.6.5
[INFO] [stderr]    Compiling indexmap v2.1.0
[INFO] [stderr]    Compiling zerocopy v0.7.32
[INFO] [stderr]    Compiling quote v1.0.35
[INFO] [stderr]    Compiling syn v2.0.48
[INFO] [stderr]    Compiling ahash v0.8.7
[INFO] [stderr]    Compiling concurrent-queue v2.4.0
[INFO] [stderr]    Compiling winnow v0.5.32
[INFO] [stderr]    Compiling parking v2.2.0
[INFO] [stderr]    Compiling allocator-api2 v0.2.16
[INFO] [stderr]    Compiling getrandom v0.2.11
[INFO] [stderr]    Compiling rustc-hash v1.1.0
[INFO] [stderr]    Compiling futures-core v0.3.30
[INFO] [stderr]    Compiling event-listener v4.0.2
[INFO] [stderr]    Compiling slab v0.4.9
[INFO] [stderr]    Compiling lock_api v0.4.11
[INFO] [stderr]    Compiling parking_lot_core v0.9.9
[INFO] [stderr]    Compiling thiserror v1.0.56
[INFO] [stderr]    Compiling event-listener-strategy v0.4.0
[INFO] [stderr]    Compiling tracing v0.1.40
[INFO] [stderr]    Compiling fixedbitset v0.4.2
[INFO] [stderr]    Compiling scopeguard v1.2.0
[INFO] [stderr]    Compiling bit-vec v0.6.3
[INFO] [stderr]    Compiling bytemuck v1.14.0
[INFO] [stderr]    Compiling bit-set v0.5.3
[INFO] [stderr]    Compiling async-lock v3.2.0
[INFO] [stderr]    Compiling futures-lite v2.1.0
[INFO] [stderr]    Compiling instant v0.1.12
[INFO] [stderr]    Compiling waker-fn v1.1.1
[INFO] [stderr]    Compiling futures-io v0.3.30
[INFO] [stderr]    Compiling event-listener v2.5.3
[INFO] [stderr]    Compiling fastrand v2.0.1
[INFO] [stderr]    Compiling uuid v1.6.1
[INFO] [stderr]    Compiling async-task v4.7.0
[INFO] [stderr]    Compiling memchr v2.7.1
[INFO] [stderr]    Compiling fastrand v1.9.0
[INFO] [stderr]    Compiling async-executor v1.8.0
[INFO] [stderr]    Compiling toml_edit v0.19.15
[INFO] [stderr]    Compiling futures-lite v1.13.0
[INFO] [stderr]    Compiling async-channel v1.9.0
[INFO] [stderr]    Compiling thread_local v1.1.7
[INFO] [stderr]    Compiling downcast-rs v1.2.0
[INFO] [stderr]    Compiling smol_str v0.2.0
[INFO] [stderr]    Compiling bevy_ptr v0.11.3
[INFO] [stderr]    Compiling typenum v1.17.0
[INFO] [stderr]    Compiling regex-syntax v0.6.29
[INFO] [stderr]    Compiling regex-syntax v0.8.2
[INFO] [stderr]    Compiling bevy_macro_utils v0.11.3
[INFO] [stderr]    Compiling bevy_tasks v0.11.3
[INFO] [stderr]    Compiling log v0.4.20
[INFO] [stderr]    Compiling generic-array v0.14.7
[INFO] [stderr]    Compiling lazy_static v1.4.0
[INFO] [stderr]    Compiling overload v0.1.1
[INFO] [stderr]    Compiling nu-ansi-term v0.46.0
[INFO] [stderr]    Compiling sharded-slab v0.1.7
[INFO] [stderr]    Compiling regex-automata v0.1.10
[INFO] [stderr]    Compiling regex-automata v0.4.3
[INFO] [stderr]    Compiling matchers v0.1.0
[INFO] [stderr]    Compiling tracing-log v0.2.0
[INFO] [stderr]    Compiling regex v1.10.2
[INFO] [stderr]    Compiling tracing-log v0.1.4
[INFO] [stderr]    Compiling block-padding v0.3.3
[INFO] [stderr]    Compiling crossbeam-channel v0.5.10
[INFO] [stderr]    Compiling anyhow v1.0.79
[INFO] [stderr]    Compiling inout v0.1.3
[INFO] [stderr]    Compiling crypto-common v0.1.6
[INFO] [stderr]    Compiling sysinfo v0.29.11
[INFO] [stderr]    Compiling rustix v0.38.28
[INFO] [stderr]    Compiling cipher v0.4.4
[INFO] [stderr]    Compiling accesskit v0.11.2
[INFO] [stderr]    Compiling linux-raw-sys v0.4.12
[INFO] [stderr]    Compiling bitflags v2.4.1
[INFO] [stderr]    Compiling raw-window-handle v0.5.2
[INFO] [stderr]    Compiling belt-block v0.1.2
[INFO] [stderr]    Compiling filetime v0.2.23
[INFO] [stderr]    Compiling adler v1.0.2
[INFO] [stderr]    Compiling cpufeatures v0.2.12
[INFO] [stderr]    Compiling simd-adler32 v0.3.7
[INFO] [stderr]    Compiling aes v0.8.3
[INFO] [stderr]    Compiling miniz_oxide v0.7.1
[INFO] [stderr]    Compiling xattr v1.2.0
[INFO] [stderr]    Compiling tar v0.4.40
[INFO] [stderr]    Compiling belt-ctr v0.1.0
[INFO] [stderr]    Compiling bs58 v0.5.0
[INFO] [stderr]    Compiling serde_derive v1.0.194
[INFO] [stderr]    Compiling thiserror-impl v1.0.56
[INFO] [stderr]    Compiling bevy_utils_proc_macros v0.11.3
[INFO] [stderr]    Compiling bevy_reflect_derive v0.11.3
[INFO] [stderr]    Compiling bevy_ecs_macros v0.11.3
[INFO] [stderr]    Compiling bevy_derive v0.11.3
[INFO] [stderr]    Compiling smallvec v1.11.2
[INFO] [stderr]    Compiling glam v0.24.2
[INFO] [stderr]    Compiling erased-serde v0.3.31
[INFO] [stderr]    Compiling tracing-subscriber v0.3.18
[INFO] [stderr]    Compiling parking_lot v0.12.1
[INFO] [stderr]    Compiling petgraph v0.6.4
[INFO] [stderr]    Compiling bevy_math v0.11.3
[INFO] [stderr]    Compiling bevy_utils v0.11.3
[INFO] [stderr]    Compiling bevy_reflect v0.11.3
[INFO] [stderr]    Compiling bevy_ecs v0.11.3
[INFO] [stderr]    Compiling bevy_app v0.11.3
[INFO] [stderr]    Compiling bevy_core v0.11.3
[INFO] [stderr]    Compiling bevy_log v0.11.3
[INFO] [stderr]    Compiling bevy_time v0.11.3
[INFO] [stderr]    Compiling bevy_hierarchy v0.11.3
[INFO] [stderr]    Compiling bevy_diagnostic v0.11.3
[INFO] [stderr]    Compiling bevy_input v0.11.3
[INFO] [stderr]    Compiling bevy_asset v0.11.3
[INFO] [stderr]    Compiling bevy_window v0.11.3
[INFO] [stderr]    Compiling bevy_transform v0.11.3
[INFO] [stderr]    Compiling bevy_a11y v0.11.3
[INFO] [stderr]    Compiling bevy_internal v0.11.3
[INFO] [stderr]    Compiling bevy v0.11.3
[INFO] [stderr]    Compiling bevy_asset_packer v0.4.0 (/opt/rustwide/workdir)
[INFO] [stderr]     Finished dev [optimized + debuginfo] target(s) in 6m 59s
[INFO] running `Command { std: "docker" "inspect" "d8a291c1405c4d98fd0593d461becb5f7d6b00c1f374a1af99b237b376663aed", kill_on_drop: false }`
[INFO] running `Command { std: "docker" "rm" "-f" "d8a291c1405c4d98fd0593d461becb5f7d6b00c1f374a1af99b237b376663aed", kill_on_drop: false }`
[INFO] [stdout] d8a291c1405c4d98fd0593d461becb5f7d6b00c1f374a1af99b237b376663aed
[INFO] running `Command { std: "docker" "create" "-v" "/var/lib/crater-agent-workspace/builds/worker-0-tc2/target:/opt/rustwide/target:rw,Z" "-v" "/var/lib/crater-agent-workspace/builds/worker-0-tc2/source:/opt/rustwide/workdir:ro,Z" "-v" "/var/lib/crater-agent-workspace/cargo-home:/opt/rustwide/cargo-home:ro,Z" "-v" "/var/lib/crater-agent-workspace/rustup-home:/opt/rustwide/rustup-home:ro,Z" "-e" "SOURCE_DIR=/opt/rustwide/workdir" "-e" "CARGO_TARGET_DIR=/opt/rustwide/target" "-e" "CARGO_INCREMENTAL=0" "-e" "RUST_BACKTRACE=full" "-e" "RUSTFLAGS=--cap-lints=warn" "-e" "RUSTDOCFLAGS=--cap-lints=warn" "-e" "CARGO_HOME=/opt/rustwide/cargo-home" "-e" "RUSTUP_HOME=/opt/rustwide/rustup-home" "-w" "/opt/rustwide/workdir" "-m" "1610612736" "--user" "0:0" "--network" "none" "ghcr.io/rust-lang/crates-build-env/linux@sha256:2788e3201cd34a07e3172128adcd8b3090168a8e3bcc40d7c032b9dda1df7d1c" "/opt/rustwide/cargo-home/bin/cargo" "+beta-2023-12-22" "test" "--frozen" "--no-run" "--message-format=json", kill_on_drop: false }`
[INFO] [stdout] a0766d09955fa0db05025010eff5bd25f61adf6acffb10c870dbb8a45a74f07c
[INFO] running `Command { std: "docker" "start" "-a" "a0766d09955fa0db05025010eff5bd25f61adf6acffb10c870dbb8a45a74f07c", kill_on_drop: false }`
[INFO] [stderr]    Compiling bevy_asset_packer v0.4.0 (/opt/rustwide/workdir)
[INFO] [stderr]     Finished test [optimized + debuginfo] target(s) in 1.12s
[INFO] running `Command { std: "docker" "inspect" "a0766d09955fa0db05025010eff5bd25f61adf6acffb10c870dbb8a45a74f07c", kill_on_drop: false }`
[INFO] running `Command { std: "docker" "rm" "-f" "a0766d09955fa0db05025010eff5bd25f61adf6acffb10c870dbb8a45a74f07c", kill_on_drop: false }`
[INFO] [stdout] a0766d09955fa0db05025010eff5bd25f61adf6acffb10c870dbb8a45a74f07c
[INFO] running `Command { std: "docker" "create" "-v" "/var/lib/crater-agent-workspace/builds/worker-0-tc2/target:/opt/rustwide/target:rw,Z" "-v" "/var/lib/crater-agent-workspace/builds/worker-0-tc2/source:/opt/rustwide/workdir:ro,Z" "-v" "/var/lib/crater-agent-workspace/cargo-home:/opt/rustwide/cargo-home:ro,Z" "-v" "/var/lib/crater-agent-workspace/rustup-home:/opt/rustwide/rustup-home:ro,Z" "-e" "SOURCE_DIR=/opt/rustwide/workdir" "-e" "CARGO_TARGET_DIR=/opt/rustwide/target" "-e" "CARGO_INCREMENTAL=0" "-e" "RUST_BACKTRACE=full" "-e" "RUSTFLAGS=--cap-lints=warn" "-e" "RUSTDOCFLAGS=--cap-lints=warn" "-e" "CARGO_HOME=/opt/rustwide/cargo-home" "-e" "RUSTUP_HOME=/opt/rustwide/rustup-home" "-w" "/opt/rustwide/workdir" "-m" "1610612736" "--user" "0:0" "--network" "none" "ghcr.io/rust-lang/crates-build-env/linux@sha256:2788e3201cd34a07e3172128adcd8b3090168a8e3bcc40d7c032b9dda1df7d1c" "/opt/rustwide/cargo-home/bin/cargo" "+beta-2023-12-22" "test" "--frozen", kill_on_drop: false }`
[INFO] [stdout] 68af8ad1025bd3fdeec50a58efe281c854cc821c612fb8c5a361efc5fc4d14bd
[INFO] running `Command { std: "docker" "start" "-a" "68af8ad1025bd3fdeec50a58efe281c854cc821c612fb8c5a361efc5fc4d14bd", kill_on_drop: false }`
[INFO] [stderr]     Finished test [optimized + debuginfo] target(s) in 0.20s
[INFO] [stderr]      Running unittests src/lib.rs (/opt/rustwide/target/debug/deps/bevy_asset_packer-15cf641aed157cb6)
[INFO] [stdout] 
[INFO] [stdout] running 0 tests
[INFO] [stdout] 
[INFO] [stdout] test result: ok. 0 passed; 0 failed; 0 ignored; 0 measured; 0 filtered out; finished in 0.00s
[INFO] [stdout] 
[INFO] [stderr]    Doc-tests bevy_asset_packer
[INFO] [stdout] 
[INFO] [stdout] running 2 tests
[INFO] [stdout] test src/lib.rs - (line 29) ... FAILED
[INFO] [stderr] error: doctest failed, to rerun pass `--doc`
[INFO] [stdout] test src/lib.rs - (line 48) ... FAILED
[INFO] [stdout] 
[INFO] [stdout] failures:
[INFO] [stdout] 
[INFO] [stdout] ---- src/lib.rs - (line 29) stdout ----
[INFO] [stdout] error[E0433]: failed to resolve: use of undeclared type `AssetBundlingOptions`
[INFO] [stdout]  --> src/lib.rs:31:23
[INFO] [stdout]   |
[INFO] [stdout] 3 |     let mut options = AssetBundlingOptions::default();
[INFO] [stdout]   |                       ^^^^^^^^^^^^^^^^^^^^ use of undeclared type `AssetBundlingOptions`
[INFO] [stdout]   |
[INFO] [stdout] help: consider importing this struct
[INFO] [stdout]   |
[INFO] [stdout] 2 + use bevy_asset_packer::asset_bundling_options::AssetBundlingOptions;
[INFO] [stdout]   |
[INFO] [stdout] 
[INFO] [stdout] error[E0433]: failed to resolve: use of undeclared type `App`
[INFO] [stdout]  --> src/lib.rs:36:5
[INFO] [stdout]   |
[INFO] [stdout] 8 |     App::new()
[INFO] [stdout]   |     ^^^ use of undeclared type `App`
[INFO] [stdout]   |
[INFO] [stdout] help: consider importing this struct
[INFO] [stdout]   |
[INFO] [stdout] 2 + use bevy::app::App;
[INFO] [stdout]   |
[INFO] [stdout] 
[INFO] [stdout] error[E0425]: cannot find value `DefaultPlugins` in this scope
[INFO] [stdout]   --> src/lib.rs:38:13
[INFO] [stdout]    |
[INFO] [stdout] 10 |             DefaultPlugins
[INFO] [stdout]    |             ^^^^^^^^^^^^^^ not found in this scope
[INFO] [stdout]    |
[INFO] [stdout] help: consider importing this unit struct
[INFO] [stdout]    |
[INFO] [stdout] 2  + use bevy::DefaultPlugins;
[INFO] [stdout]    |
[INFO] [stdout] 
[INFO] [stdout] error[E0433]: failed to resolve: use of undeclared type `BundledAssetIoPlugin`
[INFO] [stdout]   --> src/lib.rs:40:60
[INFO] [stdout]    |
[INFO] [stdout] 12 |                 .add_before::<bevy::asset::AssetPlugin, _>(BundledAssetIoPlugin::from(options)),
[INFO] [stdout]    |                                                            ^^^^^^^^^^^^^^^^^^^^ use of undeclared type `BundledAssetIoPlugin`
[INFO] [stdout]    |
[INFO] [stdout] help: consider importing this struct
[INFO] [stdout]    |
[INFO] [stdout] 2  + use bevy_asset_packer::bundled_asset_plugin::BundledAssetIoPlugin;
[INFO] [stdout]    |
[INFO] [stdout] 
[INFO] [stdout] error: aborting due to 4 previous errors
[INFO] [stdout] 
[INFO] [stdout] Some errors have detailed explanations: E0425, E0433.
[INFO] [stdout] For more information about an error, try `rustc --explain E0425`.
[INFO] [stdout] Couldn't compile the test.
[INFO] [stdout] ---- src/lib.rs - (line 48) stdout ----
[INFO] [stdout] error[E0433]: failed to resolve: use of undeclared type `AssetBundlingOptions`
[INFO] [stdout]  --> src/lib.rs:50:23
[INFO] [stdout]   |
[INFO] [stdout] 3 |     let mut options = AssetBundlingOptions::default();
[INFO] [stdout]   |                       ^^^^^^^^^^^^^^^^^^^^ use of undeclared type `AssetBundlingOptions`
[INFO] [stdout]   |
[INFO] [stdout] help: consider importing this struct
[INFO] [stdout]   |
[INFO] [stdout] 2 + use bevy_asset_packer::asset_bundling_options::AssetBundlingOptions;
[INFO] [stdout]   |
[INFO] [stdout] 
[INFO] [stdout] error[E0433]: failed to resolve: use of undeclared type `AssetBundler`
[INFO] [stdout]  --> src/lib.rs:54:5
[INFO] [stdout]   |
[INFO] [stdout] 7 |     AssetBundler::from(options).build().unwrap();
[INFO] [stdout]   |     ^^^^^^^^^^^^ use of undeclared type `AssetBundler`
[INFO] [stdout]   |
[INFO] [stdout] help: consider importing this struct
[INFO] [stdout]   |
[INFO] [stdout] 2 + use bevy_asset_packer::asset_bundler::AssetBundler;
[INFO] [stdout]   |
[INFO] [stdout] 
[INFO] [stdout] error: aborting due to 2 previous errors
[INFO] [stdout] 
[INFO] [stdout] For more information about this error, try `rustc --explain E0433`.
[INFO] [stdout] Couldn't compile the test.
[INFO] [stdout] 
[INFO] [stdout] failures:
[INFO] [stdout]     src/lib.rs - (line 29)
[INFO] [stdout]     src/lib.rs - (line 48)
[INFO] [stdout] 
[INFO] [stdout] test result: FAILED. 0 passed; 2 failed; 0 ignored; 0 measured; 0 filtered out; finished in 0.20s
[INFO] [stdout] 
[INFO] running `Command { std: "docker" "inspect" "68af8ad1025bd3fdeec50a58efe281c854cc821c612fb8c5a361efc5fc4d14bd", kill_on_drop: false }`
[INFO] running `Command { std: "docker" "rm" "-f" "68af8ad1025bd3fdeec50a58efe281c854cc821c612fb8c5a361efc5fc4d14bd", kill_on_drop: false }`
[INFO] [stdout] 68af8ad1025bd3fdeec50a58efe281c854cc821c612fb8c5a361efc5fc4d14bd
