[INFO] fetching crate bevy_asset_manager 0.1.0...
[INFO] testing bevy_asset_manager-0.1.0 against 1.75.0 for beta-1.76-1
[INFO] extracting crate bevy_asset_manager 0.1.0 into /workspace/builds/worker-0-tc1/source
[INFO] validating manifest of crates.io crate bevy_asset_manager 0.1.0 on toolchain 1.75.0
[INFO] running `Command { std: CARGO_HOME="/workspace/cargo-home" RUSTUP_HOME="/workspace/rustup-home" "/workspace/cargo-home/bin/cargo" "+1.75.0" "metadata" "--manifest-path" "Cargo.toml" "--no-deps", kill_on_drop: false }`
[INFO] started tweaking crates.io crate bevy_asset_manager 0.1.0
[INFO] finished tweaking crates.io crate bevy_asset_manager 0.1.0
[INFO] tweaked toml for crates.io crate bevy_asset_manager 0.1.0 written to /workspace/builds/worker-0-tc1/source/Cargo.toml
[INFO] running `Command { std: CARGO_HOME="/workspace/cargo-home" RUSTUP_HOME="/workspace/rustup-home" "/workspace/cargo-home/bin/cargo" "+1.75.0" "generate-lockfile" "--manifest-path" "Cargo.toml", kill_on_drop: false }`
[INFO] [stderr]     Updating crates.io index
[INFO] running `Command { std: CARGO_HOME="/workspace/cargo-home" RUSTUP_HOME="/workspace/rustup-home" "/workspace/cargo-home/bin/cargo" "+1.75.0" "fetch" "--manifest-path" "Cargo.toml", kill_on_drop: false }`
[INFO] [stderr]     Blocking waiting for file lock on package cache
[INFO] [stderr]     Blocking waiting for file lock on package cache
[INFO] [stderr]  Downloading crates ...
[INFO] [stderr]   Downloaded bevy_a11y v0.12.1
[INFO] [stderr]   Downloaded libredox v0.0.2
[INFO] [stderr]   Downloaded bevy_math v0.12.1
[INFO] [stderr]   Downloaded bevy_ptr v0.12.1
[INFO] [stderr]   Downloaded async-fs v1.6.0
[INFO] [stderr]   Downloaded bevy_window v0.12.1
[INFO] [stderr]   Downloaded bevy_log v0.12.1
[INFO] [stderr]   Downloaded bevy_utils v0.12.1
[INFO] [stderr]   Downloaded bevy_ecs_macros v0.12.1
[INFO] [stderr]   Downloaded bevy_reflect_derive v0.12.1
[INFO] [stderr]   Downloaded bevy_reflect v0.12.1
[INFO] [stderr]   Downloaded bevy_ecs v0.12.1
[INFO] [stderr]   Downloaded glam v0.24.2
[INFO] [stderr]   Downloaded orbclient v0.3.47
[INFO] [stderr]   Downloaded winit v0.28.7
[INFO] [stderr]   Downloaded sysinfo v0.29.11
[INFO] [stderr]   Downloaded bevy v0.12.1
[INFO] [stderr]   Downloaded bevy_asset v0.12.1
[INFO] [stderr]   Downloaded accesskit_windows v0.15.1
[INFO] [stderr]   Downloaded toml_edit v0.20.7
[INFO] [stderr]   Downloaded accesskit_consumer v0.16.1
[INFO] [stderr]   Downloaded bevy_tasks v0.12.1
[INFO] [stderr]   Downloaded bevy_input v0.12.1
[INFO] [stderr]   Downloaded bevy_winit v0.12.1
[INFO] [stderr]   Downloaded accesskit v0.12.2
[INFO] [stderr]   Downloaded bevy_diagnostic v0.12.1
[INFO] [stderr]   Downloaded bevy_hierarchy v0.12.1
[INFO] [stderr]   Downloaded bevy_app v0.12.1
[INFO] [stderr]   Downloaded bevy_internal v0.12.1
[INFO] [stderr]   Downloaded nonmax v0.5.5
[INFO] [stderr]   Downloaded bevy_transform v0.12.1
[INFO] [stderr]   Downloaded accesskit_macos v0.10.1
[INFO] [stderr]   Downloaded accesskit_winit v0.15.0
[INFO] [stderr]   Downloaded bevy_time v0.12.1
[INFO] [stderr]   Downloaded bevy_derive v0.12.1
[INFO] [stderr]   Downloaded bevy_macro_utils v0.12.1
[INFO] [stderr]   Downloaded async-broadcast v0.5.1
[INFO] [stderr]   Downloaded bevy_core v0.12.1
[INFO] [stderr]   Downloaded bevy_utils_proc_macros v0.12.1
[INFO] [stderr]   Downloaded bevy_asset_macros v0.12.1
[INFO] running `Command { std: "docker" "create" "-v" "/var/lib/crater-agent-workspace/builds/worker-0-tc1/target:/opt/rustwide/target:rw,Z" "-v" "/var/lib/crater-agent-workspace/builds/worker-0-tc1/source:/opt/rustwide/workdir:ro,Z" "-v" "/var/lib/crater-agent-workspace/cargo-home:/opt/rustwide/cargo-home:ro,Z" "-v" "/var/lib/crater-agent-workspace/rustup-home:/opt/rustwide/rustup-home:ro,Z" "-e" "SOURCE_DIR=/opt/rustwide/workdir" "-e" "CARGO_TARGET_DIR=/opt/rustwide/target" "-e" "CARGO_HOME=/opt/rustwide/cargo-home" "-e" "RUSTUP_HOME=/opt/rustwide/rustup-home" "-w" "/opt/rustwide/workdir" "-m" "1610612736" "--user" "0:0" "--network" "none" "ghcr.io/rust-lang/crates-build-env/linux@sha256:2788e3201cd34a07e3172128adcd8b3090168a8e3bcc40d7c032b9dda1df7d1c" "/opt/rustwide/cargo-home/bin/cargo" "+1.75.0" "metadata" "--no-deps" "--format-version=1", kill_on_drop: false }`
[INFO] [stdout] 013bb248290d5f820be70c062755cf1fa60fa696eefcb9b9a509f9b00f5179e1
[INFO] running `Command { std: "docker" "start" "-a" "013bb248290d5f820be70c062755cf1fa60fa696eefcb9b9a509f9b00f5179e1", kill_on_drop: false }`
[INFO] running `Command { std: "docker" "inspect" "013bb248290d5f820be70c062755cf1fa60fa696eefcb9b9a509f9b00f5179e1", kill_on_drop: false }`
[INFO] running `Command { std: "docker" "rm" "-f" "013bb248290d5f820be70c062755cf1fa60fa696eefcb9b9a509f9b00f5179e1", kill_on_drop: false }`
[INFO] [stdout] 013bb248290d5f820be70c062755cf1fa60fa696eefcb9b9a509f9b00f5179e1
[INFO] running `Command { std: "docker" "create" "-v" "/var/lib/crater-agent-workspace/builds/worker-0-tc1/target:/opt/rustwide/target:rw,Z" "-v" "/var/lib/crater-agent-workspace/builds/worker-0-tc1/source:/opt/rustwide/workdir:ro,Z" "-v" "/var/lib/crater-agent-workspace/cargo-home:/opt/rustwide/cargo-home:ro,Z" "-v" "/var/lib/crater-agent-workspace/rustup-home:/opt/rustwide/rustup-home:ro,Z" "-e" "SOURCE_DIR=/opt/rustwide/workdir" "-e" "CARGO_TARGET_DIR=/opt/rustwide/target" "-e" "CARGO_INCREMENTAL=0" "-e" "RUST_BACKTRACE=full" "-e" "RUSTFLAGS=--cap-lints=warn" "-e" "RUSTDOCFLAGS=--cap-lints=warn" "-e" "CARGO_HOME=/opt/rustwide/cargo-home" "-e" "RUSTUP_HOME=/opt/rustwide/rustup-home" "-w" "/opt/rustwide/workdir" "-m" "1610612736" "--user" "0:0" "--network" "none" "ghcr.io/rust-lang/crates-build-env/linux@sha256:2788e3201cd34a07e3172128adcd8b3090168a8e3bcc40d7c032b9dda1df7d1c" "/opt/rustwide/cargo-home/bin/cargo" "+1.75.0" "build" "--frozen" "--message-format=json", kill_on_drop: false }`
[INFO] [stdout] e573402f9dee340fe14d894b29ebbf8b9d9385feb413efb7cbaa7f5a01eb2164
[INFO] running `Command { std: "docker" "start" "-a" "e573402f9dee340fe14d894b29ebbf8b9d9385feb413efb7cbaa7f5a01eb2164", kill_on_drop: false }`
[INFO] [stderr]    Compiling cfg-if v1.0.0
[INFO] [stderr]    Compiling proc-macro2 v1.0.75
[INFO] [stderr]    Compiling unicode-ident v1.0.12
[INFO] [stderr]    Compiling serde v1.0.194
[INFO] [stderr]    Compiling once_cell v1.19.0
[INFO] [stderr]    Compiling pin-project-lite v0.2.13
[INFO] [stderr]    Compiling crossbeam-utils v0.8.18
[INFO] [stderr]    Compiling libc v0.2.151
[INFO] [stderr]    Compiling autocfg v1.1.0
[INFO] [stderr]    Compiling equivalent v1.0.1
[INFO] [stderr]    Compiling futures-core v0.3.30
[INFO] [stderr]    Compiling parking v2.2.0
[INFO] [stderr]    Compiling version_check v0.9.4
[INFO] [stderr]    Compiling hashbrown v0.14.3
[INFO] [stderr]    Compiling toml_datetime v0.6.5
[INFO] [stderr]    Compiling winnow v0.5.32
[INFO] [stderr]    Compiling rustc-hash v1.1.0
[INFO] [stderr]    Compiling zerocopy v0.7.32
[INFO] [stderr]    Compiling allocator-api2 v0.2.16
[INFO] [stderr]    Compiling fastrand v2.0.1
[INFO] [stderr]    Compiling futures-io v0.3.30
[INFO] [stderr]    Compiling tracing-core v0.1.32
[INFO] [stderr]    Compiling event-listener v2.5.3
[INFO] [stderr]    Compiling futures-lite v2.1.0
[INFO] [stderr]    Compiling thiserror v1.0.56
[INFO] [stderr]    Compiling async-task v4.7.0
[INFO] [stderr]    Compiling slab v0.4.9
[INFO] [stderr]    Compiling ahash v0.8.7
[INFO] [stderr]    Compiling fixedbitset v0.4.2
[INFO] [stderr]    Compiling waker-fn v1.1.1
[INFO] [stderr]    Compiling bytemuck v1.14.0
[INFO] [stderr]    Compiling memchr v2.7.1
[INFO] [stderr]    Compiling tracing v0.1.40
[INFO] [stderr]    Compiling fastrand v1.9.0
[INFO] [stderr]    Compiling instant v0.1.12
[INFO] [stderr]    Compiling nonmax v0.5.5
[INFO] [stderr]    Compiling thread_local v1.1.7
[INFO] [stderr]    Compiling downcast-rs v1.2.0
[INFO] [stderr]    Compiling smol_str v0.2.0
[INFO] [stderr]    Compiling bevy_ptr v0.12.1
[INFO] [stderr]    Compiling regex-syntax v0.6.29
[INFO] [stderr]    Compiling regex-syntax v0.8.2
[INFO] [stderr]    Compiling quote v1.0.35
[INFO] [stderr]    Compiling log v0.4.20
[INFO] [stderr]    Compiling overload v0.1.1
[INFO] [stderr]    Compiling lazy_static v1.4.0
[INFO] [stderr]    Compiling nu-ansi-term v0.46.0
[INFO] [stderr]    Compiling concurrent-queue v2.4.0
[INFO] [stderr]    Compiling indexmap v2.1.0
[INFO] [stderr]    Compiling getrandom v0.2.11
[INFO] [stderr]    Compiling tracing-log v0.2.0
[INFO] [stderr]    Compiling sharded-slab v0.1.7
[INFO] [stderr]    Compiling event-listener v4.0.2
[INFO] [stderr]    Compiling syn v2.0.48
[INFO] [stderr]    Compiling async-channel v1.9.0
[INFO] [stderr]    Compiling tracing-log v0.1.4
[INFO] [stderr]    Compiling futures-lite v1.13.0
[INFO] [stderr]    Compiling lock_api v0.4.11
[INFO] [stderr]    Compiling event-listener-strategy v0.4.0
[INFO] [stderr]    Compiling cc v1.0.83
[INFO] [stderr]    Compiling parking_lot_core v0.9.9
[INFO] [stderr]    Compiling atomic-waker v1.1.2
[INFO] [stderr]    Compiling async-lock v3.2.0
[INFO] [stderr]    Compiling uuid v1.6.1
[INFO] [stderr]    Compiling piper v0.2.1
[INFO] [stderr]    Compiling async-channel v2.1.1
[INFO] [stderr]    Compiling crossbeam-channel v0.5.10
[INFO] [stderr]    Compiling async-fs v1.6.0
[INFO] [stderr]    Compiling scopeguard v1.2.0
[INFO] [stderr]    Compiling async-lock v2.8.0
[INFO] [stderr]    Compiling arrayref v0.3.7
[INFO] [stderr]    Compiling accesskit v0.12.2
[INFO] [stderr]    Compiling base64 v0.21.5
[INFO] [stderr]    Compiling constant_time_eq v0.3.0
[INFO] [stderr]    Compiling arrayvec v0.7.4
[INFO] [stderr]    Compiling sysinfo v0.29.11
[INFO] [stderr]    Compiling async-executor v1.8.0
[INFO] [stderr]    Compiling blocking v1.5.1
[INFO] [stderr]    Compiling async-broadcast v0.5.1
[INFO] [stderr]    Compiling raw-window-handle v0.5.2
[INFO] [stderr]    Compiling blake3 v1.5.0
[INFO] [stderr]    Compiling regex-automata v0.4.3
[INFO] [stderr]    Compiling bevy_tasks v0.12.1
[INFO] [stderr]    Compiling toml_edit v0.20.7
[INFO] [stderr]    Compiling regex-automata v0.1.10
[INFO] [stderr]    Compiling regex v1.10.2
[INFO] [stderr]    Compiling matchers v0.1.0
[INFO] [stderr]    Compiling bevy_macro_utils v0.12.1
[INFO] [stderr]    Compiling serde_derive v1.0.194
[INFO] [stderr]    Compiling thiserror-impl v1.0.56
[INFO] [stderr]    Compiling bevy_utils_proc_macros v0.12.1
[INFO] [stderr]    Compiling bevy_reflect_derive v0.12.1
[INFO] [stderr]    Compiling bevy_ecs_macros v0.12.1
[INFO] [stderr]    Compiling bevy_derive v0.12.1
[INFO] [stderr]    Compiling bevy_asset_macros v0.12.1
[INFO] [stderr]    Compiling smallvec v1.11.2
[INFO] [stderr]    Compiling glam v0.24.2
[INFO] [stderr]    Compiling erased-serde v0.3.31
[INFO] [stderr]    Compiling bitflags v2.4.1
[INFO] [stderr]    Compiling ron v0.8.1
[INFO] [stderr]    Compiling tracing-subscriber v0.3.18
[INFO] [stderr]    Compiling parking_lot v0.12.1
[INFO] [stderr]    Compiling petgraph v0.6.4
[INFO] [stderr]    Compiling bevy_utils v0.12.1
[INFO] [stderr]    Compiling bevy_math v0.12.1
[INFO] [stderr]    Compiling bevy_reflect v0.12.1
[INFO] [stderr]    Compiling bevy_ecs v0.12.1
[INFO] [stderr]    Compiling bevy_app v0.12.1
[INFO] [stderr]    Compiling bevy_log v0.12.1
[INFO] [stderr]    Compiling bevy_core v0.12.1
[INFO] [stderr]    Compiling bevy_input v0.12.1
[INFO] [stderr]    Compiling bevy_a11y v0.12.1
[INFO] [stderr]    Compiling bevy_time v0.12.1
[INFO] [stderr]    Compiling bevy_asset v0.12.1
[INFO] [stderr]    Compiling bevy_hierarchy v0.12.1
[INFO] [stderr]    Compiling bevy_diagnostic v0.12.1
[INFO] [stderr]    Compiling bevy_transform v0.12.1
[INFO] [stderr]    Compiling bevy_window v0.12.1
[INFO] [stderr]    Compiling bevy_internal v0.12.1
[INFO] [stderr]    Compiling bevy v0.12.1
[INFO] [stderr]    Compiling bevy_asset_manager v0.1.0 (/opt/rustwide/workdir)
[INFO] [stderr]     Finished dev [unoptimized + debuginfo] target(s) in 1m 04s
[INFO] running `Command { std: "docker" "inspect" "e573402f9dee340fe14d894b29ebbf8b9d9385feb413efb7cbaa7f5a01eb2164", kill_on_drop: false }`
[INFO] running `Command { std: "docker" "rm" "-f" "e573402f9dee340fe14d894b29ebbf8b9d9385feb413efb7cbaa7f5a01eb2164", kill_on_drop: false }`
[INFO] [stdout] e573402f9dee340fe14d894b29ebbf8b9d9385feb413efb7cbaa7f5a01eb2164
[INFO] running `Command { std: "docker" "create" "-v" "/var/lib/crater-agent-workspace/builds/worker-0-tc1/target:/opt/rustwide/target:rw,Z" "-v" "/var/lib/crater-agent-workspace/builds/worker-0-tc1/source:/opt/rustwide/workdir:ro,Z" "-v" "/var/lib/crater-agent-workspace/cargo-home:/opt/rustwide/cargo-home:ro,Z" "-v" "/var/lib/crater-agent-workspace/rustup-home:/opt/rustwide/rustup-home:ro,Z" "-e" "SOURCE_DIR=/opt/rustwide/workdir" "-e" "CARGO_TARGET_DIR=/opt/rustwide/target" "-e" "CARGO_INCREMENTAL=0" "-e" "RUST_BACKTRACE=full" "-e" "RUSTFLAGS=--cap-lints=warn" "-e" "RUSTDOCFLAGS=--cap-lints=warn" "-e" "CARGO_HOME=/opt/rustwide/cargo-home" "-e" "RUSTUP_HOME=/opt/rustwide/rustup-home" "-w" "/opt/rustwide/workdir" "-m" "1610612736" "--user" "0:0" "--network" "none" "ghcr.io/rust-lang/crates-build-env/linux@sha256:2788e3201cd34a07e3172128adcd8b3090168a8e3bcc40d7c032b9dda1df7d1c" "/opt/rustwide/cargo-home/bin/cargo" "+1.75.0" "test" "--frozen" "--no-run" "--message-format=json", kill_on_drop: false }`
[INFO] [stdout] 60b9dde4a357d0791e6b68f251d4c18349c8b9eda911bba5196bf2ccf3fb7631
[INFO] running `Command { std: "docker" "start" "-a" "60b9dde4a357d0791e6b68f251d4c18349c8b9eda911bba5196bf2ccf3fb7631", kill_on_drop: false }`
[INFO] [stderr]    Compiling bevy_asset_manager v0.1.0 (/opt/rustwide/workdir)
[INFO] [stderr]     Finished test [unoptimized + debuginfo] target(s) in 0.93s
[INFO] running `Command { std: "docker" "inspect" "60b9dde4a357d0791e6b68f251d4c18349c8b9eda911bba5196bf2ccf3fb7631", kill_on_drop: false }`
[INFO] running `Command { std: "docker" "rm" "-f" "60b9dde4a357d0791e6b68f251d4c18349c8b9eda911bba5196bf2ccf3fb7631", kill_on_drop: false }`
[INFO] [stdout] 60b9dde4a357d0791e6b68f251d4c18349c8b9eda911bba5196bf2ccf3fb7631
[INFO] running `Command { std: "docker" "create" "-v" "/var/lib/crater-agent-workspace/builds/worker-0-tc1/target:/opt/rustwide/target:rw,Z" "-v" "/var/lib/crater-agent-workspace/builds/worker-0-tc1/source:/opt/rustwide/workdir:ro,Z" "-v" "/var/lib/crater-agent-workspace/cargo-home:/opt/rustwide/cargo-home:ro,Z" "-v" "/var/lib/crater-agent-workspace/rustup-home:/opt/rustwide/rustup-home:ro,Z" "-e" "SOURCE_DIR=/opt/rustwide/workdir" "-e" "CARGO_TARGET_DIR=/opt/rustwide/target" "-e" "CARGO_INCREMENTAL=0" "-e" "RUST_BACKTRACE=full" "-e" "RUSTFLAGS=--cap-lints=warn" "-e" "RUSTDOCFLAGS=--cap-lints=warn" "-e" "CARGO_HOME=/opt/rustwide/cargo-home" "-e" "RUSTUP_HOME=/opt/rustwide/rustup-home" "-w" "/opt/rustwide/workdir" "-m" "1610612736" "--user" "0:0" "--network" "none" "ghcr.io/rust-lang/crates-build-env/linux@sha256:2788e3201cd34a07e3172128adcd8b3090168a8e3bcc40d7c032b9dda1df7d1c" "/opt/rustwide/cargo-home/bin/cargo" "+1.75.0" "test" "--frozen", kill_on_drop: false }`
[INFO] [stdout] 77e11fdf60b19024a160de46eb4f5cdf43ba71eee0e5cde4a69f00789206904f
[INFO] running `Command { std: "docker" "start" "-a" "77e11fdf60b19024a160de46eb4f5cdf43ba71eee0e5cde4a69f00789206904f", kill_on_drop: false }`
[INFO] [stderr]     Finished test [unoptimized + debuginfo] target(s) in 0.18s
[INFO] [stderr]      Running unittests src/lib.rs (/opt/rustwide/target/debug/deps/bevy_asset_manager-7ed5110f12745e15)
[INFO] [stdout] 
[INFO] [stdout] running 0 tests
[INFO] [stdout] 
[INFO] [stdout] test result: ok. 0 passed; 0 failed; 0 ignored; 0 measured; 0 filtered out; finished in 0.00s
[INFO] [stdout] 
[INFO] [stderr]    Doc-tests bevy_asset_manager
[INFO] [stdout] 
[INFO] [stdout] running 4 tests
[INFO] [stdout] test src/lib.rs - mixed_asset_manager (line 175) ... FAILED
[INFO] [stdout] test src/lib.rs - loaded_asset_manager (line 140) ... FAILED
[INFO] [stdout] test src/lib.rs - (line 10) ... FAILED
[INFO] [stderr] error: doctest failed, to rerun pass `--doc`
[INFO] [stdout] test src/lib.rs - lazy_asset_manager (line 105) ... FAILED
[INFO] [stdout] 
[INFO] [stdout] failures:
[INFO] [stdout] 
[INFO] [stdout] ---- src/lib.rs - mixed_asset_manager (line 175) stdout ----
[INFO] [stdout] error[E0432]: unresolved import `bevy_kira_audio`
[INFO] [stdout]  --> src/lib.rs:178:5
[INFO] [stdout]   |
[INFO] [stdout] 6 | use bevy_kira_audio::AudioSource;
[INFO] [stdout]   |     ^^^^^^^^^^^^^^^ use of undeclared crate or module `bevy_kira_audio`
[INFO] [stdout] 
[INFO] [stdout] error: cannot find macro `mixed_asset_manager` in this scope
[INFO] [stdout]    --> src/lib.rs:187:20
[INFO] [stdout]     |
[INFO] [stdout] 15  | let lazy_manager = mixed_asset_manager!(<Audio, AudioSource> binds asset_server.clone(), {
[INFO] [stdout]     |                    ^^^^^^^^^^^^^^^^^^^
[INFO] [stdout]     |
[INFO] [stdout]    ::: /opt/rustwide/workdir/src/lib.rs:123:1
[INFO] [stdout]     |
[INFO] [stdout] 123 | macro_rules! lazy_asset_manager {
[INFO] [stdout]     | ------------------------------- similarly named macro `lazy_asset_manager` defined here
[INFO] [stdout]     |
[INFO] [stdout] help: a macro with a similar name exists
[INFO] [stdout]     |
[INFO] [stdout] 15  | let lazy_manager = lazy_asset_manager!(<Audio, AudioSource> binds asset_server.clone(), {
[INFO] [stdout]     |                    ~~~~~~~~~~~~~~~~~~
[INFO] [stdout] help: consider importing this macro
[INFO] [stdout]     |
[INFO] [stdout] 2   + use bevy_asset_manager::mixed_asset_manager;
[INFO] [stdout]     |
[INFO] [stdout] 
[INFO] [stdout] error: aborting due to 2 previous errors
[INFO] [stdout] 
[INFO] [stdout] For more information about this error, try `rustc --explain E0432`.
[INFO] [stdout] Couldn't compile the test.
[INFO] [stdout] ---- src/lib.rs - loaded_asset_manager (line 140) stdout ----
[INFO] [stdout] error[E0432]: unresolved import `bevy_kira_audio`
[INFO] [stdout]  --> src/lib.rs:143:5
[INFO] [stdout]   |
[INFO] [stdout] 6 | use bevy_kira_audio::AudioSource;
[INFO] [stdout]   |     ^^^^^^^^^^^^^^^ use of undeclared crate or module `bevy_kira_audio`
[INFO] [stdout] 
[INFO] [stdout] error: cannot find macro `loaded_asset_manager` in this scope
[INFO] [stdout]    --> src/lib.rs:152:20
[INFO] [stdout]     |
[INFO] [stdout] 15  | let lazy_manager = loaded_asset_manager!(<Audio, AudioSource> binds asset_server.clone(), {
[INFO] [stdout]     |                    ^^^^^^^^^^^^^^^^^^^^
[INFO] [stdout]     |
[INFO] [stdout]    ::: /opt/rustwide/workdir/src/lib.rs:123:1
[INFO] [stdout]     |
[INFO] [stdout] 123 | macro_rules! lazy_asset_manager {
[INFO] [stdout]     | ------------------------------- similarly named macro `lazy_asset_manager` defined here
[INFO] [stdout]     |
[INFO] [stdout] help: a macro with a similar name exists
[INFO] [stdout]     |
[INFO] [stdout] 15  | let lazy_manager = lazy_asset_manager!(<Audio, AudioSource> binds asset_server.clone(), {
[INFO] [stdout]     |                    ~~~~~~~~~~~~~~~~~~
[INFO] [stdout] help: consider importing this macro
[INFO] [stdout]     |
[INFO] [stdout] 2   + use bevy_asset_manager::loaded_asset_manager;
[INFO] [stdout]     |
[INFO] [stdout] 
[INFO] [stdout] error: aborting due to 2 previous errors
[INFO] [stdout] 
[INFO] [stdout] For more information about this error, try `rustc --explain E0432`.
[INFO] [stdout] Couldn't compile the test.
[INFO] [stdout] ---- src/lib.rs - (line 10) stdout ----
[INFO] [stdout] error[E0432]: unresolved import `bevy_kira_audio`
[INFO] [stdout]  --> src/lib.rs:14:5
[INFO] [stdout]   |
[INFO] [stdout] 7 | use bevy_kira_audio::{AudioApp, AudioChannel, AudioControl, AudioSource};
[INFO] [stdout]   |     ^^^^^^^^^^^^^^^ use of undeclared crate or module `bevy_kira_audio`
[INFO] [stdout] 
[INFO] [stdout] error[E0405]: cannot find trait `Plugin` in this scope
[INFO] [stdout]   --> src/lib.rs:18:6
[INFO] [stdout]    |
[INFO] [stdout] 11 | impl Plugin for ShipPlugin {
[INFO] [stdout]    |      ^^^^^^ not found in this scope
[INFO] [stdout]    |
[INFO] [stdout] help: consider importing this trait
[INFO] [stdout]    |
[INFO] [stdout] 2  + use bevy::app::Plugin;
[INFO] [stdout]    |
[INFO] [stdout] 
[INFO] [stdout] error[E0425]: cannot find value `Startup` in this scope
[INFO] [stdout]   --> src/lib.rs:22:26
[INFO] [stdout]    |
[INFO] [stdout] 15 |             .add_systems(Startup, setup)
[INFO] [stdout]    |                          ^^^^^^^ not found in this scope
[INFO] [stdout]    |
[INFO] [stdout] help: consider importing this unit struct
[INFO] [stdout]    |
[INFO] [stdout] 2  + use bevy::app::Startup;
[INFO] [stdout]    |
[INFO] [stdout] 
[INFO] [stdout] error[E0425]: cannot find value `Update` in this scope
[INFO] [stdout]   --> src/lib.rs:23:26
[INFO] [stdout]    |
[INFO] [stdout] 16 |             .add_systems(Update, handle_input)
[INFO] [stdout]    |                          ^^^^^^ not found in this scope
[INFO] [stdout]    |
[INFO] [stdout] help: consider importing one of these items
[INFO] [stdout]    |
[INFO] [stdout] 2  + use bevy::a11y::AccessibilitySystem::Update;
[INFO] [stdout]    |
[INFO] [stdout] 2  + use bevy::app::Update;
[INFO] [stdout]    |
[INFO] [stdout] 
[INFO] [stdout] error[E0425]: cannot find function, tuple struct or tuple variant `OnEnter` in this scope
[INFO] [stdout]   --> src/lib.rs:24:26
[INFO] [stdout]    |
[INFO] [stdout] 17 |             .add_systems(OnEnter(ShipState::Idle), idle)
[INFO] [stdout]    |                          ^^^^^^^ not found in this scope
[INFO] [stdout]    |
[INFO] [stdout] help: consider importing this tuple struct
[INFO] [stdout]    |
[INFO] [stdout] 2  + use bevy::ecs::schedule::OnEnter;
[INFO] [stdout]    |
[INFO] [stdout] 
[INFO] [stdout] error[E0425]: cannot find function, tuple struct or tuple variant `OnEnter` in this scope
[INFO] [stdout]   --> src/lib.rs:25:26
[INFO] [stdout]    |
[INFO] [stdout] 18 |             .add_systems(OnEnter(ShipState::Accelerate), accelerate);
[INFO] [stdout]    |                          ^^^^^^^ not found in this scope
[INFO] [stdout]    |
[INFO] [stdout] help: consider importing this tuple struct
[INFO] [stdout]    |
[INFO] [stdout] 2  + use bevy::ecs::schedule::OnEnter;
[INFO] [stdout]    |
[INFO] [stdout] 
[INFO] [stdout] error[E0412]: cannot find type `AssetServer` in this scope
[INFO] [stdout]   --> src/lib.rs:50:52
[INFO] [stdout]    |
[INFO] [stdout] 43 | fn setup(mut commands: Commands, asset_server: Res<AssetServer>) {
[INFO] [stdout]    |                                                    ^^^^^^^^^^^ not found in this scope
[INFO] [stdout]    |
[INFO] [stdout] help: consider importing this struct
[INFO] [stdout]    |
[INFO] [stdout] 2  + use bevy::asset::AssetServer;
[INFO] [stdout]    |
[INFO] [stdout] 
[INFO] [stdout] error[E0433]: failed to resolve: use of undeclared type `LoadStyle`
[INFO] [stdout]   --> src/lib.rs:53:13
[INFO] [stdout]    |
[INFO] [stdout] 46 |             LoadStyle::Loaded, ShipAudio::EngineOn => "sounds/engine-on.ogg",
[INFO] [stdout]    |             ^^^^^^^^^ use of undeclared type `LoadStyle`
[INFO] [stdout]    |
[INFO] [stdout] help: consider importing this enum
[INFO] [stdout]    |
[INFO] [stdout] 2  + use bevy_asset_manager::LoadStyle;
[INFO] [stdout]    |
[INFO] [stdout] 
[INFO] [stdout] error[E0433]: failed to resolve: use of undeclared type `LoadStyle`
[INFO] [stdout]   --> src/lib.rs:54:13
[INFO] [stdout]    |
[INFO] [stdout] 47 |             LoadStyle::Loaded, ShipAudio::EngineOff => "sounds/engine-off.ogg",
[INFO] [stdout]    |             ^^^^^^^^^ use of undeclared type `LoadStyle`
[INFO] [stdout]    |
[INFO] [stdout] help: consider importing this enum
[INFO] [stdout]    |
[INFO] [stdout] 2  + use bevy_asset_manager::LoadStyle;
[INFO] [stdout]    |
[INFO] [stdout] 
[INFO] [stdout] error[E0433]: failed to resolve: use of undeclared type `LoadStyle`
[INFO] [stdout]   --> src/lib.rs:55:13
[INFO] [stdout]    |
[INFO] [stdout] 48 |             LoadStyle::Lazy, ShipAudio::Warp => "sounds/warp.ogg",
[INFO] [stdout]    |             ^^^^^^^^^ use of undeclared type `LoadStyle`
[INFO] [stdout]    |
[INFO] [stdout] help: consider importing this enum
[INFO] [stdout]    |
[INFO] [stdout] 2  + use bevy_asset_manager::LoadStyle;
[INFO] [stdout]    |
[INFO] [stdout] 
[INFO] [stdout] error[E0425]: cannot find value `audio` in this scope
[INFO] [stdout]   --> src/lib.rs:62:5
[INFO] [stdout]    |
[INFO] [stdout] 55 |     audio.stop();
[INFO] [stdout]    |     ^^^^^ not found in this scope
[INFO] [stdout] 
[INFO] [stdout] error[E0425]: cannot find value `audio` in this scope
[INFO] [stdout]   --> src/lib.rs:63:5
[INFO] [stdout]    |
[INFO] [stdout] 56 |     audio
[INFO] [stdout]    |     ^^^^^ not found in this scope
[INFO] [stdout] 
[INFO] [stdout] error[E0425]: cannot find value `audio` in this scope
[INFO] [stdout]   --> src/lib.rs:71:5
[INFO] [stdout]    |
[INFO] [stdout] 64 |     audio.stop();
[INFO] [stdout]    |     ^^^^^ not found in this scope
[INFO] [stdout] 
[INFO] [stdout] error[E0425]: cannot find value `audio` in this scope
[INFO] [stdout]   --> src/lib.rs:72:5
[INFO] [stdout]    |
[INFO] [stdout] 65 |     audio
[INFO] [stdout]    |     ^^^^^ not found in this scope
[INFO] [stdout] 
[INFO] [stdout] error[E0412]: cannot find type `Input` in this scope
[INFO] [stdout]   --> src/lib.rs:77:27
[INFO] [stdout]    |
[INFO] [stdout] 70 | fn handle_input(keys: Res<Input<KeyCode>>, mut ship_state: ResMut<NextState<ShipState>>) {
[INFO] [stdout]    |                           ^^^^^ not found in this scope
[INFO] [stdout]    |
[INFO] [stdout] help: consider importing this struct
[INFO] [stdout]    |
[INFO] [stdout] 2  + use bevy::input::Input;
[INFO] [stdout]    |
[INFO] [stdout] 
[INFO] [stdout] error[E0412]: cannot find type `KeyCode` in this scope
[INFO] [stdout]   --> src/lib.rs:77:33
[INFO] [stdout]    |
[INFO] [stdout] 70 | fn handle_input(keys: Res<Input<KeyCode>>, mut ship_state: ResMut<NextState<ShipState>>) {
[INFO] [stdout]    |                                 ^^^^^^^ not found in this scope
[INFO] [stdout]    |
[INFO] [stdout] help: consider importing this enum
[INFO] [stdout]    |
[INFO] [stdout] 2  + use bevy::input::keyboard::KeyCode;
[INFO] [stdout]    |
[INFO] [stdout] 
[INFO] [stdout] error[E0412]: cannot find type `ResMut` in this scope
[INFO] [stdout]   --> src/lib.rs:77:60
[INFO] [stdout]    |
[INFO] [stdout] 70 | fn handle_input(keys: Res<Input<KeyCode>>, mut ship_state: ResMut<NextState<ShipState>>) {
[INFO] [stdout]    |                                                            ^^^^^^
[INFO] [stdout]   --> /rustc/82e1608dfa6e0b5569232559e3d385fea5a93112/library/core/src/convert/mod.rs:369:1
[INFO] [stdout]    |
[INFO] [stdout]    = note: similarly named trait `AsMut` defined here
[INFO] [stdout]    |
[INFO] [stdout] help: a trait with a similar name exists
[INFO] [stdout]    |
[INFO] [stdout] 70 | fn handle_input(keys: Res<Input<KeyCode>>, mut ship_state: AsMut<NextState<ShipState>>) {
[INFO] [stdout]    |                                                            ~~~~~
[INFO] [stdout] help: consider importing this struct
[INFO] [stdout]    |
[INFO] [stdout] 2  + use bevy::ecs::system::ResMut;
[INFO] [stdout]    |
[INFO] [stdout] 
[INFO] [stdout] error[E0412]: cannot find type `NextState` in this scope
[INFO] [stdout]   --> src/lib.rs:77:67
[INFO] [stdout]    |
[INFO] [stdout] 70 | fn handle_input(keys: Res<Input<KeyCode>>, mut ship_state: ResMut<NextState<ShipState>>) {
[INFO] [stdout]    |                                                                   ^^^^^^^^^ not found in this scope
[INFO] [stdout]    |
[INFO] [stdout] help: consider importing this struct
[INFO] [stdout]    |
[INFO] [stdout] 2  + use bevy::ecs::schedule::NextState;
[INFO] [stdout]    |
[INFO] [stdout] 
[INFO] [stdout] error[E0433]: failed to resolve: use of undeclared type `KeyCode`
[INFO] [stdout]   --> src/lib.rs:78:26
[INFO] [stdout]    |
[INFO] [stdout] 71 |     if keys.just_pressed(KeyCode::W) {
[INFO] [stdout]    |                          ^^^^^^^ use of undeclared type `KeyCode`
[INFO] [stdout]    |
[INFO] [stdout] help: consider importing this enum
[INFO] [stdout]    |
[INFO] [stdout] 2  + use bevy::input::keyboard::KeyCode;
[INFO] [stdout]    |
[INFO] [stdout] 
[INFO] [stdout] error[E0433]: failed to resolve: use of undeclared type `KeyCode`
[INFO] [stdout]   --> src/lib.rs:82:27
[INFO] [stdout]    |
[INFO] [stdout] 75 |     if keys.just_released(KeyCode::W) {
[INFO] [stdout]    |                           ^^^^^^^ use of undeclared type `KeyCode`
[INFO] [stdout]    |
[INFO] [stdout] help: consider importing this enum
[INFO] [stdout]    |
[INFO] [stdout] 2  + use bevy::input::keyboard::KeyCode;
[INFO] [stdout]    |
[INFO] [stdout] 
[INFO] [stdout] error: aborting due to 20 previous errors
[INFO] [stdout] 
[INFO] [stdout] Some errors have detailed explanations: E0405, E0412, E0425, E0432, E0433.
[INFO] [stdout] For more information about an error, try `rustc --explain E0405`.
[INFO] [stdout] Couldn't compile the test.
[INFO] [stdout] ---- src/lib.rs - lazy_asset_manager (line 105) stdout ----
[INFO] [stdout] error[E0432]: unresolved import `bevy_kira_audio`
[INFO] [stdout]  --> src/lib.rs:108:5
[INFO] [stdout]   |
[INFO] [stdout] 6 | use bevy_kira_audio::AudioSource;
[INFO] [stdout]   |     ^^^^^^^^^^^^^^^ use of undeclared crate or module `bevy_kira_audio`
[INFO] [stdout] 
[INFO] [stdout] error[E0412]: cannot find type `Texture` in this scope
[INFO] [stdout]   --> src/lib.rs:117:48
[INFO] [stdout]    |
[INFO] [stdout] 15 | let lazy_manager = lazy_asset_manager!(<Audio, Texture> binds asset_server.clone(), {
[INFO] [stdout]    |                                                ^^^^^^^ not found in this scope
[INFO] [stdout]    |
[INFO] [stdout] help: you might be missing a type parameter
[INFO] [stdout]    |
[INFO] [stdout] 4  | fn main() { #[allow(non_snake_case)] fn _doctest_main_src_lib_rs_105_0<Texture>() {
[INFO] [stdout]    |                                                                       +++++++++
[INFO] [stdout] 
[INFO] [stdout] error[E0425]: cannot find value `asset_server` in this scope
[INFO] [stdout]   --> src/lib.rs:117:63
[INFO] [stdout]    |
[INFO] [stdout] 15 | let lazy_manager = lazy_asset_manager!(<Audio, Texture> binds asset_server.clone(), {
[INFO] [stdout]    |                                                               ^^^^^^^^^^^^ not found in this scope
[INFO] [stdout] 
[INFO] [stdout] error[E0277]: the trait bound `Audio: Eq` is not satisfied
[INFO] [stdout]    --> src/lib.rs:117:20
[INFO] [stdout]     |
[INFO] [stdout] 15  |   let lazy_manager = lazy_asset_manager!(<Audio, Texture> binds asset_server.clone(), {
[INFO] [stdout]     |  ____________________^
[INFO] [stdout] 16  | |     Audio::EnginOn => "sound/engine-on.ogg",
[INFO] [stdout] 17  | |     Audio::EnginOff => "sound/engine-off.ogg",
[INFO] [stdout] 18  | |     Audio::EngineStall => "sound/engine-stall.ogg",
[INFO] [stdout] 19  | | });
[INFO] [stdout]     | |__^ the trait `Eq` is not implemented for `Audio`
[INFO] [stdout]     |
[INFO] [stdout] note: required by a bound in `AssetManager`
[INFO] [stdout]    --> /opt/rustwide/workdir/src/lib.rs:239:22
[INFO] [stdout]     |
[INFO] [stdout] 237 | pub struct AssetManager<Key, Asset>
[INFO] [stdout]     |            ------------ required by a bound in this struct
[INFO] [stdout] 238 | where
[INFO] [stdout] 239 |     Key: PartialEq + Eq + Hash,
[INFO] [stdout]     |                      ^^ required by this bound in `AssetManager`
[INFO] [stdout]     = note: this error originates in the macro `lazy_asset_manager` (in Nightly builds, run with -Z macro-backtrace for more info)
[INFO] [stdout] help: consider annotating `Audio` with `#[derive(Eq)]`
[INFO] [stdout]     |
[INFO] [stdout] 8   + #[derive(Eq)]
[INFO] [stdout] 9   | enum Audio {
[INFO] [stdout]     |
[INFO] [stdout] 
[INFO] [stdout] error[E0277]: the trait bound `Audio: Hash` is not satisfied
[INFO] [stdout]    --> src/lib.rs:117:20
[INFO] [stdout]     |
[INFO] [stdout] 15  |   let lazy_manager = lazy_asset_manager!(<Audio, Texture> binds asset_server.clone(), {
[INFO] [stdout]     |  ____________________^
[INFO] [stdout] 16  | |     Audio::EnginOn => "sound/engine-on.ogg",
[INFO] [stdout] 17  | |     Audio::EnginOff => "sound/engine-off.ogg",
[INFO] [stdout] 18  | |     Audio::EngineStall => "sound/engine-stall.ogg",
[INFO] [stdout] 19  | | });
[INFO] [stdout]     | |__^ the trait `Hash` is not implemented for `Audio`
[INFO] [stdout]     |
[INFO] [stdout] note: required by a bound in `AssetManager`
[INFO] [stdout]    --> /opt/rustwide/workdir/src/lib.rs:239:27
[INFO] [stdout]     |
[INFO] [stdout] 237 | pub struct AssetManager<Key, Asset>
[INFO] [stdout]     |            ------------ required by a bound in this struct
[INFO] [stdout] 238 | where
[INFO] [stdout] 239 |     Key: PartialEq + Eq + Hash,
[INFO] [stdout]     |                           ^^^^ required by this bound in `AssetManager`
[INFO] [stdout]     = note: this error originates in the macro `lazy_asset_manager` (in Nightly builds, run with -Z macro-backtrace for more info)
[INFO] [stdout] help: consider annotating `Audio` with `#[derive(Hash)]`
[INFO] [stdout]     |
[INFO] [stdout] 8   + #[derive(Hash)]
[INFO] [stdout] 9   | enum Audio {
[INFO] [stdout]     |
[INFO] [stdout] 
[INFO] [stdout] error[E0599]: no variant or associated item named `EnginOn` found for enum `Audio` in the current scope
[INFO] [stdout]   --> src/lib.rs:118:12
[INFO] [stdout]    |
[INFO] [stdout] 8  | enum Audio {
[INFO] [stdout]    | ---------- variant or associated item `EnginOn` not found for this enum
[INFO] [stdout] ...
[INFO] [stdout] 16 |     Audio::EnginOn => "sound/engine-on.ogg",
[INFO] [stdout]    |            ^^^^^^^
[INFO] [stdout]    |            |
[INFO] [stdout]    |            variant or associated item not found in `Audio`
[INFO] [stdout]    |            help: there is a variant with a similar name: `EngineOn`
[INFO] [stdout] 
[INFO] [stdout] error[E0599]: no variant or associated item named `EnginOff` found for enum `Audio` in the current scope
[INFO] [stdout]   --> src/lib.rs:119:12
[INFO] [stdout]    |
[INFO] [stdout] 8  | enum Audio {
[INFO] [stdout]    | ---------- variant or associated item `EnginOff` not found for this enum
[INFO] [stdout] ...
[INFO] [stdout] 17 |     Audio::EnginOff => "sound/engine-off.ogg",
[INFO] [stdout]    |            ^^^^^^^^
[INFO] [stdout]    |            |
[INFO] [stdout]    |            variant or associated item not found in `Audio`
[INFO] [stdout]    |            help: there is a variant with a similar name: `EngineOff`
[INFO] [stdout] 
[INFO] [stdout] error: aborting due to 7 previous errors
[INFO] [stdout] 
[INFO] [stdout] Some errors have detailed explanations: E0277, E0412, E0425, E0432, E0599.
[INFO] [stdout] For more information about an error, try `rustc --explain E0277`.
[INFO] [stdout] Couldn't compile the test.
[INFO] [stdout] 
[INFO] [stdout] failures:
[INFO] [stdout]     src/lib.rs - (line 10)
[INFO] [stdout]     src/lib.rs - lazy_asset_manager (line 105)
[INFO] [stdout]     src/lib.rs - loaded_asset_manager (line 140)
[INFO] [stdout]     src/lib.rs - mixed_asset_manager (line 175)
[INFO] [stdout] 
[INFO] [stdout] test result: FAILED. 0 passed; 4 failed; 0 ignored; 0 measured; 0 filtered out; finished in 0.22s
[INFO] [stdout] 
[INFO] running `Command { std: "docker" "inspect" "77e11fdf60b19024a160de46eb4f5cdf43ba71eee0e5cde4a69f00789206904f", kill_on_drop: false }`
[INFO] running `Command { std: "docker" "rm" "-f" "77e11fdf60b19024a160de46eb4f5cdf43ba71eee0e5cde4a69f00789206904f", kill_on_drop: false }`
[INFO] [stdout] 77e11fdf60b19024a160de46eb4f5cdf43ba71eee0e5cde4a69f00789206904f
[INFO] testing bevy_asset_manager-0.1.0 against beta-2023-12-22 for beta-1.76-1
[INFO] extracting crate bevy_asset_manager 0.1.0 into /workspace/builds/worker-0-tc2/source
[INFO] validating manifest of crates.io crate bevy_asset_manager 0.1.0 on toolchain beta-2023-12-22
[INFO] running `Command { std: CARGO_HOME="/workspace/cargo-home" RUSTUP_HOME="/workspace/rustup-home" "/workspace/cargo-home/bin/cargo" "+beta-2023-12-22" "metadata" "--manifest-path" "Cargo.toml" "--no-deps", kill_on_drop: false }`
[INFO] started tweaking crates.io crate bevy_asset_manager 0.1.0
[INFO] finished tweaking crates.io crate bevy_asset_manager 0.1.0
[INFO] tweaked toml for crates.io crate bevy_asset_manager 0.1.0 written to /workspace/builds/worker-0-tc2/source/Cargo.toml
[INFO] running `Command { std: CARGO_HOME="/workspace/cargo-home" RUSTUP_HOME="/workspace/rustup-home" "/workspace/cargo-home/bin/cargo" "+beta-2023-12-22" "generate-lockfile" "--manifest-path" "Cargo.toml", kill_on_drop: false }`
[INFO] [stderr]     Updating crates.io index
[INFO] running `Command { std: CARGO_HOME="/workspace/cargo-home" RUSTUP_HOME="/workspace/rustup-home" "/workspace/cargo-home/bin/cargo" "+beta-2023-12-22" "fetch" "--manifest-path" "Cargo.toml", kill_on_drop: false }`
[INFO] running `Command { std: "docker" "create" "-v" "/var/lib/crater-agent-workspace/builds/worker-0-tc2/target:/opt/rustwide/target:rw,Z" "-v" "/var/lib/crater-agent-workspace/builds/worker-0-tc2/source:/opt/rustwide/workdir:ro,Z" "-v" "/var/lib/crater-agent-workspace/cargo-home:/opt/rustwide/cargo-home:ro,Z" "-v" "/var/lib/crater-agent-workspace/rustup-home:/opt/rustwide/rustup-home:ro,Z" "-e" "SOURCE_DIR=/opt/rustwide/workdir" "-e" "CARGO_TARGET_DIR=/opt/rustwide/target" "-e" "CARGO_HOME=/opt/rustwide/cargo-home" "-e" "RUSTUP_HOME=/opt/rustwide/rustup-home" "-w" "/opt/rustwide/workdir" "-m" "1610612736" "--user" "0:0" "--network" "none" "ghcr.io/rust-lang/crates-build-env/linux@sha256:2788e3201cd34a07e3172128adcd8b3090168a8e3bcc40d7c032b9dda1df7d1c" "/opt/rustwide/cargo-home/bin/cargo" "+beta-2023-12-22" "metadata" "--no-deps" "--format-version=1", kill_on_drop: false }`
[INFO] [stdout] 27b9f2aee192262ec1d9bc1530b4224165b3ce22d8723ae86b35ebab383114d2
[INFO] running `Command { std: "docker" "start" "-a" "27b9f2aee192262ec1d9bc1530b4224165b3ce22d8723ae86b35ebab383114d2", kill_on_drop: false }`
[INFO] running `Command { std: "docker" "inspect" "27b9f2aee192262ec1d9bc1530b4224165b3ce22d8723ae86b35ebab383114d2", kill_on_drop: false }`
[INFO] running `Command { std: "docker" "rm" "-f" "27b9f2aee192262ec1d9bc1530b4224165b3ce22d8723ae86b35ebab383114d2", kill_on_drop: false }`
[INFO] [stdout] 27b9f2aee192262ec1d9bc1530b4224165b3ce22d8723ae86b35ebab383114d2
[INFO] running `Command { std: "docker" "create" "-v" "/var/lib/crater-agent-workspace/builds/worker-0-tc2/target:/opt/rustwide/target:rw,Z" "-v" "/var/lib/crater-agent-workspace/builds/worker-0-tc2/source:/opt/rustwide/workdir:ro,Z" "-v" "/var/lib/crater-agent-workspace/cargo-home:/opt/rustwide/cargo-home:ro,Z" "-v" "/var/lib/crater-agent-workspace/rustup-home:/opt/rustwide/rustup-home:ro,Z" "-e" "SOURCE_DIR=/opt/rustwide/workdir" "-e" "CARGO_TARGET_DIR=/opt/rustwide/target" "-e" "CARGO_INCREMENTAL=0" "-e" "RUST_BACKTRACE=full" "-e" "RUSTFLAGS=--cap-lints=warn" "-e" "RUSTDOCFLAGS=--cap-lints=warn" "-e" "CARGO_HOME=/opt/rustwide/cargo-home" "-e" "RUSTUP_HOME=/opt/rustwide/rustup-home" "-w" "/opt/rustwide/workdir" "-m" "1610612736" "--user" "0:0" "--network" "none" "ghcr.io/rust-lang/crates-build-env/linux@sha256:2788e3201cd34a07e3172128adcd8b3090168a8e3bcc40d7c032b9dda1df7d1c" "/opt/rustwide/cargo-home/bin/cargo" "+beta-2023-12-22" "build" "--frozen" "--message-format=json", kill_on_drop: false }`
[INFO] [stdout] 3a0fa064a3273519bdb01d19ab69a05078bfe9605c8932c35d74d9a6497bee04
[INFO] running `Command { std: "docker" "start" "-a" "3a0fa064a3273519bdb01d19ab69a05078bfe9605c8932c35d74d9a6497bee04", kill_on_drop: false }`
[INFO] [stderr]    Compiling cfg-if v1.0.0
[INFO] [stderr]    Compiling proc-macro2 v1.0.75
[INFO] [stderr]    Compiling unicode-ident v1.0.12
[INFO] [stderr]    Compiling serde v1.0.194
[INFO] [stderr]    Compiling once_cell v1.19.0
[INFO] [stderr]    Compiling pin-project-lite v0.2.13
[INFO] [stderr]    Compiling crossbeam-utils v0.8.18
[INFO] [stderr]    Compiling libc v0.2.151
[INFO] [stderr]    Compiling autocfg v1.1.0
[INFO] [stderr]    Compiling equivalent v1.0.1
[INFO] [stderr]    Compiling futures-core v0.3.30
[INFO] [stderr]    Compiling parking v2.2.0
[INFO] [stderr]    Compiling hashbrown v0.14.3
[INFO] [stderr]    Compiling version_check v0.9.4
[INFO] [stderr]    Compiling toml_datetime v0.6.5
[INFO] [stderr]    Compiling winnow v0.5.32
[INFO] [stderr]    Compiling zerocopy v0.7.32
[INFO] [stderr]    Compiling rustc-hash v1.1.0
[INFO] [stderr]    Compiling tracing-core v0.1.32
[INFO] [stderr]    Compiling event-listener v2.5.3
[INFO] [stderr]    Compiling fastrand v2.0.1
[INFO] [stderr]    Compiling futures-io v0.3.30
[INFO] [stderr]    Compiling allocator-api2 v0.2.16
[INFO] [stderr]    Compiling futures-lite v2.1.0
[INFO] [stderr]    Compiling thiserror v1.0.56
[INFO] [stderr]    Compiling async-task v4.7.0
[INFO] [stderr]    Compiling indexmap v2.1.0
[INFO] [stderr]    Compiling tracing v0.1.40
[INFO] [stderr]    Compiling waker-fn v1.1.1
[INFO] [stderr]    Compiling ahash v0.8.7
[INFO] [stderr]    Compiling bytemuck v1.14.0
[INFO] [stderr]    Compiling slab v0.4.9
[INFO] [stderr]    Compiling fixedbitset v0.4.2
[INFO] [stderr]    Compiling memchr v2.7.1
[INFO] [stderr]    Compiling fastrand v1.9.0
[INFO] [stderr]    Compiling instant v0.1.12
[INFO] [stderr]    Compiling nonmax v0.5.5
[INFO] [stderr]    Compiling thread_local v1.1.7
[INFO] [stderr]    Compiling quote v1.0.35
[INFO] [stderr]    Compiling concurrent-queue v2.4.0
[INFO] [stderr]    Compiling bevy_ptr v0.12.1
[INFO] [stderr]    Compiling smol_str v0.2.0
[INFO] [stderr]    Compiling downcast-rs v1.2.0
[INFO] [stderr]    Compiling regex-syntax v0.6.29
[INFO] [stderr]    Compiling log v0.4.20
[INFO] [stderr]    Compiling regex-syntax v0.8.2
[INFO] [stderr]    Compiling event-listener v4.0.2
[INFO] [stderr]    Compiling async-channel v1.9.0
[INFO] [stderr]    Compiling syn v2.0.48
[INFO] [stderr]    Compiling futures-lite v1.13.0
[INFO] [stderr]    Compiling lazy_static v1.4.0
[INFO] [stderr]    Compiling overload v0.1.1
[INFO] [stderr]    Compiling tracing-log v0.2.0
[INFO] [stderr]    Compiling sharded-slab v0.1.7
[INFO] [stderr]    Compiling nu-ansi-term v0.46.0
[INFO] [stderr]    Compiling tracing-log v0.1.4
[INFO] [stderr]    Compiling lock_api v0.4.11
[INFO] [stderr]    Compiling parking_lot_core v0.9.9
[INFO] [stderr]    Compiling atomic-waker v1.1.2
[INFO] [stderr]    Compiling getrandom v0.2.11
[INFO] [stderr]    Compiling event-listener-strategy v0.4.0
[INFO] [stderr]    Compiling cc v1.0.83
[INFO] [stderr]    Compiling piper v0.2.1
[INFO] [stderr]    Compiling async-lock v3.2.0
[INFO] [stderr]    Compiling uuid v1.6.1
[INFO] [stderr]    Compiling async-channel v2.1.1
[INFO] [stderr]    Compiling crossbeam-channel v0.5.10
[INFO] [stderr]    Compiling async-fs v1.6.0
[INFO] [stderr]    Compiling scopeguard v1.2.0
[INFO] [stderr]    Compiling async-lock v2.8.0
[INFO] [stderr]    Compiling arrayref v0.3.7
[INFO] [stderr]    Compiling constant_time_eq v0.3.0
[INFO] [stderr]    Compiling accesskit v0.12.2
[INFO] [stderr]    Compiling base64 v0.21.5
[INFO] [stderr]    Compiling arrayvec v0.7.4
[INFO] [stderr]    Compiling sysinfo v0.29.11
[INFO] [stderr]    Compiling async-executor v1.8.0
[INFO] [stderr]    Compiling toml_edit v0.20.7
[INFO] [stderr]    Compiling blocking v1.5.1
[INFO] [stderr]    Compiling async-broadcast v0.5.1
[INFO] [stderr]    Compiling regex-automata v0.4.3
[INFO] [stderr]    Compiling raw-window-handle v0.5.2
[INFO] [stderr]    Compiling bevy_tasks v0.12.1
[INFO] [stderr]    Compiling regex-automata v0.1.10
[INFO] [stderr]    Compiling blake3 v1.5.0
[INFO] [stderr]    Compiling matchers v0.1.0
[INFO] [stderr]    Compiling bevy_macro_utils v0.12.1
[INFO] [stderr]    Compiling regex v1.10.2
[INFO] [stderr]    Compiling serde_derive v1.0.194
[INFO] [stderr]    Compiling thiserror-impl v1.0.56
[INFO] [stderr]    Compiling bevy_utils_proc_macros v0.12.1
[INFO] [stderr]    Compiling bevy_reflect_derive v0.12.1
[INFO] [stderr]    Compiling bevy_ecs_macros v0.12.1
[INFO] [stderr]    Compiling bevy_derive v0.12.1
[INFO] [stderr]    Compiling bevy_asset_macros v0.12.1
[INFO] [stderr]    Compiling smallvec v1.11.2
[INFO] [stderr]    Compiling glam v0.24.2
[INFO] [stderr]    Compiling erased-serde v0.3.31
[INFO] [stderr]    Compiling bitflags v2.4.1
[INFO] [stderr]    Compiling ron v0.8.1
[INFO] [stderr]    Compiling tracing-subscriber v0.3.18
[INFO] [stderr]    Compiling parking_lot v0.12.1
[INFO] [stderr]    Compiling petgraph v0.6.4
[INFO] [stderr]    Compiling bevy_math v0.12.1
[INFO] [stderr]    Compiling bevy_utils v0.12.1
[INFO] [stderr]    Compiling bevy_reflect v0.12.1
[INFO] [stderr]    Compiling bevy_ecs v0.12.1
[INFO] [stderr]    Compiling bevy_app v0.12.1
[INFO] [stderr]    Compiling bevy_log v0.12.1
[INFO] [stderr]    Compiling bevy_core v0.12.1
[INFO] [stderr]    Compiling bevy_time v0.12.1
[INFO] [stderr]    Compiling bevy_a11y v0.12.1
[INFO] [stderr]    Compiling bevy_input v0.12.1
[INFO] [stderr]    Compiling bevy_asset v0.12.1
[INFO] [stderr]    Compiling bevy_hierarchy v0.12.1
[INFO] [stderr]    Compiling bevy_diagnostic v0.12.1
[INFO] [stderr]    Compiling bevy_transform v0.12.1
[INFO] [stderr]    Compiling bevy_window v0.12.1
[INFO] [stderr]    Compiling bevy_internal v0.12.1
[INFO] [stderr]    Compiling bevy v0.12.1
[INFO] [stderr]    Compiling bevy_asset_manager v0.1.0 (/opt/rustwide/workdir)
[INFO] [stderr]     Finished dev [unoptimized + debuginfo] target(s) in 47.88s
[INFO] running `Command { std: "docker" "inspect" "3a0fa064a3273519bdb01d19ab69a05078bfe9605c8932c35d74d9a6497bee04", kill_on_drop: false }`
[INFO] running `Command { std: "docker" "rm" "-f" "3a0fa064a3273519bdb01d19ab69a05078bfe9605c8932c35d74d9a6497bee04", kill_on_drop: false }`
[INFO] [stdout] 3a0fa064a3273519bdb01d19ab69a05078bfe9605c8932c35d74d9a6497bee04
[INFO] running `Command { std: "docker" "create" "-v" "/var/lib/crater-agent-workspace/builds/worker-0-tc2/target:/opt/rustwide/target:rw,Z" "-v" "/var/lib/crater-agent-workspace/builds/worker-0-tc2/source:/opt/rustwide/workdir:ro,Z" "-v" "/var/lib/crater-agent-workspace/cargo-home:/opt/rustwide/cargo-home:ro,Z" "-v" "/var/lib/crater-agent-workspace/rustup-home:/opt/rustwide/rustup-home:ro,Z" "-e" "SOURCE_DIR=/opt/rustwide/workdir" "-e" "CARGO_TARGET_DIR=/opt/rustwide/target" "-e" "CARGO_INCREMENTAL=0" "-e" "RUST_BACKTRACE=full" "-e" "RUSTFLAGS=--cap-lints=warn" "-e" "RUSTDOCFLAGS=--cap-lints=warn" "-e" "CARGO_HOME=/opt/rustwide/cargo-home" "-e" "RUSTUP_HOME=/opt/rustwide/rustup-home" "-w" "/opt/rustwide/workdir" "-m" "1610612736" "--user" "0:0" "--network" "none" "ghcr.io/rust-lang/crates-build-env/linux@sha256:2788e3201cd34a07e3172128adcd8b3090168a8e3bcc40d7c032b9dda1df7d1c" "/opt/rustwide/cargo-home/bin/cargo" "+beta-2023-12-22" "test" "--frozen" "--no-run" "--message-format=json", kill_on_drop: false }`
[INFO] [stdout] fc28eff9f86e429847b12692313ed6dc81eff65c47cea28660372c125c886b04
[INFO] running `Command { std: "docker" "start" "-a" "fc28eff9f86e429847b12692313ed6dc81eff65c47cea28660372c125c886b04", kill_on_drop: false }`
[INFO] [stderr]    Compiling bevy_asset_manager v0.1.0 (/opt/rustwide/workdir)
[INFO] [stderr]     Finished test [unoptimized + debuginfo] target(s) in 1.10s
[INFO] running `Command { std: "docker" "inspect" "fc28eff9f86e429847b12692313ed6dc81eff65c47cea28660372c125c886b04", kill_on_drop: false }`
[INFO] running `Command { std: "docker" "rm" "-f" "fc28eff9f86e429847b12692313ed6dc81eff65c47cea28660372c125c886b04", kill_on_drop: false }`
[INFO] [stdout] fc28eff9f86e429847b12692313ed6dc81eff65c47cea28660372c125c886b04
[INFO] running `Command { std: "docker" "create" "-v" "/var/lib/crater-agent-workspace/builds/worker-0-tc2/target:/opt/rustwide/target:rw,Z" "-v" "/var/lib/crater-agent-workspace/builds/worker-0-tc2/source:/opt/rustwide/workdir:ro,Z" "-v" "/var/lib/crater-agent-workspace/cargo-home:/opt/rustwide/cargo-home:ro,Z" "-v" "/var/lib/crater-agent-workspace/rustup-home:/opt/rustwide/rustup-home:ro,Z" "-e" "SOURCE_DIR=/opt/rustwide/workdir" "-e" "CARGO_TARGET_DIR=/opt/rustwide/target" "-e" "CARGO_INCREMENTAL=0" "-e" "RUST_BACKTRACE=full" "-e" "RUSTFLAGS=--cap-lints=warn" "-e" "RUSTDOCFLAGS=--cap-lints=warn" "-e" "CARGO_HOME=/opt/rustwide/cargo-home" "-e" "RUSTUP_HOME=/opt/rustwide/rustup-home" "-w" "/opt/rustwide/workdir" "-m" "1610612736" "--user" "0:0" "--network" "none" "ghcr.io/rust-lang/crates-build-env/linux@sha256:2788e3201cd34a07e3172128adcd8b3090168a8e3bcc40d7c032b9dda1df7d1c" "/opt/rustwide/cargo-home/bin/cargo" "+beta-2023-12-22" "test" "--frozen", kill_on_drop: false }`
[INFO] [stdout] 0d07cab50236d2a70cb29e30792f4d87a4765958d37bed2c8d75bcb97cec7347
[INFO] running `Command { std: "docker" "start" "-a" "0d07cab50236d2a70cb29e30792f4d87a4765958d37bed2c8d75bcb97cec7347", kill_on_drop: false }`
[INFO] [stderr]     Finished test [unoptimized + debuginfo] target(s) in 0.17s
[INFO] [stderr]      Running unittests src/lib.rs (/opt/rustwide/target/debug/deps/bevy_asset_manager-d684c6f15ce76dcd)
[INFO] [stdout] 
[INFO] [stdout] running 0 tests
[INFO] [stdout] 
[INFO] [stdout] test result: ok. 0 passed; 0 failed; 0 ignored; 0 measured; 0 filtered out; finished in 0.00s
[INFO] [stdout] 
[INFO] [stderr]    Doc-tests bevy_asset_manager
[INFO] [stdout] 
[INFO] [stdout] running 4 tests
[INFO] [stdout] test src/lib.rs - (line 10) ... FAILED
[INFO] [stdout] test src/lib.rs - mixed_asset_manager (line 175) ... FAILED
[INFO] [stdout] test src/lib.rs - loaded_asset_manager (line 140) ... FAILED
[INFO] [stdout] test src/lib.rs - lazy_asset_manager (line 105) ... FAILED
[INFO] [stdout] 
[INFO] [stdout] failures:
[INFO] [stdout] 
[INFO] [stdout] ---- src/lib.rs - (line 10) stdout ----
[INFO] [stdout] error[E0432]: unresolved import `bevy_kira_audio`
[INFO] [stdout]  --> src/lib.rs:14:5
[INFO] [stdout]   |
[INFO] [stdout] 7 | use bevy_kira_audio::{AudioApp, AudioChannel, AudioControl, AudioSource};
[INFO] [stdout]   |     ^^^^^^^^^^^^^^^ use of undeclared crate or module `bevy_kira_audio`
[INFO] [stdout] 
[INFO] [stdout] error[E0405]: cannot find trait `Plugin` in this scope
[INFO] [stdout]   --> src/lib.rs:18:6
[INFO] [stdout]    |
[INFO] [stdout] 11 | impl Plugin for ShipPlugin {
[INFO] [stdout]    |      ^^^^^^ not found in this scope
[INFO] [stdout]    |
[INFO] [stdout] help: consider importing this trait
[INFO] [stdout]    |
[INFO] [stdout] 2  + use bevy::app::Plugin;
[INFO] [stdout]    |
[INFO] [stdout] 
[INFO] [stdout] error[E0425]: cannot find value `Startup` in this scope
[INFO] [stdout]   --> src/lib.rs:22:26
[INFO] [stdout]    |
[INFO] [stdout] 15 |             .add_systems(Startup, setup)
[INFO] [stdout]    |                          ^^^^^^^ not found in this scope
[INFO] [stdout]    |
[INFO] [stdout] help: consider importing this unit struct
[INFO] [stdout]    |
[INFO] [stdout] 2  + use bevy::app::Startup;
[INFO] [stdout]    |
[INFO] [stdout] 
[INFO] [stdout] error[E0425]: cannot find value `Update` in this scope
[INFO] [stdout]   --> src/lib.rs:23:26
[INFO] [stdout]    |
[INFO] [stdout] 16 |             .add_systems(Update, handle_input)
[INFO] [stdout]    |                          ^^^^^^ not found in this scope
[INFO] [stdout]    |
[INFO] [stdout] help: consider importing one of these items
[INFO] [stdout]    |
[INFO] [stdout] 2  + use bevy::a11y::AccessibilitySystem::Update;
[INFO] [stdout]    |
[INFO] [stdout] 2  + use bevy::app::Update;
[INFO] [stdout]    |
[INFO] [stdout] 
[INFO] [stdout] error[E0425]: cannot find function, tuple struct or tuple variant `OnEnter` in this scope
[INFO] [stdout]   --> src/lib.rs:24:26
[INFO] [stdout]    |
[INFO] [stdout] 17 |             .add_systems(OnEnter(ShipState::Idle), idle)
[INFO] [stdout]    |                          ^^^^^^^ not found in this scope
[INFO] [stdout]    |
[INFO] [stdout] help: consider importing this tuple struct
[INFO] [stdout]    |
[INFO] [stdout] 2  + use bevy::ecs::schedule::OnEnter;
[INFO] [stdout]    |
[INFO] [stdout] 
[INFO] [stdout] error[E0425]: cannot find function, tuple struct or tuple variant `OnEnter` in this scope
[INFO] [stdout]   --> src/lib.rs:25:26
[INFO] [stdout]    |
[INFO] [stdout] 18 |             .add_systems(OnEnter(ShipState::Accelerate), accelerate);
[INFO] [stdout]    |                          ^^^^^^^ not found in this scope
[INFO] [stdout]    |
[INFO] [stdout] help: consider importing this tuple struct
[INFO] [stdout]    |
[INFO] [stdout] 2  + use bevy::ecs::schedule::OnEnter;
[INFO] [stdout]    |
[INFO] [stdout] 
[INFO] [stdout] error[E0412]: cannot find type `AssetServer` in this scope
[INFO] [stdout]   --> src/lib.rs:50:52
[INFO] [stdout]    |
[INFO] [stdout] 43 | fn setup(mut commands: Commands, asset_server: Res<AssetServer>) {
[INFO] [stdout]    |                                                    ^^^^^^^^^^^ not found in this scope
[INFO] [stdout]    |
[INFO] [stdout] help: consider importing this struct
[INFO] [stdout]    |
[INFO] [stdout] 2  + use bevy::asset::AssetServer;
[INFO] [stdout]    |
[INFO] [stdout] 
[INFO] [stdout] error[E0433]: failed to resolve: use of undeclared type `LoadStyle`
[INFO] [stdout]   --> src/lib.rs:53:13
[INFO] [stdout]    |
[INFO] [stdout] 46 |             LoadStyle::Loaded, ShipAudio::EngineOn => "sounds/engine-on.ogg",
[INFO] [stdout]    |             ^^^^^^^^^ use of undeclared type `LoadStyle`
[INFO] [stdout]    |
[INFO] [stdout] help: consider importing this enum
[INFO] [stdout]    |
[INFO] [stdout] 2  + use bevy_asset_manager::LoadStyle;
[INFO] [stdout]    |
[INFO] [stdout] 
[INFO] [stdout] error[E0433]: failed to resolve: use of undeclared type `LoadStyle`
[INFO] [stdout]   --> src/lib.rs:54:13
[INFO] [stdout]    |
[INFO] [stdout] 47 |             LoadStyle::Loaded, ShipAudio::EngineOff => "sounds/engine-off.ogg",
[INFO] [stdout]    |             ^^^^^^^^^ use of undeclared type `LoadStyle`
[INFO] [stdout]    |
[INFO] [stdout] help: consider importing this enum
[INFO] [stdout]    |
[INFO] [stdout] 2  + use bevy_asset_manager::LoadStyle;
[INFO] [stdout]    |
[INFO] [stdout] 
[INFO] [stdout] error[E0433]: failed to resolve: use of undeclared type `LoadStyle`
[INFO] [stdout]   --> src/lib.rs:55:13
[INFO] [stdout]    |
[INFO] [stdout] 48 |             LoadStyle::Lazy, ShipAudio::Warp => "sounds/warp.ogg",
[INFO] [stdout]    |             ^^^^^^^^^ use of undeclared type `LoadStyle`
[INFO] [stdout]    |
[INFO] [stdout] help: consider importing this enum
[INFO] [stdout]    |
[INFO] [stdout] 2  + use bevy_asset_manager::LoadStyle;
[INFO] [stdout]    |
[INFO] [stdout] 
[INFO] [stdout] error[E0425]: cannot find value `audio` in this scope
[INFO] [stdout]   --> src/lib.rs:62:5
[INFO] [stdout]    |
[INFO] [stdout] 55 |     audio.stop();
[INFO] [stdout]    |     ^^^^^ not found in this scope
[INFO] [stdout] 
[INFO] [stdout] error[E0425]: cannot find value `audio` in this scope
[INFO] [stdout]   --> src/lib.rs:63:5
[INFO] [stdout]    |
[INFO] [stdout] 56 |     audio
[INFO] [stdout]    |     ^^^^^ not found in this scope
[INFO] [stdout] 
[INFO] [stdout] error[E0425]: cannot find value `audio` in this scope
[INFO] [stdout]   --> src/lib.rs:71:5
[INFO] [stdout]    |
[INFO] [stdout] 64 |     audio.stop();
[INFO] [stdout]    |     ^^^^^ not found in this scope
[INFO] [stdout] 
[INFO] [stdout] error[E0425]: cannot find value `audio` in this scope
[INFO] [stdout]   --> src/lib.rs:72:5
[INFO] [stdout]    |
[INFO] [stdout] 65 |     audio
[INFO] [stdout]    |     ^^^^^ not found in this scope
[INFO] [stdout] 
[INFO] [stdout] error[E0412]: cannot find type `Input` in this scope
[INFO] [stdout]   --> src/lib.rs:77:27
[INFO] [stdout]    |
[INFO] [stdout] 70 | fn handle_input(keys: Res<Input<KeyCode>>, mut ship_state: ResMut<NextState<ShipState>>) {
[INFO] [stdout]    |                           ^^^^^ not found in this scope
[INFO] [stdout]    |
[INFO] [stdout] help: consider importing this struct
[INFO] [stdout]    |
[INFO] [stdout] 2  + use bevy::input::Input;
[INFO] [stdout]    |
[INFO] [stdout] 
[INFO] [stdout] error[E0412]: cannot find type `KeyCode` in this scope
[INFO] [stdout]   --> src/lib.rs:77:33
[INFO] [stdout]    |
[INFO] [stdout] 70 | fn handle_input(keys: Res<Input<KeyCode>>, mut ship_state: ResMut<NextState<ShipState>>) {
[INFO] [stdout]    |                                 ^^^^^^^ not found in this scope
[INFO] [stdout]    |
[INFO] [stdout] help: consider importing this enum
[INFO] [stdout]    |
[INFO] [stdout] 2  + use bevy::input::keyboard::KeyCode;
[INFO] [stdout]    |
[INFO] [stdout] 
[INFO] [stdout] error[E0412]: cannot find type `ResMut` in this scope
[INFO] [stdout]   --> src/lib.rs:77:60
[INFO] [stdout]    |
[INFO] [stdout] 70 | fn handle_input(keys: Res<Input<KeyCode>>, mut ship_state: ResMut<NextState<ShipState>>) {
[INFO] [stdout]    |                                                            ^^^^^^
[INFO] [stdout]   --> /rustc/0e09125c6c3c2fd70d7de961bcf0e51575235fad/library/core/src/convert/mod.rs:369:1
[INFO] [stdout]    |
[INFO] [stdout]    = note: similarly named trait `AsMut` defined here
[INFO] [stdout]    |
[INFO] [stdout] help: a trait with a similar name exists
[INFO] [stdout]    |
[INFO] [stdout] 70 | fn handle_input(keys: Res<Input<KeyCode>>, mut ship_state: AsMut<NextState<ShipState>>) {
[INFO] [stdout]    |                                                            ~~~~~
[INFO] [stdout] help: consider importing this struct
[INFO] [stdout]    |
[INFO] [stdout] 2  + use bevy::ecs::system::ResMut;
[INFO] [stdout]    |
[INFO] [stdout] 
[INFO] [stdout] error[E0412]: cannot find type `NextState` in this scope
[INFO] [stdout]   --> src/lib.rs:77:67
[INFO] [stdout]    |
[INFO] [stdout] 70 | fn handle_input(keys: Res<Input<KeyCode>>, mut ship_state: ResMut<NextState<ShipState>>) {
[INFO] [stdout]    |                                                                   ^^^^^^^^^ not found in this scope
[INFO] [stdout]    |
[INFO] [stdout] help: consider importing this struct
[INFO] [stdout]    |
[INFO] [stdout] 2  + use bevy::ecs::schedule::NextState;
[INFO] [stdout]    |
[INFO] [stdout] 
[INFO] [stdout] error[E0433]: failed to resolve: use of undeclared type `KeyCode`
[INFO] [stdout]   --> src/lib.rs:78:26
[INFO] [stdout]    |
[INFO] [stdout] 71 |     if keys.just_pressed(KeyCode::W) {
[INFO] [stdout]    |                          ^^^^^^^ use of undeclared type `KeyCode`
[INFO] [stdout]    |
[INFO] [stdout] help: consider importing this enum
[INFO] [stdout]    |
[INFO] [stdout] 2  + use bevy::input::keyboard::KeyCode;
[INFO] [stdout]    |
[INFO] [stdout] 
[INFO] [stdout] error[E0433]: failed to resolve: use of undeclared type `KeyCode`
[INFO] [stdout]   --> src/lib.rs:82:27
[INFO] [stdout]    |
[INFO] [stdout] 75 |     if keys.just_released(KeyCode::W) {
[INFO] [stdout]    |                           ^^^^^^^ use of undeclared type `KeyCode`
[INFO] [stdout]    |
[INFO] [stdout] help: consider importing this enum
[INFO] [stdout]    |
[INFO] [stdout] 2  + use bevy::input::keyboard::KeyCode;
[INFO] [stdout]    |
[INFO] [stdout] 
[INFO] [stdout] error: aborting due to 20 previous errors
[INFO] [stdout] 
[INFO] [stdout] Some errors have detailed explanations: E0405, E0412, E0425, E0432, E0433.
[INFO] [stdout] For more information about an error, try `rustc --explain E0405`.
[INFO] [stdout] Couldn't compile the test.
[INFO] [stdout] ---- src/lib.rs - mixed_asset_manager (line 175) stdout ----
[INFO] [stdout] error[E0432]: unresolved import `bevy_kira_audio`
[INFO] [stdout]  --> src/lib.rs:178:5
[INFO] [stdout]   |
[INFO] [stdout] 6 | use bevy_kira_audio::AudioSource;
[INFO] [stdout]   |     ^^^^^^^^^^^^^^^ use of undeclared crate or module `bevy_kira_audio`
[INFO] [stdout] 
[INFO] [stdout] error: cannot find macro `mixed_asset_manager` in this scope
[INFO] [stdout]    --> src/lib.rs:187:20
[INFO] [stdout]     |
[INFO] [stdout] 15  | let lazy_manager = mixed_asset_manager!(<Audio, AudioSource> binds asset_server.clone(), {
[INFO] [stdout]     |                    ^^^^^^^^^^^^^^^^^^^
[INFO] [stdout]     |
[INFO] [stdout]    ::: /opt/rustwide/workdir/src/lib.rs:123:1
[INFO] [stdout]     |
[INFO] [stdout] 123 | macro_rules! lazy_asset_manager {
[INFO] [stdout]     | ------------------------------- similarly named macro `lazy_asset_manager` defined here
[INFO] [stdout]     |
[INFO] [stdout] help: a macro with a similar name exists
[INFO] [stdout]     |
[INFO] [stdout] 15  | let lazy_manager = lazy_asset_manager!(<Audio, AudioSource> binds asset_server.clone(), {
[INFO] [stdout]     |                    ~~~~~~~~~~~~~~~~~~
[INFO] [stdout] help: consider importing this macro
[INFO] [stdout]     |
[INFO] [stdout] 2   + use bevy_asset_manager::mixed_asset_manager;
[INFO] [stdout]     |
[INFO] [stdout] 
[INFO] [stdout] error: aborting due to 2 previous errors
[INFO] [stdout] 
[INFO] [stdout] For more information about this error, try `rustc --explain E0432`.
[INFO] [stdout] Couldn't compile the test.
[INFO] [stdout] ---- src/lib.rs - loaded_asset_manager (line 140) stdout ----
[INFO] [stdout] error[E0432]: unresolved import `bevy_kira_audio`
[INFO] [stdout]  --> src/lib.rs:143:5
[INFO] [stdout]   |
[INFO] [stdout] 6 | use bevy_kira_audio::AudioSource;
[INFO] [stdout]   |     ^^^^^^^^^^^^^^^ use of undeclared crate or module `bevy_kira_audio`
[INFO] [stdout] 
[INFO] [stdout] error: cannot find macro `loaded_asset_manager` in this scope
[INFO] [stdout]    --> src/lib.rs:152:20
[INFO] [stdout]     |
[INFO] [stdout] 15  | let lazy_manager = loaded_asset_manager!(<Audio, AudioSource> binds asset_server.clone(), {
[INFO] [stdout]     |                    ^^^^^^^^^^^^^^^^^^^^
[INFO] [stdout]     |
[INFO] [stdout]    ::: /opt/rustwide/workdir/src/lib.rs:123:1
[INFO] [stdout]     |
[INFO] [stdout] 123 | macro_rules! lazy_asset_manager {
[INFO] [stdout]     | ------------------------------- similarly named macro `lazy_asset_manager` defined here
[INFO] [stdout]     |
[INFO] [stdout] help: a macro with a similar name exists
[INFO] [stdout]     |
[INFO] [stdout] 15  | let lazy_manager = lazy_asset_manager!(<Audio, AudioSource> binds asset_server.clone(), {
[INFO] [stdout]     |                    ~~~~~~~~~~~~~~~~~~
[INFO] [stdout] help: consider importing this macro
[INFO] [stdout]     |
[INFO] [stdout] 2   + use bevy_asset_manager::loaded_asset_manager;
[INFO] [stdout]     |
[INFO] [stdout] 
[INFO] [stdout] error: aborting due to 2 previous errors
[INFO] [stdout] 
[INFO] [stdout] For more information about this error, try `rustc --explain E0432`.
[INFO] [stdout] Couldn't compile the test.
[INFO] [stdout] ---- src/lib.rs - lazy_asset_manager (line 105) stdout ----
[INFO] [stdout] error[E0432]: unresolved import `bevy_kira_audio`
[INFO] [stdout]  --> src/lib.rs:108:5
[INFO] [stdout]   |
[INFO] [stdout] 6 | use bevy_kira_audio::AudioSource;
[INFO] [stdout]   |     ^^^^^^^^^^^^^^^ use of undeclared crate or module `bevy_kira_audio`
[INFO] [stdout] 
[INFO] [stdout] error[E0412]: cannot find type `Texture` in this scope
[INFO] [stdout]   --> src/lib.rs:117:48
[INFO] [stdout]    |
[INFO] [stdout] 15 | let lazy_manager = lazy_asset_manager!(<Audio, Texture> binds asset_server.clone(), {
[INFO] [stdout]    |                                                ^^^^^^^ not found in this scope
[INFO] [stdout]    |
[INFO] [stdout] help: you might be missing a type parameter
[INFO] [stdout]    |
[INFO] [stdout] 4  | fn main() { #[allow(non_snake_case)] fn _doctest_main_src_lib_rs_105_0<Texture>() {
[INFO] [stdout]    |                                                                       +++++++++
[INFO] [stdout] 
[INFO] [stdout] error[E0425]: cannot find value `asset_server` in this scope
[INFO] [stdout]   --> src/lib.rs:117:63
[INFO] [stdout]    |
[INFO] [stdout] 15 | let lazy_manager = lazy_asset_manager!(<Audio, Texture> binds asset_server.clone(), {
[INFO] [stdout]    |                                                               ^^^^^^^^^^^^ not found in this scope
[INFO] [stdout] 
[INFO] [stdout] error[E0277]: the trait bound `Audio: Eq` is not satisfied
[INFO] [stdout]    --> src/lib.rs:117:20
[INFO] [stdout]     |
[INFO] [stdout] 15  |   let lazy_manager = lazy_asset_manager!(<Audio, Texture> binds asset_server.clone(), {
[INFO] [stdout]     |  ____________________^
[INFO] [stdout] 16  | |     Audio::EnginOn => "sound/engine-on.ogg",
[INFO] [stdout] 17  | |     Audio::EnginOff => "sound/engine-off.ogg",
[INFO] [stdout] 18  | |     Audio::EngineStall => "sound/engine-stall.ogg",
[INFO] [stdout] 19  | | });
[INFO] [stdout]     | |__^ the trait `Eq` is not implemented for `Audio`
[INFO] [stdout]     |
[INFO] [stdout] note: required by a bound in `AssetManager`
[INFO] [stdout]    --> /opt/rustwide/workdir/src/lib.rs:239:22
[INFO] [stdout]     |
[INFO] [stdout] 237 | pub struct AssetManager<Key, Asset>
[INFO] [stdout]     |            ------------ required by a bound in this struct
[INFO] [stdout] 238 | where
[INFO] [stdout] 239 |     Key: PartialEq + Eq + Hash,
[INFO] [stdout]     |                      ^^ required by this bound in `AssetManager`
[INFO] [stdout]     = note: this error originates in the macro `lazy_asset_manager` (in Nightly builds, run with -Z macro-backtrace for more info)
[INFO] [stdout] help: consider annotating `Audio` with `#[derive(Eq)]`
[INFO] [stdout]     |
[INFO] [stdout] 8   + #[derive(Eq)]
[INFO] [stdout] 9   | enum Audio {
[INFO] [stdout]     |
[INFO] [stdout] 
[INFO] [stdout] error[E0277]: the trait bound `Audio: Hash` is not satisfied
[INFO] [stdout]    --> src/lib.rs:117:20
[INFO] [stdout]     |
[INFO] [stdout] 15  |   let lazy_manager = lazy_asset_manager!(<Audio, Texture> binds asset_server.clone(), {
[INFO] [stdout]     |  ____________________^
[INFO] [stdout] 16  | |     Audio::EnginOn => "sound/engine-on.ogg",
[INFO] [stdout] 17  | |     Audio::EnginOff => "sound/engine-off.ogg",
[INFO] [stdout] 18  | |     Audio::EngineStall => "sound/engine-stall.ogg",
[INFO] [stdout] 19  | | });
[INFO] [stdout]     | |__^ the trait `Hash` is not implemented for `Audio`
[INFO] [stdout]     |
[INFO] [stdout] note: required by a bound in `AssetManager`
[INFO] [stdout]    --> /opt/rustwide/workdir/src/lib.rs:239:27
[INFO] [stdout]     |
[INFO] [stdout] 237 | pub struct AssetManager<Key, Asset>
[INFO] [stdout]     |            ------------ required by a bound in this struct
[INFO] [stdout] 238 | where
[INFO] [stdout] 239 |     Key: PartialEq + Eq + Hash,
[INFO] [stdout]     |                           ^^^^ required by this bound in `AssetManager`
[INFO] [stdout]     = note: this error originates in the macro `lazy_asset_manager` (in Nightly builds, run with -Z macro-backtrace for more info)
[INFO] [stdout] help: consider annotating `Audio` with `#[derive(Hash)]`
[INFO] [stdout]     |
[INFO] [stdout] 8   + #[derive(Hash)]
[INFO] [stdout] 9   | enum Audio {
[INFO] [stdout]     |
[INFO] [stdout] 
[INFO] [stdout] error[E0599]: no variant or associated item named `EnginOn` found for enum `Audio` in the current scope
[INFO] [stdout]   --> src/lib.rs:118:12
[INFO] [stdout]    |
[INFO] [stdout] 8  | enum Audio {
[INFO] [stdout]    | ---------- variant or associated item `EnginOn` not found for this enum
[INFO] [stdout] ...
[INFO] [stdout] 16 |     Audio::EnginOn => "sound/engine-on.ogg",
[INFO] [stdout]    |            ^^^^^^^
[INFO] [stdout]    |            |
[INFO] [stdout]    |            variant or associated item not found in `Audio`
[INFO] [stdout]    |            help: there is a variant with a similar name: `EngineOn`
[INFO] [stdout] 
[INFO] [stdout] error[E0599]: no variant or associated item named `EnginOff` found for enum `Audio` in the current scope
[INFO] [stdout]   --> src/lib.rs:119:12
[INFO] [stdout]    |
[INFO] [stdout] 8  | enum Audio {
[INFO] [stdout]    | ---------- variant or associated item `EnginOff` not found for this enum
[INFO] [stdout] ...
[INFO] [stdout] 17 |     Audio::EnginOff => "sound/engine-off.ogg",
[INFO] [stdout]    |            ^^^^^^^^
[INFO] [stdout]    |            |
[INFO] [stdout]    |            variant or associated item not found in `Audio`
[INFO] [stdout]    |            help: there is a variant with a similar name: `EngineOff`
[INFO] [stdout] 
[INFO] [stdout] error: aborting due to 7 previous errors
[INFO] [stdout] 
[INFO] [stdout] Some errors have detailed explanations: E0277, E0412, E0425, E0432, E0599.
[INFO] [stdout] For more information about an error, try `rustc --explain E0277`.
[INFO] [stdout] Couldn't compile the test.
[INFO] [stdout] 
[INFO] [stdout] failures:
[INFO] [stdout]     src/lib.rs - (line 10)
[INFO] [stdout]     src/lib.rs - lazy_asset_manager (line 105)
[INFO] [stdout]     src/lib.rs - loaded_asset_manager (line 140)
[INFO] [stdout]     src/lib.rs - mixed_asset_manager (line 175)
[INFO] [stdout] 
[INFO] [stdout] test result: FAILED. 0 passed; 4 failed; 0 ignored; 0 measured; 0 filtered out; finished in 0.30s
[INFO] [stdout] 
[INFO] [stderr] error: doctest failed, to rerun pass `--doc`
[INFO] running `Command { std: "docker" "inspect" "0d07cab50236d2a70cb29e30792f4d87a4765958d37bed2c8d75bcb97cec7347", kill_on_drop: false }`
[INFO] running `Command { std: "docker" "rm" "-f" "0d07cab50236d2a70cb29e30792f4d87a4765958d37bed2c8d75bcb97cec7347", kill_on_drop: false }`
[INFO] [stdout] 0d07cab50236d2a70cb29e30792f4d87a4765958d37bed2c8d75bcb97cec7347
