[INFO] fetching crate bevy-aabb-instancing-011 0.9.2...
[INFO] testing bevy-aabb-instancing-011-0.9.2 against 1.75.0 for beta-1.76-1
[INFO] extracting crate bevy-aabb-instancing-011 0.9.2 into /workspace/builds/worker-7-tc1/source
[INFO] validating manifest of crates.io crate bevy-aabb-instancing-011 0.9.2 on toolchain 1.75.0
[INFO] running `Command { std: CARGO_HOME="/workspace/cargo-home" RUSTUP_HOME="/workspace/rustup-home" "/workspace/cargo-home/bin/cargo" "+1.75.0" "metadata" "--manifest-path" "Cargo.toml" "--no-deps", kill_on_drop: false }`
[INFO] started tweaking crates.io crate bevy-aabb-instancing-011 0.9.2
[INFO] removed 0 missing examples
[INFO] finished tweaking crates.io crate bevy-aabb-instancing-011 0.9.2
[INFO] tweaked toml for crates.io crate bevy-aabb-instancing-011 0.9.2 written to /workspace/builds/worker-7-tc1/source/Cargo.toml
[INFO] crate crates.io crate bevy-aabb-instancing-011 0.9.2 already has a lockfile, it will not be regenerated
[INFO] running `Command { std: CARGO_HOME="/workspace/cargo-home" RUSTUP_HOME="/workspace/rustup-home" "/workspace/cargo-home/bin/cargo" "+1.75.0" "fetch" "--manifest-path" "Cargo.toml", kill_on_drop: false }`
[INFO] [stderr]     Updating crates.io index
[INFO] [stderr]  Downloading crates ...
[INFO] [stderr]   Downloaded hexasphere v8.1.0
[INFO] [stderr]   Downloaded gpu-allocator v0.22.0
[INFO] [stderr]   Downloaded hassle-rs v0.9.0
[INFO] [stderr]   Downloaded bevy_window v0.10.1
[INFO] [stderr]   Downloaded com-rs v0.2.1
[INFO] [stderr]   Downloaded bevy_time v0.10.1
[INFO] [stderr]   Downloaded bevy_ecs v0.10.1
[INFO] [stderr]   Downloaded core-graphics-types v0.1.2
[INFO] [stderr]   Downloaded bevy_core v0.10.1
[INFO] [stderr]   Downloaded encase_derive v0.5.0
[INFO] [stderr]   Downloaded gpu-descriptor v0.2.3
[INFO] [stderr]   Downloaded objc-sys v0.2.0-beta.2
[INFO] [stderr]   Downloaded sysinfo v0.28.4
[INFO] [stderr]   Downloaded ndk-sys v0.4.1+23.1.7779620
[INFO] [stderr]   Downloaded encase_derive_impl v0.6.1
[INFO] [stderr]   Downloaded bevy_core_pipeline v0.10.1
[INFO] [stderr]   Downloaded ndk v0.7.0
[INFO] [stderr]   Downloaded windows-interface v0.48.0
[INFO] [stderr]   Downloaded bevy_diagnostic v0.11.2
[INFO] [stderr]   Downloaded encase_derive v0.6.1
[INFO] [stderr]   Downloaded encase v0.6.1
[INFO] [stderr]   Downloaded hexasphere v9.1.0
[INFO] [stderr]   Downloaded wgpu v0.16.3
[INFO] [stderr]   Downloaded accesskit_windows v0.14.3
[INFO] [stderr]   Downloaded windows v0.44.0
[INFO] [stderr]   Downloaded bevy_asset v0.11.2
[INFO] [stderr]   Downloaded bevy_core v0.11.2
[INFO] [stderr]   Downloaded bevy_render v0.11.2
[INFO] [stderr]   Downloaded bevy_transform v0.11.2
[INFO] [stderr]   Downloaded bevy_hierarchy v0.11.2
[INFO] [stderr]   Downloaded bevy_internal v0.11.2
[INFO] [stderr]   Downloaded bevy_window v0.11.2
[INFO] [stderr]   Downloaded bevy_ecs_macros v0.10.1
[INFO] [stderr]   Downloaded profiling-procmacros v1.0.10
[INFO] [stderr]   Downloaded smooth-bevy-cameras v0.8.0
[INFO] [stderr]   Downloaded bevy_app v0.10.1
[INFO] [stderr]   Downloaded bevy_core_pipeline v0.11.2
[INFO] [stderr]   Downloaded bevy_encase_derive v0.11.2
[INFO] [stderr]   Downloaded bevy_mikktspace v0.11.2
[INFO] [stderr]   Downloaded bevy_render_macros v0.11.2
[INFO] [stderr]   Downloaded bevy_scene v0.11.2
[INFO] [stderr]   Downloaded bevy_winit v0.11.2
[INFO] [stderr]   Downloaded bevy v0.11.2
[INFO] [stderr]   Downloaded accesskit_winit v0.14.4
[INFO] [stderr]   Downloaded bevy_a11y v0.11.2
[INFO] [stderr]   Downloaded bevy_diagnostic v0.10.1
[INFO] [stderr]   Downloaded orbclient v0.3.46
[INFO] [stderr]   Downloaded xml-rs v0.8.18
[INFO] [stderr]   Downloaded bevy_asset v0.10.1
[INFO] [stderr]   Downloaded bevy_render_macros v0.10.1
[INFO] [stderr]   Downloaded bevy_render v0.10.1
[INFO] [stderr]   Downloaded bevy_log v0.10.1
[INFO] [stderr]   Downloaded bevy_tasks v0.10.1
[INFO] [stderr]   Downloaded glam v0.23.0
[INFO] [stderr]   Downloaded ash v0.37.3+1.3.251
[INFO] [stderr]   Downloaded naga v0.12.3
[INFO] [stderr]   Downloaded windows-implement v0.48.0
[INFO] [stderr]   Downloaded wgpu v0.15.1
[INFO] [stderr]   Downloaded metal v0.24.0
[INFO] [stderr]   Downloaded naga v0.11.1
[INFO] [stderr]   Downloaded bevy_transform v0.10.1
[INFO] [stderr]   Downloaded glow v0.12.3
[INFO] [stderr]   Downloaded wgpu-hal v0.15.4
[INFO] [stderr]   Downloaded wgpu-hal v0.16.2
[INFO] [stderr]   Downloaded sysinfo v0.29.10
[INFO] [stderr]   Downloaded wgpu-core v0.16.1
[INFO] [stderr]   Downloaded libloading v0.8.0
[INFO] [stderr]   Downloaded renderdoc-sys v1.0.0
[INFO] [stderr]   Downloaded bevy_input v0.11.2
[INFO] [stderr]   Downloaded ntapi v0.4.1
[INFO] [stderr]   Downloaded accesskit_macos v0.6.2
[INFO] [stderr]   Downloaded android-properties v0.2.2
[INFO] [stderr]   Downloaded android-activity v0.4.3
[INFO] [stderr]   Downloaded objc2 v0.3.0-beta.3.patch-leaks.3
[INFO] [stderr]   Downloaded wayland-scanner v0.29.5
[INFO] [stderr]   Downloaded bevy_winit v0.10.1
[INFO] [stderr]   Downloaded wgpu-types v0.15.2
[INFO] [stderr]   Downloaded bevy_hierarchy v0.10.1
[INFO] [stderr]   Downloaded bevy_math v0.10.1
[INFO] [stderr]   Downloaded bevy_reflect_derive v0.10.1
[INFO] [stderr]   Downloaded syn v2.0.35
[INFO] [stderr]   Downloaded bevy_utils v0.10.1
[INFO] [stderr]   Downloaded bevy v0.10.1
[INFO] [stderr]   Downloaded accesskit_windows v0.13.2
[INFO] [stderr]   Downloaded winit v0.28.6
[INFO] [stderr]   Downloaded bevy_pbr v0.10.1
[INFO] [stderr]   Downloaded num_enum v0.6.1
[INFO] [stderr]   Downloaded const_soft_float v0.1.4
[INFO] [stderr]   Downloaded wgpu-types v0.16.1
[INFO] [stderr]   Downloaded tracing-error v0.2.0
[INFO] [stderr]   Downloaded accesskit_winit v0.12.4
[INFO] [stderr]   Downloaded pp-rs v0.2.1
[INFO] [stderr]   Downloaded bevy_ptr v0.10.1
[INFO] [stderr]   Downloaded bevy_utils_proc_macros v0.10.1
[INFO] [stderr]   Downloaded accesskit v0.10.1
[INFO] [stderr]   Downloaded constgebra v0.1.3
[INFO] [stderr]   Downloaded windows-interface v0.44.0
[INFO] [stderr]   Downloaded radsort v0.1.0
[INFO] [stderr]   Downloaded const_panic v0.2.8
[INFO] [stderr]   Downloaded encase_derive_impl v0.5.0
[INFO] [stderr]   Downloaded encase v0.5.0
[INFO] [stderr]   Downloaded bevy_a11y v0.10.1
[INFO] [stderr]   Downloaded bevy_macro_utils v0.10.1
[INFO] [stderr]   Downloaded bevy_mikktspace v0.10.1
[INFO] [stderr]   Downloaded bevy_input v0.10.1
[INFO] [stderr]   Downloaded windows-implement v0.44.0
[INFO] [stderr]   Downloaded num_enum_derive v0.6.1
[INFO] [stderr]   Downloaded accesskit v0.11.2
[INFO] [stderr]   Downloaded widestring v0.5.1
[INFO] [stderr]   Downloaded raw-window-handle v0.5.2
[INFO] [stderr]   Downloaded range-alloc v0.1.3
[INFO] [stderr]   Downloaded bevy_reflect v0.10.1
[INFO] [stderr]   Downloaded accesskit_consumer v0.15.2
[INFO] [stderr]   Downloaded bevy_derive v0.10.1
[INFO] [stderr]   Downloaded block2 v0.2.0-alpha.6
[INFO] [stderr]   Downloaded tracing-chrome v0.7.1
[INFO] [stderr]   Downloaded objc2-encode v2.0.0-pre.2
[INFO] [stderr]   Downloaded bevy_encase_derive v0.10.1
[INFO] [stderr]   Downloaded accesskit_macos v0.9.0
[INFO] [stderr]   Downloaded profiling v1.0.10
[INFO] [stderr]   Downloaded accesskit_consumer v0.14.1
[INFO] [stderr]   Downloaded gpu-alloc v0.5.4
[INFO] [stderr]   Downloaded bevy_internal v0.10.1
[INFO] [stderr]   Downloaded android_log-sys v0.2.0
[INFO] [stderr]   Downloaded wgpu-core v0.15.1
[INFO] [stderr]   Downloaded naga_oil v0.8.2
[INFO] [stderr]   Downloaded hassle-rs v0.10.0
[INFO] [stderr]   Downloaded block-sys v0.1.0-beta.1
[INFO] [stderr]   Downloaded d3d12 v0.6.0
[INFO] [stderr]   Downloaded proc-macro2 v1.0.67
[INFO] running `Command { std: "docker" "create" "-v" "/var/lib/crater-agent-workspace/builds/worker-7-tc1/target:/opt/rustwide/target:rw,Z" "-v" "/var/lib/crater-agent-workspace/builds/worker-7-tc1/source:/opt/rustwide/workdir:ro,Z" "-v" "/var/lib/crater-agent-workspace/cargo-home:/opt/rustwide/cargo-home:ro,Z" "-v" "/var/lib/crater-agent-workspace/rustup-home:/opt/rustwide/rustup-home:ro,Z" "-e" "SOURCE_DIR=/opt/rustwide/workdir" "-e" "CARGO_TARGET_DIR=/opt/rustwide/target" "-e" "CARGO_HOME=/opt/rustwide/cargo-home" "-e" "RUSTUP_HOME=/opt/rustwide/rustup-home" "-w" "/opt/rustwide/workdir" "-m" "1610612736" "--user" "0:0" "--network" "none" "ghcr.io/rust-lang/crates-build-env/linux@sha256:2788e3201cd34a07e3172128adcd8b3090168a8e3bcc40d7c032b9dda1df7d1c" "/opt/rustwide/cargo-home/bin/cargo" "+1.75.0" "metadata" "--no-deps" "--format-version=1", kill_on_drop: false }`
[INFO] [stdout] cec1d55f212a9dee90b4e4fae4abfc6fa10fc17ab70a5399cd612f359c12d76a
[INFO] running `Command { std: "docker" "start" "-a" "cec1d55f212a9dee90b4e4fae4abfc6fa10fc17ab70a5399cd612f359c12d76a", kill_on_drop: false }`
[INFO] running `Command { std: "docker" "inspect" "cec1d55f212a9dee90b4e4fae4abfc6fa10fc17ab70a5399cd612f359c12d76a", kill_on_drop: false }`
[INFO] running `Command { std: "docker" "rm" "-f" "cec1d55f212a9dee90b4e4fae4abfc6fa10fc17ab70a5399cd612f359c12d76a", kill_on_drop: false }`
[INFO] [stdout] cec1d55f212a9dee90b4e4fae4abfc6fa10fc17ab70a5399cd612f359c12d76a
[INFO] running `Command { std: "docker" "create" "-v" "/var/lib/crater-agent-workspace/builds/worker-7-tc1/target:/opt/rustwide/target:rw,Z" "-v" "/var/lib/crater-agent-workspace/builds/worker-7-tc1/source:/opt/rustwide/workdir:ro,Z" "-v" "/var/lib/crater-agent-workspace/cargo-home:/opt/rustwide/cargo-home:ro,Z" "-v" "/var/lib/crater-agent-workspace/rustup-home:/opt/rustwide/rustup-home:ro,Z" "-e" "SOURCE_DIR=/opt/rustwide/workdir" "-e" "CARGO_TARGET_DIR=/opt/rustwide/target" "-e" "CARGO_INCREMENTAL=0" "-e" "RUST_BACKTRACE=full" "-e" "RUSTFLAGS=--cap-lints=warn" "-e" "RUSTDOCFLAGS=--cap-lints=warn" "-e" "CARGO_HOME=/opt/rustwide/cargo-home" "-e" "RUSTUP_HOME=/opt/rustwide/rustup-home" "-w" "/opt/rustwide/workdir" "-m" "1610612736" "--user" "0:0" "--network" "none" "ghcr.io/rust-lang/crates-build-env/linux@sha256:2788e3201cd34a07e3172128adcd8b3090168a8e3bcc40d7c032b9dda1df7d1c" "/opt/rustwide/cargo-home/bin/cargo" "+1.75.0" "build" "--frozen" "--message-format=json", kill_on_drop: false }`
[INFO] [stdout] 1a310557c8f64741792f17029b4f6059890bd91664141c0970218299b0970ca4
[INFO] running `Command { std: "docker" "start" "-a" "1a310557c8f64741792f17029b4f6059890bd91664141c0970218299b0970ca4", kill_on_drop: false }`
[INFO] [stderr]    Compiling proc-macro2 v1.0.67
[INFO] [stderr]    Compiling unicode-ident v1.0.12
[INFO] [stderr]    Compiling libc v0.2.148
[INFO] [stderr]    Compiling once_cell v1.18.0
[INFO] [stderr]    Compiling serde v1.0.188
[INFO] [stderr]    Compiling rustc-hash v1.1.0
[INFO] [stderr]    Compiling thiserror v1.0.48
[INFO] [stderr]    Compiling hashbrown v0.14.0
[INFO] [stderr]    Compiling winnow v0.5.15
[INFO] [stderr]    Compiling memchr v2.6.3
[INFO] [stderr]    Compiling toml_datetime v0.6.3
[INFO] [stderr]    Compiling ahash v0.8.3
[INFO] [stderr]    Compiling lock_api v0.4.10
[INFO] [stderr]    Compiling parking_lot_core v0.9.8
[INFO] [stderr]    Compiling crossbeam-utils v0.8.16
[INFO] [stderr]    Compiling futures-core v0.3.28
[INFO] [stderr]    Compiling allocator-api2 v0.2.16
[INFO] [stderr]    Compiling tracing-core v0.1.31
[INFO] [stderr]    Compiling instant v0.1.12
[INFO] [stderr]    Compiling waker-fn v1.1.0
[INFO] [stderr]    Compiling parking v2.1.0
[INFO] [stderr]    Compiling futures-io v0.3.28
[INFO] [stderr]    Compiling bit-vec v0.6.3
[INFO] [stderr]    Compiling fixedbitset v0.4.2
[INFO] [stderr]    Compiling async-lock v2.8.0
[INFO] [stderr]    Compiling async-task v4.4.0
[INFO] [stderr]    Compiling indexmap v2.0.0
[INFO] [stderr]    Compiling thread_local v1.1.7
[INFO] [stderr]    Compiling smol_str v0.2.0
[INFO] [stderr]    Compiling bevy_ptr v0.11.2
[INFO] [stderr]    Compiling bit-set v0.5.3
[INFO] [stderr]    Compiling concurrent-queue v2.2.0
[INFO] [stderr]    Compiling downcast-rs v1.2.0
[INFO] [stderr]    Compiling num-traits v0.2.16
[INFO] [stderr]    Compiling ahash v0.7.6
[INFO] [stderr]    Compiling regex-syntax v0.7.5
[INFO] [stderr]    Compiling sharded-slab v0.1.4
[INFO] [stderr]    Compiling tracing-log v0.1.3
[INFO] [stderr]    Compiling raw-window-handle v0.5.2
[INFO] [stderr]    Compiling quote v1.0.33
[INFO] [stderr]    Compiling futures-lite v1.13.0
[INFO] [stderr]    Compiling async-channel v1.9.0
[INFO] [stderr]    Compiling aho-corasick v1.0.5
[INFO] [stderr]    Compiling indexmap v1.9.3
[INFO] [stderr]    Compiling syn v2.0.35
[INFO] [stderr]    Compiling getrandom v0.2.10
[INFO] [stderr]    Compiling unicode-xid v0.2.4
[INFO] [stderr]    Compiling unicode-width v0.1.10
[INFO] [stderr]    Compiling termcolor v1.2.0
[INFO] [stderr]    Compiling libloading v0.7.4
[INFO] [stderr]    Compiling uuid v1.4.1
[INFO] [stderr]    Compiling pp-rs v0.2.1
[INFO] [stderr]    Compiling hexf-parse v0.2.1
[INFO] [stderr]    Compiling ash v0.37.3+1.3.251
[INFO] [stderr]    Compiling codespan-reporting v0.11.1
[INFO] [stderr]    Compiling khronos-egl v4.1.0
[INFO] [stderr]    Compiling gpu-alloc-types v0.2.0
[INFO] [stderr]    Compiling gpu-descriptor-types v0.1.1
[INFO] [stderr]    Compiling hashbrown v0.12.3
[INFO] [stderr]    Compiling pkg-config v0.3.27
[INFO] [stderr]    Compiling bitflags v2.4.0
[INFO] [stderr]    Compiling xml-rs v0.8.18
[INFO] [stderr]    Compiling gpu-alloc v0.5.4
[INFO] [stderr]    Compiling crossbeam-channel v0.5.8
[INFO] [stderr]    Compiling toml_edit v0.19.15
[INFO] [stderr]    Compiling async-executor v1.5.1
[INFO] [stderr]    Compiling bevy_tasks v0.11.2
[INFO] [stderr]    Compiling gpu-descriptor v0.2.3
[INFO] [stderr]    Compiling wayland-scanner v0.29.5
[INFO] [stderr]    Compiling x11-dl v2.21.0
[INFO] [stderr]    Compiling wgpu-types v0.16.1
[INFO] [stderr]    Compiling libloading v0.8.0
[INFO] [stderr]    Compiling arrayvec v0.7.4
[INFO] [stderr]    Compiling cfg_aliases v0.1.1
[INFO] [stderr]    Compiling spirv v0.2.0+1.5.4
[INFO] [stderr]    Compiling renderdoc-sys v1.0.0
[INFO] [stderr]    Compiling profiling v1.0.10
[INFO] [stderr]    Compiling glow v0.12.3
[INFO] [stderr]    Compiling anyhow v1.0.75
[INFO] [stderr]    Compiling num-integer v0.1.45
[INFO] [stderr]    Compiling sysinfo v0.29.10
[INFO] [stderr]    Compiling const_soft_float v0.1.4
[INFO] [stderr]    Compiling mio v0.8.8
[INFO] [stderr]    Compiling regex-automata v0.3.8
[INFO] [stderr]    Compiling constgebra v0.1.3
[INFO] [stderr]    Compiling num-rational v0.4.1
[INFO] [stderr]    Compiling const_panic v0.2.8
[INFO] [stderr]    Compiling static_assertions v1.1.0
[INFO] [stderr]    Compiling color_quant v1.1.0
[INFO] [stderr]    Compiling data-encoding v2.4.0
[INFO] [stderr]    Compiling byteorder v1.4.3
[INFO] [stderr]    Compiling winit v0.28.6
[INFO] [stderr]    Compiling accesskit v0.11.2
[INFO] [stderr]    Compiling percent-encoding v2.3.0
[INFO] [stderr]    Compiling approx v0.5.1
[INFO] [stderr]    Compiling radsort v0.1.0
[INFO] [stderr]    Compiling bevy_macro_utils v0.11.2
[INFO] [stderr]    Compiling encase_derive_impl v0.6.1
[INFO] [stderr]    Compiling regex v1.9.5
[INFO] [stderr]    Compiling serde_derive v1.0.188
[INFO] [stderr]    Compiling thiserror-impl v1.0.48
[INFO] [stderr]    Compiling bytemuck_derive v1.5.0
[INFO] [stderr]    Compiling tracing-attributes v0.1.26
[INFO] [stderr]    Compiling bevy_utils_proc_macros v0.11.2
[INFO] [stderr]    Compiling bevy_reflect_derive v0.11.2
[INFO] [stderr]    Compiling bevy_ecs_macros v0.11.2
[INFO] [stderr]    Compiling bevy_derive v0.11.2
[INFO] [stderr]    Compiling encase_derive v0.6.1
[INFO] [stderr]    Compiling bevy_encase_derive v0.11.2
[INFO] [stderr]    Compiling bevy_render_macros v0.11.2
[INFO] [stderr]    Compiling bytemuck v1.14.0
[INFO] [stderr]    Compiling image v0.24.7
[INFO] [stderr]    Compiling accesskit_winit v0.14.4
[INFO] [stderr]    Compiling naga v0.12.3
[INFO] [stderr]    Compiling tracing v0.1.37
[INFO] [stderr]    Compiling smallvec v1.11.0
[INFO] [stderr]    Compiling glam v0.24.1
[INFO] [stderr]    Compiling erased-serde v0.3.31
[INFO] [stderr]    Compiling tracing-subscriber v0.3.17
[INFO] [stderr]    Compiling parking_lot v0.12.1
[INFO] [stderr]    Compiling petgraph v0.6.4
[INFO] [stderr]    Compiling wgpu-hal v0.16.2
[INFO] [stderr]    Compiling naga_oil v0.8.2
[INFO] [stderr]    Compiling bevy_math v0.11.2
[INFO] [stderr]    Compiling encase v0.6.1
[INFO] [stderr]    Compiling hexasphere v9.1.0
[INFO] [stderr]    Compiling bevy_mikktspace v0.11.2
[INFO] [stderr]    Compiling bevy_utils v0.11.2
[INFO] [stderr]    Compiling bevy_reflect v0.11.2
[INFO] [stderr]    Compiling wgpu-core v0.16.1
[INFO] [stderr]    Compiling bevy_ecs v0.11.2
[INFO] [stderr]    Compiling wgpu v0.16.3
[INFO] [stderr]    Compiling bevy_app v0.11.2
[INFO] [stderr]    Compiling bevy_core v0.11.2
[INFO] [stderr]    Compiling bevy_log v0.11.2
[INFO] [stderr]    Compiling bevy_time v0.11.2
[INFO] [stderr]    Compiling bevy_input v0.11.2
[INFO] [stderr]    Compiling bevy_a11y v0.11.2
[INFO] [stderr]    Compiling bevy_hierarchy v0.11.2
[INFO] [stderr]    Compiling bevy_diagnostic v0.11.2
[INFO] [stderr]    Compiling bevy_transform v0.11.2
[INFO] [stderr]    Compiling bevy_asset v0.11.2
[INFO] [stderr]    Compiling bevy_window v0.11.2
[INFO] [stderr]    Compiling bevy_render v0.11.2
[INFO] [stderr]    Compiling bevy_winit v0.11.2
[INFO] [stderr]    Compiling bevy_core_pipeline v0.11.2
[INFO] [stderr]    Compiling bevy_internal v0.11.2
[INFO] [stderr]    Compiling bevy v0.11.2
[INFO] [stderr]    Compiling bevy-aabb-instancing-011 v0.9.2 (/opt/rustwide/workdir)
[INFO] [stderr]     Finished dev [unoptimized + debuginfo] target(s) in 39.98s
[INFO] running `Command { std: "docker" "inspect" "1a310557c8f64741792f17029b4f6059890bd91664141c0970218299b0970ca4", kill_on_drop: false }`
[INFO] running `Command { std: "docker" "rm" "-f" "1a310557c8f64741792f17029b4f6059890bd91664141c0970218299b0970ca4", kill_on_drop: false }`
[INFO] [stdout] 1a310557c8f64741792f17029b4f6059890bd91664141c0970218299b0970ca4
[INFO] running `Command { std: "docker" "create" "-v" "/var/lib/crater-agent-workspace/builds/worker-7-tc1/target:/opt/rustwide/target:rw,Z" "-v" "/var/lib/crater-agent-workspace/builds/worker-7-tc1/source:/opt/rustwide/workdir:ro,Z" "-v" "/var/lib/crater-agent-workspace/cargo-home:/opt/rustwide/cargo-home:ro,Z" "-v" "/var/lib/crater-agent-workspace/rustup-home:/opt/rustwide/rustup-home:ro,Z" "-e" "SOURCE_DIR=/opt/rustwide/workdir" "-e" "CARGO_TARGET_DIR=/opt/rustwide/target" "-e" "CARGO_INCREMENTAL=0" "-e" "RUST_BACKTRACE=full" "-e" "RUSTFLAGS=--cap-lints=warn" "-e" "RUSTDOCFLAGS=--cap-lints=warn" "-e" "CARGO_HOME=/opt/rustwide/cargo-home" "-e" "RUSTUP_HOME=/opt/rustwide/rustup-home" "-w" "/opt/rustwide/workdir" "-m" "1610612736" "--user" "0:0" "--network" "none" "ghcr.io/rust-lang/crates-build-env/linux@sha256:2788e3201cd34a07e3172128adcd8b3090168a8e3bcc40d7c032b9dda1df7d1c" "/opt/rustwide/cargo-home/bin/cargo" "+1.75.0" "test" "--frozen" "--no-run" "--message-format=json", kill_on_drop: false }`
[INFO] [stdout] dcb1bca8791b55d26d66024feefbc950e4ee8395f99dc20629634be9a7a38d54
[INFO] running `Command { std: "docker" "start" "-a" "dcb1bca8791b55d26d66024feefbc950e4ee8395f99dc20629634be9a7a38d54", kill_on_drop: false }`
[INFO] [stderr]    Compiling getrandom v0.2.10
[INFO] [stderr]    Compiling ahash v0.7.6
[INFO] [stderr]    Compiling syn v1.0.109
[INFO] [stderr]    Compiling glam v0.23.0
[INFO] [stderr]    Compiling bevy_ptr v0.10.1
[INFO] [stderr]    Compiling bevy_tasks v0.10.1
[INFO] [stderr]    Compiling approx v0.5.1
[INFO] [stderr]    Compiling sysinfo v0.28.4
[INFO] [stderr]    Compiling accesskit v0.10.1
[INFO] [stderr]    Compiling ahash v0.8.3
[INFO] [stderr]    Compiling uuid v1.4.1
[INFO] [stderr]    Compiling rand_core v0.6.4
[INFO] [stderr]    Compiling rand_chacha v0.3.1
[INFO] [stderr]    Compiling hashbrown v0.14.0
[INFO] [stderr]    Compiling bevy_reflect_derive v0.11.2
[INFO] [stderr]    Compiling hashbrown v0.12.3
[INFO] [stderr]    Compiling rand v0.8.5
[INFO] [stderr]    Compiling indexmap v1.9.3
[INFO] [stderr]    Compiling gpu-descriptor v0.2.3
[INFO] [stderr]    Compiling indexmap v2.0.0
[INFO] [stderr]    Compiling naga v0.12.3
[INFO] [stderr]    Compiling petgraph v0.6.4
[INFO] [stderr]    Compiling bevy_math v0.10.1
[INFO] [stderr]    Compiling bevy_macro_utils v0.10.1
[INFO] [stderr]    Compiling bevy_utils v0.11.2
[INFO] [stderr]    Compiling bevy_reflect v0.11.2
[INFO] [stderr]    Compiling bevy_utils_proc_macros v0.10.1
[INFO] [stderr]    Compiling bevy_reflect_derive v0.10.1
[INFO] [stderr]    Compiling bevy_ecs_macros v0.10.1
[INFO] [stderr]    Compiling bevy_derive v0.10.1
[INFO] [stderr]    Compiling bevy_utils v0.10.1
[INFO] [stderr]    Compiling bevy_reflect v0.10.1
[INFO] [stderr]    Compiling bevy_ecs v0.11.2
[INFO] [stderr]    Compiling wgpu-hal v0.16.2
[INFO] [stderr]    Compiling naga_oil v0.8.2
[INFO] [stderr]    Compiling bevy_ecs v0.10.1
[INFO] [stderr]    Compiling wgpu-core v0.16.1
[INFO] [stderr]    Compiling bevy_app v0.11.2
[INFO] [stderr]    Compiling bevy_core v0.11.2
[INFO] [stderr]    Compiling bevy_log v0.11.2
[INFO] [stderr]    Compiling bevy_input v0.11.2
[INFO] [stderr]    Compiling bevy_time v0.11.2
[INFO] [stderr]    Compiling bevy_a11y v0.11.2
[INFO] [stderr]    Compiling wgpu v0.16.3
[INFO] [stderr]    Compiling bevy_hierarchy v0.11.2
[INFO] [stderr]    Compiling bevy_diagnostic v0.11.2
[INFO] [stderr]    Compiling bevy_transform v0.11.2
[INFO] [stderr]    Compiling bevy_asset v0.11.2
[INFO] [stderr]    Compiling bevy_app v0.10.1
[INFO] [stderr]    Compiling bevy_window v0.11.2
[INFO] [stderr]    Compiling bevy_log v0.10.1
[INFO] [stderr]    Compiling bevy_core v0.10.1
[INFO] [stderr]    Compiling bevy_time v0.10.1
[INFO] [stderr]    Compiling bevy_input v0.10.1
[INFO] [stderr]    Compiling bevy_a11y v0.10.1
[INFO] [stderr]    Compiling bevy_hierarchy v0.10.1
[INFO] [stderr]    Compiling bevy_diagnostic v0.10.1
[INFO] [stderr]    Compiling bevy_transform v0.10.1
[INFO] [stderr]    Compiling bevy_render v0.11.2
[INFO] [stderr]    Compiling bevy_winit v0.11.2
[INFO] [stderr]    Compiling bevy_window v0.10.1
[INFO] [stderr]    Compiling bevy_internal v0.10.1
[INFO] [stderr]    Compiling bevy v0.10.1
[INFO] [stderr]    Compiling smooth-bevy-cameras v0.8.0
[INFO] [stderr]    Compiling bevy_core_pipeline v0.11.2
[INFO] [stderr]    Compiling bevy_internal v0.11.2
[INFO] [stderr]    Compiling bevy v0.11.2
[INFO] [stderr]    Compiling bevy-aabb-instancing-011 v0.9.2 (/opt/rustwide/workdir)
[INFO] [stdout] warning: unused imports: `LookTransformPlugin`, `controllers::fps::*`
[INFO] [stdout]  --> examples/wave.rs:6:27
[INFO] [stdout]   |
[INFO] [stdout] 6 | use smooth_bevy_cameras::{controllers::fps::*, LookTransformPlugin};
[INFO] [stdout]   |                           ^^^^^^^^^^^^^^^^^^^  ^^^^^^^^^^^^^^^^^^^
[INFO] [stdout]   |
[INFO] [stdout]   = note: `#[warn(unused_imports)]` on by default
[INFO] [stdout] 
[INFO] [stdout] 
[INFO] [stdout] warning: 1 warning emitted
[INFO] [stdout] 
[INFO] [stdout] 
[INFO] [stderr]     Finished test [unoptimized + debuginfo] target(s) in 1m 08s
[INFO] running `Command { std: "docker" "inspect" "dcb1bca8791b55d26d66024feefbc950e4ee8395f99dc20629634be9a7a38d54", kill_on_drop: false }`
[INFO] running `Command { std: "docker" "rm" "-f" "dcb1bca8791b55d26d66024feefbc950e4ee8395f99dc20629634be9a7a38d54", kill_on_drop: false }`
[INFO] [stdout] dcb1bca8791b55d26d66024feefbc950e4ee8395f99dc20629634be9a7a38d54
[INFO] running `Command { std: "docker" "create" "-v" "/var/lib/crater-agent-workspace/builds/worker-7-tc1/target:/opt/rustwide/target:rw,Z" "-v" "/var/lib/crater-agent-workspace/builds/worker-7-tc1/source:/opt/rustwide/workdir:ro,Z" "-v" "/var/lib/crater-agent-workspace/cargo-home:/opt/rustwide/cargo-home:ro,Z" "-v" "/var/lib/crater-agent-workspace/rustup-home:/opt/rustwide/rustup-home:ro,Z" "-e" "SOURCE_DIR=/opt/rustwide/workdir" "-e" "CARGO_TARGET_DIR=/opt/rustwide/target" "-e" "CARGO_INCREMENTAL=0" "-e" "RUST_BACKTRACE=full" "-e" "RUSTFLAGS=--cap-lints=warn" "-e" "RUSTDOCFLAGS=--cap-lints=warn" "-e" "CARGO_HOME=/opt/rustwide/cargo-home" "-e" "RUSTUP_HOME=/opt/rustwide/rustup-home" "-w" "/opt/rustwide/workdir" "-m" "1610612736" "--user" "0:0" "--network" "none" "ghcr.io/rust-lang/crates-build-env/linux@sha256:2788e3201cd34a07e3172128adcd8b3090168a8e3bcc40d7c032b9dda1df7d1c" "/opt/rustwide/cargo-home/bin/cargo" "+1.75.0" "test" "--frozen", kill_on_drop: false }`
[INFO] [stdout] ede9ee5cf3ce2445b42f049959a97dea83d4d1c844deb065b4539cacedc06f64
[INFO] running `Command { std: "docker" "start" "-a" "ede9ee5cf3ce2445b42f049959a97dea83d4d1c844deb065b4539cacedc06f64", kill_on_drop: false }`
[INFO] [stderr] warning: unused imports: `LookTransformPlugin`, `controllers::fps::*`
[INFO] [stderr]  --> examples/wave.rs:6:27
[INFO] [stderr]   |
[INFO] [stderr] 6 | use smooth_bevy_cameras::{controllers::fps::*, LookTransformPlugin};
[INFO] [stderr]   |                           ^^^^^^^^^^^^^^^^^^^  ^^^^^^^^^^^^^^^^^^^
[INFO] [stderr]   |
[INFO] [stderr]   = note: `#[warn(unused_imports)]` on by default
[INFO] [stderr] 
[INFO] [stderr] warning: `bevy-aabb-instancing-011` (example "wave") generated 1 warning (run `cargo fix --example "wave"` to apply 1 suggestion)
[INFO] [stderr]     Finished test [unoptimized + debuginfo] target(s) in 0.44s
[INFO] [stderr]      Running unittests src/lib.rs (/opt/rustwide/target/debug/deps/bevy_aabb_instancing_011-25633a0770c6e0c9)
[INFO] [stdout] 
[INFO] [stdout] running 0 tests
[INFO] [stdout] 
[INFO] [stdout] test result: ok. 0 passed; 0 failed; 0 ignored; 0 measured; 0 filtered out; finished in 0.00s
[INFO] [stdout] 
[INFO] [stderr]    Doc-tests bevy-aabb-instancing-011
[INFO] [stdout] 
[INFO] [stdout] running 1 test
[INFO] [stdout] test src/material.rs - material::ScalarHueOptions (line 60) ... FAILED
[INFO] [stdout] 
[INFO] [stdout] failures:
[INFO] [stdout] 
[INFO] [stdout] ---- src/material.rs - material::ScalarHueOptions (line 60) stdout ----
[INFO] [stdout] error[E0425]: cannot find value `scalar` in this scope
[INFO] [stdout]  --> src/material.rs:62:16
[INFO] [stdout]   |
[INFO] [stdout] 4 | let s = (clamp(scalar, clamp_min, clamp_max) - clamp_min) / (clamp_max - clamp_min);
[INFO] [stdout]   |                ^^^^^^ not found in this scope
[INFO] [stdout] 
[INFO] [stdout] error[E0425]: cannot find value `clamp_min` in this scope
[INFO] [stdout]  --> src/material.rs:62:24
[INFO] [stdout]   |
[INFO] [stdout] 4 | let s = (clamp(scalar, clamp_min, clamp_max) - clamp_min) / (clamp_max - clamp_min);
[INFO] [stdout]   |                        ^^^^^^^^^ not found in this scope
[INFO] [stdout] 
[INFO] [stdout] error[E0425]: cannot find value `clamp_max` in this scope
[INFO] [stdout]  --> src/material.rs:62:35
[INFO] [stdout]   |
[INFO] [stdout] 4 | let s = (clamp(scalar, clamp_min, clamp_max) - clamp_min) / (clamp_max - clamp_min);
[INFO] [stdout]   |                                   ^^^^^^^^^ not found in this scope
[INFO] [stdout] 
[INFO] [stdout] error[E0425]: cannot find value `clamp_min` in this scope
[INFO] [stdout]  --> src/material.rs:62:48
[INFO] [stdout]   |
[INFO] [stdout] 4 | let s = (clamp(scalar, clamp_min, clamp_max) - clamp_min) / (clamp_max - clamp_min);
[INFO] [stdout]   |                                                ^^^^^^^^^ not found in this scope
[INFO] [stdout] 
[INFO] [stdout] error[E0425]: cannot find value `clamp_max` in this scope
[INFO] [stdout]  --> src/material.rs:62:62
[INFO] [stdout]   |
[INFO] [stdout] 4 | let s = (clamp(scalar, clamp_min, clamp_max) - clamp_min) / (clamp_max - clamp_min);
[INFO] [stdout]   |                                                              ^^^^^^^^^ not found in this scope
[INFO] [stdout] 
[INFO] [stdout] error[E0425]: cannot find value `clamp_min` in this scope
[INFO] [stdout]  --> src/material.rs:62:74
[INFO] [stdout]   |
[INFO] [stdout] 4 | let s = (clamp(scalar, clamp_min, clamp_max) - clamp_min) / (clamp_max - clamp_min);
[INFO] [stdout]   |                                                                          ^^^^^^^^^ not found in this scope
[INFO] [stdout] 
[INFO] [stdout] error[E0425]: cannot find value `hue_zero` in this scope
[INFO] [stdout]  --> src/material.rs:64:20
[INFO] [stdout]   |
[INFO] [stdout] 6 | let hue = (360.0 + hue_zero + s * hue_slope) % 360.0;
[INFO] [stdout]   |                    ^^^^^^^^ not found in this scope
[INFO] [stdout] 
[INFO] [stdout] error[E0425]: cannot find value `hue_slope` in this scope
[INFO] [stdout]  --> src/material.rs:64:35
[INFO] [stdout]   |
[INFO] [stdout] 6 | let hue = (360.0 + hue_zero + s * hue_slope) % 360.0;
[INFO] [stdout]   |                                   ^^^^^^^^^ not found in this scope
[INFO] [stdout] 
[INFO] [stdout] error[E0425]: cannot find function `clamp` in this scope
[INFO] [stdout]  --> src/material.rs:62:10
[INFO] [stdout]   |
[INFO] [stdout] 4 | let s = (clamp(scalar, clamp_min, clamp_max) - clamp_min) / (clamp_max - clamp_min);
[INFO] [stdout]   |          ^^^^^ not found in this scope
[INFO] [stdout] 
[INFO] [stdout] error: aborting due to 9 previous errors
[INFO] [stdout] 
[INFO] [stdout] For more information about this error, try `rustc --explain E0425`.
[INFO] [stdout] Couldn't compile the test.
[INFO] [stdout] 
[INFO] [stdout] failures:
[INFO] [stdout]     src/material.rs - material::ScalarHueOptions (line 60)
[INFO] [stdout] 
[INFO] [stdout] test result: FAILED. 0 passed; 1 failed; 0 ignored; 0 measured; 0 filtered out; finished in 0.78s
[INFO] [stdout] 
[INFO] [stderr] error: doctest failed, to rerun pass `--doc`
[INFO] running `Command { std: "docker" "inspect" "ede9ee5cf3ce2445b42f049959a97dea83d4d1c844deb065b4539cacedc06f64", kill_on_drop: false }`
[INFO] running `Command { std: "docker" "rm" "-f" "ede9ee5cf3ce2445b42f049959a97dea83d4d1c844deb065b4539cacedc06f64", kill_on_drop: false }`
[INFO] [stdout] ede9ee5cf3ce2445b42f049959a97dea83d4d1c844deb065b4539cacedc06f64
