[INFO] fetching crate better-bae 0.1.9...
[INFO] testing better-bae-0.1.9 against 1.75.0 for beta-1.76-1
[INFO] extracting crate better-bae 0.1.9 into /workspace/builds/worker-1-tc1/source
[INFO] validating manifest of crates.io crate better-bae 0.1.9 on toolchain 1.75.0
[INFO] running `Command { std: CARGO_HOME="/workspace/cargo-home" RUSTUP_HOME="/workspace/rustup-home" "/workspace/cargo-home/bin/cargo" "+1.75.0" "metadata" "--manifest-path" "Cargo.toml" "--no-deps", kill_on_drop: false }`
[INFO] started tweaking crates.io crate better-bae 0.1.9
[INFO] finished tweaking crates.io crate better-bae 0.1.9
[INFO] tweaked toml for crates.io crate better-bae 0.1.9 written to /workspace/builds/worker-1-tc1/source/Cargo.toml
[INFO] running `Command { std: CARGO_HOME="/workspace/cargo-home" RUSTUP_HOME="/workspace/rustup-home" "/workspace/cargo-home/bin/cargo" "+1.75.0" "generate-lockfile" "--manifest-path" "Cargo.toml", kill_on_drop: false }`
[INFO] [stderr]     Updating crates.io index
[INFO] running `Command { std: CARGO_HOME="/workspace/cargo-home" RUSTUP_HOME="/workspace/rustup-home" "/workspace/cargo-home/bin/cargo" "+1.75.0" "fetch" "--manifest-path" "Cargo.toml", kill_on_drop: false }`
[INFO] [stderr]  Downloading crates ...
[INFO] [stderr]   Downloaded better-bae-macros v0.1.9
[INFO] running `Command { std: "docker" "create" "-v" "/var/lib/crater-agent-workspace/builds/worker-1-tc1/target:/opt/rustwide/target:rw,Z" "-v" "/var/lib/crater-agent-workspace/builds/worker-1-tc1/source:/opt/rustwide/workdir:ro,Z" "-v" "/var/lib/crater-agent-workspace/cargo-home:/opt/rustwide/cargo-home:ro,Z" "-v" "/var/lib/crater-agent-workspace/rustup-home:/opt/rustwide/rustup-home:ro,Z" "-e" "SOURCE_DIR=/opt/rustwide/workdir" "-e" "CARGO_TARGET_DIR=/opt/rustwide/target" "-e" "CARGO_HOME=/opt/rustwide/cargo-home" "-e" "RUSTUP_HOME=/opt/rustwide/rustup-home" "-w" "/opt/rustwide/workdir" "-m" "1610612736" "--user" "0:0" "--network" "none" "ghcr.io/rust-lang/crates-build-env/linux@sha256:2788e3201cd34a07e3172128adcd8b3090168a8e3bcc40d7c032b9dda1df7d1c" "/opt/rustwide/cargo-home/bin/cargo" "+1.75.0" "metadata" "--no-deps" "--format-version=1", kill_on_drop: false }`
[INFO] [stdout] 4ed17ce4c688ae4c1dc958215abb0c54a48dc61d3f136405c2529c5b72cdce4f
[INFO] running `Command { std: "docker" "start" "-a" "4ed17ce4c688ae4c1dc958215abb0c54a48dc61d3f136405c2529c5b72cdce4f", kill_on_drop: false }`
[INFO] running `Command { std: "docker" "inspect" "4ed17ce4c688ae4c1dc958215abb0c54a48dc61d3f136405c2529c5b72cdce4f", kill_on_drop: false }`
[INFO] running `Command { std: "docker" "rm" "-f" "4ed17ce4c688ae4c1dc958215abb0c54a48dc61d3f136405c2529c5b72cdce4f", kill_on_drop: false }`
[INFO] [stdout] 4ed17ce4c688ae4c1dc958215abb0c54a48dc61d3f136405c2529c5b72cdce4f
[INFO] running `Command { std: "docker" "create" "-v" "/var/lib/crater-agent-workspace/builds/worker-1-tc1/target:/opt/rustwide/target:rw,Z" "-v" "/var/lib/crater-agent-workspace/builds/worker-1-tc1/source:/opt/rustwide/workdir:ro,Z" "-v" "/var/lib/crater-agent-workspace/cargo-home:/opt/rustwide/cargo-home:ro,Z" "-v" "/var/lib/crater-agent-workspace/rustup-home:/opt/rustwide/rustup-home:ro,Z" "-e" "SOURCE_DIR=/opt/rustwide/workdir" "-e" "CARGO_TARGET_DIR=/opt/rustwide/target" "-e" "CARGO_INCREMENTAL=0" "-e" "RUST_BACKTRACE=full" "-e" "RUSTFLAGS=--cap-lints=warn" "-e" "RUSTDOCFLAGS=--cap-lints=warn" "-e" "CARGO_HOME=/opt/rustwide/cargo-home" "-e" "RUSTUP_HOME=/opt/rustwide/rustup-home" "-w" "/opt/rustwide/workdir" "-m" "1610612736" "--user" "0:0" "--network" "none" "ghcr.io/rust-lang/crates-build-env/linux@sha256:2788e3201cd34a07e3172128adcd8b3090168a8e3bcc40d7c032b9dda1df7d1c" "/opt/rustwide/cargo-home/bin/cargo" "+1.75.0" "build" "--frozen" "--message-format=json", kill_on_drop: false }`
[INFO] [stdout] f56ce4eb809031e29e524c007070e7bde0170a555273457fca5fe0c374efd477
[INFO] running `Command { std: "docker" "start" "-a" "f56ce4eb809031e29e524c007070e7bde0170a555273457fca5fe0c374efd477", kill_on_drop: false }`
[INFO] [stderr]    Compiling version_check v0.9.4
[INFO] [stderr]    Compiling proc-macro2 v1.0.75
[INFO] [stderr]    Compiling unicode-ident v1.0.12
[INFO] [stderr]    Compiling syn v1.0.109
[INFO] [stderr]    Compiling heck v0.4.1
[INFO] [stderr]    Compiling proc-macro-error-attr v1.0.4
[INFO] [stderr]    Compiling proc-macro-error v1.0.4
[INFO] [stderr]    Compiling quote v1.0.35
[INFO] [stderr]    Compiling better-bae-macros v0.1.9
[INFO] [stderr]    Compiling better-bae v0.1.9 (/opt/rustwide/workdir)
[INFO] [stderr]     Finished dev [unoptimized + debuginfo] target(s) in 6.65s
[INFO] running `Command { std: "docker" "inspect" "f56ce4eb809031e29e524c007070e7bde0170a555273457fca5fe0c374efd477", kill_on_drop: false }`
[INFO] running `Command { std: "docker" "rm" "-f" "f56ce4eb809031e29e524c007070e7bde0170a555273457fca5fe0c374efd477", kill_on_drop: false }`
[INFO] [stdout] f56ce4eb809031e29e524c007070e7bde0170a555273457fca5fe0c374efd477
[INFO] running `Command { std: "docker" "create" "-v" "/var/lib/crater-agent-workspace/builds/worker-1-tc1/target:/opt/rustwide/target:rw,Z" "-v" "/var/lib/crater-agent-workspace/builds/worker-1-tc1/source:/opt/rustwide/workdir:ro,Z" "-v" "/var/lib/crater-agent-workspace/cargo-home:/opt/rustwide/cargo-home:ro,Z" "-v" "/var/lib/crater-agent-workspace/rustup-home:/opt/rustwide/rustup-home:ro,Z" "-e" "SOURCE_DIR=/opt/rustwide/workdir" "-e" "CARGO_TARGET_DIR=/opt/rustwide/target" "-e" "CARGO_INCREMENTAL=0" "-e" "RUST_BACKTRACE=full" "-e" "RUSTFLAGS=--cap-lints=warn" "-e" "RUSTDOCFLAGS=--cap-lints=warn" "-e" "CARGO_HOME=/opt/rustwide/cargo-home" "-e" "RUSTUP_HOME=/opt/rustwide/rustup-home" "-w" "/opt/rustwide/workdir" "-m" "1610612736" "--user" "0:0" "--network" "none" "ghcr.io/rust-lang/crates-build-env/linux@sha256:2788e3201cd34a07e3172128adcd8b3090168a8e3bcc40d7c032b9dda1df7d1c" "/opt/rustwide/cargo-home/bin/cargo" "+1.75.0" "test" "--frozen" "--no-run" "--message-format=json", kill_on_drop: false }`
[INFO] [stdout] 07aa7dca14ecca4c193c538f1fc63f3259283cd8c2402f1e29635194c5d85c03
[INFO] running `Command { std: "docker" "start" "-a" "07aa7dca14ecca4c193c538f1fc63f3259283cd8c2402f1e29635194c5d85c03", kill_on_drop: false }`
[INFO] [stderr]    Compiling better-bae v0.1.9 (/opt/rustwide/workdir)
[INFO] [stderr]     Finished test [unoptimized + debuginfo] target(s) in 0.27s
[INFO] running `Command { std: "docker" "inspect" "07aa7dca14ecca4c193c538f1fc63f3259283cd8c2402f1e29635194c5d85c03", kill_on_drop: false }`
[INFO] running `Command { std: "docker" "rm" "-f" "07aa7dca14ecca4c193c538f1fc63f3259283cd8c2402f1e29635194c5d85c03", kill_on_drop: false }`
[INFO] [stdout] 07aa7dca14ecca4c193c538f1fc63f3259283cd8c2402f1e29635194c5d85c03
[INFO] running `Command { std: "docker" "create" "-v" "/var/lib/crater-agent-workspace/builds/worker-1-tc1/target:/opt/rustwide/target:rw,Z" "-v" "/var/lib/crater-agent-workspace/builds/worker-1-tc1/source:/opt/rustwide/workdir:ro,Z" "-v" "/var/lib/crater-agent-workspace/cargo-home:/opt/rustwide/cargo-home:ro,Z" "-v" "/var/lib/crater-agent-workspace/rustup-home:/opt/rustwide/rustup-home:ro,Z" "-e" "SOURCE_DIR=/opt/rustwide/workdir" "-e" "CARGO_TARGET_DIR=/opt/rustwide/target" "-e" "CARGO_INCREMENTAL=0" "-e" "RUST_BACKTRACE=full" "-e" "RUSTFLAGS=--cap-lints=warn" "-e" "RUSTDOCFLAGS=--cap-lints=warn" "-e" "CARGO_HOME=/opt/rustwide/cargo-home" "-e" "RUSTUP_HOME=/opt/rustwide/rustup-home" "-w" "/opt/rustwide/workdir" "-m" "1610612736" "--user" "0:0" "--network" "none" "ghcr.io/rust-lang/crates-build-env/linux@sha256:2788e3201cd34a07e3172128adcd8b3090168a8e3bcc40d7c032b9dda1df7d1c" "/opt/rustwide/cargo-home/bin/cargo" "+1.75.0" "test" "--frozen", kill_on_drop: false }`
[INFO] [stdout] fac2df3ca95994c2845be6c5a349876fb08bae597d8abd287d9209ef209961cc
[INFO] running `Command { std: "docker" "start" "-a" "fac2df3ca95994c2845be6c5a349876fb08bae597d8abd287d9209ef209961cc", kill_on_drop: false }`
[INFO] [stderr]     Finished test [unoptimized + debuginfo] target(s) in 0.01s
[INFO] [stderr]      Running unittests src/lib.rs (/opt/rustwide/target/debug/deps/better_bae-eb121fba3a1afa9e)
[INFO] [stdout] 
[INFO] [stdout] running 0 tests
[INFO] [stdout] 
[INFO] [stdout] test result: ok. 0 passed; 0 failed; 0 ignored; 0 measured; 0 filtered out; finished in 0.00s
[INFO] [stdout] 
[INFO] [stderr]    Doc-tests better-bae
[INFO] [stdout] 
[INFO] [stdout] running 1 test
[INFO] [stdout] test src/lib.rs - (line 7) ... FAILED
[INFO] [stdout] 
[INFO] [stdout] failures:
[INFO] [stdout] 
[INFO] [stdout] ---- src/lib.rs - (line 7) stdout ----
[INFO] [stdout] error[E0433]: failed to resolve: use of undeclared crate or module `quote`
[INFO] [stdout]   --> src/lib.rs:83:16
[INFO] [stdout]    |
[INFO] [stdout] 78 |     let code = quote::quote! {
[INFO] [stdout]    |                ^^^^^ use of undeclared crate or module `quote`
[INFO] [stdout] 
[INFO] [stdout] error[E0433]: failed to resolve: use of undeclared crate or module `quote`
[INFO] [stdout]   --> src/lib.rs:79:1
[INFO] [stdout]    |
[INFO] [stdout] 74 | quote::quote! {}
[INFO] [stdout]    | ^^^^^ use of undeclared crate or module `quote`
[INFO] [stdout] 
[INFO] [stdout] error[E0599]: no function or associated item named `from_attributes` found for struct `MyAttr` in the current scope
[INFO] [stdout]   --> src/lib.rs:59:27
[INFO] [stdout]    |
[INFO] [stdout] 21 | pub struct MyAttr {
[INFO] [stdout]    | ----------------- function or associated item `from_attributes` not found for this struct
[INFO] [stdout] ...
[INFO] [stdout] 54 |     let my_attr = MyAttr::from_attributes(&item_struct.attrs).unwrap();
[INFO] [stdout]    |                           ^^^^^^^^^^^^^^^ function or associated item not found in `MyAttr`
[INFO] [stdout]    |
[INFO] [stdout]    = help: items from traits can only be used if the trait is in scope
[INFO] [stdout] help: the following trait is implemented but not in scope; perhaps add a `use` for it:
[INFO] [stdout]    |
[INFO] [stdout] 2  + use crate::better_bae::TryFromAttributes;
[INFO] [stdout]    |
[INFO] [stdout] 
[INFO] [stdout] error: aborting due to 3 previous errors
[INFO] [stdout] 
[INFO] [stdout] Some errors have detailed explanations: E0433, E0599.
[INFO] [stdout] For more information about an error, try `rustc --explain E0433`.
[INFO] [stdout] Couldn't compile the test.
[INFO] [stdout] 
[INFO] [stdout] failures:
[INFO] [stdout]     src/lib.rs - (line 7)
[INFO] [stdout] 
[INFO] [stdout] test result: FAILED. 0 passed; 1 failed; 0 ignored; 0 measured; 0 filtered out; finished in 0.05s
[INFO] [stdout] 
[INFO] [stderr] error: doctest failed, to rerun pass `--doc`
[INFO] running `Command { std: "docker" "inspect" "fac2df3ca95994c2845be6c5a349876fb08bae597d8abd287d9209ef209961cc", kill_on_drop: false }`
[INFO] running `Command { std: "docker" "rm" "-f" "fac2df3ca95994c2845be6c5a349876fb08bae597d8abd287d9209ef209961cc", kill_on_drop: false }`
[INFO] [stdout] fac2df3ca95994c2845be6c5a349876fb08bae597d8abd287d9209ef209961cc
