[INFO] fetching crate beediff 0.1.2...
[INFO] testing beediff-0.1.2 against 1.75.0 for beta-1.76-1
[INFO] extracting crate beediff 0.1.2 into /workspace/builds/worker-5-tc1/source
[INFO] validating manifest of crates.io crate beediff 0.1.2 on toolchain 1.75.0
[INFO] running `Command { std: CARGO_HOME="/workspace/cargo-home" RUSTUP_HOME="/workspace/rustup-home" "/workspace/cargo-home/bin/cargo" "+1.75.0" "metadata" "--manifest-path" "Cargo.toml" "--no-deps", kill_on_drop: false }`
[INFO] started tweaking crates.io crate beediff 0.1.2
[INFO] finished tweaking crates.io crate beediff 0.1.2
[INFO] tweaked toml for crates.io crate beediff 0.1.2 written to /workspace/builds/worker-5-tc1/source/Cargo.toml
[INFO] running `Command { std: CARGO_HOME="/workspace/cargo-home" RUSTUP_HOME="/workspace/rustup-home" "/workspace/cargo-home/bin/cargo" "+1.75.0" "generate-lockfile" "--manifest-path" "Cargo.toml", kill_on_drop: false }`
[INFO] [stderr]     Blocking waiting for file lock on package cache
[INFO] running `Command { std: CARGO_HOME="/workspace/cargo-home" RUSTUP_HOME="/workspace/rustup-home" "/workspace/cargo-home/bin/cargo" "+1.75.0" "fetch" "--manifest-path" "Cargo.toml", kill_on_drop: false }`
[INFO] running `Command { std: "docker" "create" "-v" "/var/lib/crater-agent-workspace/builds/worker-5-tc1/target:/opt/rustwide/target:rw,Z" "-v" "/var/lib/crater-agent-workspace/builds/worker-5-tc1/source:/opt/rustwide/workdir:ro,Z" "-v" "/var/lib/crater-agent-workspace/cargo-home:/opt/rustwide/cargo-home:ro,Z" "-v" "/var/lib/crater-agent-workspace/rustup-home:/opt/rustwide/rustup-home:ro,Z" "-e" "SOURCE_DIR=/opt/rustwide/workdir" "-e" "CARGO_TARGET_DIR=/opt/rustwide/target" "-e" "CARGO_HOME=/opt/rustwide/cargo-home" "-e" "RUSTUP_HOME=/opt/rustwide/rustup-home" "-w" "/opt/rustwide/workdir" "-m" "1610612736" "--user" "0:0" "--network" "none" "ghcr.io/rust-lang/crates-build-env/linux@sha256:2788e3201cd34a07e3172128adcd8b3090168a8e3bcc40d7c032b9dda1df7d1c" "/opt/rustwide/cargo-home/bin/cargo" "+1.75.0" "metadata" "--no-deps" "--format-version=1", kill_on_drop: false }`
[INFO] [stdout] 5fabb84b6d7ac2b4da92a5149a8ac3f69e6fdfa6572fd47b7c85ca815bcc6afb
[INFO] running `Command { std: "docker" "start" "-a" "5fabb84b6d7ac2b4da92a5149a8ac3f69e6fdfa6572fd47b7c85ca815bcc6afb", kill_on_drop: false }`
[INFO] running `Command { std: "docker" "inspect" "5fabb84b6d7ac2b4da92a5149a8ac3f69e6fdfa6572fd47b7c85ca815bcc6afb", kill_on_drop: false }`
[INFO] running `Command { std: "docker" "rm" "-f" "5fabb84b6d7ac2b4da92a5149a8ac3f69e6fdfa6572fd47b7c85ca815bcc6afb", kill_on_drop: false }`
[INFO] [stdout] 5fabb84b6d7ac2b4da92a5149a8ac3f69e6fdfa6572fd47b7c85ca815bcc6afb
[INFO] running `Command { std: "docker" "create" "-v" "/var/lib/crater-agent-workspace/builds/worker-5-tc1/target:/opt/rustwide/target:rw,Z" "-v" "/var/lib/crater-agent-workspace/builds/worker-5-tc1/source:/opt/rustwide/workdir:ro,Z" "-v" "/var/lib/crater-agent-workspace/cargo-home:/opt/rustwide/cargo-home:ro,Z" "-v" "/var/lib/crater-agent-workspace/rustup-home:/opt/rustwide/rustup-home:ro,Z" "-e" "SOURCE_DIR=/opt/rustwide/workdir" "-e" "CARGO_TARGET_DIR=/opt/rustwide/target" "-e" "CARGO_INCREMENTAL=0" "-e" "RUST_BACKTRACE=full" "-e" "RUSTFLAGS=--cap-lints=warn" "-e" "RUSTDOCFLAGS=--cap-lints=warn" "-e" "CARGO_HOME=/opt/rustwide/cargo-home" "-e" "RUSTUP_HOME=/opt/rustwide/rustup-home" "-w" "/opt/rustwide/workdir" "-m" "1610612736" "--user" "0:0" "--network" "none" "ghcr.io/rust-lang/crates-build-env/linux@sha256:2788e3201cd34a07e3172128adcd8b3090168a8e3bcc40d7c032b9dda1df7d1c" "/opt/rustwide/cargo-home/bin/cargo" "+1.75.0" "build" "--frozen" "--message-format=json", kill_on_drop: false }`
[INFO] [stdout] 4d9b938a4b045489700fa80a18461b286e7980a771c8906ad6f72a626c4bbf58
[INFO] running `Command { std: "docker" "start" "-a" "4d9b938a4b045489700fa80a18461b286e7980a771c8906ad6f72a626c4bbf58", kill_on_drop: false }`
[INFO] [stderr]    Compiling beediff v0.1.2 (/opt/rustwide/workdir)
[INFO] [stderr]     Finished dev [unoptimized + debuginfo] target(s) in 0.48s
[INFO] running `Command { std: "docker" "inspect" "4d9b938a4b045489700fa80a18461b286e7980a771c8906ad6f72a626c4bbf58", kill_on_drop: false }`
[INFO] running `Command { std: "docker" "rm" "-f" "4d9b938a4b045489700fa80a18461b286e7980a771c8906ad6f72a626c4bbf58", kill_on_drop: false }`
[INFO] [stdout] 4d9b938a4b045489700fa80a18461b286e7980a771c8906ad6f72a626c4bbf58
[INFO] running `Command { std: "docker" "create" "-v" "/var/lib/crater-agent-workspace/builds/worker-5-tc1/target:/opt/rustwide/target:rw,Z" "-v" "/var/lib/crater-agent-workspace/builds/worker-5-tc1/source:/opt/rustwide/workdir:ro,Z" "-v" "/var/lib/crater-agent-workspace/cargo-home:/opt/rustwide/cargo-home:ro,Z" "-v" "/var/lib/crater-agent-workspace/rustup-home:/opt/rustwide/rustup-home:ro,Z" "-e" "SOURCE_DIR=/opt/rustwide/workdir" "-e" "CARGO_TARGET_DIR=/opt/rustwide/target" "-e" "CARGO_INCREMENTAL=0" "-e" "RUST_BACKTRACE=full" "-e" "RUSTFLAGS=--cap-lints=warn" "-e" "RUSTDOCFLAGS=--cap-lints=warn" "-e" "CARGO_HOME=/opt/rustwide/cargo-home" "-e" "RUSTUP_HOME=/opt/rustwide/rustup-home" "-w" "/opt/rustwide/workdir" "-m" "1610612736" "--user" "0:0" "--network" "none" "ghcr.io/rust-lang/crates-build-env/linux@sha256:2788e3201cd34a07e3172128adcd8b3090168a8e3bcc40d7c032b9dda1df7d1c" "/opt/rustwide/cargo-home/bin/cargo" "+1.75.0" "test" "--frozen" "--no-run" "--message-format=json", kill_on_drop: false }`
[INFO] [stdout] eda6b893090af04948cd6b0e1293525678c0d1f53607ed3b783f73a01bfa504f
[INFO] running `Command { std: "docker" "start" "-a" "eda6b893090af04948cd6b0e1293525678c0d1f53607ed3b783f73a01bfa504f", kill_on_drop: false }`
[INFO] [stderr]    Compiling beediff v0.1.2 (/opt/rustwide/workdir)
[INFO] [stderr]     Finished test [unoptimized + debuginfo] target(s) in 0.44s
[INFO] running `Command { std: "docker" "inspect" "eda6b893090af04948cd6b0e1293525678c0d1f53607ed3b783f73a01bfa504f", kill_on_drop: false }`
[INFO] running `Command { std: "docker" "rm" "-f" "eda6b893090af04948cd6b0e1293525678c0d1f53607ed3b783f73a01bfa504f", kill_on_drop: false }`
[INFO] [stdout] eda6b893090af04948cd6b0e1293525678c0d1f53607ed3b783f73a01bfa504f
[INFO] running `Command { std: "docker" "create" "-v" "/var/lib/crater-agent-workspace/builds/worker-5-tc1/target:/opt/rustwide/target:rw,Z" "-v" "/var/lib/crater-agent-workspace/builds/worker-5-tc1/source:/opt/rustwide/workdir:ro,Z" "-v" "/var/lib/crater-agent-workspace/cargo-home:/opt/rustwide/cargo-home:ro,Z" "-v" "/var/lib/crater-agent-workspace/rustup-home:/opt/rustwide/rustup-home:ro,Z" "-e" "SOURCE_DIR=/opt/rustwide/workdir" "-e" "CARGO_TARGET_DIR=/opt/rustwide/target" "-e" "CARGO_INCREMENTAL=0" "-e" "RUST_BACKTRACE=full" "-e" "RUSTFLAGS=--cap-lints=warn" "-e" "RUSTDOCFLAGS=--cap-lints=warn" "-e" "CARGO_HOME=/opt/rustwide/cargo-home" "-e" "RUSTUP_HOME=/opt/rustwide/rustup-home" "-w" "/opt/rustwide/workdir" "-m" "1610612736" "--user" "0:0" "--network" "none" "ghcr.io/rust-lang/crates-build-env/linux@sha256:2788e3201cd34a07e3172128adcd8b3090168a8e3bcc40d7c032b9dda1df7d1c" "/opt/rustwide/cargo-home/bin/cargo" "+1.75.0" "test" "--frozen", kill_on_drop: false }`
[INFO] [stdout] df79e4947f385dc42be5dc07394b782447e26b25a2258a556fb57f9954b6adb8
[INFO] running `Command { std: "docker" "start" "-a" "df79e4947f385dc42be5dc07394b782447e26b25a2258a556fb57f9954b6adb8", kill_on_drop: false }`
[INFO] [stderr]     Finished test [unoptimized + debuginfo] target(s) in 0.01s
[INFO] [stderr]      Running unittests src/lib.rs (/opt/rustwide/target/debug/deps/beediff-10d7026272d41259)
[INFO] [stdout] 
[INFO] [stdout] running 0 tests
[INFO] [stdout] 
[INFO] [stdout] test result: ok. 0 passed; 0 failed; 0 ignored; 0 measured; 0 filtered out; finished in 0.00s
[INFO] [stdout] 
[INFO] [stderr]    Doc-tests beediff
[INFO] [stdout] 
[INFO] [stdout] running 1 test
[INFO] [stdout] test src/diff/text/mod.rs - diff::text::TextParser (line 10) ... FAILED
[INFO] [stderr] error: doctest failed, to rerun pass `--doc`
[INFO] [stdout] 
[INFO] [stdout] failures:
[INFO] [stdout] 
[INFO] [stdout] ---- src/diff/text/mod.rs - diff::text::TextParser (line 10) stdout ----
[INFO] [stdout] error[E0433]: failed to resolve: use of undeclared crate or module `diff`
[INFO] [stdout]  --> src/diff/text/mod.rs:12:23
[INFO] [stdout]   |
[INFO] [stdout] 5 | let mut text_parser = diff::text::parser(fpath_a, fpath_b).unwrap();
[INFO] [stdout]   |                       ^^^^ use of undeclared crate or module `diff`
[INFO] [stdout]   |
[INFO] [stdout] help: consider importing this module
[INFO] [stdout]   |
[INFO] [stdout] 2 + use beediff::diff::text;
[INFO] [stdout]   |
[INFO] [stdout] help: if you import `text`, refer to it directly
[INFO] [stdout]   |
[INFO] [stdout] 5 - let mut text_parser = diff::text::parser(fpath_a, fpath_b).unwrap();
[INFO] [stdout] 5 + let mut text_parser = text::parser(fpath_a, fpath_b).unwrap();
[INFO] [stdout]   |
[INFO] [stdout] 
[INFO] [stdout] error[E0425]: cannot find value `fpath_a` in this scope
[INFO] [stdout]  --> src/diff/text/mod.rs:12:42
[INFO] [stdout]   |
[INFO] [stdout] 5 | let mut text_parser = diff::text::parser(fpath_a, fpath_b).unwrap();
[INFO] [stdout]   |                                          ^^^^^^^ not found in this scope
[INFO] [stdout] 
[INFO] [stdout] error[E0425]: cannot find value `fpath_b` in this scope
[INFO] [stdout]  --> src/diff/text/mod.rs:12:51
[INFO] [stdout]   |
[INFO] [stdout] 5 | let mut text_parser = diff::text::parser(fpath_a, fpath_b).unwrap();
[INFO] [stdout]   |                                                   ^^^^^^^ not found in this scope
[INFO] [stdout] 
[INFO] [stdout] error: aborting due to 3 previous errors
[INFO] [stdout] 
[INFO] [stdout] Some errors have detailed explanations: E0425, E0433.
[INFO] [stdout] For more information about an error, try `rustc --explain E0425`.
[INFO] [stdout] Couldn't compile the test.
[INFO] [stdout] 
[INFO] [stdout] failures:
[INFO] [stdout]     src/diff/text/mod.rs - diff::text::TextParser (line 10)
[INFO] [stdout] 
[INFO] [stdout] test result: FAILED. 0 passed; 1 failed; 0 ignored; 0 measured; 0 filtered out; finished in 0.10s
[INFO] [stdout] 
[INFO] running `Command { std: "docker" "inspect" "df79e4947f385dc42be5dc07394b782447e26b25a2258a556fb57f9954b6adb8", kill_on_drop: false }`
[INFO] running `Command { std: "docker" "rm" "-f" "df79e4947f385dc42be5dc07394b782447e26b25a2258a556fb57f9954b6adb8", kill_on_drop: false }`
[INFO] [stdout] df79e4947f385dc42be5dc07394b782447e26b25a2258a556fb57f9954b6adb8
[INFO] testing beediff-0.1.2 against beta-2023-12-22 for beta-1.76-1
[INFO] extracting crate beediff 0.1.2 into /workspace/builds/worker-5-tc2/source
[INFO] validating manifest of crates.io crate beediff 0.1.2 on toolchain beta-2023-12-22
[INFO] running `Command { std: CARGO_HOME="/workspace/cargo-home" RUSTUP_HOME="/workspace/rustup-home" "/workspace/cargo-home/bin/cargo" "+beta-2023-12-22" "metadata" "--manifest-path" "Cargo.toml" "--no-deps", kill_on_drop: false }`
[INFO] started tweaking crates.io crate beediff 0.1.2
[INFO] finished tweaking crates.io crate beediff 0.1.2
[INFO] tweaked toml for crates.io crate beediff 0.1.2 written to /workspace/builds/worker-5-tc2/source/Cargo.toml
[INFO] running `Command { std: CARGO_HOME="/workspace/cargo-home" RUSTUP_HOME="/workspace/rustup-home" "/workspace/cargo-home/bin/cargo" "+beta-2023-12-22" "generate-lockfile" "--manifest-path" "Cargo.toml", kill_on_drop: false }`
[INFO] running `Command { std: CARGO_HOME="/workspace/cargo-home" RUSTUP_HOME="/workspace/rustup-home" "/workspace/cargo-home/bin/cargo" "+beta-2023-12-22" "fetch" "--manifest-path" "Cargo.toml", kill_on_drop: false }`
[INFO] running `Command { std: "docker" "create" "-v" "/var/lib/crater-agent-workspace/builds/worker-5-tc2/target:/opt/rustwide/target:rw,Z" "-v" "/var/lib/crater-agent-workspace/builds/worker-5-tc2/source:/opt/rustwide/workdir:ro,Z" "-v" "/var/lib/crater-agent-workspace/cargo-home:/opt/rustwide/cargo-home:ro,Z" "-v" "/var/lib/crater-agent-workspace/rustup-home:/opt/rustwide/rustup-home:ro,Z" "-e" "SOURCE_DIR=/opt/rustwide/workdir" "-e" "CARGO_TARGET_DIR=/opt/rustwide/target" "-e" "CARGO_HOME=/opt/rustwide/cargo-home" "-e" "RUSTUP_HOME=/opt/rustwide/rustup-home" "-w" "/opt/rustwide/workdir" "-m" "1610612736" "--user" "0:0" "--network" "none" "ghcr.io/rust-lang/crates-build-env/linux@sha256:2788e3201cd34a07e3172128adcd8b3090168a8e3bcc40d7c032b9dda1df7d1c" "/opt/rustwide/cargo-home/bin/cargo" "+beta-2023-12-22" "metadata" "--no-deps" "--format-version=1", kill_on_drop: false }`
[INFO] [stdout] 8460f62f6d86d95e10e08e85055d32cb4c4c23a854894e0ebcf3fc17b4b88886
[INFO] running `Command { std: "docker" "start" "-a" "8460f62f6d86d95e10e08e85055d32cb4c4c23a854894e0ebcf3fc17b4b88886", kill_on_drop: false }`
[INFO] running `Command { std: "docker" "inspect" "8460f62f6d86d95e10e08e85055d32cb4c4c23a854894e0ebcf3fc17b4b88886", kill_on_drop: false }`
[INFO] running `Command { std: "docker" "rm" "-f" "8460f62f6d86d95e10e08e85055d32cb4c4c23a854894e0ebcf3fc17b4b88886", kill_on_drop: false }`
[INFO] [stdout] 8460f62f6d86d95e10e08e85055d32cb4c4c23a854894e0ebcf3fc17b4b88886
[INFO] running `Command { std: "docker" "create" "-v" "/var/lib/crater-agent-workspace/builds/worker-5-tc2/target:/opt/rustwide/target:rw,Z" "-v" "/var/lib/crater-agent-workspace/builds/worker-5-tc2/source:/opt/rustwide/workdir:ro,Z" "-v" "/var/lib/crater-agent-workspace/cargo-home:/opt/rustwide/cargo-home:ro,Z" "-v" "/var/lib/crater-agent-workspace/rustup-home:/opt/rustwide/rustup-home:ro,Z" "-e" "SOURCE_DIR=/opt/rustwide/workdir" "-e" "CARGO_TARGET_DIR=/opt/rustwide/target" "-e" "CARGO_INCREMENTAL=0" "-e" "RUST_BACKTRACE=full" "-e" "RUSTFLAGS=--cap-lints=warn" "-e" "RUSTDOCFLAGS=--cap-lints=warn" "-e" "CARGO_HOME=/opt/rustwide/cargo-home" "-e" "RUSTUP_HOME=/opt/rustwide/rustup-home" "-w" "/opt/rustwide/workdir" "-m" "1610612736" "--user" "0:0" "--network" "none" "ghcr.io/rust-lang/crates-build-env/linux@sha256:2788e3201cd34a07e3172128adcd8b3090168a8e3bcc40d7c032b9dda1df7d1c" "/opt/rustwide/cargo-home/bin/cargo" "+beta-2023-12-22" "build" "--frozen" "--message-format=json", kill_on_drop: false }`
[INFO] [stdout] a10c18010fde1f57e31ccbc318b580528e68e5cc53b3d0d08d8ae79cf854c4a5
[INFO] running `Command { std: "docker" "start" "-a" "a10c18010fde1f57e31ccbc318b580528e68e5cc53b3d0d08d8ae79cf854c4a5", kill_on_drop: false }`
[INFO] [stderr]    Compiling beediff v0.1.2 (/opt/rustwide/workdir)
[INFO] [stderr]     Finished dev [unoptimized + debuginfo] target(s) in 0.48s
[INFO] running `Command { std: "docker" "inspect" "a10c18010fde1f57e31ccbc318b580528e68e5cc53b3d0d08d8ae79cf854c4a5", kill_on_drop: false }`
[INFO] running `Command { std: "docker" "rm" "-f" "a10c18010fde1f57e31ccbc318b580528e68e5cc53b3d0d08d8ae79cf854c4a5", kill_on_drop: false }`
[INFO] [stdout] a10c18010fde1f57e31ccbc318b580528e68e5cc53b3d0d08d8ae79cf854c4a5
[INFO] running `Command { std: "docker" "create" "-v" "/var/lib/crater-agent-workspace/builds/worker-5-tc2/target:/opt/rustwide/target:rw,Z" "-v" "/var/lib/crater-agent-workspace/builds/worker-5-tc2/source:/opt/rustwide/workdir:ro,Z" "-v" "/var/lib/crater-agent-workspace/cargo-home:/opt/rustwide/cargo-home:ro,Z" "-v" "/var/lib/crater-agent-workspace/rustup-home:/opt/rustwide/rustup-home:ro,Z" "-e" "SOURCE_DIR=/opt/rustwide/workdir" "-e" "CARGO_TARGET_DIR=/opt/rustwide/target" "-e" "CARGO_INCREMENTAL=0" "-e" "RUST_BACKTRACE=full" "-e" "RUSTFLAGS=--cap-lints=warn" "-e" "RUSTDOCFLAGS=--cap-lints=warn" "-e" "CARGO_HOME=/opt/rustwide/cargo-home" "-e" "RUSTUP_HOME=/opt/rustwide/rustup-home" "-w" "/opt/rustwide/workdir" "-m" "1610612736" "--user" "0:0" "--network" "none" "ghcr.io/rust-lang/crates-build-env/linux@sha256:2788e3201cd34a07e3172128adcd8b3090168a8e3bcc40d7c032b9dda1df7d1c" "/opt/rustwide/cargo-home/bin/cargo" "+beta-2023-12-22" "test" "--frozen" "--no-run" "--message-format=json", kill_on_drop: false }`
[INFO] [stdout] da20de230eaca2d379a672681cf932a7eef26d3879cbe2d65d1a9eef8e694d19
[INFO] running `Command { std: "docker" "start" "-a" "da20de230eaca2d379a672681cf932a7eef26d3879cbe2d65d1a9eef8e694d19", kill_on_drop: false }`
[INFO] [stderr]    Compiling beediff v0.1.2 (/opt/rustwide/workdir)
[INFO] [stderr]     Finished test [unoptimized + debuginfo] target(s) in 0.41s
[INFO] running `Command { std: "docker" "inspect" "da20de230eaca2d379a672681cf932a7eef26d3879cbe2d65d1a9eef8e694d19", kill_on_drop: false }`
[INFO] running `Command { std: "docker" "rm" "-f" "da20de230eaca2d379a672681cf932a7eef26d3879cbe2d65d1a9eef8e694d19", kill_on_drop: false }`
[INFO] [stdout] da20de230eaca2d379a672681cf932a7eef26d3879cbe2d65d1a9eef8e694d19
[INFO] running `Command { std: "docker" "create" "-v" "/var/lib/crater-agent-workspace/builds/worker-5-tc2/target:/opt/rustwide/target:rw,Z" "-v" "/var/lib/crater-agent-workspace/builds/worker-5-tc2/source:/opt/rustwide/workdir:ro,Z" "-v" "/var/lib/crater-agent-workspace/cargo-home:/opt/rustwide/cargo-home:ro,Z" "-v" "/var/lib/crater-agent-workspace/rustup-home:/opt/rustwide/rustup-home:ro,Z" "-e" "SOURCE_DIR=/opt/rustwide/workdir" "-e" "CARGO_TARGET_DIR=/opt/rustwide/target" "-e" "CARGO_INCREMENTAL=0" "-e" "RUST_BACKTRACE=full" "-e" "RUSTFLAGS=--cap-lints=warn" "-e" "RUSTDOCFLAGS=--cap-lints=warn" "-e" "CARGO_HOME=/opt/rustwide/cargo-home" "-e" "RUSTUP_HOME=/opt/rustwide/rustup-home" "-w" "/opt/rustwide/workdir" "-m" "1610612736" "--user" "0:0" "--network" "none" "ghcr.io/rust-lang/crates-build-env/linux@sha256:2788e3201cd34a07e3172128adcd8b3090168a8e3bcc40d7c032b9dda1df7d1c" "/opt/rustwide/cargo-home/bin/cargo" "+beta-2023-12-22" "test" "--frozen", kill_on_drop: false }`
[INFO] [stdout] 8e26e082fc54fa16e35a128557545adad14fbf0af6b8d04a83b9bb7d827af138
[INFO] running `Command { std: "docker" "start" "-a" "8e26e082fc54fa16e35a128557545adad14fbf0af6b8d04a83b9bb7d827af138", kill_on_drop: false }`
[INFO] [stderr]     Finished test [unoptimized + debuginfo] target(s) in 0.01s
[INFO] [stderr]      Running unittests src/lib.rs (/opt/rustwide/target/debug/deps/beediff-6a5ede1edfbe15bf)
[INFO] [stdout] 
[INFO] [stdout] running 0 tests
[INFO] [stdout] 
[INFO] [stdout] test result: ok. 0 passed; 0 failed; 0 ignored; 0 measured; 0 filtered out; finished in 0.00s
[INFO] [stdout] 
[INFO] [stderr]    Doc-tests beediff
[INFO] [stdout] 
[INFO] [stdout] running 1 test
[INFO] [stderr] error: doctest failed, to rerun pass `--doc`
[INFO] [stdout] test src/diff/text/mod.rs - diff::text::TextParser (line 10) ... FAILED
[INFO] [stdout] 
[INFO] [stdout] failures:
[INFO] [stdout] 
[INFO] [stdout] ---- src/diff/text/mod.rs - diff::text::TextParser (line 10) stdout ----
[INFO] [stdout] error[E0433]: failed to resolve: use of undeclared crate or module `diff`
[INFO] [stdout]  --> src/diff/text/mod.rs:12:23
[INFO] [stdout]   |
[INFO] [stdout] 5 | let mut text_parser = diff::text::parser(fpath_a, fpath_b).unwrap();
[INFO] [stdout]   |                       ^^^^ use of undeclared crate or module `diff`
[INFO] [stdout]   |
[INFO] [stdout] help: consider importing this module
[INFO] [stdout]   |
[INFO] [stdout] 2 + use beediff::diff::text;
[INFO] [stdout]   |
[INFO] [stdout] help: if you import `text`, refer to it directly
[INFO] [stdout]   |
[INFO] [stdout] 5 - let mut text_parser = diff::text::parser(fpath_a, fpath_b).unwrap();
[INFO] [stdout] 5 + let mut text_parser = text::parser(fpath_a, fpath_b).unwrap();
[INFO] [stdout]   |
[INFO] [stdout] 
[INFO] [stdout] error[E0425]: cannot find value `fpath_a` in this scope
[INFO] [stdout]  --> src/diff/text/mod.rs:12:42
[INFO] [stdout]   |
[INFO] [stdout] 5 | let mut text_parser = diff::text::parser(fpath_a, fpath_b).unwrap();
[INFO] [stdout]   |                                          ^^^^^^^ not found in this scope
[INFO] [stdout] 
[INFO] [stdout] error[E0425]: cannot find value `fpath_b` in this scope
[INFO] [stdout]  --> src/diff/text/mod.rs:12:51
[INFO] [stdout]   |
[INFO] [stdout] 5 | let mut text_parser = diff::text::parser(fpath_a, fpath_b).unwrap();
[INFO] [stdout]   |                                                   ^^^^^^^ not found in this scope
[INFO] [stdout] 
[INFO] [stdout] error: aborting due to 3 previous errors
[INFO] [stdout] 
[INFO] [stdout] Some errors have detailed explanations: E0425, E0433.
[INFO] [stdout] For more information about an error, try `rustc --explain E0425`.
[INFO] [stdout] Couldn't compile the test.
[INFO] [stdout] 
[INFO] [stdout] failures:
[INFO] [stdout]     src/diff/text/mod.rs - diff::text::TextParser (line 10)
[INFO] [stdout] 
[INFO] [stdout] test result: FAILED. 0 passed; 1 failed; 0 ignored; 0 measured; 0 filtered out; finished in 0.09s
[INFO] [stdout] 
[INFO] running `Command { std: "docker" "inspect" "8e26e082fc54fa16e35a128557545adad14fbf0af6b8d04a83b9bb7d827af138", kill_on_drop: false }`
[INFO] running `Command { std: "docker" "rm" "-f" "8e26e082fc54fa16e35a128557545adad14fbf0af6b8d04a83b9bb7d827af138", kill_on_drop: false }`
[INFO] [stdout] 8e26e082fc54fa16e35a128557545adad14fbf0af6b8d04a83b9bb7d827af138
