[INFO] fetching crate bech32-no_std 0.7.3...
[INFO] testing bech32-no_std-0.7.3 against 1.75.0 for beta-1.76-1
[INFO] extracting crate bech32-no_std 0.7.3 into /workspace/builds/worker-7-tc1/source
[INFO] validating manifest of crates.io crate bech32-no_std 0.7.3 on toolchain 1.75.0
[INFO] running `Command { std: CARGO_HOME="/workspace/cargo-home" RUSTUP_HOME="/workspace/rustup-home" "/workspace/cargo-home/bin/cargo" "+1.75.0" "metadata" "--manifest-path" "Cargo.toml" "--no-deps", kill_on_drop: false }`
[INFO] started tweaking crates.io crate bech32-no_std 0.7.3
[INFO] finished tweaking crates.io crate bech32-no_std 0.7.3
[INFO] tweaked toml for crates.io crate bech32-no_std 0.7.3 written to /workspace/builds/worker-7-tc1/source/Cargo.toml
[INFO] running `Command { std: CARGO_HOME="/workspace/cargo-home" RUSTUP_HOME="/workspace/rustup-home" "/workspace/cargo-home/bin/cargo" "+1.75.0" "generate-lockfile" "--manifest-path" "Cargo.toml", kill_on_drop: false }`
[INFO] running `Command { std: CARGO_HOME="/workspace/cargo-home" RUSTUP_HOME="/workspace/rustup-home" "/workspace/cargo-home/bin/cargo" "+1.75.0" "fetch" "--manifest-path" "Cargo.toml", kill_on_drop: false }`
[INFO] running `Command { std: "docker" "create" "-v" "/var/lib/crater-agent-workspace/builds/worker-7-tc1/target:/opt/rustwide/target:rw,Z" "-v" "/var/lib/crater-agent-workspace/builds/worker-7-tc1/source:/opt/rustwide/workdir:ro,Z" "-v" "/var/lib/crater-agent-workspace/cargo-home:/opt/rustwide/cargo-home:ro,Z" "-v" "/var/lib/crater-agent-workspace/rustup-home:/opt/rustwide/rustup-home:ro,Z" "-e" "SOURCE_DIR=/opt/rustwide/workdir" "-e" "CARGO_TARGET_DIR=/opt/rustwide/target" "-e" "CARGO_HOME=/opt/rustwide/cargo-home" "-e" "RUSTUP_HOME=/opt/rustwide/rustup-home" "-w" "/opt/rustwide/workdir" "-m" "1610612736" "--user" "0:0" "--network" "none" "ghcr.io/rust-lang/crates-build-env/linux@sha256:2788e3201cd34a07e3172128adcd8b3090168a8e3bcc40d7c032b9dda1df7d1c" "/opt/rustwide/cargo-home/bin/cargo" "+1.75.0" "metadata" "--no-deps" "--format-version=1", kill_on_drop: false }`
[INFO] [stdout] a8e9a4c14e9cfe6f5ab528228a186514bffc309a05eca737f946585c5fb4e480
[INFO] running `Command { std: "docker" "start" "-a" "a8e9a4c14e9cfe6f5ab528228a186514bffc309a05eca737f946585c5fb4e480", kill_on_drop: false }`
[INFO] running `Command { std: "docker" "inspect" "a8e9a4c14e9cfe6f5ab528228a186514bffc309a05eca737f946585c5fb4e480", kill_on_drop: false }`
[INFO] running `Command { std: "docker" "rm" "-f" "a8e9a4c14e9cfe6f5ab528228a186514bffc309a05eca737f946585c5fb4e480", kill_on_drop: false }`
[INFO] [stdout] a8e9a4c14e9cfe6f5ab528228a186514bffc309a05eca737f946585c5fb4e480
[INFO] running `Command { std: "docker" "create" "-v" "/var/lib/crater-agent-workspace/builds/worker-7-tc1/target:/opt/rustwide/target:rw,Z" "-v" "/var/lib/crater-agent-workspace/builds/worker-7-tc1/source:/opt/rustwide/workdir:ro,Z" "-v" "/var/lib/crater-agent-workspace/cargo-home:/opt/rustwide/cargo-home:ro,Z" "-v" "/var/lib/crater-agent-workspace/rustup-home:/opt/rustwide/rustup-home:ro,Z" "-e" "SOURCE_DIR=/opt/rustwide/workdir" "-e" "CARGO_TARGET_DIR=/opt/rustwide/target" "-e" "CARGO_INCREMENTAL=0" "-e" "RUST_BACKTRACE=full" "-e" "RUSTFLAGS=--cap-lints=warn" "-e" "RUSTDOCFLAGS=--cap-lints=warn" "-e" "CARGO_HOME=/opt/rustwide/cargo-home" "-e" "RUSTUP_HOME=/opt/rustwide/rustup-home" "-w" "/opt/rustwide/workdir" "-m" "1610612736" "--user" "0:0" "--network" "none" "ghcr.io/rust-lang/crates-build-env/linux@sha256:2788e3201cd34a07e3172128adcd8b3090168a8e3bcc40d7c032b9dda1df7d1c" "/opt/rustwide/cargo-home/bin/cargo" "+1.75.0" "build" "--frozen" "--message-format=json", kill_on_drop: false }`
[INFO] [stdout] 08f907aa0b88fedfb42e43b8b93a130f6315c652f9439d47ade00158ca2e8289
[INFO] running `Command { std: "docker" "start" "-a" "08f907aa0b88fedfb42e43b8b93a130f6315c652f9439d47ade00158ca2e8289", kill_on_drop: false }`
[INFO] [stderr]    Compiling bech32-no_std v0.7.3 (/opt/rustwide/workdir)
[INFO] [stderr]     Finished dev [unoptimized + debuginfo] target(s) in 0.20s
[INFO] running `Command { std: "docker" "inspect" "08f907aa0b88fedfb42e43b8b93a130f6315c652f9439d47ade00158ca2e8289", kill_on_drop: false }`
[INFO] running `Command { std: "docker" "rm" "-f" "08f907aa0b88fedfb42e43b8b93a130f6315c652f9439d47ade00158ca2e8289", kill_on_drop: false }`
[INFO] [stdout] 08f907aa0b88fedfb42e43b8b93a130f6315c652f9439d47ade00158ca2e8289
[INFO] running `Command { std: "docker" "create" "-v" "/var/lib/crater-agent-workspace/builds/worker-7-tc1/target:/opt/rustwide/target:rw,Z" "-v" "/var/lib/crater-agent-workspace/builds/worker-7-tc1/source:/opt/rustwide/workdir:ro,Z" "-v" "/var/lib/crater-agent-workspace/cargo-home:/opt/rustwide/cargo-home:ro,Z" "-v" "/var/lib/crater-agent-workspace/rustup-home:/opt/rustwide/rustup-home:ro,Z" "-e" "SOURCE_DIR=/opt/rustwide/workdir" "-e" "CARGO_TARGET_DIR=/opt/rustwide/target" "-e" "CARGO_INCREMENTAL=0" "-e" "RUST_BACKTRACE=full" "-e" "RUSTFLAGS=--cap-lints=warn" "-e" "RUSTDOCFLAGS=--cap-lints=warn" "-e" "CARGO_HOME=/opt/rustwide/cargo-home" "-e" "RUSTUP_HOME=/opt/rustwide/rustup-home" "-w" "/opt/rustwide/workdir" "-m" "1610612736" "--user" "0:0" "--network" "none" "ghcr.io/rust-lang/crates-build-env/linux@sha256:2788e3201cd34a07e3172128adcd8b3090168a8e3bcc40d7c032b9dda1df7d1c" "/opt/rustwide/cargo-home/bin/cargo" "+1.75.0" "test" "--frozen" "--no-run" "--message-format=json", kill_on_drop: false }`
[INFO] [stdout] fc5d3296019c440a4a0dc005baf99ee7cfa6a1b89ac63b697416d75c47ccba9e
[INFO] running `Command { std: "docker" "start" "-a" "fc5d3296019c440a4a0dc005baf99ee7cfa6a1b89ac63b697416d75c47ccba9e", kill_on_drop: false }`
[INFO] [stderr]    Compiling bech32-no_std v0.7.3 (/opt/rustwide/workdir)
[INFO] [stderr]     Finished test [unoptimized + debuginfo] target(s) in 0.43s
[INFO] running `Command { std: "docker" "inspect" "fc5d3296019c440a4a0dc005baf99ee7cfa6a1b89ac63b697416d75c47ccba9e", kill_on_drop: false }`
[INFO] running `Command { std: "docker" "rm" "-f" "fc5d3296019c440a4a0dc005baf99ee7cfa6a1b89ac63b697416d75c47ccba9e", kill_on_drop: false }`
[INFO] [stdout] fc5d3296019c440a4a0dc005baf99ee7cfa6a1b89ac63b697416d75c47ccba9e
[INFO] running `Command { std: "docker" "create" "-v" "/var/lib/crater-agent-workspace/builds/worker-7-tc1/target:/opt/rustwide/target:rw,Z" "-v" "/var/lib/crater-agent-workspace/builds/worker-7-tc1/source:/opt/rustwide/workdir:ro,Z" "-v" "/var/lib/crater-agent-workspace/cargo-home:/opt/rustwide/cargo-home:ro,Z" "-v" "/var/lib/crater-agent-workspace/rustup-home:/opt/rustwide/rustup-home:ro,Z" "-e" "SOURCE_DIR=/opt/rustwide/workdir" "-e" "CARGO_TARGET_DIR=/opt/rustwide/target" "-e" "CARGO_INCREMENTAL=0" "-e" "RUST_BACKTRACE=full" "-e" "RUSTFLAGS=--cap-lints=warn" "-e" "RUSTDOCFLAGS=--cap-lints=warn" "-e" "CARGO_HOME=/opt/rustwide/cargo-home" "-e" "RUSTUP_HOME=/opt/rustwide/rustup-home" "-w" "/opt/rustwide/workdir" "-m" "1610612736" "--user" "0:0" "--network" "none" "ghcr.io/rust-lang/crates-build-env/linux@sha256:2788e3201cd34a07e3172128adcd8b3090168a8e3bcc40d7c032b9dda1df7d1c" "/opt/rustwide/cargo-home/bin/cargo" "+1.75.0" "test" "--frozen", kill_on_drop: false }`
[INFO] [stdout] 36e7b658d17dc5362e42fcbc75ea74fd69f498826ec82e5a2f504590d66dd365
[INFO] running `Command { std: "docker" "start" "-a" "36e7b658d17dc5362e42fcbc75ea74fd69f498826ec82e5a2f504590d66dd365", kill_on_drop: false }`
[INFO] [stderr]     Finished test [unoptimized + debuginfo] target(s) in 0.00s
[INFO] [stderr]      Running unittests src/lib.rs (/opt/rustwide/target/debug/deps/bech32_no_std-bbb9c07557f3859f)
[INFO] [stdout] 
[INFO] [stdout] running 14 tests
[INFO] [stdout] test tests::check_base32 ... ok
[INFO] [stdout] test tests::from_base32 ... ok
[INFO] [stdout] test tests::getters ... ok
[INFO] [stdout] test tests::invalid_conversion ... ok
[INFO] [stdout] test tests::invalid_strings ... ok
[INFO] [stdout] test tests::convert_bits_invalid_bit_size ... ok
[INFO] [stdout] test tests::reverse_charset ... ok
[INFO] [stdout] test tests::test_encode ... ok
[INFO] [stdout] test tests::test_hrp_case ... ok
[INFO] [stdout] test tests::to_base32 ... ok
[INFO] [stdout] test tests::valid_conversion ... ok
[INFO] [stdout] test tests::valid_checksum ... ok
[INFO] [stdout] test tests::write_on_drop ... ok
[INFO] [stdout] test tests::writer ... ok
[INFO] [stdout] 
[INFO] [stdout] test result: ok. 14 passed; 0 failed; 0 ignored; 0 measured; 0 filtered out; finished in 0.00s
[INFO] [stdout] 
[INFO] [stderr]    Doc-tests bech32-no_std
[INFO] [stdout] 
[INFO] [stdout] running 2 tests
[INFO] [stdout] test src/lib.rs - convert_bits (line 625) ... FAILED
[INFO] [stdout] test src/lib.rs - (line 32) ... FAILED
[INFO] [stdout] 
[INFO] [stdout] failures:
[INFO] [stdout] 
[INFO] [stdout] ---- src/lib.rs - convert_bits (line 625) stdout ----
[INFO] [stdout] error[E0432]: unresolved import `bech32`
[INFO] [stdout]  --> src/lib.rs:626:5
[INFO] [stdout]   |
[INFO] [stdout] 3 | use bech32::convert_bits;
[INFO] [stdout]   |     ^^^^^^ use of undeclared crate or module `bech32`
[INFO] [stdout] 
[INFO] [stdout] error: aborting due to previous error
[INFO] [stdout] 
[INFO] [stdout] For more information about this error, try `rustc --explain E0432`.
[INFO] [stdout] Couldn't compile the test.
[INFO] [stdout] ---- src/lib.rs - (line 32) stdout ----
[INFO] [stdout] error[E0432]: unresolved import `bech32`
[INFO] [stdout]  --> src/lib.rs:33:14
[INFO] [stdout]   |
[INFO] [stdout] 3 | use bech32::{self, FromBase32, ToBase32};
[INFO] [stdout]   |              ^^^^ no external crate `bech32`
[INFO] [stdout] 
[INFO] [stdout] error[E0599]: no method named `to_base32` found for struct `Vec<{integer}>` in the current scope
[INFO] [stdout]    --> src/lib.rs:35:63
[INFO] [stdout]     |
[INFO] [stdout] 5   | let encoded = bech32::encode("bech32", vec![0x00, 0x01, 0x02].to_base32()).unwrap();
[INFO] [stdout]     |                                                               ^^^^^^^^^ method not found in `Vec<{integer}>`
[INFO] [stdout]     |
[INFO] [stdout]    ::: /opt/rustwide/workdir/src/lib.rs:247:8
[INFO] [stdout]     |
[INFO] [stdout] 247 |     fn to_base32(&self) -> Vec<u5> {
[INFO] [stdout]     |        --------- the method is available for `Vec<{integer}>` here
[INFO] [stdout]     |
[INFO] [stdout]     = help: items from traits can only be used if the trait is in scope
[INFO] [stdout] help: the following trait is implemented but not in scope; perhaps add a `use` for it:
[INFO] [stdout]     |
[INFO] [stdout] 2   + use bech32_no_std::ToBase32;
[INFO] [stdout]     |
[INFO] [stdout] 
[INFO] [stdout] error[E0599]: no function or associated item named `from_base32` found for struct `Vec<u8>` in the current scope
[INFO] [stdout]   --> src/lib.rs:40:23
[INFO] [stdout]    |
[INFO] [stdout] 10 | assert_eq!(Vec::<u8>::from_base32(&data).unwrap(), vec![0x00, 0x01, 0x02]);
[INFO] [stdout]    |                       ^^^^^^^^^^^ function or associated item not found in `Vec<u8>`
[INFO] [stdout]    |
[INFO] [stdout]    = help: items from traits can only be used if the trait is in scope
[INFO] [stdout] help: the following trait is implemented but not in scope; perhaps add a `use` for it:
[INFO] [stdout]    |
[INFO] [stdout] 2  + use bech32_no_std::FromBase32;
[INFO] [stdout]    |
[INFO] [stdout] 
[INFO] [stdout] error: aborting due to 3 previous errors
[INFO] [stdout] 
[INFO] [stdout] Some errors have detailed explanations: E0432, E0599.
[INFO] [stdout] For more information about an error, try `rustc --explain E0432`.
[INFO] [stdout] Couldn't compile the test.
[INFO] [stdout] 
[INFO] [stdout] failures:
[INFO] [stdout]     src/lib.rs - (line 32)
[INFO] [stdout]     src/lib.rs - convert_bits (line 625)
[INFO] [stdout] 
[INFO] [stdout] test result: FAILED. 0 passed; 2 failed; 0 ignored; 0 measured; 0 filtered out; finished in 0.07s
[INFO] [stdout] 
[INFO] [stderr] error: doctest failed, to rerun pass `--doc`
[INFO] running `Command { std: "docker" "inspect" "36e7b658d17dc5362e42fcbc75ea74fd69f498826ec82e5a2f504590d66dd365", kill_on_drop: false }`
[INFO] running `Command { std: "docker" "rm" "-f" "36e7b658d17dc5362e42fcbc75ea74fd69f498826ec82e5a2f504590d66dd365", kill_on_drop: false }`
[INFO] [stdout] 36e7b658d17dc5362e42fcbc75ea74fd69f498826ec82e5a2f504590d66dd365
[INFO] testing bech32-no_std-0.7.3 against beta-2023-12-22 for beta-1.76-1
[INFO] extracting crate bech32-no_std 0.7.3 into /workspace/builds/worker-7-tc2/source
[INFO] validating manifest of crates.io crate bech32-no_std 0.7.3 on toolchain beta-2023-12-22
[INFO] running `Command { std: CARGO_HOME="/workspace/cargo-home" RUSTUP_HOME="/workspace/rustup-home" "/workspace/cargo-home/bin/cargo" "+beta-2023-12-22" "metadata" "--manifest-path" "Cargo.toml" "--no-deps", kill_on_drop: false }`
[INFO] started tweaking crates.io crate bech32-no_std 0.7.3
[INFO] finished tweaking crates.io crate bech32-no_std 0.7.3
[INFO] tweaked toml for crates.io crate bech32-no_std 0.7.3 written to /workspace/builds/worker-7-tc2/source/Cargo.toml
[INFO] running `Command { std: CARGO_HOME="/workspace/cargo-home" RUSTUP_HOME="/workspace/rustup-home" "/workspace/cargo-home/bin/cargo" "+beta-2023-12-22" "generate-lockfile" "--manifest-path" "Cargo.toml", kill_on_drop: false }`
[INFO] running `Command { std: CARGO_HOME="/workspace/cargo-home" RUSTUP_HOME="/workspace/rustup-home" "/workspace/cargo-home/bin/cargo" "+beta-2023-12-22" "fetch" "--manifest-path" "Cargo.toml", kill_on_drop: false }`
[INFO] running `Command { std: "docker" "create" "-v" "/var/lib/crater-agent-workspace/builds/worker-7-tc2/target:/opt/rustwide/target:rw,Z" "-v" "/var/lib/crater-agent-workspace/builds/worker-7-tc2/source:/opt/rustwide/workdir:ro,Z" "-v" "/var/lib/crater-agent-workspace/cargo-home:/opt/rustwide/cargo-home:ro,Z" "-v" "/var/lib/crater-agent-workspace/rustup-home:/opt/rustwide/rustup-home:ro,Z" "-e" "SOURCE_DIR=/opt/rustwide/workdir" "-e" "CARGO_TARGET_DIR=/opt/rustwide/target" "-e" "CARGO_HOME=/opt/rustwide/cargo-home" "-e" "RUSTUP_HOME=/opt/rustwide/rustup-home" "-w" "/opt/rustwide/workdir" "-m" "1610612736" "--user" "0:0" "--network" "none" "ghcr.io/rust-lang/crates-build-env/linux@sha256:2788e3201cd34a07e3172128adcd8b3090168a8e3bcc40d7c032b9dda1df7d1c" "/opt/rustwide/cargo-home/bin/cargo" "+beta-2023-12-22" "metadata" "--no-deps" "--format-version=1", kill_on_drop: false }`
[INFO] [stdout] 7818c16e18b2654a1810a340851423aca04c5f8ec4ee711f9a81de1ba5aeee3a
[INFO] running `Command { std: "docker" "start" "-a" "7818c16e18b2654a1810a340851423aca04c5f8ec4ee711f9a81de1ba5aeee3a", kill_on_drop: false }`
[INFO] running `Command { std: "docker" "inspect" "7818c16e18b2654a1810a340851423aca04c5f8ec4ee711f9a81de1ba5aeee3a", kill_on_drop: false }`
[INFO] running `Command { std: "docker" "rm" "-f" "7818c16e18b2654a1810a340851423aca04c5f8ec4ee711f9a81de1ba5aeee3a", kill_on_drop: false }`
[INFO] [stdout] 7818c16e18b2654a1810a340851423aca04c5f8ec4ee711f9a81de1ba5aeee3a
[INFO] running `Command { std: "docker" "create" "-v" "/var/lib/crater-agent-workspace/builds/worker-7-tc2/target:/opt/rustwide/target:rw,Z" "-v" "/var/lib/crater-agent-workspace/builds/worker-7-tc2/source:/opt/rustwide/workdir:ro,Z" "-v" "/var/lib/crater-agent-workspace/cargo-home:/opt/rustwide/cargo-home:ro,Z" "-v" "/var/lib/crater-agent-workspace/rustup-home:/opt/rustwide/rustup-home:ro,Z" "-e" "SOURCE_DIR=/opt/rustwide/workdir" "-e" "CARGO_TARGET_DIR=/opt/rustwide/target" "-e" "CARGO_INCREMENTAL=0" "-e" "RUST_BACKTRACE=full" "-e" "RUSTFLAGS=--cap-lints=warn" "-e" "RUSTDOCFLAGS=--cap-lints=warn" "-e" "CARGO_HOME=/opt/rustwide/cargo-home" "-e" "RUSTUP_HOME=/opt/rustwide/rustup-home" "-w" "/opt/rustwide/workdir" "-m" "1610612736" "--user" "0:0" "--network" "none" "ghcr.io/rust-lang/crates-build-env/linux@sha256:2788e3201cd34a07e3172128adcd8b3090168a8e3bcc40d7c032b9dda1df7d1c" "/opt/rustwide/cargo-home/bin/cargo" "+beta-2023-12-22" "build" "--frozen" "--message-format=json", kill_on_drop: false }`
[INFO] [stdout] 326c5bb4793d8ebf604c606e48dfb89a89be5a2e5349f9ba41344805cf3b5b9c
[INFO] running `Command { std: "docker" "start" "-a" "326c5bb4793d8ebf604c606e48dfb89a89be5a2e5349f9ba41344805cf3b5b9c", kill_on_drop: false }`
[INFO] [stderr]    Compiling bech32-no_std v0.7.3 (/opt/rustwide/workdir)
[INFO] [stderr]     Finished dev [unoptimized + debuginfo] target(s) in 0.22s
[INFO] running `Command { std: "docker" "inspect" "326c5bb4793d8ebf604c606e48dfb89a89be5a2e5349f9ba41344805cf3b5b9c", kill_on_drop: false }`
[INFO] running `Command { std: "docker" "rm" "-f" "326c5bb4793d8ebf604c606e48dfb89a89be5a2e5349f9ba41344805cf3b5b9c", kill_on_drop: false }`
[INFO] [stdout] 326c5bb4793d8ebf604c606e48dfb89a89be5a2e5349f9ba41344805cf3b5b9c
[INFO] running `Command { std: "docker" "create" "-v" "/var/lib/crater-agent-workspace/builds/worker-7-tc2/target:/opt/rustwide/target:rw,Z" "-v" "/var/lib/crater-agent-workspace/builds/worker-7-tc2/source:/opt/rustwide/workdir:ro,Z" "-v" "/var/lib/crater-agent-workspace/cargo-home:/opt/rustwide/cargo-home:ro,Z" "-v" "/var/lib/crater-agent-workspace/rustup-home:/opt/rustwide/rustup-home:ro,Z" "-e" "SOURCE_DIR=/opt/rustwide/workdir" "-e" "CARGO_TARGET_DIR=/opt/rustwide/target" "-e" "CARGO_INCREMENTAL=0" "-e" "RUST_BACKTRACE=full" "-e" "RUSTFLAGS=--cap-lints=warn" "-e" "RUSTDOCFLAGS=--cap-lints=warn" "-e" "CARGO_HOME=/opt/rustwide/cargo-home" "-e" "RUSTUP_HOME=/opt/rustwide/rustup-home" "-w" "/opt/rustwide/workdir" "-m" "1610612736" "--user" "0:0" "--network" "none" "ghcr.io/rust-lang/crates-build-env/linux@sha256:2788e3201cd34a07e3172128adcd8b3090168a8e3bcc40d7c032b9dda1df7d1c" "/opt/rustwide/cargo-home/bin/cargo" "+beta-2023-12-22" "test" "--frozen" "--no-run" "--message-format=json", kill_on_drop: false }`
[INFO] [stdout] 47a2ab7c03a4adf69b2f31c6e1bd4842d62beb77af49657b05d99219704f94fa
[INFO] running `Command { std: "docker" "start" "-a" "47a2ab7c03a4adf69b2f31c6e1bd4842d62beb77af49657b05d99219704f94fa", kill_on_drop: false }`
[INFO] [stderr]    Compiling bech32-no_std v0.7.3 (/opt/rustwide/workdir)
[INFO] [stderr]     Finished test [unoptimized + debuginfo] target(s) in 0.45s
[INFO] running `Command { std: "docker" "inspect" "47a2ab7c03a4adf69b2f31c6e1bd4842d62beb77af49657b05d99219704f94fa", kill_on_drop: false }`
[INFO] running `Command { std: "docker" "rm" "-f" "47a2ab7c03a4adf69b2f31c6e1bd4842d62beb77af49657b05d99219704f94fa", kill_on_drop: false }`
[INFO] [stdout] 47a2ab7c03a4adf69b2f31c6e1bd4842d62beb77af49657b05d99219704f94fa
[INFO] running `Command { std: "docker" "create" "-v" "/var/lib/crater-agent-workspace/builds/worker-7-tc2/target:/opt/rustwide/target:rw,Z" "-v" "/var/lib/crater-agent-workspace/builds/worker-7-tc2/source:/opt/rustwide/workdir:ro,Z" "-v" "/var/lib/crater-agent-workspace/cargo-home:/opt/rustwide/cargo-home:ro,Z" "-v" "/var/lib/crater-agent-workspace/rustup-home:/opt/rustwide/rustup-home:ro,Z" "-e" "SOURCE_DIR=/opt/rustwide/workdir" "-e" "CARGO_TARGET_DIR=/opt/rustwide/target" "-e" "CARGO_INCREMENTAL=0" "-e" "RUST_BACKTRACE=full" "-e" "RUSTFLAGS=--cap-lints=warn" "-e" "RUSTDOCFLAGS=--cap-lints=warn" "-e" "CARGO_HOME=/opt/rustwide/cargo-home" "-e" "RUSTUP_HOME=/opt/rustwide/rustup-home" "-w" "/opt/rustwide/workdir" "-m" "1610612736" "--user" "0:0" "--network" "none" "ghcr.io/rust-lang/crates-build-env/linux@sha256:2788e3201cd34a07e3172128adcd8b3090168a8e3bcc40d7c032b9dda1df7d1c" "/opt/rustwide/cargo-home/bin/cargo" "+beta-2023-12-22" "test" "--frozen", kill_on_drop: false }`
[INFO] [stdout] 6d9d232496e2f5d23745fc71e43491463a6011359322e63d837e603c487eec75
[INFO] running `Command { std: "docker" "start" "-a" "6d9d232496e2f5d23745fc71e43491463a6011359322e63d837e603c487eec75", kill_on_drop: false }`
[INFO] [stderr]     Finished test [unoptimized + debuginfo] target(s) in 0.00s
[INFO] [stderr]      Running unittests src/lib.rs (/opt/rustwide/target/debug/deps/bech32_no_std-7729c2631b3098a7)
[INFO] [stdout] 
[INFO] [stdout] running 14 tests
[INFO] [stdout] test tests::check_base32 ... ok
[INFO] [stdout] test tests::getters ... ok
[INFO] [stdout] test tests::invalid_conversion ... ok
[INFO] [stdout] test tests::from_base32 ... ok
[INFO] [stdout] test tests::invalid_strings ... ok
[INFO] [stdout] test tests::convert_bits_invalid_bit_size ... ok
[INFO] [stdout] test tests::reverse_charset ... ok
[INFO] [stdout] test tests::test_encode ... ok
[INFO] [stdout] test tests::test_hrp_case ... ok
[INFO] [stdout] test tests::to_base32 ... ok
[INFO] [stdout] test tests::valid_conversion ... ok
[INFO] [stdout] test tests::write_on_drop ... ok
[INFO] [stdout] test tests::valid_checksum ... ok
[INFO] [stdout] test tests::writer ... ok
[INFO] [stdout] 
[INFO] [stdout] test result: ok. 14 passed; 0 failed; 0 ignored; 0 measured; 0 filtered out; finished in 0.00s
[INFO] [stdout] 
[INFO] [stderr]    Doc-tests bech32-no_std
[INFO] [stdout] 
[INFO] [stdout] running 2 tests
[INFO] [stdout] test src/lib.rs - convert_bits (line 625) ... FAILED
[INFO] [stdout] test src/lib.rs - (line 32) ... FAILED
[INFO] [stdout] 
[INFO] [stdout] failures:
[INFO] [stdout] 
[INFO] [stdout] ---- src/lib.rs - convert_bits (line 625) stdout ----
[INFO] [stdout] error[E0432]: unresolved import `bech32`
[INFO] [stdout]  --> src/lib.rs:626:5
[INFO] [stdout]   |
[INFO] [stdout] 3 | use bech32::convert_bits;
[INFO] [stdout]   |     ^^^^^^ use of undeclared crate or module `bech32`
[INFO] [stdout] 
[INFO] [stdout] error: aborting due to 1 previous error
[INFO] [stdout] 
[INFO] [stdout] For more information about this error, try `rustc --explain E0432`.
[INFO] [stdout] Couldn't compile the test.
[INFO] [stdout] ---- src/lib.rs - (line 32) stdout ----
[INFO] [stdout] error[E0432]: unresolved import `bech32`
[INFO] [stdout]  --> src/lib.rs:33:14
[INFO] [stdout]   |
[INFO] [stdout] 3 | use bech32::{self, FromBase32, ToBase32};
[INFO] [stdout]   |              ^^^^ no external crate `bech32`
[INFO] [stdout] 
[INFO] [stdout] error[E0599]: no method named `to_base32` found for struct `Vec<{integer}>` in the current scope
[INFO] [stdout]    --> src/lib.rs:35:63
[INFO] [stdout]     |
[INFO] [stdout] 5   | let encoded = bech32::encode("bech32", vec![0x00, 0x01, 0x02].to_base32()).unwrap();
[INFO] [stdout]     |                                                               ^^^^^^^^^ method not found in `Vec<{integer}>`
[INFO] [stdout]     |
[INFO] [stdout]    ::: /opt/rustwide/workdir/src/lib.rs:247:8
[INFO] [stdout]     |
[INFO] [stdout] 247 |     fn to_base32(&self) -> Vec<u5> {
[INFO] [stdout]     |        --------- the method is available for `Vec<{integer}>` here
[INFO] [stdout]     |
[INFO] [stdout]     = help: items from traits can only be used if the trait is in scope
[INFO] [stdout] help: the following trait is implemented but not in scope; perhaps add a `use` for it:
[INFO] [stdout]     |
[INFO] [stdout] 2   + use bech32_no_std::ToBase32;
[INFO] [stdout]     |
[INFO] [stdout] 
[INFO] [stdout] error[E0599]: no function or associated item named `from_base32` found for struct `Vec<u8>` in the current scope
[INFO] [stdout]   --> src/lib.rs:40:23
[INFO] [stdout]    |
[INFO] [stdout] 10 | assert_eq!(Vec::<u8>::from_base32(&data).unwrap(), vec![0x00, 0x01, 0x02]);
[INFO] [stdout]    |                       ^^^^^^^^^^^ function or associated item not found in `Vec<u8>`
[INFO] [stdout]    |
[INFO] [stdout]    = help: items from traits can only be used if the trait is in scope
[INFO] [stdout] help: the following trait is implemented but not in scope; perhaps add a `use` for it:
[INFO] [stdout]    |
[INFO] [stdout] 2  + use bech32_no_std::FromBase32;
[INFO] [stdout]    |
[INFO] [stdout] 
[INFO] [stdout] error: aborting due to 3 previous errors
[INFO] [stdout] 
[INFO] [stdout] Some errors have detailed explanations: E0432, E0599.
[INFO] [stdout] For more information about an error, try `rustc --explain E0432`.
[INFO] [stdout] Couldn't compile the test.
[INFO] [stdout] 
[INFO] [stdout] failures:
[INFO] [stdout]     src/lib.rs - (line 32)
[INFO] [stdout]     src/lib.rs - convert_bits (line 625)
[INFO] [stdout] 
[INFO] [stdout] test result: FAILED. 0 passed; 2 failed; 0 ignored; 0 measured; 0 filtered out; finished in 0.07s
[INFO] [stdout] 
[INFO] [stderr] error: doctest failed, to rerun pass `--doc`
[INFO] running `Command { std: "docker" "inspect" "6d9d232496e2f5d23745fc71e43491463a6011359322e63d837e603c487eec75", kill_on_drop: false }`
[INFO] running `Command { std: "docker" "rm" "-f" "6d9d232496e2f5d23745fc71e43491463a6011359322e63d837e603c487eec75", kill_on_drop: false }`
[INFO] [stdout] 6d9d232496e2f5d23745fc71e43491463a6011359322e63d837e603c487eec75
