[INFO] fetching crate beaux2d 0.2.2...
[INFO] testing beaux2d-0.2.2 against 1.75.0 for beta-1.76-1
[INFO] extracting crate beaux2d 0.2.2 into /workspace/builds/worker-7-tc1/source
[INFO] validating manifest of crates.io crate beaux2d 0.2.2 on toolchain 1.75.0
[INFO] running `Command { std: CARGO_HOME="/workspace/cargo-home" RUSTUP_HOME="/workspace/rustup-home" "/workspace/cargo-home/bin/cargo" "+1.75.0" "metadata" "--manifest-path" "Cargo.toml" "--no-deps", kill_on_drop: false }`
[INFO] started tweaking crates.io crate beaux2d 0.2.2
[INFO] finished tweaking crates.io crate beaux2d 0.2.2
[INFO] tweaked toml for crates.io crate beaux2d 0.2.2 written to /workspace/builds/worker-7-tc1/source/Cargo.toml
[INFO] running `Command { std: CARGO_HOME="/workspace/cargo-home" RUSTUP_HOME="/workspace/rustup-home" "/workspace/cargo-home/bin/cargo" "+1.75.0" "generate-lockfile" "--manifest-path" "Cargo.toml", kill_on_drop: false }`
[INFO] [stderr]     Updating crates.io index
[INFO] running `Command { std: CARGO_HOME="/workspace/cargo-home" RUSTUP_HOME="/workspace/rustup-home" "/workspace/cargo-home/bin/cargo" "+1.75.0" "fetch" "--manifest-path" "Cargo.toml", kill_on_drop: false }`
[INFO] [stderr]  Downloading crates ...
[INFO] [stderr]   Downloaded version-compare v0.1.1
[INFO] [stderr]   Downloaded sdl2 v0.35.2
[INFO] [stderr]   Downloaded sdl2-sys v0.35.2
[INFO] running `Command { std: "docker" "create" "-v" "/var/lib/crater-agent-workspace/builds/worker-7-tc1/target:/opt/rustwide/target:rw,Z" "-v" "/var/lib/crater-agent-workspace/builds/worker-7-tc1/source:/opt/rustwide/workdir:ro,Z" "-v" "/var/lib/crater-agent-workspace/cargo-home:/opt/rustwide/cargo-home:ro,Z" "-v" "/var/lib/crater-agent-workspace/rustup-home:/opt/rustwide/rustup-home:ro,Z" "-e" "SOURCE_DIR=/opt/rustwide/workdir" "-e" "CARGO_TARGET_DIR=/opt/rustwide/target" "-e" "CARGO_HOME=/opt/rustwide/cargo-home" "-e" "RUSTUP_HOME=/opt/rustwide/rustup-home" "-w" "/opt/rustwide/workdir" "-m" "1610612736" "--user" "0:0" "--network" "none" "ghcr.io/rust-lang/crates-build-env/linux@sha256:2788e3201cd34a07e3172128adcd8b3090168a8e3bcc40d7c032b9dda1df7d1c" "/opt/rustwide/cargo-home/bin/cargo" "+1.75.0" "metadata" "--no-deps" "--format-version=1", kill_on_drop: false }`
[INFO] [stdout] a035adfabf18685f7838958ed758e4af6c2a378868d18ddf288edcfa22ebffa4
[INFO] running `Command { std: "docker" "start" "-a" "a035adfabf18685f7838958ed758e4af6c2a378868d18ddf288edcfa22ebffa4", kill_on_drop: false }`
[INFO] running `Command { std: "docker" "inspect" "a035adfabf18685f7838958ed758e4af6c2a378868d18ddf288edcfa22ebffa4", kill_on_drop: false }`
[INFO] running `Command { std: "docker" "rm" "-f" "a035adfabf18685f7838958ed758e4af6c2a378868d18ddf288edcfa22ebffa4", kill_on_drop: false }`
[INFO] [stdout] a035adfabf18685f7838958ed758e4af6c2a378868d18ddf288edcfa22ebffa4
[INFO] running `Command { std: "docker" "create" "-v" "/var/lib/crater-agent-workspace/builds/worker-7-tc1/target:/opt/rustwide/target:rw,Z" "-v" "/var/lib/crater-agent-workspace/builds/worker-7-tc1/source:/opt/rustwide/workdir:ro,Z" "-v" "/var/lib/crater-agent-workspace/cargo-home:/opt/rustwide/cargo-home:ro,Z" "-v" "/var/lib/crater-agent-workspace/rustup-home:/opt/rustwide/rustup-home:ro,Z" "-e" "SOURCE_DIR=/opt/rustwide/workdir" "-e" "CARGO_TARGET_DIR=/opt/rustwide/target" "-e" "CARGO_INCREMENTAL=0" "-e" "RUST_BACKTRACE=full" "-e" "RUSTFLAGS=--cap-lints=warn" "-e" "RUSTDOCFLAGS=--cap-lints=warn" "-e" "CARGO_HOME=/opt/rustwide/cargo-home" "-e" "RUSTUP_HOME=/opt/rustwide/rustup-home" "-w" "/opt/rustwide/workdir" "-m" "1610612736" "--user" "0:0" "--network" "none" "ghcr.io/rust-lang/crates-build-env/linux@sha256:2788e3201cd34a07e3172128adcd8b3090168a8e3bcc40d7c032b9dda1df7d1c" "/opt/rustwide/cargo-home/bin/cargo" "+1.75.0" "build" "--frozen" "--message-format=json", kill_on_drop: false }`
[INFO] [stdout] efca2ed6836125b6ebb03f23553b2e581a57f21a1ea41c110523612cd3cd9999
[INFO] running `Command { std: "docker" "start" "-a" "efca2ed6836125b6ebb03f23553b2e581a57f21a1ea41c110523612cd3cd9999", kill_on_drop: false }`
[INFO] [stderr]    Compiling cfg-if v1.0.0
[INFO] [stderr]    Compiling version-compare v0.1.1
[INFO] [stderr]    Compiling sdl2 v0.35.2
[INFO] [stderr]    Compiling bitflags v1.3.2
[INFO] [stderr]    Compiling sdl2-sys v0.35.2
[INFO] [stderr]    Compiling beaux2d v0.2.2 (/opt/rustwide/workdir)
[INFO] [stderr]     Finished dev [unoptimized + debuginfo] target(s) in 3.19s
[INFO] running `Command { std: "docker" "inspect" "efca2ed6836125b6ebb03f23553b2e581a57f21a1ea41c110523612cd3cd9999", kill_on_drop: false }`
[INFO] running `Command { std: "docker" "rm" "-f" "efca2ed6836125b6ebb03f23553b2e581a57f21a1ea41c110523612cd3cd9999", kill_on_drop: false }`
[INFO] [stdout] efca2ed6836125b6ebb03f23553b2e581a57f21a1ea41c110523612cd3cd9999
[INFO] running `Command { std: "docker" "create" "-v" "/var/lib/crater-agent-workspace/builds/worker-7-tc1/target:/opt/rustwide/target:rw,Z" "-v" "/var/lib/crater-agent-workspace/builds/worker-7-tc1/source:/opt/rustwide/workdir:ro,Z" "-v" "/var/lib/crater-agent-workspace/cargo-home:/opt/rustwide/cargo-home:ro,Z" "-v" "/var/lib/crater-agent-workspace/rustup-home:/opt/rustwide/rustup-home:ro,Z" "-e" "SOURCE_DIR=/opt/rustwide/workdir" "-e" "CARGO_TARGET_DIR=/opt/rustwide/target" "-e" "CARGO_INCREMENTAL=0" "-e" "RUST_BACKTRACE=full" "-e" "RUSTFLAGS=--cap-lints=warn" "-e" "RUSTDOCFLAGS=--cap-lints=warn" "-e" "CARGO_HOME=/opt/rustwide/cargo-home" "-e" "RUSTUP_HOME=/opt/rustwide/rustup-home" "-w" "/opt/rustwide/workdir" "-m" "1610612736" "--user" "0:0" "--network" "none" "ghcr.io/rust-lang/crates-build-env/linux@sha256:2788e3201cd34a07e3172128adcd8b3090168a8e3bcc40d7c032b9dda1df7d1c" "/opt/rustwide/cargo-home/bin/cargo" "+1.75.0" "test" "--frozen" "--no-run" "--message-format=json", kill_on_drop: false }`
[INFO] [stdout] f9f96b2b7080f9bf2174b6cfc97fdd32264db8ab651c3e8b5e67f23a324086d8
[INFO] running `Command { std: "docker" "start" "-a" "f9f96b2b7080f9bf2174b6cfc97fdd32264db8ab651c3e8b5e67f23a324086d8", kill_on_drop: false }`
[INFO] [stderr]    Compiling beaux2d v0.2.2 (/opt/rustwide/workdir)
[INFO] [stderr]     Finished test [unoptimized + debuginfo] target(s) in 0.44s
[INFO] running `Command { std: "docker" "inspect" "f9f96b2b7080f9bf2174b6cfc97fdd32264db8ab651c3e8b5e67f23a324086d8", kill_on_drop: false }`
[INFO] running `Command { std: "docker" "rm" "-f" "f9f96b2b7080f9bf2174b6cfc97fdd32264db8ab651c3e8b5e67f23a324086d8", kill_on_drop: false }`
[INFO] [stdout] f9f96b2b7080f9bf2174b6cfc97fdd32264db8ab651c3e8b5e67f23a324086d8
[INFO] running `Command { std: "docker" "create" "-v" "/var/lib/crater-agent-workspace/builds/worker-7-tc1/target:/opt/rustwide/target:rw,Z" "-v" "/var/lib/crater-agent-workspace/builds/worker-7-tc1/source:/opt/rustwide/workdir:ro,Z" "-v" "/var/lib/crater-agent-workspace/cargo-home:/opt/rustwide/cargo-home:ro,Z" "-v" "/var/lib/crater-agent-workspace/rustup-home:/opt/rustwide/rustup-home:ro,Z" "-e" "SOURCE_DIR=/opt/rustwide/workdir" "-e" "CARGO_TARGET_DIR=/opt/rustwide/target" "-e" "CARGO_INCREMENTAL=0" "-e" "RUST_BACKTRACE=full" "-e" "RUSTFLAGS=--cap-lints=warn" "-e" "RUSTDOCFLAGS=--cap-lints=warn" "-e" "CARGO_HOME=/opt/rustwide/cargo-home" "-e" "RUSTUP_HOME=/opt/rustwide/rustup-home" "-w" "/opt/rustwide/workdir" "-m" "1610612736" "--user" "0:0" "--network" "none" "ghcr.io/rust-lang/crates-build-env/linux@sha256:2788e3201cd34a07e3172128adcd8b3090168a8e3bcc40d7c032b9dda1df7d1c" "/opt/rustwide/cargo-home/bin/cargo" "+1.75.0" "test" "--frozen", kill_on_drop: false }`
[INFO] [stdout] f3369fa09b11dbdbf8dc4e67371f2462ff1c35a3a9293a659e00d95a6f8c07d8
[INFO] running `Command { std: "docker" "start" "-a" "f3369fa09b11dbdbf8dc4e67371f2462ff1c35a3a9293a659e00d95a6f8c07d8", kill_on_drop: false }`
[INFO] [stderr]     Finished test [unoptimized + debuginfo] target(s) in 0.01s
[INFO] [stdout] 
[INFO] [stderr]      Running unittests src/lib.rs (/opt/rustwide/target/debug/deps/beaux2d-cee2a273d04de81b)
[INFO] [stdout] running 0 tests
[INFO] [stderr]    Doc-tests beaux2d
[INFO] [stdout] 
[INFO] [stdout] test result: ok. 0 passed; 0 failed; 0 ignored; 0 measured; 0 filtered out; finished in 0.00s
[INFO] [stdout] 
[INFO] [stdout] 
[INFO] [stdout] running 3 tests
[INFO] [stdout] test src/app.rs - app::BeauxApp::close (line 27) ... FAILED
[INFO] [stdout] test src/app.rs - app::BeauxApp::closed (line 12) ... FAILED
[INFO] [stderr] error: doctest failed, to rerun pass `--doc`
[INFO] [stdout] test src/app.rs - app::BeauxApp::event (line 48) ... FAILED
[INFO] [stdout] 
[INFO] [stdout] failures:
[INFO] [stdout] 
[INFO] [stdout] ---- src/app.rs - app::BeauxApp::close (line 27) stdout ----
[INFO] [stdout] error: expected identifier, found `...`
[INFO] [stdout]  --> src/app.rs:29:5
[INFO] [stdout]   |
[INFO] [stdout] 3 | struct App {
[INFO] [stdout]   |        --- while parsing this struct
[INFO] [stdout] 4 |     ...
[INFO] [stdout]   |     ^^^ expected identifier
[INFO] [stdout] 
[INFO] [stdout] error: unexpected token: `...`
[INFO] [stdout]  --> src/app.rs:33:24
[INFO] [stdout]   |
[INFO] [stdout] 8 |     fn init() -> Self {...}
[INFO] [stdout]   |                        ^^^
[INFO] [stdout]   |
[INFO] [stdout] help: use `..` for an exclusive range
[INFO] [stdout]   |
[INFO] [stdout] 8 |     fn init() -> Self {..}
[INFO] [stdout]   |                        ~~
[INFO] [stdout] help: or `..=` for an inclusive range
[INFO] [stdout]   |
[INFO] [stdout] 8 |     fn init() -> Self {..=}
[INFO] [stdout]   |                        ~~~
[INFO] [stdout] 
[INFO] [stdout] error[E0586]: inclusive range with no end
[INFO] [stdout]  --> src/app.rs:33:24
[INFO] [stdout]   |
[INFO] [stdout] 8 |     fn init() -> Self {...}
[INFO] [stdout]   |                        ^^^ help: use `..` instead
[INFO] [stdout]   |
[INFO] [stdout]   = note: inclusive ranges must be bounded at the end (`..=b` or `a..=b`)
[INFO] [stdout] 
[INFO] [stdout] error[E0615]: attempted to take value of method `closed` on type `&App`
[INFO] [stdout]  --> src/app.rs:34:37
[INFO] [stdout]   |
[INFO] [stdout] 9 |     fn closed(&self) -> bool { self.closed }
[INFO] [stdout]   |                                     ^^^^^^ method, not a field
[INFO] [stdout]   |
[INFO] [stdout] help: use parentheses to call the method
[INFO] [stdout]   |
[INFO] [stdout] 9 |     fn closed(&self) -> bool { self.closed() }
[INFO] [stdout]   |                                           ++
[INFO] [stdout] 
[INFO] [stdout] error[E0615]: attempted to take value of method `closed` on type `&mut App`
[INFO] [stdout]   --> src/app.rs:35:32
[INFO] [stdout]    |
[INFO] [stdout] 10 |     fn close(&mut self) { self.closed = true }
[INFO] [stdout]    |                                ^^^^^^ method, not a field
[INFO] [stdout]    |
[INFO] [stdout]    = help: methods are immutable and cannot be assigned to
[INFO] [stdout] 
[INFO] [stdout] error: aborting due to 5 previous errors
[INFO] [stdout] 
[INFO] [stdout] Some errors have detailed explanations: E0586, E0615.
[INFO] [stdout] For more information about an error, try `rustc --explain E0586`.
[INFO] [stdout] Couldn't compile the test.
[INFO] [stdout] ---- src/app.rs - app::BeauxApp::closed (line 12) stdout ----
[INFO] [stdout] error: expected identifier, found `...`
[INFO] [stdout]  --> src/app.rs:14:5
[INFO] [stdout]   |
[INFO] [stdout] 3 | struct App {
[INFO] [stdout]   |        --- while parsing this struct
[INFO] [stdout] 4 |     ...
[INFO] [stdout]   |     ^^^ expected identifier
[INFO] [stdout] 
[INFO] [stdout] error: unexpected token: `...`
[INFO] [stdout]  --> src/app.rs:18:24
[INFO] [stdout]   |
[INFO] [stdout] 8 |     fn init() -> Self {...}
[INFO] [stdout]   |                        ^^^
[INFO] [stdout]   |
[INFO] [stdout] help: use `..` for an exclusive range
[INFO] [stdout]   |
[INFO] [stdout] 8 |     fn init() -> Self {..}
[INFO] [stdout]   |                        ~~
[INFO] [stdout] help: or `..=` for an inclusive range
[INFO] [stdout]   |
[INFO] [stdout] 8 |     fn init() -> Self {..=}
[INFO] [stdout]   |                        ~~~
[INFO] [stdout] 
[INFO] [stdout] error[E0586]: inclusive range with no end
[INFO] [stdout]  --> src/app.rs:18:24
[INFO] [stdout]   |
[INFO] [stdout] 8 |     fn init() -> Self {...}
[INFO] [stdout]   |                        ^^^ help: use `..` instead
[INFO] [stdout]   |
[INFO] [stdout]   = note: inclusive ranges must be bounded at the end (`..=b` or `a..=b`)
[INFO] [stdout] 
[INFO] [stdout] error[E0615]: attempted to take value of method `closed` on type `&App`
[INFO] [stdout]  --> src/app.rs:19:37
[INFO] [stdout]   |
[INFO] [stdout] 9 |     fn closed(&self) -> bool { self.closed }
[INFO] [stdout]   |                                     ^^^^^^ method, not a field
[INFO] [stdout]   |
[INFO] [stdout] help: use parentheses to call the method
[INFO] [stdout]   |
[INFO] [stdout] 9 |     fn closed(&self) -> bool { self.closed() }
[INFO] [stdout]   |                                           ++
[INFO] [stdout] 
[INFO] [stdout] error[E0615]: attempted to take value of method `closed` on type `&mut App`
[INFO] [stdout]   --> src/app.rs:20:32
[INFO] [stdout]    |
[INFO] [stdout] 10 |     fn close(&mut self) { self.closed = true }
[INFO] [stdout]    |                                ^^^^^^ method, not a field
[INFO] [stdout]    |
[INFO] [stdout]    = help: methods are immutable and cannot be assigned to
[INFO] [stdout] 
[INFO] [stdout] error: aborting due to 5 previous errors
[INFO] [stdout] 
[INFO] [stdout] Some errors have detailed explanations: E0586, E0615.
[INFO] [stdout] For more information about an error, try `rustc --explain E0586`.
[INFO] [stdout] Couldn't compile the test.
[INFO] [stdout] ---- src/app.rs - app::BeauxApp::event (line 48) stdout ----
[INFO] [stdout] error: `self` parameter is only allowed in associated functions
[INFO] [stdout]  --> src/app.rs:49:10
[INFO] [stdout]   |
[INFO] [stdout] 3 | fn event(&mut self, event: Event, canvas: &mut Canvas2D) {
[INFO] [stdout]   |          ^^^^^^^^^ not semantically valid as function parameter
[INFO] [stdout]   |
[INFO] [stdout]   = note: associated functions are those in `impl` or `trait` definitions
[INFO] [stdout] 
[INFO] [stdout] error[E0412]: cannot find type `Event` in this scope
[INFO] [stdout]  --> src/app.rs:49:28
[INFO] [stdout]   |
[INFO] [stdout] 3 | fn event(&mut self, event: Event, canvas: &mut Canvas2D) {
[INFO] [stdout]   |                            ^^^^^ not found in this scope
[INFO] [stdout]   |
[INFO] [stdout] help: consider importing one of these items
[INFO] [stdout]   |
[INFO] [stdout] 2 + use beaux2d::event::Event;
[INFO] [stdout]   |
[INFO] [stdout] 2 + use sdl2::event::Event;
[INFO] [stdout]   |
[INFO] [stdout] 
[INFO] [stdout] error[E0412]: cannot find type `Canvas2D` in this scope
[INFO] [stdout]  --> src/app.rs:49:48
[INFO] [stdout]   |
[INFO] [stdout] 3 | fn event(&mut self, event: Event, canvas: &mut Canvas2D) {
[INFO] [stdout]   |                                                ^^^^^^^^ not found in this scope
[INFO] [stdout]   |
[INFO] [stdout] help: consider importing this struct
[INFO] [stdout]   |
[INFO] [stdout] 2 + use beaux2d::canvas::Canvas2D;
[INFO] [stdout]   |
[INFO] [stdout] 
[INFO] [stdout] error[E0433]: failed to resolve: use of undeclared type `Event`
[INFO] [stdout]  --> src/app.rs:51:9
[INFO] [stdout]   |
[INFO] [stdout] 5 |         Event::Quit { .. } => { self.close(); }
[INFO] [stdout]   |         ^^^^^ use of undeclared type `Event`
[INFO] [stdout]   |
[INFO] [stdout] help: consider importing one of these items
[INFO] [stdout]   |
[INFO] [stdout] 2 + use beaux2d::event::Event;
[INFO] [stdout]   |
[INFO] [stdout] 2 + use sdl2::event::Event;
[INFO] [stdout]   |
[INFO] [stdout] 
[INFO] [stdout] error: aborting due to 4 previous errors
[INFO] [stdout] 
[INFO] [stdout] Some errors have detailed explanations: E0412, E0433.
[INFO] [stdout] For more information about an error, try `rustc --explain E0412`.
[INFO] [stdout] Couldn't compile the test.
[INFO] [stdout] 
[INFO] [stdout] failures:
[INFO] [stdout]     src/app.rs - app::BeauxApp::close (line 27)
[INFO] [stdout]     src/app.rs - app::BeauxApp::closed (line 12)
[INFO] [stdout]     src/app.rs - app::BeauxApp::event (line 48)
[INFO] [stdout] 
[INFO] [stdout] test result: FAILED. 0 passed; 3 failed; 0 ignored; 0 measured; 0 filtered out; finished in 0.16s
[INFO] [stdout] 
[INFO] running `Command { std: "docker" "inspect" "f3369fa09b11dbdbf8dc4e67371f2462ff1c35a3a9293a659e00d95a6f8c07d8", kill_on_drop: false }`
[INFO] running `Command { std: "docker" "rm" "-f" "f3369fa09b11dbdbf8dc4e67371f2462ff1c35a3a9293a659e00d95a6f8c07d8", kill_on_drop: false }`
[INFO] [stdout] f3369fa09b11dbdbf8dc4e67371f2462ff1c35a3a9293a659e00d95a6f8c07d8
[INFO] testing beaux2d-0.2.2 against beta-2023-12-22 for beta-1.76-1
[INFO] extracting crate beaux2d 0.2.2 into /workspace/builds/worker-7-tc2/source
[INFO] validating manifest of crates.io crate beaux2d 0.2.2 on toolchain beta-2023-12-22
[INFO] running `Command { std: CARGO_HOME="/workspace/cargo-home" RUSTUP_HOME="/workspace/rustup-home" "/workspace/cargo-home/bin/cargo" "+beta-2023-12-22" "metadata" "--manifest-path" "Cargo.toml" "--no-deps", kill_on_drop: false }`
[INFO] started tweaking crates.io crate beaux2d 0.2.2
[INFO] finished tweaking crates.io crate beaux2d 0.2.2
[INFO] tweaked toml for crates.io crate beaux2d 0.2.2 written to /workspace/builds/worker-7-tc2/source/Cargo.toml
[INFO] running `Command { std: CARGO_HOME="/workspace/cargo-home" RUSTUP_HOME="/workspace/rustup-home" "/workspace/cargo-home/bin/cargo" "+beta-2023-12-22" "generate-lockfile" "--manifest-path" "Cargo.toml", kill_on_drop: false }`
[INFO] [stderr]     Updating crates.io index
[INFO] running `Command { std: CARGO_HOME="/workspace/cargo-home" RUSTUP_HOME="/workspace/rustup-home" "/workspace/cargo-home/bin/cargo" "+beta-2023-12-22" "fetch" "--manifest-path" "Cargo.toml", kill_on_drop: false }`
[INFO] running `Command { std: "docker" "create" "-v" "/var/lib/crater-agent-workspace/builds/worker-7-tc2/target:/opt/rustwide/target:rw,Z" "-v" "/var/lib/crater-agent-workspace/builds/worker-7-tc2/source:/opt/rustwide/workdir:ro,Z" "-v" "/var/lib/crater-agent-workspace/cargo-home:/opt/rustwide/cargo-home:ro,Z" "-v" "/var/lib/crater-agent-workspace/rustup-home:/opt/rustwide/rustup-home:ro,Z" "-e" "SOURCE_DIR=/opt/rustwide/workdir" "-e" "CARGO_TARGET_DIR=/opt/rustwide/target" "-e" "CARGO_HOME=/opt/rustwide/cargo-home" "-e" "RUSTUP_HOME=/opt/rustwide/rustup-home" "-w" "/opt/rustwide/workdir" "-m" "1610612736" "--user" "0:0" "--network" "none" "ghcr.io/rust-lang/crates-build-env/linux@sha256:2788e3201cd34a07e3172128adcd8b3090168a8e3bcc40d7c032b9dda1df7d1c" "/opt/rustwide/cargo-home/bin/cargo" "+beta-2023-12-22" "metadata" "--no-deps" "--format-version=1", kill_on_drop: false }`
[INFO] [stdout] 20001df7f510b1be0e58636524227885370bc48feccc5e49eb4aace03718c643
[INFO] running `Command { std: "docker" "start" "-a" "20001df7f510b1be0e58636524227885370bc48feccc5e49eb4aace03718c643", kill_on_drop: false }`
[INFO] running `Command { std: "docker" "inspect" "20001df7f510b1be0e58636524227885370bc48feccc5e49eb4aace03718c643", kill_on_drop: false }`
[INFO] running `Command { std: "docker" "rm" "-f" "20001df7f510b1be0e58636524227885370bc48feccc5e49eb4aace03718c643", kill_on_drop: false }`
[INFO] [stdout] 20001df7f510b1be0e58636524227885370bc48feccc5e49eb4aace03718c643
[INFO] running `Command { std: "docker" "create" "-v" "/var/lib/crater-agent-workspace/builds/worker-7-tc2/target:/opt/rustwide/target:rw,Z" "-v" "/var/lib/crater-agent-workspace/builds/worker-7-tc2/source:/opt/rustwide/workdir:ro,Z" "-v" "/var/lib/crater-agent-workspace/cargo-home:/opt/rustwide/cargo-home:ro,Z" "-v" "/var/lib/crater-agent-workspace/rustup-home:/opt/rustwide/rustup-home:ro,Z" "-e" "SOURCE_DIR=/opt/rustwide/workdir" "-e" "CARGO_TARGET_DIR=/opt/rustwide/target" "-e" "CARGO_INCREMENTAL=0" "-e" "RUST_BACKTRACE=full" "-e" "RUSTFLAGS=--cap-lints=warn" "-e" "RUSTDOCFLAGS=--cap-lints=warn" "-e" "CARGO_HOME=/opt/rustwide/cargo-home" "-e" "RUSTUP_HOME=/opt/rustwide/rustup-home" "-w" "/opt/rustwide/workdir" "-m" "1610612736" "--user" "0:0" "--network" "none" "ghcr.io/rust-lang/crates-build-env/linux@sha256:2788e3201cd34a07e3172128adcd8b3090168a8e3bcc40d7c032b9dda1df7d1c" "/opt/rustwide/cargo-home/bin/cargo" "+beta-2023-12-22" "build" "--frozen" "--message-format=json", kill_on_drop: false }`
[INFO] [stdout] 18b2ef99e2b1f72e3271a215d66d2beb1a2cccc37c624fa230b08f12ae128613
[INFO] running `Command { std: "docker" "start" "-a" "18b2ef99e2b1f72e3271a215d66d2beb1a2cccc37c624fa230b08f12ae128613", kill_on_drop: false }`
[INFO] [stderr]    Compiling cfg-if v1.0.0
[INFO] [stderr]    Compiling version-compare v0.1.1
[INFO] [stderr]    Compiling sdl2 v0.35.2
[INFO] [stderr]    Compiling bitflags v1.3.2
[INFO] [stderr]    Compiling sdl2-sys v0.35.2
[INFO] [stderr]    Compiling beaux2d v0.2.2 (/opt/rustwide/workdir)
[INFO] [stderr]     Finished dev [unoptimized + debuginfo] target(s) in 3.36s
[INFO] running `Command { std: "docker" "inspect" "18b2ef99e2b1f72e3271a215d66d2beb1a2cccc37c624fa230b08f12ae128613", kill_on_drop: false }`
[INFO] running `Command { std: "docker" "rm" "-f" "18b2ef99e2b1f72e3271a215d66d2beb1a2cccc37c624fa230b08f12ae128613", kill_on_drop: false }`
[INFO] [stdout] 18b2ef99e2b1f72e3271a215d66d2beb1a2cccc37c624fa230b08f12ae128613
[INFO] running `Command { std: "docker" "create" "-v" "/var/lib/crater-agent-workspace/builds/worker-7-tc2/target:/opt/rustwide/target:rw,Z" "-v" "/var/lib/crater-agent-workspace/builds/worker-7-tc2/source:/opt/rustwide/workdir:ro,Z" "-v" "/var/lib/crater-agent-workspace/cargo-home:/opt/rustwide/cargo-home:ro,Z" "-v" "/var/lib/crater-agent-workspace/rustup-home:/opt/rustwide/rustup-home:ro,Z" "-e" "SOURCE_DIR=/opt/rustwide/workdir" "-e" "CARGO_TARGET_DIR=/opt/rustwide/target" "-e" "CARGO_INCREMENTAL=0" "-e" "RUST_BACKTRACE=full" "-e" "RUSTFLAGS=--cap-lints=warn" "-e" "RUSTDOCFLAGS=--cap-lints=warn" "-e" "CARGO_HOME=/opt/rustwide/cargo-home" "-e" "RUSTUP_HOME=/opt/rustwide/rustup-home" "-w" "/opt/rustwide/workdir" "-m" "1610612736" "--user" "0:0" "--network" "none" "ghcr.io/rust-lang/crates-build-env/linux@sha256:2788e3201cd34a07e3172128adcd8b3090168a8e3bcc40d7c032b9dda1df7d1c" "/opt/rustwide/cargo-home/bin/cargo" "+beta-2023-12-22" "test" "--frozen" "--no-run" "--message-format=json", kill_on_drop: false }`
[INFO] [stdout] 9e211a5b7f2d49a7189634a317a57e75978fb23b03bbb2f7798c8845789f8a7a
[INFO] running `Command { std: "docker" "start" "-a" "9e211a5b7f2d49a7189634a317a57e75978fb23b03bbb2f7798c8845789f8a7a", kill_on_drop: false }`
[INFO] [stderr]    Compiling beaux2d v0.2.2 (/opt/rustwide/workdir)
[INFO] [stderr]     Finished test [unoptimized + debuginfo] target(s) in 0.40s
[INFO] running `Command { std: "docker" "inspect" "9e211a5b7f2d49a7189634a317a57e75978fb23b03bbb2f7798c8845789f8a7a", kill_on_drop: false }`
[INFO] running `Command { std: "docker" "rm" "-f" "9e211a5b7f2d49a7189634a317a57e75978fb23b03bbb2f7798c8845789f8a7a", kill_on_drop: false }`
[INFO] [stdout] 9e211a5b7f2d49a7189634a317a57e75978fb23b03bbb2f7798c8845789f8a7a
[INFO] running `Command { std: "docker" "create" "-v" "/var/lib/crater-agent-workspace/builds/worker-7-tc2/target:/opt/rustwide/target:rw,Z" "-v" "/var/lib/crater-agent-workspace/builds/worker-7-tc2/source:/opt/rustwide/workdir:ro,Z" "-v" "/var/lib/crater-agent-workspace/cargo-home:/opt/rustwide/cargo-home:ro,Z" "-v" "/var/lib/crater-agent-workspace/rustup-home:/opt/rustwide/rustup-home:ro,Z" "-e" "SOURCE_DIR=/opt/rustwide/workdir" "-e" "CARGO_TARGET_DIR=/opt/rustwide/target" "-e" "CARGO_INCREMENTAL=0" "-e" "RUST_BACKTRACE=full" "-e" "RUSTFLAGS=--cap-lints=warn" "-e" "RUSTDOCFLAGS=--cap-lints=warn" "-e" "CARGO_HOME=/opt/rustwide/cargo-home" "-e" "RUSTUP_HOME=/opt/rustwide/rustup-home" "-w" "/opt/rustwide/workdir" "-m" "1610612736" "--user" "0:0" "--network" "none" "ghcr.io/rust-lang/crates-build-env/linux@sha256:2788e3201cd34a07e3172128adcd8b3090168a8e3bcc40d7c032b9dda1df7d1c" "/opt/rustwide/cargo-home/bin/cargo" "+beta-2023-12-22" "test" "--frozen", kill_on_drop: false }`
[INFO] [stdout] 56c35759cbfb73a94f8d946d7320110d5909648c18629baa57208e8d83d3c60c
[INFO] running `Command { std: "docker" "start" "-a" "56c35759cbfb73a94f8d946d7320110d5909648c18629baa57208e8d83d3c60c", kill_on_drop: false }`
[INFO] [stderr]     Finished test [unoptimized + debuginfo] target(s) in 0.02s
[INFO] [stderr]      Running unittests src/lib.rs (/opt/rustwide/target/debug/deps/beaux2d-c82132fe3e12417f)
[INFO] [stderr]    Doc-tests beaux2d
[INFO] [stdout] 
[INFO] [stdout] running 0 tests
[INFO] [stdout] 
[INFO] [stdout] test result: ok. 0 passed; 0 failed; 0 ignored; 0 measured; 0 filtered out; finished in 0.00s
[INFO] [stdout] 
[INFO] [stdout] 
[INFO] [stdout] running 3 tests
[INFO] [stdout] test src/app.rs - app::BeauxApp::close (line 27) ... FAILED
[INFO] [stdout] test src/app.rs - app::BeauxApp::event (line 48) ... FAILED
[INFO] [stdout] test src/app.rs - app::BeauxApp::closed (line 12) ... FAILED
[INFO] [stdout] 
[INFO] [stdout] failures:
[INFO] [stdout] 
[INFO] [stdout] ---- src/app.rs - app::BeauxApp::close (line 27) stdout ----
[INFO] [stdout] error: expected identifier, found `...`
[INFO] [stdout]  --> src/app.rs:29:5
[INFO] [stdout]   |
[INFO] [stdout] 3 | struct App {
[INFO] [stdout]   |        --- while parsing this struct
[INFO] [stdout] 4 |     ...
[INFO] [stdout]   |     ^^^ expected identifier
[INFO] [stdout] 
[INFO] [stdout] error: unexpected token: `...`
[INFO] [stdout]  --> src/app.rs:33:24
[INFO] [stdout]   |
[INFO] [stdout] 8 |     fn init() -> Self {...}
[INFO] [stdout]   |                        ^^^
[INFO] [stdout]   |
[INFO] [stdout] help: use `..` for an exclusive range
[INFO] [stdout]   |
[INFO] [stdout] 8 |     fn init() -> Self {..}
[INFO] [stdout]   |                        ~~
[INFO] [stdout] help: or `..=` for an inclusive range
[INFO] [stdout]   |
[INFO] [stdout] 8 |     fn init() -> Self {..=}
[INFO] [stdout]   |                        ~~~
[INFO] [stdout] 
[INFO] [stdout] error[E0586]: inclusive range with no end
[INFO] [stdout]  --> src/app.rs:33:24
[INFO] [stdout]   |
[INFO] [stdout] 8 |     fn init() -> Self {...}
[INFO] [stdout]   |                        ^^^ help: use `..` instead
[INFO] [stdout]   |
[INFO] [stdout]   = note: inclusive ranges must be bounded at the end (`..=b` or `a..=b`)
[INFO] [stdout] 
[INFO] [stdout] error[E0615]: attempted to take value of method `closed` on type `&App`
[INFO] [stdout]  --> src/app.rs:34:37
[INFO] [stdout]   |
[INFO] [stdout] 9 |     fn closed(&self) -> bool { self.closed }
[INFO] [stdout]   |                                     ^^^^^^ method, not a field
[INFO] [stdout]   |
[INFO] [stdout] help: use parentheses to call the method
[INFO] [stdout]   |
[INFO] [stdout] 9 |     fn closed(&self) -> bool { self.closed() }
[INFO] [stdout]   |                                           ++
[INFO] [stdout] 
[INFO] [stdout] error[E0615]: attempted to take value of method `closed` on type `&mut App`
[INFO] [stdout]   --> src/app.rs:35:32
[INFO] [stdout]    |
[INFO] [stdout] 10 |     fn close(&mut self) { self.closed = true }
[INFO] [stdout]    |                                ^^^^^^ method, not a field
[INFO] [stdout]    |
[INFO] [stdout]    = help: methods are immutable and cannot be assigned to
[INFO] [stdout] 
[INFO] [stdout] error: aborting due to 5 previous errors
[INFO] [stdout] 
[INFO] [stdout] Some errors have detailed explanations: E0586, E0615.
[INFO] [stdout] For more information about an error, try `rustc --explain E0586`.
[INFO] [stdout] Couldn't compile the test.
[INFO] [stdout] ---- src/app.rs - app::BeauxApp::event (line 48) stdout ----
[INFO] [stdout] error: `self` parameter is only allowed in associated functions
[INFO] [stdout]  --> src/app.rs:49:10
[INFO] [stdout]   |
[INFO] [stdout] 3 | fn event(&mut self, event: Event, canvas: &mut Canvas2D) {
[INFO] [stdout]   |          ^^^^^^^^^ not semantically valid as function parameter
[INFO] [stdout]   |
[INFO] [stdout]   = note: associated functions are those in `impl` or `trait` definitions
[INFO] [stdout] 
[INFO] [stdout] error[E0412]: cannot find type `Event` in this scope
[INFO] [stdout]  --> src/app.rs:49:28
[INFO] [stdout]   |
[INFO] [stdout] 3 | fn event(&mut self, event: Event, canvas: &mut Canvas2D) {
[INFO] [stdout]   |                            ^^^^^ not found in this scope
[INFO] [stdout]   |
[INFO] [stdout] help: consider importing one of these items
[INFO] [stdout]   |
[INFO] [stdout] 2 + use beaux2d::event::Event;
[INFO] [stdout]   |
[INFO] [stdout] 2 + use sdl2::event::Event;
[INFO] [stdout]   |
[INFO] [stdout] 
[INFO] [stdout] error[E0412]: cannot find type `Canvas2D` in this scope
[INFO] [stdout]  --> src/app.rs:49:48
[INFO] [stdout]   |
[INFO] [stdout] 3 | fn event(&mut self, event: Event, canvas: &mut Canvas2D) {
[INFO] [stdout]   |                                                ^^^^^^^^ not found in this scope
[INFO] [stdout]   |
[INFO] [stdout] help: consider importing this struct
[INFO] [stdout]   |
[INFO] [stdout] 2 + use beaux2d::canvas::Canvas2D;
[INFO] [stdout]   |
[INFO] [stdout] 
[INFO] [stdout] error[E0433]: failed to resolve: use of undeclared type `Event`
[INFO] [stdout]  --> src/app.rs:51:9
[INFO] [stdout]   |
[INFO] [stdout] 5 |         Event::Quit { .. } => { self.close(); }
[INFO] [stdout]   |         ^^^^^ use of undeclared type `Event`
[INFO] [stdout]   |
[INFO] [stdout] help: consider importing one of these items
[INFO] [stdout]   |
[INFO] [stdout] 2 + use beaux2d::event::Event;
[INFO] [stdout]   |
[INFO] [stdout] 2 + use sdl2::event::Event;
[INFO] [stdout]   |
[INFO] [stdout] 
[INFO] [stdout] error: aborting due to 4 previous errors
[INFO] [stdout] 
[INFO] [stdout] Some errors have detailed explanations: E0412, E0433.
[INFO] [stdout] For more information about an error, try `rustc --explain E0412`.
[INFO] [stdout] Couldn't compile the test.
[INFO] [stdout] ---- src/app.rs - app::BeauxApp::closed (line 12) stdout ----
[INFO] [stdout] error: expected identifier, found `...`
[INFO] [stdout]  --> src/app.rs:14:5
[INFO] [stdout]   |
[INFO] [stdout] 3 | struct App {
[INFO] [stdout]   |        --- while parsing this struct
[INFO] [stdout] 4 |     ...
[INFO] [stdout]   |     ^^^ expected identifier
[INFO] [stdout] 
[INFO] [stdout] error: unexpected token: `...`
[INFO] [stdout]  --> src/app.rs:18:24
[INFO] [stdout]   |
[INFO] [stdout] 8 |     fn init() -> Self {...}
[INFO] [stdout]   |                        ^^^
[INFO] [stdout]   |
[INFO] [stdout] help: use `..` for an exclusive range
[INFO] [stdout]   |
[INFO] [stdout] 8 |     fn init() -> Self {..}
[INFO] [stdout]   |                        ~~
[INFO] [stdout] help: or `..=` for an inclusive range
[INFO] [stdout]   |
[INFO] [stdout] 8 |     fn init() -> Self {..=}
[INFO] [stdout]   |                        ~~~
[INFO] [stdout] 
[INFO] [stdout] error[E0586]: inclusive range with no end
[INFO] [stdout]  --> src/app.rs:18:24
[INFO] [stdout]   |
[INFO] [stdout] 8 |     fn init() -> Self {...}
[INFO] [stdout]   |                        ^^^ help: use `..` instead
[INFO] [stdout]   |
[INFO] [stdout]   = note: inclusive ranges must be bounded at the end (`..=b` or `a..=b`)
[INFO] [stdout] 
[INFO] [stdout] error[E0615]: attempted to take value of method `closed` on type `&App`
[INFO] [stdout]  --> src/app.rs:19:37
[INFO] [stderr] error: doctest failed, to rerun pass `--doc`
[INFO] [stdout]   |
[INFO] [stdout] 9 |     fn closed(&self) -> bool { self.closed }
[INFO] [stdout]   |                                     ^^^^^^ method, not a field
[INFO] [stdout]   |
[INFO] [stdout] help: use parentheses to call the method
[INFO] [stdout]   |
[INFO] [stdout] 9 |     fn closed(&self) -> bool { self.closed() }
[INFO] [stdout]   |                                           ++
[INFO] [stdout] 
[INFO] [stdout] error[E0615]: attempted to take value of method `closed` on type `&mut App`
[INFO] [stdout]   --> src/app.rs:20:32
[INFO] [stdout]    |
[INFO] [stdout] 10 |     fn close(&mut self) { self.closed = true }
[INFO] [stdout]    |                                ^^^^^^ method, not a field
[INFO] [stdout]    |
[INFO] [stdout]    = help: methods are immutable and cannot be assigned to
[INFO] [stdout] 
[INFO] [stdout] error: aborting due to 5 previous errors
[INFO] [stdout] 
[INFO] [stdout] Some errors have detailed explanations: E0586, E0615.
[INFO] [stdout] For more information about an error, try `rustc --explain E0586`.
[INFO] [stdout] Couldn't compile the test.
[INFO] [stdout] 
[INFO] [stdout] failures:
[INFO] [stdout]     src/app.rs - app::BeauxApp::close (line 27)
[INFO] [stdout]     src/app.rs - app::BeauxApp::closed (line 12)
[INFO] [stdout]     src/app.rs - app::BeauxApp::event (line 48)
[INFO] [stdout] 
[INFO] [stdout] test result: FAILED. 0 passed; 3 failed; 0 ignored; 0 measured; 0 filtered out; finished in 0.15s
[INFO] [stdout] 
[INFO] running `Command { std: "docker" "inspect" "56c35759cbfb73a94f8d946d7320110d5909648c18629baa57208e8d83d3c60c", kill_on_drop: false }`
[INFO] running `Command { std: "docker" "rm" "-f" "56c35759cbfb73a94f8d946d7320110d5909648c18629baa57208e8d83d3c60c", kill_on_drop: false }`
[INFO] [stdout] 56c35759cbfb73a94f8d946d7320110d5909648c18629baa57208e8d83d3c60c
