[INFO] fetching crate beatsabermaprs 0.1.0...
[INFO] testing beatsabermaprs-0.1.0 against 1.75.0 for beta-1.76-1
[INFO] extracting crate beatsabermaprs 0.1.0 into /workspace/builds/worker-1-tc1/source
[INFO] validating manifest of crates.io crate beatsabermaprs 0.1.0 on toolchain 1.75.0
[INFO] running `Command { std: CARGO_HOME="/workspace/cargo-home" RUSTUP_HOME="/workspace/rustup-home" "/workspace/cargo-home/bin/cargo" "+1.75.0" "metadata" "--manifest-path" "Cargo.toml" "--no-deps", kill_on_drop: false }`
[INFO] started tweaking crates.io crate beatsabermaprs 0.1.0
[INFO] finished tweaking crates.io crate beatsabermaprs 0.1.0
[INFO] tweaked toml for crates.io crate beatsabermaprs 0.1.0 written to /workspace/builds/worker-1-tc1/source/Cargo.toml
[INFO] running `Command { std: CARGO_HOME="/workspace/cargo-home" RUSTUP_HOME="/workspace/rustup-home" "/workspace/cargo-home/bin/cargo" "+1.75.0" "generate-lockfile" "--manifest-path" "Cargo.toml", kill_on_drop: false }`
[INFO] [stderr]     Updating crates.io index
[INFO] running `Command { std: CARGO_HOME="/workspace/cargo-home" RUSTUP_HOME="/workspace/rustup-home" "/workspace/cargo-home/bin/cargo" "+1.75.0" "fetch" "--manifest-path" "Cargo.toml", kill_on_drop: false }`
[INFO] running `Command { std: "docker" "create" "-v" "/var/lib/crater-agent-workspace/builds/worker-1-tc1/target:/opt/rustwide/target:rw,Z" "-v" "/var/lib/crater-agent-workspace/builds/worker-1-tc1/source:/opt/rustwide/workdir:ro,Z" "-v" "/var/lib/crater-agent-workspace/cargo-home:/opt/rustwide/cargo-home:ro,Z" "-v" "/var/lib/crater-agent-workspace/rustup-home:/opt/rustwide/rustup-home:ro,Z" "-e" "SOURCE_DIR=/opt/rustwide/workdir" "-e" "CARGO_TARGET_DIR=/opt/rustwide/target" "-e" "CARGO_HOME=/opt/rustwide/cargo-home" "-e" "RUSTUP_HOME=/opt/rustwide/rustup-home" "-w" "/opt/rustwide/workdir" "-m" "1610612736" "--user" "0:0" "--network" "none" "ghcr.io/rust-lang/crates-build-env/linux@sha256:2788e3201cd34a07e3172128adcd8b3090168a8e3bcc40d7c032b9dda1df7d1c" "/opt/rustwide/cargo-home/bin/cargo" "+1.75.0" "metadata" "--no-deps" "--format-version=1", kill_on_drop: false }`
[INFO] [stdout] 55898bf00c2c10a87773aa5031b76de695349a6a32dcb6c141c4dfd75060fcde
[INFO] running `Command { std: "docker" "start" "-a" "55898bf00c2c10a87773aa5031b76de695349a6a32dcb6c141c4dfd75060fcde", kill_on_drop: false }`
[INFO] running `Command { std: "docker" "inspect" "55898bf00c2c10a87773aa5031b76de695349a6a32dcb6c141c4dfd75060fcde", kill_on_drop: false }`
[INFO] running `Command { std: "docker" "rm" "-f" "55898bf00c2c10a87773aa5031b76de695349a6a32dcb6c141c4dfd75060fcde", kill_on_drop: false }`
[INFO] [stdout] 55898bf00c2c10a87773aa5031b76de695349a6a32dcb6c141c4dfd75060fcde
[INFO] running `Command { std: "docker" "create" "-v" "/var/lib/crater-agent-workspace/builds/worker-1-tc1/target:/opt/rustwide/target:rw,Z" "-v" "/var/lib/crater-agent-workspace/builds/worker-1-tc1/source:/opt/rustwide/workdir:ro,Z" "-v" "/var/lib/crater-agent-workspace/cargo-home:/opt/rustwide/cargo-home:ro,Z" "-v" "/var/lib/crater-agent-workspace/rustup-home:/opt/rustwide/rustup-home:ro,Z" "-e" "SOURCE_DIR=/opt/rustwide/workdir" "-e" "CARGO_TARGET_DIR=/opt/rustwide/target" "-e" "CARGO_INCREMENTAL=0" "-e" "RUST_BACKTRACE=full" "-e" "RUSTFLAGS=--cap-lints=warn" "-e" "RUSTDOCFLAGS=--cap-lints=warn" "-e" "CARGO_HOME=/opt/rustwide/cargo-home" "-e" "RUSTUP_HOME=/opt/rustwide/rustup-home" "-w" "/opt/rustwide/workdir" "-m" "1610612736" "--user" "0:0" "--network" "none" "ghcr.io/rust-lang/crates-build-env/linux@sha256:2788e3201cd34a07e3172128adcd8b3090168a8e3bcc40d7c032b9dda1df7d1c" "/opt/rustwide/cargo-home/bin/cargo" "+1.75.0" "build" "--frozen" "--message-format=json", kill_on_drop: false }`
[INFO] [stdout] f91490dc2ca367db60646bc11bd4e173589e4b0b7b66cd0fb7f2c7e3f85ffc1d
[INFO] running `Command { std: "docker" "start" "-a" "f91490dc2ca367db60646bc11bd4e173589e4b0b7b66cd0fb7f2c7e3f85ffc1d", kill_on_drop: false }`
[INFO] [stderr]    Compiling serde v1.0.194
[INFO] [stderr]    Compiling syn v2.0.48
[INFO] [stderr]    Compiling serde_derive v1.0.194
[INFO] [stderr]    Compiling thiserror-impl v1.0.56
[INFO] [stderr]    Compiling serde_repr v0.1.18
[INFO] [stderr]    Compiling thiserror v1.0.56
[INFO] [stderr]    Compiling serde_json v1.0.111
[INFO] [stderr]    Compiling beatsabermaprs v0.1.0 (/opt/rustwide/workdir)
[INFO] [stderr]     Finished dev [unoptimized + debuginfo] target(s) in 8.33s
[INFO] running `Command { std: "docker" "inspect" "f91490dc2ca367db60646bc11bd4e173589e4b0b7b66cd0fb7f2c7e3f85ffc1d", kill_on_drop: false }`
[INFO] running `Command { std: "docker" "rm" "-f" "f91490dc2ca367db60646bc11bd4e173589e4b0b7b66cd0fb7f2c7e3f85ffc1d", kill_on_drop: false }`
[INFO] [stdout] f91490dc2ca367db60646bc11bd4e173589e4b0b7b66cd0fb7f2c7e3f85ffc1d
[INFO] running `Command { std: "docker" "create" "-v" "/var/lib/crater-agent-workspace/builds/worker-1-tc1/target:/opt/rustwide/target:rw,Z" "-v" "/var/lib/crater-agent-workspace/builds/worker-1-tc1/source:/opt/rustwide/workdir:ro,Z" "-v" "/var/lib/crater-agent-workspace/cargo-home:/opt/rustwide/cargo-home:ro,Z" "-v" "/var/lib/crater-agent-workspace/rustup-home:/opt/rustwide/rustup-home:ro,Z" "-e" "SOURCE_DIR=/opt/rustwide/workdir" "-e" "CARGO_TARGET_DIR=/opt/rustwide/target" "-e" "CARGO_INCREMENTAL=0" "-e" "RUST_BACKTRACE=full" "-e" "RUSTFLAGS=--cap-lints=warn" "-e" "RUSTDOCFLAGS=--cap-lints=warn" "-e" "CARGO_HOME=/opt/rustwide/cargo-home" "-e" "RUSTUP_HOME=/opt/rustwide/rustup-home" "-w" "/opt/rustwide/workdir" "-m" "1610612736" "--user" "0:0" "--network" "none" "ghcr.io/rust-lang/crates-build-env/linux@sha256:2788e3201cd34a07e3172128adcd8b3090168a8e3bcc40d7c032b9dda1df7d1c" "/opt/rustwide/cargo-home/bin/cargo" "+1.75.0" "test" "--frozen" "--no-run" "--message-format=json", kill_on_drop: false }`
[INFO] [stdout] 24231f228f3661769de2790203543aaaa9f2fcc2c8e74932b83344bf823ea62a
[INFO] running `Command { std: "docker" "start" "-a" "24231f228f3661769de2790203543aaaa9f2fcc2c8e74932b83344bf823ea62a", kill_on_drop: false }`
[INFO] [stderr]    Compiling beatsabermaprs v0.1.0 (/opt/rustwide/workdir)
[INFO] [stderr]     Finished test [unoptimized + debuginfo] target(s) in 1.84s
[INFO] running `Command { std: "docker" "inspect" "24231f228f3661769de2790203543aaaa9f2fcc2c8e74932b83344bf823ea62a", kill_on_drop: false }`
[INFO] running `Command { std: "docker" "rm" "-f" "24231f228f3661769de2790203543aaaa9f2fcc2c8e74932b83344bf823ea62a", kill_on_drop: false }`
[INFO] [stdout] 24231f228f3661769de2790203543aaaa9f2fcc2c8e74932b83344bf823ea62a
[INFO] running `Command { std: "docker" "create" "-v" "/var/lib/crater-agent-workspace/builds/worker-1-tc1/target:/opt/rustwide/target:rw,Z" "-v" "/var/lib/crater-agent-workspace/builds/worker-1-tc1/source:/opt/rustwide/workdir:ro,Z" "-v" "/var/lib/crater-agent-workspace/cargo-home:/opt/rustwide/cargo-home:ro,Z" "-v" "/var/lib/crater-agent-workspace/rustup-home:/opt/rustwide/rustup-home:ro,Z" "-e" "SOURCE_DIR=/opt/rustwide/workdir" "-e" "CARGO_TARGET_DIR=/opt/rustwide/target" "-e" "CARGO_INCREMENTAL=0" "-e" "RUST_BACKTRACE=full" "-e" "RUSTFLAGS=--cap-lints=warn" "-e" "RUSTDOCFLAGS=--cap-lints=warn" "-e" "CARGO_HOME=/opt/rustwide/cargo-home" "-e" "RUSTUP_HOME=/opt/rustwide/rustup-home" "-w" "/opt/rustwide/workdir" "-m" "1610612736" "--user" "0:0" "--network" "none" "ghcr.io/rust-lang/crates-build-env/linux@sha256:2788e3201cd34a07e3172128adcd8b3090168a8e3bcc40d7c032b9dda1df7d1c" "/opt/rustwide/cargo-home/bin/cargo" "+1.75.0" "test" "--frozen", kill_on_drop: false }`
[INFO] [stdout] e9f00e424679ad4f5c6ac7d802e70bc5bbc62029645f1499758c2bc01a5e3007
[INFO] running `Command { std: "docker" "start" "-a" "e9f00e424679ad4f5c6ac7d802e70bc5bbc62029645f1499758c2bc01a5e3007", kill_on_drop: false }`
[INFO] [stderr]     Finished test [unoptimized + debuginfo] target(s) in 0.01s
[INFO] [stderr]      Running unittests src/lib.rs (/opt/rustwide/target/debug/deps/beatsabermaprs-91b13c0618595a14)
[INFO] [stdout] 
[INFO] [stdout] running 3 tests
[INFO] [stdout] test tests::reading_beatmap_v2 ... FAILED
[INFO] [stdout] test tests::reading_beatmap_v3 ... FAILED
[INFO] [stdout] test tests::reading_level ... FAILED
[INFO] [stdout] 
[INFO] [stdout] failures:
[INFO] [stdout] 
[INFO] [stdout] ---- tests::reading_beatmap_v2 stdout ----
[INFO] [stdout] Error: IOError(Os { code: 2, kind: NotFound, message: "No such file or directory" })
[INFO] [stdout] 
[INFO] [stdout] ---- tests::reading_beatmap_v3 stdout ----
[INFO] [stdout] Error: IOError(Os { code: 2, kind: NotFound, message: "No such file or directory" })
[INFO] [stdout] 
[INFO] [stdout] ---- tests::reading_level stdout ----
[INFO] [stdout] Error: IOError(Os { code: 2, kind: NotFound, message: "No such file or directory" })
[INFO] [stdout] 
[INFO] [stdout] 
[INFO] [stdout] failures:
[INFO] [stdout]     tests::reading_beatmap_v2
[INFO] [stdout]     tests::reading_beatmap_v3
[INFO] [stdout]     tests::reading_level
[INFO] [stdout] 
[INFO] [stdout] test result: FAILED. 0 passed; 3 failed; 0 ignored; 0 measured; 0 filtered out; finished in 0.00s
[INFO] [stdout] 
[INFO] [stderr] error: test failed, to rerun pass `--lib`
[INFO] running `Command { std: "docker" "inspect" "e9f00e424679ad4f5c6ac7d802e70bc5bbc62029645f1499758c2bc01a5e3007", kill_on_drop: false }`
[INFO] running `Command { std: "docker" "rm" "-f" "e9f00e424679ad4f5c6ac7d802e70bc5bbc62029645f1499758c2bc01a5e3007", kill_on_drop: false }`
[INFO] [stdout] e9f00e424679ad4f5c6ac7d802e70bc5bbc62029645f1499758c2bc01a5e3007
