[INFO] fetching crate beatrice 0.3.2...
[INFO] testing beatrice-0.3.2 against 1.75.0 for beta-1.76-1
[INFO] extracting crate beatrice 0.3.2 into /workspace/builds/worker-3-tc1/source
[INFO] validating manifest of crates.io crate beatrice 0.3.2 on toolchain 1.75.0
[INFO] running `Command { std: CARGO_HOME="/workspace/cargo-home" RUSTUP_HOME="/workspace/rustup-home" "/workspace/cargo-home/bin/cargo" "+1.75.0" "metadata" "--manifest-path" "Cargo.toml" "--no-deps", kill_on_drop: false }`
[INFO] started tweaking crates.io crate beatrice 0.3.2
[INFO] removed 0 missing examples
[INFO] finished tweaking crates.io crate beatrice 0.3.2
[INFO] tweaked toml for crates.io crate beatrice 0.3.2 written to /workspace/builds/worker-3-tc1/source/Cargo.toml
[INFO] crate crates.io crate beatrice 0.3.2 already has a lockfile, it will not be regenerated
[INFO] running `Command { std: CARGO_HOME="/workspace/cargo-home" RUSTUP_HOME="/workspace/rustup-home" "/workspace/cargo-home/bin/cargo" "+1.75.0" "fetch" "--manifest-path" "Cargo.toml", kill_on_drop: false }`
[INFO] [stderr]     Updating crates.io index
[INFO] [stderr]  Downloading crates ...
[INFO] [stderr]   Downloaded safe-regex-macro v0.2.5
[INFO] [stderr]   Downloaded safe-regex v0.2.5
[INFO] [stderr]   Downloaded safe-regex-compiler v0.2.5
[INFO] [stderr]   Downloaded temp-dir v0.1.11
[INFO] [stderr]   Downloaded include_dir v0.7.2
[INFO] [stderr]   Downloaded ryu v1.0.10
[INFO] [stderr]   Downloaded safe-quote v1.0.15
[INFO] [stderr]   Downloaded safe-proc-macro2 v1.0.36
[INFO] [stderr]   Downloaded syn v1.0.96
[INFO] [stderr]   Downloaded include_dir_macros v0.7.2
[INFO] [stderr]   Downloaded safina-threadpool v0.2.4
[INFO] [stderr]   Downloaded safina-executor v0.3.3
[INFO] [stderr]   Downloaded fixed-buffer v0.5.0
[INFO] [stderr]   Downloaded safina-sync v0.2.4
[INFO] [stderr]   Downloaded permit v0.1.4
[INFO] [stderr]   Downloaded temp-file v0.1.7
[INFO] [stderr]   Downloaded safina-timer v0.1.11
[INFO] running `Command { std: "docker" "create" "-v" "/var/lib/crater-agent-workspace/builds/worker-3-tc1/target:/opt/rustwide/target:rw,Z" "-v" "/var/lib/crater-agent-workspace/builds/worker-3-tc1/source:/opt/rustwide/workdir:ro,Z" "-v" "/var/lib/crater-agent-workspace/cargo-home:/opt/rustwide/cargo-home:ro,Z" "-v" "/var/lib/crater-agent-workspace/rustup-home:/opt/rustwide/rustup-home:ro,Z" "-e" "SOURCE_DIR=/opt/rustwide/workdir" "-e" "CARGO_TARGET_DIR=/opt/rustwide/target" "-e" "CARGO_HOME=/opt/rustwide/cargo-home" "-e" "RUSTUP_HOME=/opt/rustwide/rustup-home" "-w" "/opt/rustwide/workdir" "-m" "1610612736" "--user" "0:0" "--network" "none" "ghcr.io/rust-lang/crates-build-env/linux@sha256:2788e3201cd34a07e3172128adcd8b3090168a8e3bcc40d7c032b9dda1df7d1c" "/opt/rustwide/cargo-home/bin/cargo" "+1.75.0" "metadata" "--no-deps" "--format-version=1", kill_on_drop: false }`
[INFO] [stdout] c2ff6f905fd9ad61f1794521ef0699a8becfa9f07b61ee6c907692dadad2a383
[INFO] running `Command { std: "docker" "start" "-a" "c2ff6f905fd9ad61f1794521ef0699a8becfa9f07b61ee6c907692dadad2a383", kill_on_drop: false }`
[INFO] running `Command { std: "docker" "inspect" "c2ff6f905fd9ad61f1794521ef0699a8becfa9f07b61ee6c907692dadad2a383", kill_on_drop: false }`
[INFO] running `Command { std: "docker" "rm" "-f" "c2ff6f905fd9ad61f1794521ef0699a8becfa9f07b61ee6c907692dadad2a383", kill_on_drop: false }`
[INFO] [stdout] c2ff6f905fd9ad61f1794521ef0699a8becfa9f07b61ee6c907692dadad2a383
[INFO] running `Command { std: "docker" "create" "-v" "/var/lib/crater-agent-workspace/builds/worker-3-tc1/target:/opt/rustwide/target:rw,Z" "-v" "/var/lib/crater-agent-workspace/builds/worker-3-tc1/source:/opt/rustwide/workdir:ro,Z" "-v" "/var/lib/crater-agent-workspace/cargo-home:/opt/rustwide/cargo-home:ro,Z" "-v" "/var/lib/crater-agent-workspace/rustup-home:/opt/rustwide/rustup-home:ro,Z" "-e" "SOURCE_DIR=/opt/rustwide/workdir" "-e" "CARGO_TARGET_DIR=/opt/rustwide/target" "-e" "CARGO_INCREMENTAL=0" "-e" "RUST_BACKTRACE=full" "-e" "RUSTFLAGS=--cap-lints=warn" "-e" "RUSTDOCFLAGS=--cap-lints=warn" "-e" "CARGO_HOME=/opt/rustwide/cargo-home" "-e" "RUSTUP_HOME=/opt/rustwide/rustup-home" "-w" "/opt/rustwide/workdir" "-m" "1610612736" "--user" "0:0" "--network" "none" "ghcr.io/rust-lang/crates-build-env/linux@sha256:2788e3201cd34a07e3172128adcd8b3090168a8e3bcc40d7c032b9dda1df7d1c" "/opt/rustwide/cargo-home/bin/cargo" "+1.75.0" "build" "--frozen" "--message-format=json", kill_on_drop: false }`
[INFO] [stdout] bf0c0dabf3a112829c8f38c79363d4e82e7e9d0a322a187a3b4a518e65a6072f
[INFO] running `Command { std: "docker" "start" "-a" "bf0c0dabf3a112829c8f38c79363d4e82e7e9d0a322a187a3b4a518e65a6072f", kill_on_drop: false }`
[INFO] [stderr]    Compiling futures-core v0.3.21
[INFO] [stderr]    Compiling cache-padded v1.2.0
[INFO] [stderr]    Compiling futures-io v0.3.21
[INFO] [stderr]    Compiling libc v0.2.126
[INFO] [stderr]    Compiling safe-proc-macro2 v1.0.36
[INFO] [stderr]    Compiling log v0.4.17
[INFO] [stderr]    Compiling parking v2.0.0
[INFO] [stderr]    Compiling unicode-xid v0.2.3
[INFO] [stderr]    Compiling event-listener v2.5.2
[INFO] [stderr]    Compiling fastrand v1.7.0
[INFO] [stderr]    Compiling pin-project-lite v0.2.9
[INFO] [stderr]    Compiling once_cell v1.12.0
[INFO] [stderr]    Compiling waker-fn v1.1.0
[INFO] [stderr]    Compiling tinyvec_macros v0.1.0
[INFO] [stderr]    Compiling matches v0.1.9
[INFO] [stderr]    Compiling atomic-waker v1.0.0
[INFO] [stderr]    Compiling concurrent-queue v1.2.2
[INFO] [stderr]    Compiling tinyvec v1.6.0
[INFO] [stderr]    Compiling async-task v4.2.0
[INFO] [stderr]    Compiling unicode-bidi v0.3.8
[INFO] [stderr]    Compiling slab v0.4.6
[INFO] [stderr]    Compiling percent-encoding v2.1.0
[INFO] [stderr]    Compiling async-lock v2.5.0
[INFO] [stderr]    Compiling safina-threadpool v0.2.4
[INFO] [stderr]    Compiling form_urlencoded v1.0.1
[INFO] [stderr]    Compiling safina-sync v0.2.4
[INFO] [stderr]    Compiling safina-timer v0.1.11
[INFO] [stderr]    Compiling fixed-buffer v0.5.0
[INFO] [stderr]    Compiling temp-dir v0.1.11
[INFO] [stderr]    Compiling safina-executor v0.3.3
[INFO] [stderr]    Compiling permit v0.1.4
[INFO] [stderr]    Compiling futures-lite v1.12.0
[INFO] [stderr]    Compiling async-channel v1.6.1
[INFO] [stderr]    Compiling temp-file v0.1.7
[INFO] [stderr]    Compiling safe-quote v1.0.15
[INFO] [stderr]    Compiling unicode-normalization v0.1.19
[INFO] [stderr]    Compiling safe-regex-compiler v0.2.5
[INFO] [stderr]    Compiling polling v2.2.0
[INFO] [stderr]    Compiling socket2 v0.4.4
[INFO] [stderr]    Compiling blocking v1.2.0
[INFO] [stderr]    Compiling async-fs v1.5.0
[INFO] [stderr]    Compiling async-io v1.7.0
[INFO] [stderr]    Compiling safe-regex-macro v0.2.5
[INFO] [stderr]    Compiling idna v0.2.3
[INFO] [stderr]    Compiling async-net v1.6.1
[INFO] [stderr]    Compiling safe-regex v0.2.5
[INFO] [stderr]    Compiling url v2.2.2
[INFO] [stderr]    Compiling beatrice v0.3.2 (/opt/rustwide/workdir)
[INFO] [stderr]     Finished dev [unoptimized + debuginfo] target(s) in 2.73s
[INFO] running `Command { std: "docker" "inspect" "bf0c0dabf3a112829c8f38c79363d4e82e7e9d0a322a187a3b4a518e65a6072f", kill_on_drop: false }`
[INFO] running `Command { std: "docker" "rm" "-f" "bf0c0dabf3a112829c8f38c79363d4e82e7e9d0a322a187a3b4a518e65a6072f", kill_on_drop: false }`
[INFO] [stdout] bf0c0dabf3a112829c8f38c79363d4e82e7e9d0a322a187a3b4a518e65a6072f
[INFO] running `Command { std: "docker" "create" "-v" "/var/lib/crater-agent-workspace/builds/worker-3-tc1/target:/opt/rustwide/target:rw,Z" "-v" "/var/lib/crater-agent-workspace/builds/worker-3-tc1/source:/opt/rustwide/workdir:ro,Z" "-v" "/var/lib/crater-agent-workspace/cargo-home:/opt/rustwide/cargo-home:ro,Z" "-v" "/var/lib/crater-agent-workspace/rustup-home:/opt/rustwide/rustup-home:ro,Z" "-e" "SOURCE_DIR=/opt/rustwide/workdir" "-e" "CARGO_TARGET_DIR=/opt/rustwide/target" "-e" "CARGO_INCREMENTAL=0" "-e" "RUST_BACKTRACE=full" "-e" "RUSTFLAGS=--cap-lints=warn" "-e" "RUSTDOCFLAGS=--cap-lints=warn" "-e" "CARGO_HOME=/opt/rustwide/cargo-home" "-e" "RUSTUP_HOME=/opt/rustwide/rustup-home" "-w" "/opt/rustwide/workdir" "-m" "1610612736" "--user" "0:0" "--network" "none" "ghcr.io/rust-lang/crates-build-env/linux@sha256:2788e3201cd34a07e3172128adcd8b3090168a8e3bcc40d7c032b9dda1df7d1c" "/opt/rustwide/cargo-home/bin/cargo" "+1.75.0" "test" "--frozen" "--no-run" "--message-format=json", kill_on_drop: false }`
[INFO] [stdout] 2dd9a5d9cdf344188eb13d49f36bc28d1d29707952d49bd05bf3ecdee280934b
[INFO] running `Command { std: "docker" "start" "-a" "2dd9a5d9cdf344188eb13d49f36bc28d1d29707952d49bd05bf3ecdee280934b", kill_on_drop: false }`
[INFO] [stderr]    Compiling beatrice v0.3.2 (/opt/rustwide/workdir)
[INFO] [stderr]     Finished test [unoptimized + debuginfo] target(s) in 3.24s
[INFO] running `Command { std: "docker" "inspect" "2dd9a5d9cdf344188eb13d49f36bc28d1d29707952d49bd05bf3ecdee280934b", kill_on_drop: false }`
[INFO] running `Command { std: "docker" "rm" "-f" "2dd9a5d9cdf344188eb13d49f36bc28d1d29707952d49bd05bf3ecdee280934b", kill_on_drop: false }`
[INFO] [stdout] 2dd9a5d9cdf344188eb13d49f36bc28d1d29707952d49bd05bf3ecdee280934b
[INFO] running `Command { std: "docker" "create" "-v" "/var/lib/crater-agent-workspace/builds/worker-3-tc1/target:/opt/rustwide/target:rw,Z" "-v" "/var/lib/crater-agent-workspace/builds/worker-3-tc1/source:/opt/rustwide/workdir:ro,Z" "-v" "/var/lib/crater-agent-workspace/cargo-home:/opt/rustwide/cargo-home:ro,Z" "-v" "/var/lib/crater-agent-workspace/rustup-home:/opt/rustwide/rustup-home:ro,Z" "-e" "SOURCE_DIR=/opt/rustwide/workdir" "-e" "CARGO_TARGET_DIR=/opt/rustwide/target" "-e" "CARGO_INCREMENTAL=0" "-e" "RUST_BACKTRACE=full" "-e" "RUSTFLAGS=--cap-lints=warn" "-e" "RUSTDOCFLAGS=--cap-lints=warn" "-e" "CARGO_HOME=/opt/rustwide/cargo-home" "-e" "RUSTUP_HOME=/opt/rustwide/rustup-home" "-w" "/opt/rustwide/workdir" "-m" "1610612736" "--user" "0:0" "--network" "none" "ghcr.io/rust-lang/crates-build-env/linux@sha256:2788e3201cd34a07e3172128adcd8b3090168a8e3bcc40d7c032b9dda1df7d1c" "/opt/rustwide/cargo-home/bin/cargo" "+1.75.0" "test" "--frozen", kill_on_drop: false }`
[INFO] [stdout] 279dd668204e06fcdf3a10b53bb7df83548781881935ac92c6f771553ea26389
[INFO] running `Command { std: "docker" "start" "-a" "279dd668204e06fcdf3a10b53bb7df83548781881935ac92c6f771553ea26389", kill_on_drop: false }`
[INFO] [stderr]     Finished test [unoptimized + debuginfo] target(s) in 0.03s
[INFO] [stderr]      Running unittests src/lib.rs (/opt/rustwide/target/debug/deps/beatrice-d7ff3b6c7df3ad5b)
[INFO] [stdout] 
[INFO] [stdout] running 0 tests
[INFO] [stdout] 
[INFO] [stdout] test result: ok. 0 passed; 0 failed; 0 ignored; 0 measured; 0 filtered out; finished in 0.00s
[INFO] [stdout] 
[INFO] [stderr]      Running tests/cookie.rs (/opt/rustwide/target/debug/deps/cookie-d113bf62dab3ed24)
[INFO] [stdout] 
[INFO] [stdout] running 10 tests
[INFO] [stdout] test with_domain ... ok
[INFO] [stdout] test new ... ok
[INFO] [stdout] test with_max_age ... ok
[INFO] [stdout] test empty_value ... ok
[INFO] [stdout] test with_http_only_true ... ok
[INFO] [stdout] test with_expires ... ok
[INFO] [stdout] test with_path ... ok
[INFO] [stdout] test with_same_site ... ok
[INFO] [stdout] test with_secure ... ok
[INFO] [stdout] test empty_name_should_panic - should panic ... ok
[INFO] [stdout] 
[INFO] [stdout] test result: ok. 10 passed; 0 failed; 0 ignored; 0 measured; 0 filtered out; finished in 0.04s
[INFO] [stdout] 
[INFO] [stderr]      Running tests/event.rs (/opt/rustwide/target/debug/deps/event-a4cdf07c8dc75633)
[INFO] [stdout] 
[INFO] [stdout] running 4 tests
[INFO] [stdout] test single_message ... ok
[INFO] [stdout] test already_closed ... ok
[INFO] [stdout] test empty ... ok
[INFO] [stdout] test multiple_messages ... ok
[INFO] [stdout] 
[INFO] [stdout] test result: ok. 4 passed; 0 failed; 0 ignored; 0 measured; 0 filtered out; finished in 0.42s
[INFO] [stdout] 
[INFO] [stderr]      Running tests/handler.rs (/opt/rustwide/target/debug/deps/handler-03daca0b6307c41e)
[INFO] [stdout] 
[INFO] [stdout] running 29 tests
[INFO] [stdout] test duplicate_content_type_header ... ok
[INFO] [stdout] test empty ... ok
[INFO] [stdout] test duplicate_content_length_header ... ok
[INFO] [stdout] test body_not_pending ... ok
[INFO] [stdout] test chunked_not_supported ... ok
[INFO] [stdout] test chunked_not_last ... ok
[INFO] [stdout] test return_drop ... ok
[INFO] [stdout] test fast_reply ... ok
[INFO] [stdout] test content_length_zero ... ok
[INFO] [stdout] test unsupported_transfer_encoding ... ok
[INFO] [stdout] test text ... ok
[INFO] [stdout] test method_not_allowed_405 ... ok
[INFO] [stdout] test with_duplicate_header ... ok
[INFO] [stdout] test with_body ... ok
[INFO] [stdout] test get_body_then_drop ... ok
[INFO] [stdout] test with_duplicate_header_different_case ... ok
[INFO] [stdout] test with_header ... ok
[INFO] [stdout] test unknown_code ... ok
[INFO] [stdout] test with_status ... ok
[INFO] [stdout] test already_got_body ... ok
[INFO] [stdout] test with_type ... ok
[INFO] [stdout] test with_type_and_body ... ok
[INFO] [stdout] test panics ... ok
[INFO] [stdout] test error_writing_body_file ... ok
[INFO] [stdout] test client_incomplete_read ... ok
[INFO] [stdout] test slow_reply ... ok
[INFO] [stdout] test error_reading_body_file ... ok
[INFO] [stdout] test expect_100_continue ... ok
[INFO] [stdout] test get_body ... ok
[INFO] [stdout] 
[INFO] [stdout] test result: ok. 29 passed; 0 failed; 0 ignored; 0 measured; 0 filtered out; finished in 0.57s
[INFO] [stdout] 
[INFO] [stderr]      Running tests/head.rs (/opt/rustwide/target/debug/deps/head-980fd7315a7bd88a)
[INFO] [stdout] 
[INFO] [stdout] running 14 tests
[INFO] [stdout] test head_try_read_reads ... ok
[INFO] [stdout] test head_derive ... ok
[INFO] [stdout] test head_try_read_headers ... ok
[INFO] [stdout] test try_read_method ... ok
[INFO] [stdout] test try_read_proto ... ok
[INFO] [stdout] test try_read_request_line ... ok
[INFO] [stdout] test try_read_url ... ok
[INFO] [stdout] test read_http_head_error ... ok
[INFO] [stdout] test read_http_head_too_long ... ok
[INFO] [stdout] test read_http_head_truncated ... ok
[INFO] [stdout] test read_http_head_ok ... ok
[INFO] [stdout] test read_http_head_subsequent ... ok
[INFO] [stdout] test request_line ... ok
[INFO] [stdout] test read_http_head_multiple_writes ... ok
[INFO] [stdout] 
[INFO] [stdout] test result: ok. 14 passed; 0 failed; 0 ignored; 0 measured; 0 filtered out; finished in 0.11s
[INFO] [stdout] 
[INFO] [stderr]      Running tests/http_conn.rs (/opt/rustwide/target/debug/deps/http_conn-9a35e892aaa04730)
[INFO] [stdout] 
[INFO] [stdout] running 4 tests
[INFO] [stdout] test handle_http_conn_shutdown ... ok
[INFO] [stdout] test handle_http_conn_ok ... ok
[INFO] [stdout] test handle_http_conn_upload ... ok
[INFO] [stdout] test handle_http_conn_upload_large ... ok
[INFO] [stdout] 
[INFO] [stdout] test result: ok. 4 passed; 0 failed; 0 ignored; 0 measured; 0 filtered out; finished in 3.03s
[INFO] [stdout] 
[INFO] [stderr]      Running tests/json.rs (/opt/rustwide/target/debug/deps/json-7d9f1a8af7c36c75)
[INFO] [stdout] 
[INFO] [stdout] running 0 tests
[INFO] [stdout] 
[INFO] [stdout] test result: ok. 0 passed; 0 failed; 0 ignored; 0 measured; 0 filtered out; finished in 0.00s
[INFO] [stdout] 
[INFO] [stderr]      Running tests/request.rs (/opt/rustwide/target/debug/deps/request-1163cf1a9d65b791)
[INFO] [stdout] 
[INFO] [stdout] running 8 tests
[INFO] [stdout] test head ... ok
[INFO] [stdout] test method ... ok
[INFO] [stdout] test expect_continue ... ok
[INFO] [stdout] test content_type ... ok
[INFO] [stdout] test content_length ... ok
[INFO] [stdout] test transfer_encoding ... ok
[INFO] [stdout] test read_http_request_ok ... ok
[INFO] [stdout] test read_http_request_multiple_writes ... ok
[INFO] [stdout] 
[INFO] [stdout] test result: ok. 8 passed; 0 failed; 0 ignored; 0 measured; 0 filtered out; finished in 0.11s
[INFO] [stdout] 
[INFO] [stderr]      Running tests/request_cookies.rs (/opt/rustwide/target/debug/deps/request_cookies-4637c826dbe97d0e)
[INFO] [stdout] 
[INFO] [stdout] running 1 test
[INFO] [stdout] test cookie_header ... ok
[INFO] [stdout] 
[INFO] [stdout] test result: ok. 1 passed; 0 failed; 0 ignored; 0 measured; 0 filtered out; finished in 0.01s
[INFO] [stdout] 
[INFO] [stderr]      Running tests/server.rs (/opt/rustwide/target/debug/deps/server-6bd6ec10482d2983)
[INFO] [stdout] 
[INFO] [stdout] running 1 test
[INFO] [stdout] test server_quick_shutdown ... ok
[INFO] [stdout] 
[INFO] [stdout] test result: ok. 1 passed; 0 failed; 0 ignored; 0 measured; 0 filtered out; finished in 0.10s
[INFO] [stdout] 
[INFO] [stderr]      Running tests/test_util.rs (/opt/rustwide/target/debug/deps/test_util-0ff3e9d583034b49)
[INFO] [stdout] 
[INFO] [stdout] running 0 tests
[INFO] [stdout] 
[INFO] [stdout] test result: ok. 0 passed; 0 failed; 0 ignored; 0 measured; 0 filtered out; finished in 0.00s
[INFO] [stdout] 
[INFO] [stderr]      Running tests/time.rs (/opt/rustwide/target/debug/deps/time-28ee4db465249393)
[INFO] [stdout] 
[INFO] [stdout] running 3 tests
[INFO] [stdout] test date_time_add ... ok
[INFO] [stdout] test test_iso8601_utc ... ok
[INFO] [stdout] test date_time_new ... ok
[INFO] [stdout] 
[INFO] [stdout] test result: ok. 3 passed; 0 failed; 0 ignored; 0 measured; 0 filtered out; finished in 0.04s
[INFO] [stdout] 
[INFO] [stderr]      Running tests/urlencoded.rs (/opt/rustwide/target/debug/deps/urlencoded-f082b267058db4a0)
[INFO] [stdout] 
[INFO] [stdout] running 0 tests
[INFO] [stdout] 
[INFO] [stdout] test result: ok. 0 passed; 0 failed; 0 ignored; 0 measured; 0 filtered out; finished in 0.00s
[INFO] [stdout] 
[INFO] [stderr]      Running tests/with_set_cookie.rs (/opt/rustwide/target/debug/deps/with_set_cookie-fbe6096dbac1e04e)
[INFO] [stdout] 
[INFO] [stdout] running 5 tests
[INFO] [stdout] test empty ... ok
[INFO] [stdout] test one ... ok
[INFO] [stdout] test two ... ok
[INFO] [stdout] test duplicate ... ok
[INFO] [stdout] test empty_name ... ok
[INFO] [stdout] 
[INFO] [stdout] test result: ok. 5 passed; 0 failed; 0 ignored; 0 measured; 0 filtered out; finished in 0.02s
[INFO] [stdout] 
[INFO] [stderr]    Doc-tests beatrice
[INFO] [stdout] 
[INFO] [stdout] running 6 tests
[INFO] [stdout] test src/lib.rs - (line 42) ... FAILED
[INFO] [stdout] test src/response.rs - response::Response::with_header (line 230) ... ok
[INFO] [stdout] test src/util.rs - util::escape_ascii (line 124) ... ok
[INFO] [stdout] test src/ascii_string.rs - ascii_string::AsciiString (line 16) ... ok
[INFO] [stdout] test src/lib.rs - HttpServerBuilder::permit (line 336) ... ok
[INFO] [stdout] test src/lib.rs - HttpServerBuilder::receive_large_bodies (line 281) ... ok
[INFO] [stdout] 
[INFO] [stdout] failures:
[INFO] [stdout] 
[INFO] [stdout] ---- src/lib.rs - (line 42) stdout ----
[INFO] [stdout] error[E0432]: unresolved import `serde`
[INFO] [stdout]   --> src/lib.rs:52:5
[INFO] [stdout]    |
[INFO] [stdout] 13 | use serde::Deserialize;
[INFO] [stdout]    |     ^^^^^ use of undeclared crate or module `serde`
[INFO] [stdout] 
[INFO] [stdout] error[E0432]: unresolved import `serde_json`
[INFO] [stdout]   --> src/lib.rs:53:5
[INFO] [stdout]    |
[INFO] [stdout] 14 | use serde_json::json;
[INFO] [stdout]    |     ^^^^^^^^^^ use of undeclared crate or module `serde_json`
[INFO] [stdout] 
[INFO] [stdout] error: cannot determine resolution for the macro `json`
[INFO] [stdout]   --> src/lib.rs:65:28
[INFO] [stdout]    |
[INFO] [stdout] 26 |     Ok(Response::json(200, json!({"message": format!("Hello, {}!", input.name)}))
[INFO] [stdout]    |                            ^^^^
[INFO] [stdout]    |
[INFO] [stdout]    = note: import resolution is stuck, try simplifying macro imports
[INFO] [stdout] 
[INFO] [stdout] error: cannot determine resolution for the derive macro `Deserialize`
[INFO] [stdout]   --> src/lib.rs:60:14
[INFO] [stdout]    |
[INFO] [stdout] 21 |     #[derive(Deserialize)]
[INFO] [stdout]    |              ^^^^^^^^^^^
[INFO] [stdout]    |
[INFO] [stdout]    = note: import resolution is stuck, try simplifying macro imports
[INFO] [stdout] 
[INFO] [stdout] error[E0599]: no method named `json` found for reference `&beatrice::Request` in the current scope
[INFO] [stdout]   --> src/lib.rs:64:28
[INFO] [stdout]    |
[INFO] [stdout] 25 |     let input: Input = req.json()?;
[INFO] [stdout]    |                            ^^^^ method not found in `&Request`
[INFO] [stdout] 
[INFO] [stdout] error[E0599]: no function or associated item named `json` found for struct `beatrice::Response` in the current scope
[INFO] [stdout]    --> src/lib.rs:65:18
[INFO] [stdout]     |
[INFO] [stdout] 26  |     Ok(Response::json(200, json!({"message": format!("Hello, {}!", input.name)}))
[INFO] [stdout]     |                  ^^^^ function or associated item not found in `Response`
[INFO] [stdout]     |
[INFO] [stdout] note: if you're trying to build a new `beatrice::Response` consider using one of the following associated functions:
[INFO] [stdout]       beatrice::Response::new
[INFO] [stdout]       beatrice::Response::drop_connection
[INFO] [stdout]       beatrice::Response::get_body_and_reprocess
[INFO] [stdout]       beatrice::Response::html
[INFO] [stdout]       and 6 others
[INFO] [stdout]    --> /opt/rustwide/workdir/src/response.rs:35:5
[INFO] [stdout]     |
[INFO] [stdout] 35  |     pub fn new(code: u16) -> Self {
[INFO] [stdout]     |     ^^^^^^^^^^^^^^^^^^^^^^^^^^^^^
[INFO] [stdout] ...
[INFO] [stdout] 47  |     pub fn drop_connection() -> Self {
[INFO] [stdout]     |     ^^^^^^^^^^^^^^^^^^^^^^^^^^^^^^^^
[INFO] [stdout] ...
[INFO] [stdout] 62  |     pub fn get_body_and_reprocess(max_len: u64) -> Self {
[INFO] [stdout]     |     ^^^^^^^^^^^^^^^^^^^^^^^^^^^^^^^^^^^^^^^^^^^^^^^^^^^
[INFO] [stdout] ...
[INFO] [stdout] 110 |     pub fn html(code: u16, body: impl Into<ResponseBody>) -> Self {
[INFO] [stdout]     |     ^^^^^^^^^^^^^^^^^^^^^^^^^^^^^^^^^^^^^^^^^^^^^^^^^^^^^^^^^^^^^
[INFO] [stdout] 
[INFO] [stdout] error: aborting due to 6 previous errors
[INFO] [stdout] 
[INFO] [stdout] Some errors have detailed explanations: E0432, E0599.
[INFO] [stdout] For more information about an error, try `rustc --explain E0432`.
[INFO] [stdout] Couldn't compile the test.
[INFO] [stdout] 
[INFO] [stdout] failures:
[INFO] [stdout]     src/lib.rs - (line 42)
[INFO] [stdout] 
[INFO] [stdout] test result: FAILED. 5 passed; 1 failed; 0 ignored; 0 measured; 0 filtered out; finished in 1.21s
[INFO] [stdout] 
[INFO] [stderr] error: doctest failed, to rerun pass `--doc`
[INFO] running `Command { std: "docker" "inspect" "279dd668204e06fcdf3a10b53bb7df83548781881935ac92c6f771553ea26389", kill_on_drop: false }`
[INFO] running `Command { std: "docker" "rm" "-f" "279dd668204e06fcdf3a10b53bb7df83548781881935ac92c6f771553ea26389", kill_on_drop: false }`
[INFO] [stdout] 279dd668204e06fcdf3a10b53bb7df83548781881935ac92c6f771553ea26389
[INFO] testing beatrice-0.3.2 against beta-2023-12-22 for beta-1.76-1
[INFO] extracting crate beatrice 0.3.2 into /workspace/builds/worker-3-tc2/source
[INFO] validating manifest of crates.io crate beatrice 0.3.2 on toolchain beta-2023-12-22
[INFO] running `Command { std: CARGO_HOME="/workspace/cargo-home" RUSTUP_HOME="/workspace/rustup-home" "/workspace/cargo-home/bin/cargo" "+beta-2023-12-22" "metadata" "--manifest-path" "Cargo.toml" "--no-deps", kill_on_drop: false }`
[INFO] started tweaking crates.io crate beatrice 0.3.2
[INFO] removed 0 missing examples
[INFO] finished tweaking crates.io crate beatrice 0.3.2
[INFO] tweaked toml for crates.io crate beatrice 0.3.2 written to /workspace/builds/worker-3-tc2/source/Cargo.toml
[INFO] crate crates.io crate beatrice 0.3.2 already has a lockfile, it will not be regenerated
[INFO] running `Command { std: CARGO_HOME="/workspace/cargo-home" RUSTUP_HOME="/workspace/rustup-home" "/workspace/cargo-home/bin/cargo" "+beta-2023-12-22" "fetch" "--manifest-path" "Cargo.toml", kill_on_drop: false }`
[INFO] [stderr]     Blocking waiting for file lock on package cache
[INFO] running `Command { std: "docker" "create" "-v" "/var/lib/crater-agent-workspace/builds/worker-3-tc2/target:/opt/rustwide/target:rw,Z" "-v" "/var/lib/crater-agent-workspace/builds/worker-3-tc2/source:/opt/rustwide/workdir:ro,Z" "-v" "/var/lib/crater-agent-workspace/cargo-home:/opt/rustwide/cargo-home:ro,Z" "-v" "/var/lib/crater-agent-workspace/rustup-home:/opt/rustwide/rustup-home:ro,Z" "-e" "SOURCE_DIR=/opt/rustwide/workdir" "-e" "CARGO_TARGET_DIR=/opt/rustwide/target" "-e" "CARGO_HOME=/opt/rustwide/cargo-home" "-e" "RUSTUP_HOME=/opt/rustwide/rustup-home" "-w" "/opt/rustwide/workdir" "-m" "1610612736" "--user" "0:0" "--network" "none" "ghcr.io/rust-lang/crates-build-env/linux@sha256:2788e3201cd34a07e3172128adcd8b3090168a8e3bcc40d7c032b9dda1df7d1c" "/opt/rustwide/cargo-home/bin/cargo" "+beta-2023-12-22" "metadata" "--no-deps" "--format-version=1", kill_on_drop: false }`
[INFO] [stdout] c7bd09bf602776d8f3b75f9bc7a71fcd6df793a483a45a279882a68df89a48ba
[INFO] running `Command { std: "docker" "start" "-a" "c7bd09bf602776d8f3b75f9bc7a71fcd6df793a483a45a279882a68df89a48ba", kill_on_drop: false }`
[INFO] running `Command { std: "docker" "inspect" "c7bd09bf602776d8f3b75f9bc7a71fcd6df793a483a45a279882a68df89a48ba", kill_on_drop: false }`
[INFO] running `Command { std: "docker" "rm" "-f" "c7bd09bf602776d8f3b75f9bc7a71fcd6df793a483a45a279882a68df89a48ba", kill_on_drop: false }`
[INFO] [stdout] c7bd09bf602776d8f3b75f9bc7a71fcd6df793a483a45a279882a68df89a48ba
[INFO] running `Command { std: "docker" "create" "-v" "/var/lib/crater-agent-workspace/builds/worker-3-tc2/target:/opt/rustwide/target:rw,Z" "-v" "/var/lib/crater-agent-workspace/builds/worker-3-tc2/source:/opt/rustwide/workdir:ro,Z" "-v" "/var/lib/crater-agent-workspace/cargo-home:/opt/rustwide/cargo-home:ro,Z" "-v" "/var/lib/crater-agent-workspace/rustup-home:/opt/rustwide/rustup-home:ro,Z" "-e" "SOURCE_DIR=/opt/rustwide/workdir" "-e" "CARGO_TARGET_DIR=/opt/rustwide/target" "-e" "CARGO_INCREMENTAL=0" "-e" "RUST_BACKTRACE=full" "-e" "RUSTFLAGS=--cap-lints=warn" "-e" "RUSTDOCFLAGS=--cap-lints=warn" "-e" "CARGO_HOME=/opt/rustwide/cargo-home" "-e" "RUSTUP_HOME=/opt/rustwide/rustup-home" "-w" "/opt/rustwide/workdir" "-m" "1610612736" "--user" "0:0" "--network" "none" "ghcr.io/rust-lang/crates-build-env/linux@sha256:2788e3201cd34a07e3172128adcd8b3090168a8e3bcc40d7c032b9dda1df7d1c" "/opt/rustwide/cargo-home/bin/cargo" "+beta-2023-12-22" "build" "--frozen" "--message-format=json", kill_on_drop: false }`
[INFO] [stdout] 047f4610dcac15dbc8b61a7775e05244dac25a964fe9ddf55cedff9b02600b74
[INFO] running `Command { std: "docker" "start" "-a" "047f4610dcac15dbc8b61a7775e05244dac25a964fe9ddf55cedff9b02600b74", kill_on_drop: false }`
[INFO] [stderr]    Compiling futures-core v0.3.21
[INFO] [stderr]    Compiling libc v0.2.126
[INFO] [stderr]    Compiling safe-proc-macro2 v1.0.36
[INFO] [stderr]    Compiling cache-padded v1.2.0
[INFO] [stderr]    Compiling futures-io v0.3.21
[INFO] [stderr]    Compiling parking v2.0.0
[INFO] [stderr]    Compiling waker-fn v1.1.0
[INFO] [stderr]    Compiling once_cell v1.12.0
[INFO] [stderr]    Compiling unicode-xid v0.2.3
[INFO] [stderr]    Compiling log v0.4.17
[INFO] [stderr]    Compiling event-listener v2.5.2
[INFO] [stderr]    Compiling fastrand v1.7.0
[INFO] [stderr]    Compiling pin-project-lite v0.2.9
[INFO] [stderr]    Compiling tinyvec_macros v0.1.0
[INFO] [stderr]    Compiling atomic-waker v1.0.0
[INFO] [stderr]    Compiling async-task v4.2.0
[INFO] [stderr]    Compiling concurrent-queue v1.2.2
[INFO] [stderr]    Compiling tinyvec v1.6.0
[INFO] [stderr]    Compiling matches v0.1.9
[INFO] [stderr]    Compiling slab v0.4.6
[INFO] [stderr]    Compiling unicode-bidi v0.3.8
[INFO] [stderr]    Compiling percent-encoding v2.1.0
[INFO] [stderr]    Compiling async-lock v2.5.0
[INFO] [stderr]    Compiling safina-sync v0.2.4
[INFO] [stderr]    Compiling safina-threadpool v0.2.4
[INFO] [stderr]    Compiling form_urlencoded v1.0.1
[INFO] [stderr]    Compiling safina-timer v0.1.11
[INFO] [stderr]    Compiling fixed-buffer v0.5.0
[INFO] [stderr]    Compiling permit v0.1.4
[INFO] [stderr]    Compiling temp-file v0.1.7
[INFO] [stderr]    Compiling safina-executor v0.3.3
[INFO] [stderr]    Compiling temp-dir v0.1.11
[INFO] [stderr]    Compiling futures-lite v1.12.0
[INFO] [stderr]    Compiling async-channel v1.6.1
[INFO] [stderr]    Compiling safe-quote v1.0.15
[INFO] [stderr]    Compiling socket2 v0.4.4
[INFO] [stderr]    Compiling polling v2.2.0
[INFO] [stderr]    Compiling safe-regex-compiler v0.2.5
[INFO] [stderr]    Compiling unicode-normalization v0.1.19
[INFO] [stderr]    Compiling blocking v1.2.0
[INFO] [stderr]    Compiling async-io v1.7.0
[INFO] [stderr]    Compiling async-fs v1.5.0
[INFO] [stderr]    Compiling async-net v1.6.1
[INFO] [stderr]    Compiling safe-regex-macro v0.2.5
[INFO] [stderr]    Compiling idna v0.2.3
[INFO] [stderr]    Compiling safe-regex v0.2.5
[INFO] [stderr]    Compiling url v2.2.2
[INFO] [stderr]    Compiling beatrice v0.3.2 (/opt/rustwide/workdir)
[INFO] [stderr]     Finished dev [unoptimized + debuginfo] target(s) in 3.97s
[INFO] running `Command { std: "docker" "inspect" "047f4610dcac15dbc8b61a7775e05244dac25a964fe9ddf55cedff9b02600b74", kill_on_drop: false }`
[INFO] running `Command { std: "docker" "rm" "-f" "047f4610dcac15dbc8b61a7775e05244dac25a964fe9ddf55cedff9b02600b74", kill_on_drop: false }`
[INFO] [stdout] 047f4610dcac15dbc8b61a7775e05244dac25a964fe9ddf55cedff9b02600b74
[INFO] running `Command { std: "docker" "create" "-v" "/var/lib/crater-agent-workspace/builds/worker-3-tc2/target:/opt/rustwide/target:rw,Z" "-v" "/var/lib/crater-agent-workspace/builds/worker-3-tc2/source:/opt/rustwide/workdir:ro,Z" "-v" "/var/lib/crater-agent-workspace/cargo-home:/opt/rustwide/cargo-home:ro,Z" "-v" "/var/lib/crater-agent-workspace/rustup-home:/opt/rustwide/rustup-home:ro,Z" "-e" "SOURCE_DIR=/opt/rustwide/workdir" "-e" "CARGO_TARGET_DIR=/opt/rustwide/target" "-e" "CARGO_INCREMENTAL=0" "-e" "RUST_BACKTRACE=full" "-e" "RUSTFLAGS=--cap-lints=warn" "-e" "RUSTDOCFLAGS=--cap-lints=warn" "-e" "CARGO_HOME=/opt/rustwide/cargo-home" "-e" "RUSTUP_HOME=/opt/rustwide/rustup-home" "-w" "/opt/rustwide/workdir" "-m" "1610612736" "--user" "0:0" "--network" "none" "ghcr.io/rust-lang/crates-build-env/linux@sha256:2788e3201cd34a07e3172128adcd8b3090168a8e3bcc40d7c032b9dda1df7d1c" "/opt/rustwide/cargo-home/bin/cargo" "+beta-2023-12-22" "test" "--frozen" "--no-run" "--message-format=json", kill_on_drop: false }`
[INFO] [stdout] 65f3babb1801bc0515e521147840e30206243d86a85350f30007ee6e38e90bd9
[INFO] running `Command { std: "docker" "start" "-a" "65f3babb1801bc0515e521147840e30206243d86a85350f30007ee6e38e90bd9", kill_on_drop: false }`
[INFO] [stderr]    Compiling beatrice v0.3.2 (/opt/rustwide/workdir)
[INFO] [stderr]     Finished test [unoptimized + debuginfo] target(s) in 6.07s
[INFO] running `Command { std: "docker" "inspect" "65f3babb1801bc0515e521147840e30206243d86a85350f30007ee6e38e90bd9", kill_on_drop: false }`
[INFO] running `Command { std: "docker" "rm" "-f" "65f3babb1801bc0515e521147840e30206243d86a85350f30007ee6e38e90bd9", kill_on_drop: false }`
[INFO] [stdout] 65f3babb1801bc0515e521147840e30206243d86a85350f30007ee6e38e90bd9
[INFO] running `Command { std: "docker" "create" "-v" "/var/lib/crater-agent-workspace/builds/worker-3-tc2/target:/opt/rustwide/target:rw,Z" "-v" "/var/lib/crater-agent-workspace/builds/worker-3-tc2/source:/opt/rustwide/workdir:ro,Z" "-v" "/var/lib/crater-agent-workspace/cargo-home:/opt/rustwide/cargo-home:ro,Z" "-v" "/var/lib/crater-agent-workspace/rustup-home:/opt/rustwide/rustup-home:ro,Z" "-e" "SOURCE_DIR=/opt/rustwide/workdir" "-e" "CARGO_TARGET_DIR=/opt/rustwide/target" "-e" "CARGO_INCREMENTAL=0" "-e" "RUST_BACKTRACE=full" "-e" "RUSTFLAGS=--cap-lints=warn" "-e" "RUSTDOCFLAGS=--cap-lints=warn" "-e" "CARGO_HOME=/opt/rustwide/cargo-home" "-e" "RUSTUP_HOME=/opt/rustwide/rustup-home" "-w" "/opt/rustwide/workdir" "-m" "1610612736" "--user" "0:0" "--network" "none" "ghcr.io/rust-lang/crates-build-env/linux@sha256:2788e3201cd34a07e3172128adcd8b3090168a8e3bcc40d7c032b9dda1df7d1c" "/opt/rustwide/cargo-home/bin/cargo" "+beta-2023-12-22" "test" "--frozen", kill_on_drop: false }`
[INFO] [stdout] d7813f22989aa043c21831978619c17bd21238d57ed4ad481fe4db718b896b61
[INFO] running `Command { std: "docker" "start" "-a" "d7813f22989aa043c21831978619c17bd21238d57ed4ad481fe4db718b896b61", kill_on_drop: false }`
[INFO] [stderr]     Finished test [unoptimized + debuginfo] target(s) in 0.04s
[INFO] [stderr]      Running unittests src/lib.rs (/opt/rustwide/target/debug/deps/beatrice-0c3e5ea66868959b)
[INFO] [stdout] 
[INFO] [stdout] running 0 tests
[INFO] [stdout] 
[INFO] [stdout] test result: ok. 0 passed; 0 failed; 0 ignored; 0 measured; 0 filtered out; finished in 0.00s
[INFO] [stdout] 
[INFO] [stderr]      Running tests/cookie.rs (/opt/rustwide/target/debug/deps/cookie-31420e2bcda1d3a8)
[INFO] [stdout] 
[INFO] [stdout] running 10 tests
[INFO] [stdout] test new ... ok
[INFO] [stdout] test empty_value ... ok
[INFO] [stdout] test with_expires ... ok
[INFO] [stdout] test with_domain ... ok
[INFO] [stdout] test with_http_only_true ... ok
[INFO] [stdout] test with_path ... ok
[INFO] [stdout] test with_max_age ... ok
[INFO] [stdout] test with_secure ... ok
[INFO] [stdout] test with_same_site ... ok
[INFO] [stdout] test empty_name_should_panic - should panic ... ok
[INFO] [stdout] 
[INFO] [stdout] test result: ok. 10 passed; 0 failed; 0 ignored; 0 measured; 0 filtered out; finished in 0.04s
[INFO] [stdout] 
[INFO] [stderr]      Running tests/event.rs (/opt/rustwide/target/debug/deps/event-564d4c8a9e92099d)
[INFO] [stdout] 
[INFO] [stdout] running 4 tests
[INFO] [stdout] test already_closed ... ok
[INFO] [stdout] test single_message ... ok
[INFO] [stdout] test empty ... ok
[INFO] [stdout] test multiple_messages ... ok
[INFO] [stdout] 
[INFO] [stdout] test result: ok. 4 passed; 0 failed; 0 ignored; 0 measured; 0 filtered out; finished in 0.42s
[INFO] [stdout] 
[INFO] [stderr]      Running tests/handler.rs (/opt/rustwide/target/debug/deps/handler-f3cad77520e742ae)
[INFO] [stdout] 
[INFO] [stdout] running 29 tests
[INFO] [stdout] test empty ... ok
[INFO] [stdout] test duplicate_content_length_header ... ok
[INFO] [stdout] test content_length_zero ... ok
[INFO] [stdout] test body_not_pending ... ok
[INFO] [stdout] test chunked_not_last ... ok
[INFO] [stdout] test duplicate_content_type_header ... ok
[INFO] [stdout] test method_not_allowed_405 ... ok
[INFO] [stdout] test unknown_code ... ok
[INFO] [stdout] test return_drop ... ok
[INFO] [stdout] test fast_reply ... ok
[INFO] [stdout] test text ... ok
[INFO] [stdout] test chunked_not_supported ... ok
[INFO] [stdout] test unsupported_transfer_encoding ... ok
[INFO] [stdout] test with_body ... ok
[INFO] [stdout] test with_duplicate_header_different_case ... ok
[INFO] [stdout] test already_got_body ... ok
[INFO] [stdout] test with_duplicate_header ... ok
[INFO] [stdout] test with_status ... ok
[INFO] [stdout] test with_type ... ok
[INFO] [stdout] test get_body_then_drop ... ok
[INFO] [stdout] test with_header ... ok
[INFO] [stdout] test with_type_and_body ... ok
[INFO] [stdout] test panics ... ok
[INFO] [stdout] test error_writing_body_file ... ok
[INFO] [stdout] test slow_reply ... ok
[INFO] [stdout] test client_incomplete_read ... ok
[INFO] [stdout] test error_reading_body_file ... ok
[INFO] [stdout] test get_body ... ok
[INFO] [stdout] test expect_100_continue ... ok
[INFO] [stdout] 
[INFO] [stdout] test result: ok. 29 passed; 0 failed; 0 ignored; 0 measured; 0 filtered out; finished in 0.43s
[INFO] [stdout] 
[INFO] [stderr]      Running tests/head.rs (/opt/rustwide/target/debug/deps/head-66c629248c364e4f)
[INFO] [stdout] 
[INFO] [stdout] running 14 tests
[INFO] [stdout] test head_derive ... ok
[INFO] [stdout] test head_try_read_reads ... ok
[INFO] [stdout] test head_try_read_headers ... ok
[INFO] [stdout] test try_read_method ... ok
[INFO] [stdout] test try_read_proto ... ok
[INFO] [stdout] test try_read_request_line ... ok
[INFO] [stdout] test try_read_url ... ok
[INFO] [stdout] test read_http_head_too_long ... ok
[INFO] [stdout] test read_http_head_error ... ok
[INFO] [stdout] test read_http_head_ok ... ok
[INFO] [stdout] test read_http_head_truncated ... ok
[INFO] [stdout] test read_http_head_subsequent ... ok
[INFO] [stdout] test request_line ... ok
[INFO] [stdout] test read_http_head_multiple_writes ... ok
[INFO] [stdout] 
[INFO] [stdout] test result: ok. 14 passed; 0 failed; 0 ignored; 0 measured; 0 filtered out; finished in 0.11s
[INFO] [stdout] 
[INFO] [stderr]      Running tests/http_conn.rs (/opt/rustwide/target/debug/deps/http_conn-64809d8c3bb3e2eb)
[INFO] [stdout] 
[INFO] [stdout] running 4 tests
[INFO] [stdout] test handle_http_conn_shutdown ... ok
[INFO] [stdout] test handle_http_conn_ok ... ok
[INFO] [stdout] test handle_http_conn_upload ... ok
[INFO] [stdout] test handle_http_conn_upload_large ... ok
[INFO] [stdout] 
[INFO] [stdout] test result: ok. 4 passed; 0 failed; 0 ignored; 0 measured; 0 filtered out; finished in 3.02s
[INFO] [stdout] 
[INFO] [stderr]      Running tests/json.rs (/opt/rustwide/target/debug/deps/json-f8d7635d91f87dc4)
[INFO] [stdout] 
[INFO] [stdout] running 0 tests
[INFO] [stdout] 
[INFO] [stdout] test result: ok. 0 passed; 0 failed; 0 ignored; 0 measured; 0 filtered out; finished in 0.00s
[INFO] [stdout] 
[INFO] [stderr]      Running tests/request.rs (/opt/rustwide/target/debug/deps/request-62689a9389ad9a08)
[INFO] [stdout] 
[INFO] [stdout] running 8 tests
[INFO] [stdout] test method ... ok
[INFO] [stdout] test content_type ... ok
[INFO] [stdout] test content_length ... ok
[INFO] [stdout] test expect_continue ... ok
[INFO] [stdout] test head ... ok
[INFO] [stdout] test transfer_encoding ... ok
[INFO] [stdout] test read_http_request_ok ... ok
[INFO] [stdout] test read_http_request_multiple_writes ... ok
[INFO] [stdout] 
[INFO] [stdout] test result: ok. 8 passed; 0 failed; 0 ignored; 0 measured; 0 filtered out; finished in 0.12s
[INFO] [stdout] 
[INFO] [stderr]      Running tests/request_cookies.rs (/opt/rustwide/target/debug/deps/request_cookies-2ab8192d251be328)
[INFO] [stdout] 
[INFO] [stdout] running 1 test
[INFO] [stdout] test cookie_header ... ok
[INFO] [stdout] 
[INFO] [stdout] test result: ok. 1 passed; 0 failed; 0 ignored; 0 measured; 0 filtered out; finished in 0.01s
[INFO] [stdout] 
[INFO] [stderr]      Running tests/server.rs (/opt/rustwide/target/debug/deps/server-69942cc8d1f8a02c)
[INFO] [stdout] 
[INFO] [stdout] running 1 test
[INFO] [stdout] test server_quick_shutdown ... ok
[INFO] [stdout] 
[INFO] [stdout] test result: ok. 1 passed; 0 failed; 0 ignored; 0 measured; 0 filtered out; finished in 0.10s
[INFO] [stdout] 
[INFO] [stderr]      Running tests/test_util.rs (/opt/rustwide/target/debug/deps/test_util-590c3f0dc528c77b)
[INFO] [stdout] 
[INFO] [stdout] running 0 tests
[INFO] [stdout] 
[INFO] [stdout] test result: ok. 0 passed; 0 failed; 0 ignored; 0 measured; 0 filtered out; finished in 0.00s
[INFO] [stdout] 
[INFO] [stderr]      Running tests/time.rs (/opt/rustwide/target/debug/deps/time-3b339b5f44a7ad90)
[INFO] [stdout] 
[INFO] [stdout] running 3 tests
[INFO] [stdout] test date_time_add ... ok
[INFO] [stdout] test date_time_new ... ok
[INFO] [stdout] test test_iso8601_utc ... ok
[INFO] [stdout] 
[INFO] [stdout] test result: ok. 3 passed; 0 failed; 0 ignored; 0 measured; 0 filtered out; finished in 0.00s
[INFO] [stdout] 
[INFO] [stderr]      Running tests/urlencoded.rs (/opt/rustwide/target/debug/deps/urlencoded-2d9702a398dd9a38)
[INFO] [stdout] 
[INFO] [stderr]      Running tests/with_set_cookie.rs (/opt/rustwide/target/debug/deps/with_set_cookie-06d81077471122ee)
[INFO] [stdout] running 0 tests
[INFO] [stdout] 
[INFO] [stdout] test result: ok. 0 passed; 0 failed; 0 ignored; 0 measured; 0 filtered out; finished in 0.00s
[INFO] [stdout] 
[INFO] [stdout] 
[INFO] [stdout] running 5 tests
[INFO] [stdout] test duplicate ... ok
[INFO] [stdout] test one ... ok
[INFO] [stdout] test empty ... ok
[INFO] [stdout] test two ... ok
[INFO] [stdout] test empty_name ... ok
[INFO] [stdout] 
[INFO] [stdout] test result: ok. 5 passed; 0 failed; 0 ignored; 0 measured; 0 filtered out; finished in 0.06s
[INFO] [stdout] 
[INFO] [stderr]    Doc-tests beatrice
[INFO] [stdout] 
[INFO] [stdout] running 6 tests
[INFO] [stdout] test src/lib.rs - (line 42) ... FAILED
[INFO] [stdout] test src/util.rs - util::escape_ascii (line 124) ... ok
[INFO] [stdout] test src/response.rs - response::Response::with_header (line 230) ... ok
[INFO] [stdout] test src/ascii_string.rs - ascii_string::AsciiString (line 16) ... ok
[INFO] [stdout] test src/lib.rs - HttpServerBuilder::permit (line 336) ... ok
[INFO] [stdout] test src/lib.rs - HttpServerBuilder::receive_large_bodies (line 281) ... ok
[INFO] [stdout] 
[INFO] [stdout] failures:
[INFO] [stdout] 
[INFO] [stdout] ---- src/lib.rs - (line 42) stdout ----
[INFO] [stdout] error[E0432]: unresolved import `serde`
[INFO] [stdout]   --> src/lib.rs:52:5
[INFO] [stdout]    |
[INFO] [stdout] 13 | use serde::Deserialize;
[INFO] [stdout]    |     ^^^^^ use of undeclared crate or module `serde`
[INFO] [stdout] 
[INFO] [stdout] error[E0432]: unresolved import `serde_json`
[INFO] [stdout]   --> src/lib.rs:53:5
[INFO] [stdout]    |
[INFO] [stdout] 14 | use serde_json::json;
[INFO] [stdout]    |     ^^^^^^^^^^ use of undeclared crate or module `serde_json`
[INFO] [stdout] 
[INFO] [stdout] error: cannot determine resolution for the macro `json`
[INFO] [stdout]   --> src/lib.rs:65:28
[INFO] [stdout]    |
[INFO] [stdout] 26 |     Ok(Response::json(200, json!({"message": format!("Hello, {}!", input.name)}))
[INFO] [stdout]    |                            ^^^^
[INFO] [stdout]    |
[INFO] [stdout]    = note: import resolution is stuck, try simplifying macro imports
[INFO] [stdout] 
[INFO] [stdout] error: cannot determine resolution for the derive macro `Deserialize`
[INFO] [stdout]   --> src/lib.rs:60:14
[INFO] [stdout]    |
[INFO] [stdout] 21 |     #[derive(Deserialize)]
[INFO] [stdout]    |              ^^^^^^^^^^^
[INFO] [stdout]    |
[INFO] [stdout]    = note: import resolution is stuck, try simplifying macro imports
[INFO] [stdout] 
[INFO] [stdout] error[E0599]: no method named `json` found for reference `&beatrice::Request` in the current scope
[INFO] [stdout]   --> src/lib.rs:64:28
[INFO] [stdout]    |
[INFO] [stdout] 25 |     let input: Input = req.json()?;
[INFO] [stdout]    |                            ^^^^ method not found in `&Request`
[INFO] [stdout] 
[INFO] [stdout] error[E0599]: no function or associated item named `json` found for struct `beatrice::Response` in the current scope
[INFO] [stdout]    --> src/lib.rs:65:18
[INFO] [stdout]     |
[INFO] [stdout] 26  |     Ok(Response::json(200, json!({"message": format!("Hello, {}!", input.name)}))
[INFO] [stdout]     |                  ^^^^ function or associated item not found in `Response`
[INFO] [stdout]     |
[INFO] [stdout] note: if you're trying to build a new `beatrice::Response` consider using one of the following associated functions:
[INFO] [stdout]       beatrice::Response::new
[INFO] [stdout]       beatrice::Response::drop_connection
[INFO] [stdout]       beatrice::Response::get_body_and_reprocess
[INFO] [stdout]       beatrice::Response::html
[INFO] [stdout]       and 6 others
[INFO] [stdout]    --> /opt/rustwide/workdir/src/response.rs:35:5
[INFO] [stdout]     |
[INFO] [stdout] 35  |     pub fn new(code: u16) -> Self {
[INFO] [stdout]     |     ^^^^^^^^^^^^^^^^^^^^^^^^^^^^^
[INFO] [stdout] ...
[INFO] [stdout] 47  |     pub fn drop_connection() -> Self {
[INFO] [stdout]     |     ^^^^^^^^^^^^^^^^^^^^^^^^^^^^^^^^
[INFO] [stdout] ...
[INFO] [stdout] 62  |     pub fn get_body_and_reprocess(max_len: u64) -> Self {
[INFO] [stdout]     |     ^^^^^^^^^^^^^^^^^^^^^^^^^^^^^^^^^^^^^^^^^^^^^^^^^^^
[INFO] [stdout] ...
[INFO] [stdout] 110 |     pub fn html(code: u16, body: impl Into<ResponseBody>) -> Self {
[INFO] [stdout]     |     ^^^^^^^^^^^^^^^^^^^^^^^^^^^^^^^^^^^^^^^^^^^^^^^^^^^^^^^^^^^^^
[INFO] [stdout] 
[INFO] [stdout] error: aborting due to 6 previous errors
[INFO] [stdout] 
[INFO] [stdout] Some errors have detailed explanations: E0432, E0599.
[INFO] [stdout] For more information about an error, try `rustc --explain E0432`.
[INFO] [stdout] Couldn't compile the test.
[INFO] [stdout] 
[INFO] [stdout] failures:
[INFO] [stdout]     src/lib.rs - (line 42)
[INFO] [stdout] 
[INFO] [stdout] test result: FAILED. 5 passed; 1 failed; 0 ignored; 0 measured; 0 filtered out; finished in 1.22s
[INFO] [stdout] 
[INFO] [stderr] error: doctest failed, to rerun pass `--doc`
[INFO] running `Command { std: "docker" "inspect" "d7813f22989aa043c21831978619c17bd21238d57ed4ad481fe4db718b896b61", kill_on_drop: false }`
[INFO] running `Command { std: "docker" "rm" "-f" "d7813f22989aa043c21831978619c17bd21238d57ed4ad481fe4db718b896b61", kill_on_drop: false }`
[INFO] [stdout] d7813f22989aa043c21831978619c17bd21238d57ed4ad481fe4db718b896b61
